84.246.212.44 - - [28/Jul/2026:08:35:29 +0200] "POST /wp-admin/admin-ajax.php?action=async_litespeed&nonce=CDUnj9V7TpoDkUJibqJ3e5vMQ7E9hbAd&litespeed_type=imgoptm HTTP/1.1" 200 5780 "-" "WordPress/6.9; https://www.canterasdemuro.es"
103.147.249.254 - - [28/Jul/2026:08:35:54 +0200] "POST /xmlrpc.php HTTP/1.1" 200 5889 "-" "Mozilla/5.0 (Windows NT 6.3; x64) AppleWebKit/537.36 (KHTML, like Gecko) Safari/10.0.0.0 Safari/537.36"
84.246.212.44 - - [28/Jul/2026:08:36:23 +0200] "POST /wp-cron.php?doing_wp_cron=1785220583.3475580215454101562500 HTTP/1.1" 200 5525 "-" "WordPress/6.9; https://www.canterasdemuro.es"
103.147.249.254 - - [28/Jul/2026:08:36:22 +0200] "POST /xmlrpc.php HTTP/1.1" 200 5889 "-" "Mozilla/5.0 (Windows NT 6.2; x86) AppleWebKit/537.36 (KHTML, like Gecko) Safari/12.0.0.0 Safari/537.36"
84.246.212.44 - - [28/Jul/2026:08:36:23 +0200] "POST /wp-admin/admin-ajax.php?action=async_litespeed&nonce=5MmyfE3RERqwMBxmZq4PdyQRgmsovaKa&litespeed_type=imgoptm HTTP/1.1" 200 5780 "-" "WordPress/6.9; https://www.canterasdemuro.es"
103.147.249.254 - - [28/Jul/2026:08:36:51 +0200] "POST /xmlrpc.php HTTP/1.1" 200 5889 "-" "Mozilla/5.0 (Windows NT 6.2; x64) AppleWebKit/537.36 (KHTML, like Gecko) Firefox/79.0.0.0 Safari/537.36"
84.246.212.44 - - [28/Jul/2026:08:37:21 +0200] "POST /wp-cron.php?doing_wp_cron=1785220641.4321820735931396484375 HTTP/1.1" 200 5525 "-" "WordPress/6.9; https://www.canterasdemuro.es"
103.147.249.254 - - [28/Jul/2026:08:37:20 +0200] "POST /xmlrpc.php HTTP/1.1" 200 5889 "-" "Mozilla/5.0 (Macintosh; Intel Mac OS X 10_15_7; arm64) AppleWebKit/537.36 (KHTML, like Gecko) Chrome/84.0.0.0 Safari/537.36"
84.246.212.44 - - [28/Jul/2026:08:37:22 +0200] "POST /wp-admin/admin-ajax.php?action=async_litespeed&nonce=QN2moj3eWdf6uj27N0tcTSyAKATCByc2&litespeed_type=imgoptm HTTP/1.1" 200 5780 "-" "WordPress/6.9; https://www.canterasdemuro.es"
3.216.210.239 - - [28/Jul/2026:08:37:28 +0200] "GET /robots.txt HTTP/1.1" 200 5680 "-" "Mozilla/5.0 (Macintosh; Intel Mac OS X 10_10_1) AppleWebKit/600.2.5 (KHTML, like Gecko) Version/8.0.2 Safari/600.2.5 (Gort)"
103.147.249.254 - - [28/Jul/2026:08:37:47 +0200] "POST /xmlrpc.php HTTP/1.1" 200 5889 "-" "Mozilla/5.0 (X11; Ubuntu; Linux x86_64; x64) AppleWebKit/537.36 (KHTML, like Gecko) Firefox/90.0.0.0 Safari/537.36"
84.246.212.44 - - [28/Jul/2026:08:38:14 +0200] "POST /wp-cron.php?doing_wp_cron=1785220694.3714098930358886718750 HTTP/1.1" 200 5525 "-" "WordPress/6.9; https://www.canterasdemuro.es"
103.147.249.254 - - [28/Jul/2026:08:38:13 +0200] "POST /xmlrpc.php HTTP/1.1" 200 5889 "-" "Mozilla/5.0 (Linux; Android 10; arm64) AppleWebKit/537.36 (KHTML, like Gecko) Firefox/81.0.0.0 Safari/537.36"
84.246.212.44 - - [28/Jul/2026:08:38:14 +0200] "POST /wp-admin/admin-ajax.php?action=async_litespeed&nonce=1DSzJpbERUG1eur5aiwRKoFT3nWQzDDX&litespeed_type=imgoptm HTTP/1.1" 200 5780 "-" "WordPress/6.9; https://www.canterasdemuro.es"
84.246.212.44 - - [28/Jul/2026:08:39:10 +0200] "POST /wp-cron.php?doing_wp_cron=1785220750.2151689529418945312500 HTTP/1.1" 200 5525 "-" "WordPress/6.9; https://www.canterasdemuro.es"
103.147.249.254 - - [28/Jul/2026:08:39:09 +0200] "POST /xmlrpc.php HTTP/1.1" 200 5889 "-" "Mozilla/5.0 (Macintosh; Intel Mac OS X 10_15_7; x86) AppleWebKit/537.36 (KHTML, like Gecko) Edge/80.0.0.0 Safari/537.36"
84.246.212.44 - - [28/Jul/2026:08:40:47 +0200] "POST /wp-cron.php?doing_wp_cron=1785220847.8752970695495605468750 HTTP/1.1" 200 5525 "-" "WordPress/6.9; https://www.canterasdemuro.es"
103.147.249.254 - - [28/Jul/2026:08:40:47 +0200] "POST /xmlrpc.php HTTP/1.1" 200 5889 "-" "Mozilla/5.0 (Windows NT 6.2; x86) AppleWebKit/537.36 (KHTML, like Gecko) Opera/70.0.0.0 Safari/537.36"
84.246.212.44 - - [28/Jul/2026:08:40:48 +0200] "POST /wp-admin/admin-ajax.php?action=async_litespeed&nonce=adIC3y4LrmjetFTDPSLtyqbJjsXEMGFL&litespeed_type=imgoptm HTTP/1.1" 200 5780 "-" "WordPress/6.9; https://www.canterasdemuro.es"
84.246.212.44 - - [28/Jul/2026:08:41:22 +0200] "POST /wp-cron.php?doing_wp_cron=1785220882.5446629524230957031250 HTTP/1.1" 200 5525 "-" "WordPress/6.9; https://www.canterasdemuro.es"
103.147.249.254 - - [28/Jul/2026:08:41:22 +0200] "POST /xmlrpc.php HTTP/1.1" 200 5889 "-" "Mozilla/5.0 (X11; Ubuntu; Linux x86_64; arm64) AppleWebKit/537.36 (KHTML, like Gecko) Edge/86.0.0.0 Safari/537.36"
84.246.212.44 - - [28/Jul/2026:08:41:23 +0200] "POST /wp-admin/admin-ajax.php?action=async_litespeed&nonce=RlI6nsMVO9oGEdG5FALjpLPcQPjSB2lD&litespeed_type=imgoptm HTTP/1.1" 200 5780 "-" "WordPress/6.9; https://www.canterasdemuro.es"
103.147.249.254 - - [28/Jul/2026:08:41:50 +0200] "POST /xmlrpc.php HTTP/1.1" 200 5889 "-" "Mozilla/5.0 (X11; Ubuntu; Linux x86_64; x64) AppleWebKit/537.36 (KHTML, like Gecko) Edge/100.0.0.0 Safari/537.36"
84.246.212.44 - - [28/Jul/2026:08:42:18 +0200] "POST /wp-cron.php?doing_wp_cron=1785220938.5066370964050292968750 HTTP/1.1" 200 5525 "-" "WordPress/6.9; https://www.canterasdemuro.es"
103.147.249.254 - - [28/Jul/2026:08:42:18 +0200] "POST /xmlrpc.php HTTP/1.1" 200 5889 "-" "Mozilla/5.0 (Windows NT 10.0; x86) AppleWebKit/537.36 (KHTML, like Gecko) Firefox/89.0.0.0 Safari/537.36"
84.246.212.44 - - [28/Jul/2026:08:42:19 +0200] "POST /wp-admin/admin-ajax.php?action=async_litespeed&nonce=x5j3OBW1ubLwhqZKyy1sf4IN3QqZOc4Y&litespeed_type=imgoptm HTTP/1.1" 200 5780 "-" "WordPress/6.9; https://www.canterasdemuro.es"
103.147.249.254 - - [28/Jul/2026:08:42:46 +0200] "POST /xmlrpc.php HTTP/1.1" 200 5889 "-" "Mozilla/5.0 (Windows NT 6.3; x86) AppleWebKit/537.36 (KHTML, like Gecko) Firefox/75.0.0.0 Safari/537.36"
23.94.155.44 - - [28/Jul/2026:08:42:52 +0200] "POST /wp-login.php HTTP/1.1" 200 16314 "-" "Mozilla/5.0 (Windows NT 10.0; Win64; x64) AppleWebKit/537.36 Chrome/129.0.0.0 Safari/537.36"
84.246.212.44 - - [28/Jul/2026:08:43:16 +0200] "POST /wp-cron.php?doing_wp_cron=1785220996.6469209194183349609375 HTTP/1.1" 200 5525 "-" "WordPress/6.9; https://www.canterasdemuro.es"
103.147.249.254 - - [28/Jul/2026:08:43:16 +0200] "POST /xmlrpc.php HTTP/1.1" 200 5889 "-" "Mozilla/5.0 (Windows NT 6.3; x64) AppleWebKit/537.36 (KHTML, like Gecko) Opera/80.0.0.0 Safari/537.36"
84.246.212.44 - - [28/Jul/2026:08:43:17 +0200] "POST /wp-admin/admin-ajax.php?action=async_litespeed&nonce=t0NfRHrhcOV863XKigDDBx1afH5OHflj&litespeed_type=imgoptm HTTP/1.1" 200 5780 "-" "WordPress/6.9; https://www.canterasdemuro.es"
103.147.249.254 - - [28/Jul/2026:08:43:41 +0200] "POST /xmlrpc.php HTTP/1.1" 200 5889 "-" "Mozilla/5.0 (Windows NT 6.3; x86) AppleWebKit/537.36 (KHTML, like Gecko) Firefox/72.0.0.0 Safari/537.36"
103.147.249.254 - - [28/Jul/2026:08:44:08 +0200] "POST /xmlrpc.php HTTP/1.1" 200 5889 "-" "Mozilla/5.0 (Windows NT 6.3; arm64) AppleWebKit/537.36 (KHTML, like Gecko) Opera/69.0.0.0 Safari/537.36"
84.246.212.44 - - [28/Jul/2026:08:44:32 +0200] "POST /wp-cron.php?doing_wp_cron=1785221072.1820089817047119140625 HTTP/1.1" 200 5525 "-" "WordPress/6.9; https://www.canterasdemuro.es"
170.106.167.214 - - [28/Jul/2026:08:44:31 +0200] "GET / HTTP/1.1" 301 5567 "http://canterasdemuro.es" "Mozilla/5.0 (iPhone; CPU iPhone OS 13_2_3 like Mac OS X) AppleWebKit/605.1.15 (KHTML, like Gecko) Version/13.0.3 Mobile/15E148 Safari/604.1"
84.246.212.44 - - [28/Jul/2026:08:44:32 +0200] "POST /wp-admin/admin-ajax.php?action=async_litespeed&nonce=xoIhkbBYYJf1vzOKOGwWo7Ls9lt4Ty82&litespeed_type=imgoptm HTTP/1.1" 200 5780 "-" "WordPress/6.9; https://www.canterasdemuro.es"
170.106.167.214 - - [28/Jul/2026:08:44:34 +0200] "GET / HTTP/1.1" 200 100540 "https://canterasdemuro.es/" "Mozilla/5.0 (iPhone; CPU iPhone OS 13_2_3 like Mac OS X) AppleWebKit/605.1.15 (KHTML, like Gecko) Version/13.0.3 Mobile/15E148 Safari/604.1"
103.147.249.254 - - [28/Jul/2026:08:44:37 +0200] "POST /xmlrpc.php HTTP/1.1" 200 5889 "-" "Mozilla/5.0 (X11; Ubuntu; Linux x86_64; arm64) AppleWebKit/537.36 (KHTML, like Gecko) Opera/77.0.0.0 Safari/537.36"
103.147.249.254 - - [28/Jul/2026:08:45:01 +0200] "POST /xmlrpc.php HTTP/1.1" 200 5889 "-" "Mozilla/5.0 (Windows NT 6.3; x86) AppleWebKit/537.36 (KHTML, like Gecko) Opera/61.0.0.0 Safari/537.36"
84.246.212.44 - - [28/Jul/2026:08:45:38 +0200] "POST /wp-cron.php?doing_wp_cron=1785221138.2253448963165283203125 HTTP/1.1" 200 5525 "-" "WordPress/6.9; https://www.canterasdemuro.es"
103.147.249.254 - - [28/Jul/2026:08:45:37 +0200] "POST /xmlrpc.php HTTP/1.1" 200 5889 "-" "Mozilla/5.0 (Macintosh; Intel Mac OS X 10_15_7; x64) AppleWebKit/537.36 (KHTML, like Gecko) Edge/94.0.0.0 Safari/537.36"
84.246.212.44 - - [28/Jul/2026:08:45:38 +0200] "POST /wp-admin/admin-ajax.php?action=async_litespeed&nonce=1o9nsIznbNS7ZBPH4KmxQbzCjOG5bFLN&litespeed_type=imgoptm HTTP/1.1" 200 5780 "-" "WordPress/6.9; https://www.canterasdemuro.es"
103.147.249.254 - - [28/Jul/2026:08:46:04 +0200] "POST /xmlrpc.php HTTP/1.1" 200 5889 "-" "Mozilla/5.0 (Windows NT 6.3; arm64) AppleWebKit/537.36 (KHTML, like Gecko) Edge/84.0.0.0 Safari/537.36"
84.246.212.44 - - [28/Jul/2026:08:46:30 +0200] "POST /wp-cron.php?doing_wp_cron=1785221190.4030919075012207031250 HTTP/1.1" 200 5525 "-" "WordPress/6.9; https://www.canterasdemuro.es"
103.147.249.254 - - [28/Jul/2026:08:46:30 +0200] "POST /xmlrpc.php HTTP/1.1" 200 5889 "-" "Mozilla/5.0 (Macintosh; Intel Mac OS X 10_15_7; x86) AppleWebKit/537.36 (KHTML, like Gecko) Opera/69.0.0.0 Safari/537.36"
84.246.212.44 - - [28/Jul/2026:08:46:30 +0200] "POST /wp-admin/admin-ajax.php?action=async_litespeed&nonce=rbcO2mVJ1JEAAGbqQ4pvWn5eipam5xzS&litespeed_type=imgoptm HTTP/1.1" 200 5780 "-" "WordPress/6.9; https://www.canterasdemuro.es"
103.147.249.254 - - [28/Jul/2026:08:46:53 +0200] "POST /xmlrpc.php HTTP/1.1" 200 5889 "-" "Mozilla/5.0 (X11; Ubuntu; Linux x86_64; x86) AppleWebKit/537.36 (KHTML, like Gecko) Safari/11.0.0.0 Safari/537.36"
84.246.212.44 - - [28/Jul/2026:08:47:19 +0200] "POST /wp-cron.php?doing_wp_cron=1785221239.5252170562744140625000 HTTP/1.1" 200 5525 "-" "WordPress/6.9; https://www.canterasdemuro.es"
103.147.249.254 - - [28/Jul/2026:08:47:18 +0200] "POST /xmlrpc.php HTTP/1.1" 200 5889 "-" "Mozilla/5.0 (Macintosh; Intel Mac OS X 10_15_7; x86) AppleWebKit/537.36 (KHTML, like Gecko) Firefox/79.0.0.0 Safari/537.36"
84.246.212.44 - - [28/Jul/2026:08:47:20 +0200] "POST /wp-admin/admin-ajax.php?action=async_litespeed&nonce=XKwn4RO2wyjJ99DpBFXt0TqqQZtXbmeT&litespeed_type=imgoptm HTTP/1.1" 200 5780 "-" "WordPress/6.9; https://www.canterasdemuro.es"
103.147.249.254 - - [28/Jul/2026:08:47:43 +0200] "POST /xmlrpc.php HTTP/1.1" 200 5889 "-" "Mozilla/5.0 (Windows NT 6.3; x86) AppleWebKit/537.36 (KHTML, like Gecko) Chrome/115.0.0.0 Safari/537.36"
103.147.249.254 - - [28/Jul/2026:08:48:07 +0200] "POST /xmlrpc.php HTTP/1.1" 200 5889 "-" "Mozilla/5.0 (Linux; Android 10; x86) AppleWebKit/537.36 (KHTML, like Gecko) Safari/14.0.0.0 Safari/537.36"
84.246.212.44 - - [28/Jul/2026:08:48:33 +0200] "POST /wp-cron.php?doing_wp_cron=1785221313.2628428936004638671875 HTTP/1.1" 200 5525 "-" "WordPress/6.9; https://www.canterasdemuro.es"
103.147.249.254 - - [28/Jul/2026:08:48:32 +0200] "POST /xmlrpc.php HTTP/1.1" 200 5889 "-" "Mozilla/5.0 (Windows NT 6.3; arm64) AppleWebKit/537.36 (KHTML, like Gecko) Safari/10.0.0.0 Safari/537.36"
84.246.212.44 - - [28/Jul/2026:08:48:33 +0200] "POST /wp-admin/admin-ajax.php?action=async_litespeed&nonce=BaJUDshpahzmxlnpxO5lbxWBzO8CXxPN&litespeed_type=imgoptm HTTP/1.1" 200 5780 "-" "WordPress/6.9; https://www.canterasdemuro.es"
103.147.249.254 - - [28/Jul/2026:08:49:00 +0200] "POST /xmlrpc.php HTTP/1.1" 200 5889 "-" "Mozilla/5.0 (Windows NT 10.0; x86) AppleWebKit/537.36 (KHTML, like Gecko) Edge/82.0.0.0 Safari/537.36"
84.246.212.44 - - [28/Jul/2026:08:49:31 +0200] "POST /wp-cron.php?doing_wp_cron=1785221371.7560510635375976562500 HTTP/1.1" 200 5525 "-" "WordPress/6.9; https://www.canterasdemuro.es"
103.147.249.254 - - [28/Jul/2026:08:49:31 +0200] "POST /xmlrpc.php HTTP/1.1" 200 5889 "-" "Mozilla/5.0 (Windows NT 10.0; x64) AppleWebKit/537.36 (KHTML, like Gecko) Safari/13.0.0.0 Safari/537.36"
84.246.212.44 - - [28/Jul/2026:08:49:32 +0200] "POST /wp-admin/admin-ajax.php?action=async_litespeed&nonce=UpMvUmi0FYNcQepuuzC5zC0iR0XlXQqf&litespeed_type=imgoptm HTTP/1.1" 200 5780 "-" "WordPress/6.9; https://www.canterasdemuro.es"
103.147.249.254 - - [28/Jul/2026:08:50:01 +0200] "POST /xmlrpc.php HTTP/1.1" 200 5889 "-" "Mozilla/5.0 (Macintosh; Intel Mac OS X 10_15_7; x64) AppleWebKit/537.36 (KHTML, like Gecko) Chrome/85.0.0.0 Safari/537.36"
84.246.212.44 - - [28/Jul/2026:08:50:27 +0200] "POST /wp-cron.php?doing_wp_cron=1785221427.8950219154357910156250 HTTP/1.1" 200 5525 "-" "WordPress/6.9; https://www.canterasdemuro.es"
103.147.249.254 - - [28/Jul/2026:08:50:27 +0200] "POST /xmlrpc.php HTTP/1.1" 200 5889 "-" "Mozilla/5.0 (Windows NT 10.0; arm64) AppleWebKit/537.36 (KHTML, like Gecko) Edge/97.0.0.0 Safari/537.36"
84.246.212.44 - - [28/Jul/2026:08:50:28 +0200] "POST /wp-admin/admin-ajax.php?action=async_litespeed&nonce=8JpEzytWTWRwL91rVq6sryJvcrq5NoUo&litespeed_type=imgoptm HTTP/1.1" 200 5780 "-" "WordPress/6.9; https://www.canterasdemuro.es"
103.147.249.254 - - [28/Jul/2026:08:50:50 +0200] "POST /xmlrpc.php HTTP/1.1" 200 5889 "-" "Mozilla/5.0 (X11; Ubuntu; Linux x86_64; x64) AppleWebKit/537.36 (KHTML, like Gecko) Edge/94.0.0.0 Safari/537.36"
84.246.212.44 - - [28/Jul/2026:08:51:17 +0200] "POST /wp-cron.php?doing_wp_cron=1785221477.2020509243011474609375 HTTP/1.1" 200 5525 "-" "WordPress/6.9; https://www.canterasdemuro.es"
103.147.249.254 - - [28/Jul/2026:08:51:16 +0200] "POST /xmlrpc.php HTTP/1.1" 200 5889 "-" "Mozilla/5.0 (Windows NT 10.0; x64) AppleWebKit/537.36 (KHTML, like Gecko) Chrome/106.0.0.0 Safari/537.36"
84.246.212.44 - - [28/Jul/2026:08:51:17 +0200] "POST /wp-admin/admin-ajax.php?action=async_litespeed&nonce=LLyOQ39pGdiSeWtYkONnf38YZYFAnOnr&litespeed_type=imgoptm HTTP/1.1" 200 5780 "-" "WordPress/6.9; https://www.canterasdemuro.es"
103.147.249.254 - - [28/Jul/2026:08:51:40 +0200] "POST /xmlrpc.php HTTP/1.1" 200 5889 "-" "Mozilla/5.0 (Macintosh; Intel Mac OS X 10_15_7; x64) AppleWebKit/537.36 (KHTML, like Gecko) Edge/82.0.0.0 Safari/537.36"
89.124.118.119 - - [28/Jul/2026:08:51:56 +0200] "GET /hello-world/ HTTP/1.1" 200 93783 "https://www.canterasdemuro.es/hello-world/" "Mozilla/5.0 (Windows NT 10.0; Win64; x64) AppleWebKit/537.36 (KHTML, like Gecko) Chrome/130.0.0.0 Safari/537.36"
89.124.118.119 - - [28/Jul/2026:08:51:58 +0200] "POST /wp-comments-post.php HTTP/1.1" 302 6317 "https://www.canterasdemuro.es/hello-world/" "Mozilla/5.0 (Windows NT 10.0; Win64; x64) AppleWebKit/537.36 (KHTML, like Gecko) Chrome/130.0.0.0 Safari/537.36"
89.124.118.119 - - [28/Jul/2026:08:51:59 +0200] "GET /hello-world/ HTTP/1.1" 200 97700 "https://www.canterasdemuro.es/hello-world/#comment-608" "Mozilla/5.0 (Windows NT 10.0; Win64; x64) AppleWebKit/537.36 (KHTML, like Gecko) Chrome/130.0.0.0 Safari/537.36"
103.147.249.254 - - [28/Jul/2026:08:52:06 +0200] "POST /xmlrpc.php HTTP/1.1" 200 5889 "-" "Mozilla/5.0 (Macintosh; Intel Mac OS X 10_15_7; x86) AppleWebKit/537.36 (KHTML, like Gecko) Chrome/115.0.0.0 Safari/537.36"
84.246.212.44 - - [28/Jul/2026:08:52:29 +0200] "POST /wp-cron.php?doing_wp_cron=1785221549.2888150215148925781250 HTTP/1.1" 200 5525 "-" "WordPress/6.9; https://www.canterasdemuro.es"
103.147.249.254 - - [28/Jul/2026:08:52:28 +0200] "POST /xmlrpc.php HTTP/1.1" 200 5889 "-" "Mozilla/5.0 (Linux; Android 10; x86) AppleWebKit/537.36 (KHTML, like Gecko) Edge/100.0.0.0 Safari/537.36"
84.246.212.44 - - [28/Jul/2026:08:52:29 +0200] "POST /wp-admin/admin-ajax.php?action=async_litespeed&nonce=f6jc0kBwmclNhqCp7fMK5atQf4PJyH3z&litespeed_type=imgoptm HTTP/1.1" 200 5780 "-" "WordPress/6.9; https://www.canterasdemuro.es"
54.38.147.73 - - [28/Jul/2026:08:52:46 +0200] "GET /wp-sitemap.xml HTTP/1.1" 200 6232 "-" "Mozilla/5.0 (compatible; AhrefsBot/7.0; +http://ahrefs.com/robot/)"
198.244.183.139 - - [28/Jul/2026:08:52:48 +0200] "GET /wp-sitemap-posts-post-1.xml HTTP/1.1" 200 5795 "-" "Mozilla/5.0 (compatible; AhrefsBot/7.0; +http://ahrefs.com/robot/)"
51.195.183.236 - - [28/Jul/2026:08:52:50 +0200] "GET /wp-sitemap-posts-page-1.xml HTTP/1.1" 200 6781 "-" "Mozilla/5.0 (compatible; AhrefsBot/7.0; +http://ahrefs.com/robot/)"
51.195.183.99 - - [28/Jul/2026:08:52:52 +0200] "GET /gl/wp-sitemap-posts-page-1.xml HTTP/1.1" 200 6808 "-" "Mozilla/5.0 (compatible; AhrefsBot/7.0; +http://ahrefs.com/robot/)"
103.147.249.254 - - [28/Jul/2026:08:52:52 +0200] "POST /xmlrpc.php HTTP/1.1" 200 5889 "-" "Mozilla/5.0 (Macintosh; Intel Mac OS X 10_15_7; x86) AppleWebKit/537.36 (KHTML, like Gecko) Edge/83.0.0.0 Safari/537.36"
54.38.147.179 - - [28/Jul/2026:08:52:53 +0200] "GET /wp-sitemap-taxonomies-category-1.xml HTTP/1.1" 200 5762 "-" "Mozilla/5.0 (compatible; AhrefsBot/7.0; +http://ahrefs.com/robot/)"
51.195.215.7 - - [28/Jul/2026:08:52:55 +0200] "GET /wp-sitemap-users-1.xml HTTP/1.1" 200 5752 "-" "Mozilla/5.0 (compatible; AhrefsBot/7.0; +http://ahrefs.com/robot/)"
198.244.240.83 - - [28/Jul/2026:08:52:56 +0200] "GET /gl/wp-sitemap-users-1.xml HTTP/1.1" 200 5755 "-" "Mozilla/5.0 (compatible; AhrefsBot/7.0; +http://ahrefs.com/robot/)"
84.246.212.44 - - [28/Jul/2026:08:53:18 +0200] "POST /wp-cron.php?doing_wp_cron=1785221597.9636919498443603515625 HTTP/1.1" 200 5525 "-" "WordPress/6.9; https://www.canterasdemuro.es"
103.147.249.254 - - [28/Jul/2026:08:53:17 +0200] "POST /xmlrpc.php HTTP/1.1" 200 5889 "-" "Mozilla/5.0 (Macintosh; Intel Mac OS X 10_15_7; x86) AppleWebKit/537.36 (KHTML, like Gecko) Firefox/72.0.0.0 Safari/537.36"
84.246.212.44 - - [28/Jul/2026:08:53:18 +0200] "POST /wp-admin/admin-ajax.php?action=async_litespeed&nonce=CNWzLAzzdLxli6n06Tam0Ok3SDzdct34&litespeed_type=imgoptm HTTP/1.1" 200 5780 "-" "WordPress/6.9; https://www.canterasdemuro.es"
103.147.249.254 - - [28/Jul/2026:08:53:46 +0200] "POST /xmlrpc.php HTTP/1.1" 200 5889 "-" "Mozilla/5.0 (Macintosh; Intel Mac OS X 10_15_7; x64) AppleWebKit/537.36 (KHTML, like Gecko) Edge/83.0.0.0 Safari/537.36"
84.246.212.44 - - [28/Jul/2026:08:54:20 +0200] "POST /wp-cron.php?doing_wp_cron=1785221660.2978219985961914062500 HTTP/1.1" 200 5525 "-" "WordPress/6.9; https://www.canterasdemuro.es"
103.147.249.254 - - [28/Jul/2026:08:54:19 +0200] "POST /xmlrpc.php HTTP/1.1" 200 5889 "-" "Mozilla/5.0 (X11; Ubuntu; Linux x86_64; arm64) AppleWebKit/537.36 (KHTML, like Gecko) Opera/61.0.0.0 Safari/537.36"
84.246.212.44 - - [28/Jul/2026:08:54:20 +0200] "POST /wp-admin/admin-ajax.php?action=async_litespeed&nonce=Sz9qatAWohgW12RIAq7YHsFop9Yf6fdi&litespeed_type=imgoptm HTTP/1.1" 200 5780 "-" "WordPress/6.9; https://www.canterasdemuro.es"
103.147.249.254 - - [28/Jul/2026:08:54:46 +0200] "POST /xmlrpc.php HTTP/1.1" 200 5889 "-" "Mozilla/5.0 (Windows NT 6.2; arm64) AppleWebKit/537.36 (KHTML, like Gecko) Safari/12.0.0.0 Safari/537.36"
84.246.212.44 - - [28/Jul/2026:08:55:13 +0200] "POST /wp-cron.php?doing_wp_cron=1785221713.0414600372314453125000 HTTP/1.1" 200 5525 "-" "WordPress/6.9; https://www.canterasdemuro.es"
103.147.249.254 - - [28/Jul/2026:08:55:12 +0200] "POST /xmlrpc.php HTTP/1.1" 200 5889 "-" "Mozilla/5.0 (Windows NT 10.0; arm64) AppleWebKit/537.36 (KHTML, like Gecko) Safari/10.0.0.0 Safari/537.36"
84.246.212.44 - - [28/Jul/2026:08:55:13 +0200] "POST /wp-admin/admin-ajax.php?action=async_litespeed&nonce=ohXbLEcRHEx8aShnPjDVTk7Ntb8i9248&litespeed_type=imgoptm HTTP/1.1" 200 5780 "-" "WordPress/6.9; https://www.canterasdemuro.es"
84.246.212.44 - - [28/Jul/2026:08:55:34 +0200] "POST /wp-cron.php?doing_wp_cron=1785221734.9172370433807373046875 HTTP/1.1" 200 5525 "-" "WordPress/6.9; https://www.canterasdemuro.es"
103.147.249.254 - - [28/Jul/2026:08:55:34 +0200] "POST /xmlrpc.php HTTP/1.1" 200 5889 "-" "Mozilla/5.0 (Linux; Android 10; arm64) AppleWebKit/537.36 (KHTML, like Gecko) Edge/84.0.0.0 Safari/537.36"
103.147.249.254 - - [28/Jul/2026:08:55:56 +0200] "POST /xmlrpc.php HTTP/1.1" 200 5889 "-" "Mozilla/5.0 (Windows NT 6.3; x86) AppleWebKit/537.36 (KHTML, like Gecko) Opera/76.0.0.0 Safari/537.36"
84.246.212.44 - - [28/Jul/2026:08:56:17 +0200] "POST /wp-cron.php?doing_wp_cron=1785221777.9240400791168212890625 HTTP/1.1" 200 5525 "-" "WordPress/6.9; https://www.canterasdemuro.es"
103.147.249.254 - - [28/Jul/2026:08:56:17 +0200] "POST /xmlrpc.php HTTP/1.1" 200 5889 "-" "Mozilla/5.0 (Windows NT 6.2; arm64) AppleWebKit/537.36 (KHTML, like Gecko) Chrome/111.0.0.0 Safari/537.36"
84.246.212.44 - - [28/Jul/2026:08:56:18 +0200] "POST /wp-admin/admin-ajax.php?action=async_litespeed&nonce=eEw5302X1McaoXZr7zD7f0e6tz9LbgPl&litespeed_type=imgoptm HTTP/1.1" 200 5780 "-" "WordPress/6.9; https://www.canterasdemuro.es"
103.147.249.254 - - [28/Jul/2026:08:56:40 +0200] "POST /xmlrpc.php HTTP/1.1" 200 5889 "-" "Mozilla/5.0 (Macintosh; Intel Mac OS X 10_15_7; x64) AppleWebKit/537.36 (KHTML, like Gecko) Opera/72.0.0.0 Safari/537.36"
103.147.249.254 - - [28/Jul/2026:08:56:59 +0200] "POST /xmlrpc.php HTTP/1.1" 200 5889 "-" "Mozilla/5.0 (X11; Ubuntu; Linux x86_64; x64) AppleWebKit/537.36 (KHTML, like Gecko) Chrome/109.0.0.0 Safari/537.36"
84.246.212.44 - - [28/Jul/2026:08:57:20 +0200] "POST /wp-cron.php?doing_wp_cron=1785221840.5762488842010498046875 HTTP/1.1" 200 5525 "-" "WordPress/6.9; https://www.canterasdemuro.es"
103.147.249.254 - - [28/Jul/2026:08:57:20 +0200] "POST /xmlrpc.php HTTP/1.1" 200 5889 "-" "Mozilla/5.0 (X11; Ubuntu; Linux x86_64; x64) AppleWebKit/537.36 (KHTML, like Gecko) Opera/77.0.0.0 Safari/537.36"
84.246.212.44 - - [28/Jul/2026:08:57:21 +0200] "POST /wp-admin/admin-ajax.php?action=async_litespeed&nonce=Ip3cpfa7UmhXA2LhvDgXRqSLOC8zXglk&litespeed_type=imgoptm HTTP/1.1" 200 5780 "-" "WordPress/6.9; https://www.canterasdemuro.es"
103.147.249.254 - - [28/Jul/2026:08:57:44 +0200] "POST /xmlrpc.php HTTP/1.1" 200 5889 "-" "Mozilla/5.0 (Windows NT 10.0; x86) AppleWebKit/537.36 (KHTML, like Gecko) Edge/97.0.0.0 Safari/537.36"
103.147.249.254 - - [28/Jul/2026:08:58:06 +0200] "POST /xmlrpc.php HTTP/1.1" 200 5889 "-" "Mozilla/5.0 (X11; Ubuntu; Linux x86_64; arm64) AppleWebKit/537.36 (KHTML, like Gecko) Firefox/91.0.0.0 Safari/537.36"
84.246.212.44 - - [28/Jul/2026:08:58:29 +0200] "POST /wp-cron.php?doing_wp_cron=1785221909.4187700748443603515625 HTTP/1.1" 200 5525 "-" "WordPress/6.9; https://www.canterasdemuro.es"
103.147.249.254 - - [28/Jul/2026:08:58:28 +0200] "POST /xmlrpc.php HTTP/1.1" 200 5889 "-" "Mozilla/5.0 (X11; Ubuntu; Linux x86_64; x86) AppleWebKit/537.36 (KHTML, like Gecko) Edge/90.0.0.0 Safari/537.36"
84.246.212.44 - - [28/Jul/2026:08:58:30 +0200] "POST /wp-admin/admin-ajax.php?action=async_litespeed&nonce=pdGCc8CE5TPQnGG9xd0ZtNgUPpgw5QTU&litespeed_type=imgoptm HTTP/1.1" 200 5780 "-" "WordPress/6.9; https://www.canterasdemuro.es"
213.74.255.12 - - [28/Jul/2026:08:58:37 +0200] "GET / HTTP/1.1" 301 5567 "-" "Python/3.12 aiohttp/3.14.1"
5.0.2.26 - - [28/Jul/2026:08:58:40 +0200] "GET / HTTP/1.1" 200 100540 "-" "Python/3.12 aiohttp/3.14.1"
103.147.249.254 - - [28/Jul/2026:08:58:51 +0200] "POST /xmlrpc.php HTTP/1.1" 200 5889 "-" "Mozilla/5.0 (Windows NT 6.2; x64) AppleWebKit/537.36 (KHTML, like Gecko) Firefox/87.0.0.0 Safari/537.36"
84.246.212.44 - - [28/Jul/2026:08:59:12 +0200] "POST /wp-cron.php?doing_wp_cron=1785221952.6527760028839111328125 HTTP/1.1" 200 5525 "-" "WordPress/6.9; https://www.canterasdemuro.es"
103.147.249.254 - - [28/Jul/2026:08:59:12 +0200] "POST /xmlrpc.php HTTP/1.1" 200 5889 "-" "Mozilla/5.0 (Windows NT 10.0; x64) AppleWebKit/537.36 (KHTML, like Gecko) Edge/95.0.0.0 Safari/537.36"
84.246.212.44 - - [28/Jul/2026:08:59:13 +0200] "POST /wp-admin/admin-ajax.php?action=async_litespeed&nonce=ELnuoDDLZQSAF4SR3PwMMQaZMHnNjTqz&litespeed_type=imgoptm HTTP/1.1" 200 5780 "-" "WordPress/6.9; https://www.canterasdemuro.es"
84.246.212.44 - - [28/Jul/2026:08:59:34 +0200] "POST /wp-cron.php?doing_wp_cron=1785221973.9689888954162597656250 HTTP/1.1" 200 5525 "-" "WordPress/6.9; https://www.canterasdemuro.es"
103.147.249.254 - - [28/Jul/2026:08:59:33 +0200] "POST /xmlrpc.php HTTP/1.1" 200 5889 "-" "Mozilla/5.0 (Linux; Android 10; x64) AppleWebKit/537.36 (KHTML, like Gecko) Firefox/74.0.0.0 Safari/537.36"
103.147.249.254 - - [28/Jul/2026:08:59:55 +0200] "POST /xmlrpc.php HTTP/1.1" 200 5889 "-" "Mozilla/5.0 (Linux; Android 10; x86) AppleWebKit/537.36 (KHTML, like Gecko) Safari/10.0.0.0 Safari/537.36"
84.246.212.44 - - [28/Jul/2026:09:00:19 +0200] "POST /wp-cron.php?doing_wp_cron=1785222018.9721651077270507812500 HTTP/1.1" 200 5525 "-" "WordPress/6.9; https://www.canterasdemuro.es"
103.147.249.254 - - [28/Jul/2026:09:00:18 +0200] "POST /xmlrpc.php HTTP/1.1" 200 5889 "-" "Mozilla/5.0 (Windows NT 6.3; x64) AppleWebKit/537.36 (KHTML, like Gecko) Edge/96.0.0.0 Safari/537.36"
84.246.212.44 - - [28/Jul/2026:09:00:19 +0200] "POST /wp-admin/admin-ajax.php?action=async_litespeed&nonce=CIAnwtmt1Jq9mMvibUChZSxVq7nmxBoi&litespeed_type=imgoptm HTTP/1.1" 200 5780 "-" "WordPress/6.9; https://www.canterasdemuro.es"
103.147.249.254 - - [28/Jul/2026:09:00:52 +0200] "POST /xmlrpc.php HTTP/1.1" 200 5889 "-" "Mozilla/5.0 (Windows NT 6.2; x86) AppleWebKit/537.36 (KHTML, like Gecko) Safari/15.0.0.0 Safari/537.36"
84.246.212.44 - - [28/Jul/2026:09:01:51 +0200] "POST /wp-cron.php?doing_wp_cron=1785222111.4578950405120849609375 HTTP/1.1" 200 5525 "-" "WordPress/6.9; https://www.canterasdemuro.es"
51.68.107.159 - - [28/Jul/2026:09:01:50 +0200] "GET /robots.txt HTTP/1.1" 200 5680 "-" "Mozilla/5.0 (compatible; MJ12bot/v2.0.5; http://mj12bot.com/)"
84.246.212.44 - - [28/Jul/2026:09:01:51 +0200] "POST /wp-admin/admin-ajax.php?action=async_litespeed&nonce=EiVepLawMwGNKO9CuaCnZicGsvtSdqcr&litespeed_type=imgoptm HTTP/1.1" 200 5780 "-" "WordPress/6.9; https://www.canterasdemuro.es"
51.68.107.159 - - [28/Jul/2026:09:01:51 +0200] "GET / HTTP/1.1" 200 100540 "-" "Mozilla/5.0 (compatible; MJ12bot/v2.0.5; http://mj12bot.com/)"
84.246.212.44 - - [28/Jul/2026:09:07:13 +0200] "POST /wp-cron.php?doing_wp_cron=1785222433.6315369606018066406250 HTTP/1.1" 200 5525 "-" "WordPress/6.9; https://www.canterasdemuro.es"
185.223.152.183 - - [28/Jul/2026:09:07:13 +0200] "GET / HTTP/1.1" 301 5567 "-" "Mozilla/5.0 (Windows NT 10.0; Win64; x64; rv:126.0) Gecko/20100101 Firefox/126.0"
84.246.212.44 - - [28/Jul/2026:09:07:14 +0200] "POST /wp-admin/admin-ajax.php?action=async_litespeed&nonce=jHvqGxEbYpnp3KCWpDl4nVvYnUD56qkp&litespeed_type=imgoptm HTTP/1.1" 200 5780 "-" "WordPress/6.9; https://www.canterasdemuro.es"
185.223.152.185 - - [28/Jul/2026:09:07:15 +0200] "GET / HTTP/1.1" 200 100540 "-" "Mozilla/5.0 (Windows NT 10.0; Win64; x64; rv:126.0) Gecko/20100101 Firefox/126.0"
84.246.212.44 - - [28/Jul/2026:09:07:18 +0200] "POST /wp-cron.php?doing_wp_cron=1785222438.1339349746704101562500 HTTP/1.1" 200 5525 "-" "WordPress/6.9; https://www.canterasdemuro.es"
185.223.152.183 - - [28/Jul/2026:09:07:17 +0200] "GET /wp-json/batch/v1 HTTP/1.1" 404 5961 "-" "Mozilla/5.0 (iPhone; CPU iPhone OS 17_5 like Mac OS X) Mobile/15E148 Safari/604.1"
185.223.152.183 - - [28/Jul/2026:09:07:18 +0200] "GET /?rest_route=/batch/v1 HTTP/1.1" 404 5961 "-" "Mozilla/5.0 (Macintosh; Intel Mac OS X 10_15_7) AppleWebKit/537.36 (KHTML, like Gecko) Chrome/125.0.0.0 Safari/537.36"
193.186.4.123 - - [28/Jul/2026:09:10:41 +0200] "GET / HTTP/1.1" 200 100540 "https://www.google.com/" "Mozilla/5.0 (Windows NT 10.0; Win64; x64) AppleWebKit/537.36 (KHTML, like Gecko) Chrome/150.0.0.0 Safari/537.36"
84.246.212.44 - - [28/Jul/2026:09:10:42 +0200] "POST /wp-cron.php?doing_wp_cron=1785222642.8314969539642333984375 HTTP/1.1" 200 5525 "-" "WordPress/6.9; https://www.canterasdemuro.es"
142.250.32.9 - - [28/Jul/2026:09:10:41 +0200] "GET /.well-known/traffic-advice HTTP/1.1" 404 89432 "-" "Chrome Privacy Preserving Prefetch Proxy"
84.246.212.44 - - [28/Jul/2026:09:10:43 +0200] "POST /wp-admin/admin-ajax.php?action=async_litespeed&nonce=ucs0IWlFHJvZgsoPvdH4jAf4Wt0YzMSl&litespeed_type=imgoptm HTTP/1.1" 200 5780 "-" "WordPress/6.9; https://www.canterasdemuro.es"
193.186.4.62 - - [28/Jul/2026:09:10:51 +0200] "GET / HTTP/1.1" 200 100540 "https://www.google.com/" "Mozilla/5.0 (Windows NT 10.0; Win64; x64) AppleWebKit/537.36 (KHTML, like Gecko) Chrome/150.0.0.0 Safari/537.36"
83.48.70.187 - - [28/Jul/2026:09:11:01 +0200] "GET /wp-content/themes/hello-elementor/theme.min.css?ver=3.3.0 HTTP/1.1" 200 5512 "https://www.canterasdemuro.es/" "Mozilla/5.0 (Windows NT 10.0; Win64; x64) AppleWebKit/537.36 (KHTML, like Gecko) Chrome/150.0.0.0 Safari/537.36"
83.48.70.187 - - [28/Jul/2026:09:11:01 +0200] "GET /wp-content/themes/hello-elementor/style.min.css?ver=3.3.0 HTTP/1.1" 200 5512 "https://www.canterasdemuro.es/" "Mozilla/5.0 (Windows NT 10.0; Win64; x64) AppleWebKit/537.36 (KHTML, like Gecko) Chrome/150.0.0.0 Safari/537.36"
83.48.70.187 - - [28/Jul/2026:09:11:01 +0200] "GET /wp-content/themes/hello-elementor/header-footer.min.css?ver=3.3.0 HTTP/1.1" 200 5520 "https://www.canterasdemuro.es/" "Mozilla/5.0 (Windows NT 10.0; Win64; x64) AppleWebKit/537.36 (KHTML, like Gecko) Chrome/150.0.0.0 Safari/537.36"
83.48.70.187 - - [28/Jul/2026:09:11:01 +0200] "GET /wp-content/themes/hello-elementor-child/style.css?ver=6.9 HTTP/1.1" 200 5514 "https://www.canterasdemuro.es/" "Mozilla/5.0 (Windows NT 10.0; Win64; x64) AppleWebKit/537.36 (KHTML, like Gecko) Chrome/150.0.0.0 Safari/537.36"
83.48.70.187 - - [28/Jul/2026:09:11:01 +0200] "GET /wp-content/uploads/elementor/css/custom-frontend.min.css?ver=1733139880 HTTP/1.1" 200 5521 "https://www.canterasdemuro.es/" "Mozilla/5.0 (Windows NT 10.0; Win64; x64) AppleWebKit/537.36 (KHTML, like Gecko) Chrome/150.0.0.0 Safari/537.36"
83.48.70.187 - - [28/Jul/2026:09:11:01 +0200] "GET /wp-content/uploads/elementor/css/post-8.css?ver=1733139880 HTTP/1.1" 200 5508 "https://www.canterasdemuro.es/" "Mozilla/5.0 (Windows NT 10.0; Win64; x64) AppleWebKit/537.36 (KHTML, like Gecko) Chrome/150.0.0.0 Safari/537.36"
83.48.70.187 - - [28/Jul/2026:09:11:01 +0200] "GET /wp-content/plugins/elementor/assets/css/widget-image.min.css?ver=3.28.1 HTTP/1.1" 200 5763 "https://www.canterasdemuro.es/" "Mozilla/5.0 (Windows NT 10.0; Win64; x64) AppleWebKit/537.36 (KHTML, like Gecko) Chrome/150.0.0.0 Safari/537.36"
83.48.70.187 - - [28/Jul/2026:09:11:01 +0200] "GET /wp-content/uploads/elementor/css/custom-pro-widget-nav-menu.min.css?ver=1733139880 HTTP/1.1" 200 5532 "https://www.canterasdemuro.es/" "Mozilla/5.0 (Windows NT 10.0; Win64; x64) AppleWebKit/537.36 (KHTML, like Gecko) Chrome/150.0.0.0 Safari/537.36"
83.48.70.187 - - [28/Jul/2026:09:11:01 +0200] "GET /wp-content/plugins/elementor-pro/assets/css/modules/sticky.min.css?ver=3.28.1 HTTP/1.1" 200 5671 "https://www.canterasdemuro.es/" "Mozilla/5.0 (Windows NT 10.0; Win64; x64) AppleWebKit/537.36 (KHTML, like Gecko) Chrome/150.0.0.0 Safari/537.36"
83.48.70.187 - - [28/Jul/2026:09:11:01 +0200] "GET /wp-content/plugins/elementor/assets/css/widget-heading.min.css?ver=3.28.1 HTTP/1.1" 200 6110 "https://www.canterasdemuro.es/" "Mozilla/5.0 (Windows NT 10.0; Win64; x64) AppleWebKit/537.36 (KHTML, like Gecko) Chrome/150.0.0.0 Safari/537.36"
83.48.70.187 - - [28/Jul/2026:09:11:01 +0200] "GET /wp-content/plugins/elementor/assets/css/widget-spacer.min.css?ver=3.28.1 HTTP/1.1" 200 5526 "https://www.canterasdemuro.es/" "Mozilla/5.0 (Windows NT 10.0; Win64; x64) AppleWebKit/537.36 (KHTML, like Gecko) Chrome/150.0.0.0 Safari/537.36"
83.48.70.187 - - [28/Jul/2026:09:11:01 +0200] "GET /wp-content/uploads/elementor/css/custom-widget-icon-list.min.css?ver=1733139880 HTTP/1.1" 200 5529 "https://www.canterasdemuro.es/" "Mozilla/5.0 (Windows NT 10.0; Win64; x64) AppleWebKit/537.36 (KHTML, like Gecko) Chrome/150.0.0.0 Safari/537.36"
83.48.70.187 - - [28/Jul/2026:09:11:01 +0200] "GET /wp-content/uploads/elementor/css/post-609.css?ver=1733146676 HTTP/1.1" 200 5510 "https://www.canterasdemuro.es/" "Mozilla/5.0 (Windows NT 10.0; Win64; x64) AppleWebKit/537.36 (KHTML, like Gecko) Chrome/150.0.0.0 Safari/537.36"
83.48.70.187 - - [28/Jul/2026:09:11:01 +0200] "GET /wp-content/plugins/elementor/assets/lib/animations/styles/e-animation-float.min.css?ver=3.28.1 HTTP/1.1" 200 5753 "https://www.canterasdemuro.es/" "Mozilla/5.0 (Windows NT 10.0; Win64; x64) AppleWebKit/537.36 (KHTML, like Gecko) Chrome/150.0.0.0 Safari/537.36"
83.48.70.187 - - [28/Jul/2026:09:11:01 +0200] "GET /wp-content/uploads/elementor/css/post-33.css?ver=1733139880 HTTP/1.1" 200 5509 "https://www.canterasdemuro.es/" "Mozilla/5.0 (Windows NT 10.0; Win64; x64) AppleWebKit/537.36 (KHTML, like Gecko) Chrome/150.0.0.0 Safari/537.36"
83.48.70.187 - - [28/Jul/2026:09:11:01 +0200] "GET /wp-content/plugins/elementor/assets/css/widget-text-editor.min.css?ver=3.28.1 HTTP/1.1" 200 6230 "https://www.canterasdemuro.es/" "Mozilla/5.0 (Windows NT 10.0; Win64; x64) AppleWebKit/537.36 (KHTML, like Gecko) Chrome/150.0.0.0 Safari/537.36"
83.48.70.187 - - [28/Jul/2026:09:11:01 +0200] "GET /wp-content/plugins/gdpr-cookie-compliance/dist/styles/gdpr-main-nf.css?ver=4.16.1 HTTP/1.1" 200 5535 "https://www.canterasdemuro.es/" "Mozilla/5.0 (Windows NT 10.0; Win64; x64) AppleWebKit/537.36 (KHTML, like Gecko) Chrome/150.0.0.0 Safari/537.36"
83.48.70.187 - - [28/Jul/2026:09:11:01 +0200] "GET /wp-content/uploads/elementor/google-fonts/css/plusjakartasans.css?ver=1742899034 HTTP/1.1" 200 5530 "https://www.canterasdemuro.es/" "Mozilla/5.0 (Windows NT 10.0; Win64; x64) AppleWebKit/537.36 (KHTML, like Gecko) Chrome/150.0.0.0 Safari/537.36"
83.48.70.187 - - [28/Jul/2026:09:11:01 +0200] "GET /wp-content/uploads/elementor/google-fonts/css/nunitosans.css?ver=1742899037 HTTP/1.1" 200 5525 "https://www.canterasdemuro.es/" "Mozilla/5.0 (Windows NT 10.0; Win64; x64) AppleWebKit/537.36 (KHTML, like Gecko) Chrome/150.0.0.0 Safari/537.36"
83.48.70.187 - - [28/Jul/2026:09:11:01 +0200] "GET /wp-content/uploads/elementor/css/post-72.css?ver=1751037830 HTTP/1.1" 200 5509 "https://www.canterasdemuro.es/" "Mozilla/5.0 (Windows NT 10.0; Win64; x64) AppleWebKit/537.36 (KHTML, like Gecko) Chrome/150.0.0.0 Safari/537.36"
83.48.70.187 - - [28/Jul/2026:09:11:01 +0200] "GET /wp-content/uploads/elementor/css/post-459.css?ver=1733139881 HTTP/1.1" 200 5510 "https://www.canterasdemuro.es/" "Mozilla/5.0 (Windows NT 10.0; Win64; x64) AppleWebKit/537.36 (KHTML, like Gecko) Chrome/150.0.0.0 Safari/537.36"
83.48.70.187 - - [28/Jul/2026:09:11:01 +0200] "GET /wp-content/plugins/elementor/assets/css/widget-social-icons.min.css?ver=3.28.1 HTTP/1.1" 200 5532 "https://www.canterasdemuro.es/" "Mozilla/5.0 (Windows NT 10.0; Win64; x64) AppleWebKit/537.36 (KHTML, like Gecko) Chrome/150.0.0.0 Safari/537.36"
83.48.70.187 - - [28/Jul/2026:09:11:01 +0200] "GET /wp-content/uploads/2024/06/canterasdemuro_blanco-2048x1113.png HTTP/1.1" 200 5528 "https://www.canterasdemuro.es/" "Mozilla/5.0 (Windows NT 10.0; Win64; x64) AppleWebKit/537.36 (KHTML, like Gecko) Chrome/150.0.0.0 Safari/537.36"
83.48.70.187 - - [28/Jul/2026:09:11:01 +0200] "GET /wp-content/uploads/elementor/css/custom-apple-webkit.min.css?ver=1733139880 HTTP/1.1" 200 5525 "https://www.canterasdemuro.es/" "Mozilla/5.0 (Windows NT 10.0; Win64; x64) AppleWebKit/537.36 (KHTML, like Gecko) Chrome/150.0.0.0 Safari/537.36"
83.48.70.187 - - [28/Jul/2026:09:11:01 +0200] "GET /wp-content/uploads/2024/06/marca-negativo-1024x293.png HTTP/1.1" 200 5520 "https://www.canterasdemuro.es/" "Mozilla/5.0 (Windows NT 10.0; Win64; x64) AppleWebKit/537.36 (KHTML, like Gecko) Chrome/150.0.0.0 Safari/537.36"
83.48.70.187 - - [28/Jul/2026:09:11:01 +0200] "GET /wp-includes/js/jquery/jquery.min.js?ver=3.7.1 HTTP/1.1" 200 5514 "https://www.canterasdemuro.es/" "Mozilla/5.0 (Windows NT 10.0; Win64; x64) AppleWebKit/537.36 (KHTML, like Gecko) Chrome/150.0.0.0 Safari/537.36"
83.48.70.187 - - [28/Jul/2026:09:11:01 +0200] "GET /wp-content/uploads/2024/06/Menu-minimalista.png HTTP/1.1" 200 6386 "https://www.canterasdemuro.es/" "Mozilla/5.0 (Windows NT 10.0; Win64; x64) AppleWebKit/537.36 (KHTML, like Gecko) Chrome/150.0.0.0 Safari/537.36"
83.48.70.187 - - [28/Jul/2026:09:11:01 +0200] "GET /wp-content/uploads/2024/06/canterasdemuro_negativo-1024x557.png HTTP/1.1" 200 5529 "https://www.canterasdemuro.es/" "Mozilla/5.0 (Windows NT 10.0; Win64; x64) AppleWebKit/537.36 (KHTML, like Gecko) Chrome/150.0.0.0 Safari/537.36"
83.48.70.187 - - [28/Jul/2026:09:11:01 +0200] "GET /wp-content/themes/hello-elementor/assets/js/hello-frontend.min.js?ver=3.3.0 HTTP/1.1" 200 5544 "https://www.canterasdemuro.es/" "Mozilla/5.0 (Windows NT 10.0; Win64; x64) AppleWebKit/537.36 (KHTML, like Gecko) Chrome/150.0.0.0 Safari/537.36"
83.48.70.187 - - [28/Jul/2026:09:11:01 +0200] "GET /wp-content/plugins/elementor-pro/assets/js/webpack-pro.runtime.min.js?ver=3.28.1 HTTP/1.1" 200 5548 "https://www.canterasdemuro.es/" "Mozilla/5.0 (Windows NT 10.0; Win64; x64) AppleWebKit/537.36 (KHTML, like Gecko) Chrome/150.0.0.0 Safari/537.36"
83.48.70.187 - - [28/Jul/2026:09:11:01 +0200] "GET /wp-content/plugins/elementor-pro/assets/lib/sticky/jquery.sticky.min.js?ver=3.28.1 HTTP/1.1" 200 5550 "https://www.canterasdemuro.es/" "Mozilla/5.0 (Windows NT 10.0; Win64; x64) AppleWebKit/537.36 (KHTML, like Gecko) Chrome/150.0.0.0 Safari/537.36"
83.48.70.187 - - [28/Jul/2026:09:11:01 +0200] "GET /wp-content/plugins/gdpr-cookie-compliance/dist/scripts/main.js?ver=4.16.1 HTTP/1.1" 200 5541 "https://www.canterasdemuro.es/" "Mozilla/5.0 (Windows NT 10.0; Win64; x64) AppleWebKit/537.36 (KHTML, like Gecko) Chrome/150.0.0.0 Safari/537.36"
83.48.70.187 - - [28/Jul/2026:09:11:01 +0200] "GET /wp-content/plugins/elementor-pro/assets/lib/smartmenus/jquery.smartmenus.min.js?ver=1.2.1 HTTP/1.1" 200 5558 "https://www.canterasdemuro.es/" "Mozilla/5.0 (Windows NT 10.0; Win64; x64) AppleWebKit/537.36 (KHTML, like Gecko) Chrome/150.0.0.0 Safari/537.36"
83.48.70.187 - - [28/Jul/2026:09:11:01 +0200] "GET /wp-content/uploads/elementor/google-fonts/fonts/plusjakartasans-ldioaomqnqcsa88c7o9yz4kmcoog4ko20yw.woff2 HTTP/1.1" 200 5572 "https://www.canterasdemuro.es/wp-content/uploads/elementor/google-fonts/css/plusjakartasans.css?ver=1742899034" "Mozilla/5.0 (Windows NT 10.0; Win64; x64) AppleWebKit/537.36 (KHTML, like Gecko) Chrome/150.0.0.0 Safari/537.36"
83.48.70.187 - - [28/Jul/2026:09:11:01 +0200] "GET /wp-includes/js/dist/i18n.min.js?ver=c26c3dc7bed366793375 HTTP/1.1" 200 5510 "https://www.canterasdemuro.es/" "Mozilla/5.0 (Windows NT 10.0; Win64; x64) AppleWebKit/537.36 (KHTML, like Gecko) Chrome/150.0.0.0 Safari/537.36"
83.48.70.187 - - [28/Jul/2026:09:11:01 +0200] "GET /wp-content/plugins/elementor/assets/js/webpack.runtime.min.js?ver=3.28.1 HTTP/1.1" 200 5540 "https://www.canterasdemuro.es/" "Mozilla/5.0 (Windows NT 10.0; Win64; x64) AppleWebKit/537.36 (KHTML, like Gecko) Chrome/150.0.0.0 Safari/537.36"
83.48.70.187 - - [28/Jul/2026:09:11:01 +0200] "GET /wp-includes/js/dist/hooks.min.js?ver=dd5603f07f9220ed27f1 HTTP/1.1" 200 5511 "https://www.canterasdemuro.es/" "Mozilla/5.0 (Windows NT 10.0; Win64; x64) AppleWebKit/537.36 (KHTML, like Gecko) Chrome/150.0.0.0 Safari/537.36"
83.48.70.187 - - [28/Jul/2026:09:11:01 +0200] "GET /wp-content/uploads/elementor/google-fonts/fonts/nunitosans-pe0tmimslybiv1o4x1m8ce2xcx3yop4tqpf_metm0lfgwvpnn64cl7u8uphzibmv51q42ptcp7t1r-s.woff2 HTTP/1.1" 200 5611 "https://www.canterasdemuro.es/wp-content/uploads/elementor/google-fonts/css/nunitosans.css?ver=1742899037" "Mozilla/5.0 (Windows NT 10.0; Win64; x64) AppleWebKit/537.36 (KHTML, like Gecko) Chrome/150.0.0.0 Safari/537.36"
83.48.70.187 - - [28/Jul/2026:09:11:01 +0200] "GET /wp-content/plugins/elementor/assets/js/frontend-modules.min.js?ver=3.28.1 HTTP/1.1" 200 5541 "https://www.canterasdemuro.es/" "Mozilla/5.0 (Windows NT 10.0; Win64; x64) AppleWebKit/537.36 (KHTML, like Gecko) Chrome/150.0.0.0 Safari/537.36"
83.48.70.187 - - [28/Jul/2026:09:11:01 +0200] "GET /wp-content/plugins/elementor-pro/assets/js/frontend.min.js?ver=3.28.1 HTTP/1.1" 200 5537 "https://www.canterasdemuro.es/" "Mozilla/5.0 (Windows NT 10.0; Win64; x64) AppleWebKit/537.36 (KHTML, like Gecko) Chrome/150.0.0.0 Safari/537.36"
83.48.70.187 - - [28/Jul/2026:09:11:01 +0200] "GET /wp-content/uploads/2024/06/canterasdemuro_negativo-300x163.png HTTP/1.1" 200 5528 "https://www.canterasdemuro.es/" "Mozilla/5.0 (Windows NT 10.0; Win64; x64) AppleWebKit/537.36 (KHTML, like Gecko) Chrome/150.0.0.0 Safari/537.36"
83.48.70.187 - - [28/Jul/2026:09:11:01 +0200] "GET /wp-includes/js/jquery/ui/core.min.js?ver=1.13.3 HTTP/1.1" 200 5515 "https://www.canterasdemuro.es/" "Mozilla/5.0 (Windows NT 10.0; Win64; x64) AppleWebKit/537.36 (KHTML, like Gecko) Chrome/150.0.0.0 Safari/537.36"
83.48.70.187 - - [28/Jul/2026:09:11:01 +0200] "GET /wp-includes/js/jquery/jquery-migrate.min.js?ver=3.4.1 HTTP/1.1" 200 5522 "https://www.canterasdemuro.es/" "Mozilla/5.0 (Windows NT 10.0; Win64; x64) AppleWebKit/537.36 (KHTML, like Gecko) Chrome/150.0.0.0 Safari/537.36"
83.48.70.187 - - [28/Jul/2026:09:11:01 +0200] "GET /wp-content/plugins/elementor/assets/js/frontend.min.js?ver=3.28.1 HTTP/1.1" 200 5533 "https://www.canterasdemuro.es/" "Mozilla/5.0 (Windows NT 10.0; Win64; x64) AppleWebKit/537.36 (KHTML, like Gecko) Chrome/150.0.0.0 Safari/537.36"
83.48.70.187 - - [28/Jul/2026:09:11:01 +0200] "GET /wp-content/plugins/elementor-pro/assets/js/elements-handlers.min.js?ver=3.28.1 HTTP/1.1" 200 5546 "https://www.canterasdemuro.es/" "Mozilla/5.0 (Windows NT 10.0; Win64; x64) AppleWebKit/537.36 (KHTML, like Gecko) Chrome/150.0.0.0 Safari/537.36"
83.48.70.187 - - [28/Jul/2026:09:11:01 +0200] "GET /wp-content/uploads/2024/06/canterasdemuro_blanco-1024x557.png HTTP/1.1" 200 5527 "https://www.canterasdemuro.es/" "Mozilla/5.0 (Windows NT 10.0; Win64; x64) AppleWebKit/537.36 (KHTML, like Gecko) Chrome/150.0.0.0 Safari/537.36"
83.48.70.187 - - [28/Jul/2026:09:11:01 +0200] "GET /wp-content/plugins/elementor/assets/js/text-editor.c084ef86600b6f11690d.bundle.min.js HTTP/1.1" 200 5564 "https://www.canterasdemuro.es/" "Mozilla/5.0 (Windows NT 10.0; Win64; x64) AppleWebKit/537.36 (KHTML, like Gecko) Chrome/150.0.0.0 Safari/537.36"
83.48.70.187 - - [28/Jul/2026:09:11:01 +0200] "GET /wp-content/plugins/elementor/assets/lib/dialog/dialog.min.js?ver=4.9.3 HTTP/1.1" 200 5539 "https://www.canterasdemuro.es/" "Mozilla/5.0 (Windows NT 10.0; Win64; x64) AppleWebKit/537.36 (KHTML, like Gecko) Chrome/150.0.0.0 Safari/537.36"
83.48.70.187 - - [28/Jul/2026:09:11:01 +0200] "GET /wp-content/plugins/elementor-pro/assets/js/nav-menu.a23fbd67486c5bedf26c.bundle.min.js HTTP/1.1" 200 5565 "https://www.canterasdemuro.es/" "Mozilla/5.0 (Windows NT 10.0; Win64; x64) AppleWebKit/537.36 (KHTML, like Gecko) Chrome/150.0.0.0 Safari/537.36"
83.48.70.187 - - [28/Jul/2026:09:11:01 +0200] "GET /wp-content/uploads/2024/09/Canteras-de-Muro-Lancara-30-segs-1.mp4 HTTP/1.1" 200 5531 "https://www.canterasdemuro.es/" "Mozilla/5.0 (Windows NT 10.0; Win64; x64) AppleWebKit/537.36 (KHTML, like Gecko) Chrome/150.0.0.0 Safari/537.36"
83.48.70.187 - - [28/Jul/2026:09:11:01 +0200] "GET /wp-includes/js/wp-emoji-release.min.js?ver=6.9 HTTP/1.1" 200 5517 "https://www.canterasdemuro.es/" "Mozilla/5.0 (Windows NT 10.0; Win64; x64) AppleWebKit/537.36 (KHTML, like Gecko) Chrome/150.0.0.0 Safari/537.36"
83.48.70.187 - - [28/Jul/2026:09:11:01 +0200] "GET /wp-content/uploads/2024/09/Canteras-de-Muro-Lancara-30-segs-1.mp4 HTTP/1.1" 200 5531 "https://www.canterasdemuro.es/" "Mozilla/5.0 (Windows NT 10.0; Win64; x64) AppleWebKit/537.36 (KHTML, like Gecko) Chrome/150.0.0.0 Safari/537.36"
83.48.70.187 - - [28/Jul/2026:09:11:02 +0200] "GET /wp-content/uploads/2024/09/Canteras-de-Muro-Lancara-30-segs-1.mp4 HTTP/1.1" 200 5531 "https://www.canterasdemuro.es/" "Mozilla/5.0 (Windows NT 10.0; Win64; x64) AppleWebKit/537.36 (KHTML, like Gecko) Chrome/150.0.0.0 Safari/537.36"
83.48.70.187 - - [28/Jul/2026:09:11:02 +0200] "GET /wp-content/uploads/2024/06/FAVICON-1-CANTERAS-DE-MURO-150x150.png HTTP/1.1" 200 5531 "https://www.canterasdemuro.es/" "Mozilla/5.0 (Windows NT 10.0; Win64; x64) AppleWebKit/537.36 (KHTML, like Gecko) Chrome/150.0.0.0 Safari/537.36"
83.48.70.187 - - [28/Jul/2026:09:11:08 +0200] "GET / HTTP/1.1" 200 100548 "https://www.canterasdemuro.es/" "Mozilla/5.0 (Windows NT 10.0; Win64; x64) AppleWebKit/537.36 (KHTML, like Gecko) Chrome/150.0.0.0 Safari/537.36"
83.48.70.187 - - [28/Jul/2026:09:11:10 +0200] "GET /contacto/ HTTP/1.1" 200 13467 "https://www.canterasdemuro.es/" "Mozilla/5.0 (Windows NT 10.0; Win64; x64) AppleWebKit/537.36 (KHTML, like Gecko) Chrome/150.0.0.0 Safari/537.36"
84.246.212.44 - - [28/Jul/2026:09:11:11 +0200] "POST /wp-cron.php?doing_wp_cron=1785222671.2842290401458740234375 HTTP/1.1" 200 5525 "-" "WordPress/6.9; https://www.canterasdemuro.es"
83.48.70.187 - - [28/Jul/2026:09:11:16 +0200] "GET /wp-content/uploads/2024/09/Canteras-de-Muro-Lancara-30-segs-1.mp4 HTTP/1.1" 200 5531 "https://www.canterasdemuro.es/" "Mozilla/5.0 (Windows NT 10.0; Win64; x64) AppleWebKit/537.36 (KHTML, like Gecko) Chrome/150.0.0.0 Safari/537.36"
83.48.70.187 - - [28/Jul/2026:09:11:16 +0200] "GET /wp-content/uploads/2024/10/Canteras-de-muro-061.jpg HTTP/1.1" 200 5518 "https://www.canterasdemuro.es/wp-content/uploads/elementor/css/post-609.css?ver=1733146676" "Mozilla/5.0 (Windows NT 10.0; Win64; x64) AppleWebKit/537.36 (KHTML, like Gecko) Chrome/150.0.0.0 Safari/537.36"
84.246.212.44 - - [28/Jul/2026:09:11:19 +0200] "POST /wp-cron.php?doing_wp_cron=1785222679.2412889003753662109375 HTTP/1.1" 200 5525 "-" "WordPress/6.9; https://www.canterasdemuro.es"
83.48.70.187 - - [28/Jul/2026:09:11:18 +0200] "GET /contacto/ HTTP/1.1" 200 104506 "https://www.canterasdemuro.es/" "Mozilla/5.0 (Windows NT 10.0; Win64; x64) AppleWebKit/537.36 (KHTML, like Gecko) Chrome/150.0.0.0 Safari/537.36"
83.48.70.187 - - [28/Jul/2026:09:11:19 +0200] "GET /wp-content/plugins/elementor/assets/css/widget-nested-accordion.min.css?ver=3.28.1 HTTP/1.1" 200 5536 "https://www.canterasdemuro.es/contacto/" "Mozilla/5.0 (Windows NT 10.0; Win64; x64) AppleWebKit/537.36 (KHTML, like Gecko) Chrome/150.0.0.0 Safari/537.36"
83.48.70.187 - - [28/Jul/2026:09:11:19 +0200] "GET /wp-content/plugins/elementor-pro/assets/css/widget-form.min.css?ver=3.28.1 HTTP/1.1" 200 5528 "https://www.canterasdemuro.es/contacto/" "Mozilla/5.0 (Windows NT 10.0; Win64; x64) AppleWebKit/537.36 (KHTML, like Gecko) Chrome/150.0.0.0 Safari/537.36"
83.48.70.187 - - [28/Jul/2026:09:11:19 +0200] "GET /wp-content/uploads/elementor/css/post-47.css?ver=1733139880 HTTP/1.1" 200 5509 "https://www.canterasdemuro.es/contacto/" "Mozilla/5.0 (Windows NT 10.0; Win64; x64) AppleWebKit/537.36 (KHTML, like Gecko) Chrome/150.0.0.0 Safari/537.36"
83.48.70.187 - - [28/Jul/2026:09:11:19 +0200] "GET /wp-content/uploads/2024/09/Canteras-de-muro-040.jpg HTTP/1.1" 200 5518 "https://www.canterasdemuro.es/wp-content/uploads/elementor/css/post-47.css?ver=1733139880" "Mozilla/5.0 (Windows NT 10.0; Win64; x64) AppleWebKit/537.36 (KHTML, like Gecko) Chrome/150.0.0.0 Safari/537.36"
83.48.70.187 - - [28/Jul/2026:09:11:19 +0200] "GET /wp-content/plugins/elementor-pro/assets/js/form.5fb35271b8ba3fb1e7d6.bundle.min.js HTTP/1.1" 200 5561 "https://www.canterasdemuro.es/contacto/" "Mozilla/5.0 (Windows NT 10.0; Win64; x64) AppleWebKit/537.36 (KHTML, like Gecko) Chrome/150.0.0.0 Safari/537.36"
83.48.70.187 - - [28/Jul/2026:09:11:19 +0200] "GET /wp-content/plugins/elementor-pro/assets/js/popup.f7b15b2ca565b152bf98.bundle.min.js HTTP/1.1" 200 6276 "https://www.canterasdemuro.es/contacto/" "Mozilla/5.0 (Windows NT 10.0; Win64; x64) AppleWebKit/537.36 (KHTML, like Gecko) Chrome/150.0.0.0 Safari/537.36"
83.48.70.187 - - [28/Jul/2026:09:11:19 +0200] "GET /wp-content/plugins/elementor/assets/js/nested-accordion.c546968f7aebebc356f2.bundle.min.js HTTP/1.1" 200 5569 "https://www.canterasdemuro.es/contacto/" "Mozilla/5.0 (Windows NT 10.0; Win64; x64) AppleWebKit/537.36 (KHTML, like Gecko) Chrome/150.0.0.0 Safari/537.36"
84.246.212.44 - - [28/Jul/2026:09:11:19 +0200] "POST /wp-admin/admin-ajax.php?action=async_litespeed&nonce=lPtxiooBwIzpdPhg35jXktMNRMN93N7P&litespeed_type=imgoptm HTTP/1.1" 200 5780 "-" "WordPress/6.9; https://www.canterasdemuro.es"
84.246.212.44 - - [28/Jul/2026:09:18:09 +0200] "POST /wp-cron.php?doing_wp_cron=1785223089.0163691043853759765625 HTTP/1.1" 200 5525 "-" "WordPress/6.9; https://www.canterasdemuro.es"
51.68.111.241 - - [28/Jul/2026:09:18:08 +0200] "GET /robots.txt HTTP/1.1" 200 5680 "-" "Mozilla/5.0 (compatible; MJ12bot/v2.0.5; http://mj12bot.com/)"
84.246.212.44 - - [28/Jul/2026:09:18:09 +0200] "POST /wp-admin/admin-ajax.php?action=async_litespeed&nonce=iL85voQkmanCBfrp7Wfd4NLi9WH0n1sv&litespeed_type=imgoptm HTTP/1.1" 200 5780 "-" "WordPress/6.9; https://www.canterasdemuro.es"
51.68.111.241 - - [28/Jul/2026:09:18:09 +0200] "GET / HTTP/1.1" 200 100540 "-" "Mozilla/5.0 (compatible; MJ12bot/v2.0.5; http://mj12bot.com/)"
84.246.212.44 - - [28/Jul/2026:09:18:13 +0200] "GET /?wp_scrape_key=cb5ce8074caabb73883fad0c5ded4fa4&wp_scrape_nonce=1785223091 HTTP/1.1" 200 100652 "-" "WordPress/6.9; https://www.canterasdemuro.es"
84.246.212.44 - - [28/Jul/2026:09:18:18 +0200] "GET /?wp_scrape_key=28e1972a169ef102e88a0179a17587c8&wp_scrape_nonce=1785223096 HTTP/1.1" 200 100652 "-" "WordPress/6.9; https://www.canterasdemuro.es"
84.246.212.44 - - [28/Jul/2026:09:18:22 +0200] "GET /?wp_scrape_key=c4f4f9e63cd47c76f6672b5b0a542fd6&wp_scrape_nonce=1785223100 HTTP/1.1" 200 100652 "-" "WordPress/6.9; https://www.canterasdemuro.es"
84.246.212.44 - - [28/Jul/2026:09:18:27 +0200] "GET /?wp_scrape_key=e78998a9167ebc2b9f694b0070afb488&wp_scrape_nonce=1785223105 HTTP/1.1" 200 100652 "-" "WordPress/6.9; https://www.canterasdemuro.es"
84.246.212.44 - - [28/Jul/2026:09:18:32 +0200] "GET /?wp_scrape_key=fcd209687838eaab148c6573f24e4cf9&wp_scrape_nonce=1785223110 HTTP/1.1" 200 100652 "-" "WordPress/6.9; https://www.canterasdemuro.es"
84.246.212.44 - - [28/Jul/2026:09:18:36 +0200] "GET /?wp_scrape_key=aa01f89379d64432817df74a0a1eee9b&wp_scrape_nonce=1785223114 HTTP/1.1" 200 100674 "-" "WordPress/6.9; https://www.canterasdemuro.es"
84.246.212.44 - - [28/Jul/2026:09:18:40 +0200] "GET /?wp_scrape_key=2ca842c08f312e3e8571ca6ddf7f1857&wp_scrape_nonce=1785223118 HTTP/1.1" 200 100652 "-" "WordPress/6.9; https://www.canterasdemuro.es"
