84.246.212.44 - - [28/Jul/2026:09:18:44 +0200] "GET /?wp_scrape_key=d6fa17bf438ecadd4672c6aed28219bd&wp_scrape_nonce=1785223122 HTTP/1.1" 200 100652 "-" "WordPress/6.9; https://www.canterasdemuro.es"
84.246.212.44 - - [28/Jul/2026:09:18:49 +0200] "GET /?wp_scrape_key=cd60e88bd55763c7aa12a44434d570e7&wp_scrape_nonce=1785223127 HTTP/1.1" 200 100652 "-" "WordPress/6.9; https://www.canterasdemuro.es"
84.246.212.44 - - [28/Jul/2026:09:20:03 +0200] "POST /wp-cron.php?doing_wp_cron=1785223203.0437669754028320312500 HTTP/1.1" 200 5525 "-" "WordPress/6.9; https://www.canterasdemuro.es"
162.158.90.29 - - [28/Jul/2026:09:20:02 +0200] "GET / HTTP/1.1" 301 5567 "-" "Mozilla/5.0 (Macintosh; Intel Mac OS X 10_15_7) AppleWebKit/537.36 (KHTML, like Gecko) Chrome/147.0.0.0 Safari/537.36 CloudflareWebScanner/1.0"
84.246.212.44 - - [28/Jul/2026:09:20:03 +0200] "POST /wp-admin/admin-ajax.php?action=async_litespeed&nonce=hNBieUvpBuWsUkc7iFi9oXIQAzXOzK5m&litespeed_type=imgoptm HTTP/1.1" 200 5780 "-" "WordPress/6.9; https://www.canterasdemuro.es"
162.158.90.3 - - [28/Jul/2026:09:20:04 +0200] "GET / HTTP/1.1" 200 100540 "-" "Mozilla/5.0 (Macintosh; Intel Mac OS X 10_15_7) AppleWebKit/537.36 (KHTML, like Gecko) Chrome/147.0.0.0 Safari/537.36 CloudflareWebScanner/1.0"
84.246.212.44 - - [28/Jul/2026:09:21:09 +0200] "POST /wp-cron.php?doing_wp_cron=1785223269.8033220767974853515625 HTTP/1.1" 200 5525 "-" "WordPress/6.9; https://www.canterasdemuro.es"
47.128.53.46 - - [28/Jul/2026:09:21:08 +0200] "GET /politica-de-privacidad/ HTTP/1.1" 200 119694 "-" "Mozilla/5.0 (Linux; Android 5.0) AppleWebKit/537.36 (KHTML, like Gecko) Mobile Safari/537.36 (compatible; Bytespider; spider-feedback@bytedance.com)"
84.246.212.44 - - [28/Jul/2026:09:21:10 +0200] "POST /wp-admin/admin-ajax.php?action=async_litespeed&nonce=cgZ7ynFu7CoYs5s3YU3E1poU7Ni5nfFt&litespeed_type=imgoptm HTTP/1.1" 200 5780 "-" "WordPress/6.9; https://www.canterasdemuro.es"
47.128.53.46 - - [28/Jul/2026:09:21:10 +0200] "GET /wp-content/uploads/elementor/css/post-517.css?ver=1733140362 HTTP/1.1" 200 5510 "https://www.canterasdemuro.es/politica-de-privacidad/" "Mozilla/5.0 (Linux; Android 5.0) AppleWebKit/537.36 (KHTML, like Gecko) Mobile Safari/537.36 (compatible; Bytespider; spider-feedback@bytedance.com)"
47.128.53.46 - - [28/Jul/2026:09:21:11 +0200] "GET /wp-content/uploads/2024/09/Canteras-de-muro-027.jpg HTTP/1.1" 200 5518 "https://www.canterasdemuro.es/wp-content/uploads/elementor/css/post-517.css?ver=1733140362" "Mozilla/5.0 (Linux; Android 5.0) AppleWebKit/537.36 (KHTML, like Gecko) Mobile Safari/537.36 (compatible; Bytespider; spider-feedback@bytedance.com)"
47.128.53.46 - - [28/Jul/2026:09:21:11 +0200] "GET /wp-content/uploads/2024/09/Canteras-de-muro-027.jpg HTTP/1.1" 200 5518 "https://www.canterasdemuro.es/wp-content/uploads/elementor/css/post-517.css?ver=1733140362" "Mozilla/5.0 (Linux; Android 5.0) AppleWebKit/537.36 (KHTML, like Gecko) Mobile Safari/537.36 (compatible; Bytespider; spider-feedback@bytedance.com)"
47.128.53.46 - - [28/Jul/2026:09:21:11 +0200] "GET /wp-content/uploads/2024/09/Canteras-de-muro-027.jpg HTTP/1.1" 200 5518 "https://www.canterasdemuro.es/wp-content/uploads/elementor/css/post-517.css?ver=1733140362" "Mozilla/5.0 (Linux; Android 5.0) AppleWebKit/537.36 (KHTML, like Gecko) Mobile Safari/537.36 (compatible; Bytespider; spider-feedback@bytedance.com)"
84.246.212.44 - - [28/Jul/2026:09:21:59 +0200] "POST /wp-cron.php?doing_wp_cron=1785223319.0073199272155761718750 HTTP/1.1" 200 5525 "-" "WordPress/6.9; https://www.canterasdemuro.es"
103.147.249.254 - - [28/Jul/2026:09:21:58 +0200] "POST /xmlrpc.php HTTP/1.1" 200 5889 "-" "Mozilla/5.0 (Windows NT 6.3; x64) AppleWebKit/537.36 (KHTML, like Gecko) Firefox/86.0.0.0 Safari/537.36"
84.246.212.44 - - [28/Jul/2026:09:21:59 +0200] "POST /wp-admin/admin-ajax.php?action=async_litespeed&nonce=MZlKXaqiCoTKfbfRoHr9MPOuqj615dG8&litespeed_type=imgoptm HTTP/1.1" 200 5780 "-" "WordPress/6.9; https://www.canterasdemuro.es"
84.246.212.44 - - [28/Jul/2026:09:22:32 +0200] "POST /wp-cron.php?doing_wp_cron=1785223352.1149079799652099609375 HTTP/1.1" 200 5525 "-" "WordPress/6.9; https://www.canterasdemuro.es"
103.147.249.254 - - [28/Jul/2026:09:22:31 +0200] "POST /xmlrpc.php HTTP/1.1" 200 5889 "-" "Mozilla/5.0 (Windows NT 6.2; x64) AppleWebKit/537.36 (KHTML, like Gecko) Safari/15.0.0.0 Safari/537.36"
84.246.212.44 - - [28/Jul/2026:09:22:32 +0200] "POST /wp-admin/admin-ajax.php?action=async_litespeed&nonce=MddMp3eo5WIkMnWbE7baXL8MdJUKYZbo&litespeed_type=imgoptm HTTP/1.1" 200 5780 "-" "WordPress/6.9; https://www.canterasdemuro.es"
103.147.249.254 - - [28/Jul/2026:09:22:53 +0200] "POST /xmlrpc.php HTTP/1.1" 200 5889 "-" "Mozilla/5.0 (Windows NT 10.0; x86) AppleWebKit/537.36 (KHTML, like Gecko) Chrome/84.0.0.0 Safari/537.36"
84.246.212.44 - - [28/Jul/2026:09:23:14 +0200] "POST /wp-cron.php?doing_wp_cron=1785223394.7885830402374267578125 HTTP/1.1" 200 5525 "-" "WordPress/6.9; https://www.canterasdemuro.es"
103.147.249.254 - - [28/Jul/2026:09:23:14 +0200] "POST /xmlrpc.php HTTP/1.1" 200 5889 "-" "Mozilla/5.0 (X11; Ubuntu; Linux x86_64; x86) AppleWebKit/537.36 (KHTML, like Gecko) Edge/94.0.0.0 Safari/537.36"
84.246.212.44 - - [28/Jul/2026:09:23:15 +0200] "POST /wp-admin/admin-ajax.php?action=async_litespeed&nonce=sw6qJVvOZkJ5fFeuJi2J9Pj0KRW4PR3J&litespeed_type=imgoptm HTTP/1.1" 200 5780 "-" "WordPress/6.9; https://www.canterasdemuro.es"
84.246.212.44 - - [28/Jul/2026:09:23:42 +0200] "POST /wp-cron.php?doing_wp_cron=1785223422.7943279743194580078125 HTTP/1.1" 200 5525 "-" "WordPress/6.9; https://www.canterasdemuro.es"
103.147.249.254 - - [28/Jul/2026:09:23:42 +0200] "POST /xmlrpc.php HTTP/1.1" 200 5889 "-" "Mozilla/5.0 (Windows NT 10.0; x64) AppleWebKit/537.36 (KHTML, like Gecko) Opera/70.0.0.0 Safari/537.36"
103.147.249.254 - - [28/Jul/2026:09:24:05 +0200] "POST /xmlrpc.php HTTP/1.1" 200 5889 "-" "Mozilla/5.0 (X11; Ubuntu; Linux x86_64; arm64) AppleWebKit/537.36 (KHTML, like Gecko) Opera/74.0.0.0 Safari/537.36"
94.154.43.186 - - [28/Jul/2026:09:25:39 +0200] "GET /.env HTTP/1.1" 403 6290 "-" "Mozilla/5.0 (Windows NT 10.0; Win64; x64) AppleWebKit/537.36 (KHTML, like Gecko) Chrome/147.0.0.0 Safari/537.36"
84.246.212.44 - - [28/Jul/2026:09:26:21 +0200] "POST /wp-cron.php?doing_wp_cron=1785223581.2786591053009033203125 HTTP/1.1" 200 5525 "-" "WordPress/6.9; https://www.canterasdemuro.es"
170.106.113.235 - - [28/Jul/2026:09:26:19 +0200] "GET / HTTP/1.1" 200 100540 "http://www.canterasdemuro.es" "Mozilla/5.0 (iPhone; CPU iPhone OS 13_2_3 like Mac OS X) AppleWebKit/605.1.15 (KHTML, like Gecko) Version/13.0.3 Mobile/15E148 Safari/604.1"
84.246.212.44 - - [28/Jul/2026:09:26:21 +0200] "POST /wp-admin/admin-ajax.php?action=async_litespeed&nonce=Jm17PMn7DyrxED12P45lykZS7mErsYpd&litespeed_type=imgoptm HTTP/1.1" 200 5780 "-" "WordPress/6.9; https://www.canterasdemuro.es"
84.246.212.44 - - [28/Jul/2026:09:33:17 +0200] "POST /wp-cron.php?doing_wp_cron=1785223996.9857139587402343750000 HTTP/1.1" 200 5525 "-" "WordPress/6.9; https://www.canterasdemuro.es"
51.178.27.107 - - [28/Jul/2026:09:33:16 +0200] "POST /xmlrpc.php HTTP/1.1" 200 5889 "-" "Mozilla/5.0 (Windows NT 10.0; rv:144.0) Gecko/20100101 Firefox/144.0"
84.246.212.44 - - [28/Jul/2026:09:33:17 +0200] "POST /wp-admin/admin-ajax.php?action=async_litespeed&nonce=LyjKid5zgA2gPvvLYc7fuV912vyxeMkW&litespeed_type=imgoptm HTTP/1.1" 200 5780 "-" "WordPress/6.9; https://www.canterasdemuro.es"
84.246.212.44 - - [28/Jul/2026:09:34:17 +0200] "POST /wp-cron.php?doing_wp_cron=1785224057.1268401145935058593750 HTTP/1.1" 200 5525 "-" "WordPress/6.9; https://www.canterasdemuro.es"
144.124.196.14 - - [28/Jul/2026:09:34:15 +0200] "GET /productos/ HTTP/1.1" 200 142234 "-" "Mozilla/5.0 (Windows NT 10.0; Win64; x64) AppleWebKit/537.36 (KHTML, like Gecko) Chrome/110.0.0.0 Safari/537.36"
84.246.212.44 - - [28/Jul/2026:09:34:17 +0200] "POST /wp-admin/admin-ajax.php?action=async_litespeed&nonce=LbQP2XDYG6vNYxifZYjce2o1eTjuprCI&litespeed_type=imgoptm HTTP/1.1" 200 5780 "-" "WordPress/6.9; https://www.canterasdemuro.es"
84.246.212.44 - - [28/Jul/2026:09:35:17 +0200] "POST /wp-cron.php?doing_wp_cron=1785224117.6631009578704833984375 HTTP/1.1" 200 5525 "-" "WordPress/6.9; https://www.canterasdemuro.es"
66.249.66.35 - - [28/Jul/2026:09:35:16 +0200] "GET /productos/ HTTP/1.1" 200 142234 "-" "Mozilla/5.0 (Linux; Android 6.0.1; Nexus 5X Build/MMB29P) AppleWebKit/537.36 (KHTML, like Gecko) Chrome/150.0.7871.128 Mobile Safari/537.36 (compatible; Googlebot/2.1; +http://www.google.com/bot.html)"
84.246.212.44 - - [28/Jul/2026:09:35:18 +0200] "POST /wp-admin/admin-ajax.php?action=async_litespeed&nonce=rUNpr9tTqliekSMGgkwkutqq8gk8LIPh&litespeed_type=imgoptm HTTP/1.1" 200 5780 "-" "WordPress/6.9; https://www.canterasdemuro.es"
205.210.31.38 - - [28/Jul/2026:09:35:30 +0200] "GET / HTTP/1.1" 200 100540 "-" "Hello from Palo Alto Networks, find out more about our scans in https://docs-cortex.paloaltonetworks.com/r/1/Cortex-Xpanse/Scanning-activity"
84.246.212.44 - - [28/Jul/2026:09:37:34 +0200] "POST /wp-cron.php?doing_wp_cron=1785224254.1339290142059326171875 HTTP/1.1" 200 5525 "-" "WordPress/6.9; https://www.canterasdemuro.es"
46.225.123.58 - - [28/Jul/2026:09:37:33 +0200] "POST /xmlrpc.php HTTP/1.1" 200 5889 "-" "Mozilla/5.0 (Windows NT 10.0; WOW64) AppleWebKit/537.43 (KHTML, like Gecko) Chrome/137.0.0.0 Safari/537.36 OPR/121.0.0.0"
84.246.212.44 - - [28/Jul/2026:09:37:34 +0200] "POST /wp-admin/admin-ajax.php?action=async_litespeed&nonce=wqSYOF3bUb3cnVV8RnbAtyS9kvgWL69u&litespeed_type=imgoptm HTTP/1.1" 200 5780 "-" "WordPress/6.9; https://www.canterasdemuro.es"
66.249.66.36 - - [28/Jul/2026:09:43:46 +0200] "GET /wp-content/uploads/elementor/css/post-459.css?ver=1733139881 HTTP/1.1" 200 5510 "https://www.canterasdemuro.es/productos/" "Mozilla/5.0 (Linux; Android 6.0.1; Nexus 5X Build/MMB29P) AppleWebKit/537.36 (KHTML, like Gecko) Chrome/150.0.7871.128 Mobile Safari/537.36 (compatible; Googlebot/2.1; +http://www.google.com/bot.html)"
66.249.66.35 - - [28/Jul/2026:09:43:48 +0200] "GET /wp-content/uploads/elementor/css/custom-apple-webkit.min.css?ver=1733139880 HTTP/1.1" 200 5525 "https://www.canterasdemuro.es/productos/" "Mozilla/5.0 (Linux; Android 6.0.1; Nexus 5X Build/MMB29P) AppleWebKit/537.36 (KHTML, like Gecko) Chrome/150.0.7871.128 Mobile Safari/537.36 (compatible; Googlebot/2.1; +http://www.google.com/bot.html)"
66.249.66.35 - - [28/Jul/2026:09:43:49 +0200] "GET /wp-content/uploads/elementor/css/post-39.css?ver=1779874078 HTTP/1.1" 200 5509 "https://www.canterasdemuro.es/productos/" "Mozilla/5.0 (Linux; Android 6.0.1; Nexus 5X Build/MMB29P) AppleWebKit/537.36 (KHTML, like Gecko) Chrome/150.0.7871.128 Mobile Safari/537.36 (compatible; Googlebot/2.1; +http://www.google.com/bot.html)"
66.249.66.34 - - [28/Jul/2026:09:43:50 +0200] "GET /wp-content/plugins/elementor-pro/assets/css/modules/sticky.min.css?ver=3.28.1 HTTP/1.1" 200 5671 "https://www.canterasdemuro.es/productos/" "Mozilla/5.0 (Linux; Android 6.0.1; Nexus 5X Build/MMB29P) AppleWebKit/537.36 (KHTML, like Gecko) Chrome/150.0.7871.128 Mobile Safari/537.36 (compatible; Googlebot/2.1; +http://www.google.com/bot.html)"
66.249.66.35 - - [28/Jul/2026:09:43:51 +0200] "GET /wp-content/plugins/elementor/assets/lib/animations/styles/e-animation-float.min.css?ver=3.28.1 HTTP/1.1" 200 5753 "https://www.canterasdemuro.es/productos/" "Mozilla/5.0 (Linux; Android 6.0.1; Nexus 5X Build/MMB29P) AppleWebKit/537.36 (KHTML, like Gecko) Chrome/150.0.7871.128 Mobile Safari/537.36 (compatible; Googlebot/2.1; +http://www.google.com/bot.html)"
66.249.66.35 - - [28/Jul/2026:09:44:00 +0200] "GET /wp-content/plugins/elementor/assets/js/nested-accordion.c546968f7aebebc356f2.bundle.min.js HTTP/1.1" 200 5569 "https://www.canterasdemuro.es/productos/" "Mozilla/5.0 (Linux; Android 6.0.1; Nexus 5X Build/MMB29P) AppleWebKit/537.36 (KHTML, like Gecko) Chrome/150.0.7871.128 Mobile Safari/537.36 (compatible; Googlebot/2.1; +http://www.google.com/bot.html)"
84.246.212.44 - - [28/Jul/2026:10:04:59 +0200] "POST /wp-cron.php?doing_wp_cron=1785225899.0877919197082519531250 HTTP/1.1" 200 5525 "-" "WordPress/6.9; https://www.canterasdemuro.es"
80.225.239.192 - - [28/Jul/2026:10:04:58 +0200] "GET / HTTP/1.1" 301 5567 "-" "Mozilla/5.0 (Windows NT 10.0; Win64; x64) AppleWebKit/537.36 (KHTML, like Gecko) Chrome/124.0.0.0 Safari/537.36"
84.246.212.44 - - [28/Jul/2026:10:04:59 +0200] "POST /wp-admin/admin-ajax.php?action=async_litespeed&nonce=sS7rlk4OwqKyaDWeedvhlLVChfKANLI5&litespeed_type=imgoptm HTTP/1.1" 200 5780 "-" "WordPress/6.9; https://www.canterasdemuro.es"
80.225.239.192 - - [28/Jul/2026:10:04:59 +0200] "GET / HTTP/1.1" 200 100540 "-" "Mozilla/5.0 (Windows NT 10.0; Win64; x64) AppleWebKit/537.36 (KHTML, like Gecko) Chrome/124.0.0.0 Safari/537.36"
80.225.239.192 - - [28/Jul/2026:10:05:01 +0200] "GET /wp-json/batch/v1 HTTP/1.1" 404 5961 "-" "Mozilla/5.0 (Windows NT 10.0; Win64; x64) AppleWebKit/537.36 (KHTML, like Gecko) Chrome/124.0.0.0 Safari/537.36"
80.225.239.192 - - [28/Jul/2026:10:05:02 +0200] "GET /?rest_route=/batch/v1 HTTP/1.1" 404 5961 "-" "Mozilla/5.0 (Macintosh; Intel Mac OS X 10_15_7) AppleWebKit/537.36 (KHTML, like Gecko) Chrome/125.0.0.0 Safari/537.36"
84.246.212.44 - - [28/Jul/2026:10:22:56 +0200] "POST /wp-cron.php?doing_wp_cron=1785226976.0179250240325927734375 HTTP/1.1" 200 5525 "-" "WordPress/6.9; https://www.canterasdemuro.es"
51.195.215.64 - - [28/Jul/2026:10:22:55 +0200] "GET /wp-sitemap.xml HTTP/1.1" 200 6232 "-" "Mozilla/5.0 (compatible; AhrefsBot/7.0; +http://ahrefs.com/robot/)"
84.246.212.44 - - [28/Jul/2026:10:22:56 +0200] "POST /wp-admin/admin-ajax.php?action=async_litespeed&nonce=IAWnQte8RRRnQCdRhAuvBO5zOqfP8lfI&litespeed_type=imgoptm HTTP/1.1" 200 5780 "-" "WordPress/6.9; https://www.canterasdemuro.es"
198.244.168.86 - - [28/Jul/2026:10:22:57 +0200] "GET /wp-sitemap-posts-post-1.xml HTTP/1.1" 200 5795 "-" "Mozilla/5.0 (compatible; AhrefsBot/7.0; +http://ahrefs.com/robot/)"
51.195.183.6 - - [28/Jul/2026:10:22:59 +0200] "GET /wp-sitemap-posts-page-1.xml HTTP/1.1" 503 7329 "-" "Mozilla/5.0 (compatible; AhrefsBot/7.0; +http://ahrefs.com/robot/)"
51.195.215.93 - - [28/Jul/2026:10:23:00 +0200] "GET /gl/wp-sitemap-posts-page-1.xml HTTP/1.1" 503 7329 "-" "Mozilla/5.0 (compatible; AhrefsBot/7.0; +http://ahrefs.com/robot/)"
198.244.183.147 - - [28/Jul/2026:10:23:01 +0200] "GET /wp-sitemap-taxonomies-category-1.xml HTTP/1.1" 503 7329 "-" "Mozilla/5.0 (compatible; AhrefsBot/7.0; +http://ahrefs.com/robot/)"
84.246.212.44 - - [28/Jul/2026:10:23:00 +0200] "GET /?wp_scrape_key=be56487cfb7a73d59b46aaf6fade3b54&wp_scrape_nonce=1785226978 HTTP/1.1" 200 100652 "-" "WordPress/6.9; https://www.canterasdemuro.es"
51.195.244.186 - - [28/Jul/2026:10:23:03 +0200] "GET /wp-sitemap-users-1.xml HTTP/1.1" 503 7329 "-" "Mozilla/5.0 (compatible; AhrefsBot/7.0; +http://ahrefs.com/robot/)"
198.244.242.144 - - [28/Jul/2026:10:23:04 +0200] "GET /gl/wp-sitemap-users-1.xml HTTP/1.1" 503 7329 "-" "Mozilla/5.0 (compatible; AhrefsBot/7.0; +http://ahrefs.com/robot/)"
84.246.212.44 - - [28/Jul/2026:10:23:05 +0200] "GET /?wp_scrape_key=f41f7e34ea68c96542f504d38cab4c06&wp_scrape_nonce=1785226983 HTTP/1.1" 200 100652 "-" "WordPress/6.9; https://www.canterasdemuro.es"
84.246.212.44 - - [28/Jul/2026:10:23:09 +0200] "GET /?wp_scrape_key=99ffcdfd268a678609f108c2b61277b2&wp_scrape_nonce=1785226987 HTTP/1.1" 200 100652 "-" "WordPress/6.9; https://www.canterasdemuro.es"
84.246.212.44 - - [28/Jul/2026:10:23:15 +0200] "GET /?wp_scrape_key=01d62d2576937084042d492bb6fdb154&wp_scrape_nonce=1785226993 HTTP/1.1" 200 100652 "-" "WordPress/6.9; https://www.canterasdemuro.es"
84.246.212.44 - - [28/Jul/2026:10:23:19 +0200] "GET /?wp_scrape_key=eb6f44b450216dfe3bfd9cc77616cbcd&wp_scrape_nonce=1785226997 HTTP/1.1" 200 100652 "-" "WordPress/6.9; https://www.canterasdemuro.es"
84.246.212.44 - - [28/Jul/2026:10:23:23 +0200] "GET /?wp_scrape_key=e4d7553f5c2cb0be153ff92516aee713&wp_scrape_nonce=1785227001 HTTP/1.1" 200 100652 "-" "WordPress/6.9; https://www.canterasdemuro.es"
84.246.212.44 - - [28/Jul/2026:10:23:28 +0200] "GET /?wp_scrape_key=323e69636f11d32533865c08ec4cf541&wp_scrape_nonce=1785227006 HTTP/1.1" 200 100652 "-" "WordPress/6.9; https://www.canterasdemuro.es"
84.246.212.44 - - [28/Jul/2026:10:23:32 +0200] "GET /?wp_scrape_key=d1f5ef803885a809359519b44e429b45&wp_scrape_nonce=1785227010 HTTP/1.1" 200 100652 "-" "WordPress/6.9; https://www.canterasdemuro.es"
84.246.212.44 - - [28/Jul/2026:10:23:37 +0200] "GET /?wp_scrape_key=0d19791f14c20ba331139623cb52b07e&wp_scrape_nonce=1785227015 HTTP/1.1" 200 100652 "-" "WordPress/6.9; https://www.canterasdemuro.es"
84.246.212.44 - - [28/Jul/2026:10:42:33 +0200] "POST /wp-cron.php?doing_wp_cron=1785228153.8905999660491943359375 HTTP/1.1" 200 5525 "-" "WordPress/6.9; https://www.canterasdemuro.es"
89.124.120.230 - - [28/Jul/2026:10:42:32 +0200] "GET /hello-world/ HTTP/1.1" 200 93783 "https://www.canterasdemuro.es/hello-world/" "Mozilla/5.0 (Windows NT 10.0; Win64; x64) AppleWebKit/537.36 (KHTML, like Gecko) Chrome/129.0.0.0 Safari/537.36"
84.246.212.44 - - [28/Jul/2026:10:42:34 +0200] "POST /wp-admin/admin-ajax.php?action=async_litespeed&nonce=jcP7Fua6PttwETkkHY4Kmn1KFEM9yJbQ&litespeed_type=imgoptm HTTP/1.1" 200 5780 "-" "WordPress/6.9; https://www.canterasdemuro.es"
89.124.120.230 - - [28/Jul/2026:10:42:34 +0200] "POST /wp-comments-post.php HTTP/1.1" 302 6298 "https://www.canterasdemuro.es/hello-world/" "Mozilla/5.0 (Windows NT 10.0; Win64; x64) AppleWebKit/537.36 (KHTML, like Gecko) Chrome/129.0.0.0 Safari/537.36"
89.124.120.230 - - [28/Jul/2026:10:42:36 +0200] "GET /hello-world/ HTTP/1.1" 200 97513 "https://www.canterasdemuro.es/hello-world/#comment-609" "Mozilla/5.0 (Windows NT 10.0; Win64; x64) AppleWebKit/537.36 (KHTML, like Gecko) Chrome/129.0.0.0 Safari/537.36"
84.246.212.44 - - [28/Jul/2026:10:49:20 +0200] "POST /wp-cron.php?doing_wp_cron=1785228560.2441310882568359375000 HTTP/1.1" 200 5525 "-" "WordPress/6.9; https://www.canterasdemuro.es"
89.124.113.56 - - [28/Jul/2026:10:49:18 +0200] "GET /hello-world/ HTTP/1.1" 200 93783 "https://www.canterasdemuro.es/hello-world/" "Mozilla/5.0 (Windows NT 10.0; Win64; x64) AppleWebKit/537.36 (KHTML, like Gecko) Chrome/131.0.0.0 Safari/537.36 Avast/131.0.0.0"
84.246.212.44 - - [28/Jul/2026:10:49:20 +0200] "POST /wp-admin/admin-ajax.php?action=async_litespeed&nonce=2bkT2ndEk37PyWFivUNEcHiTOIuxB6ex&litespeed_type=imgoptm HTTP/1.1" 200 5780 "-" "WordPress/6.9; https://www.canterasdemuro.es"
89.124.113.56 - - [28/Jul/2026:10:49:20 +0200] "POST /wp-comments-post.php HTTP/1.1" 302 6300 "https://www.canterasdemuro.es/hello-world/" "Mozilla/5.0 (Windows NT 10.0; Win64; x64) AppleWebKit/537.36 (KHTML, like Gecko) Chrome/131.0.0.0 Safari/537.36 Avast/131.0.0.0"
89.124.113.56 - - [28/Jul/2026:10:49:22 +0200] "GET /hello-world/ HTTP/1.1" 200 97195 "https://www.canterasdemuro.es/hello-world/#comment-610" "Mozilla/5.0 (Windows NT 10.0; Win64; x64) AppleWebKit/537.36 (KHTML, like Gecko) Chrome/131.0.0.0 Safari/537.36 Avast/131.0.0.0"
84.246.212.44 - - [28/Jul/2026:10:56:49 +0200] "POST /wp-cron.php?doing_wp_cron=1785229009.2048718929290771484375 HTTP/1.1" 200 5525 "-" "WordPress/6.9; https://www.canterasdemuro.es"
64.89.161.160 - - [28/Jul/2026:10:56:48 +0200] "GET /assets/js/uploadify/uploadify.css HTTP/1.1" 301 5712 "-" "ALittle Client"
84.246.212.44 - - [28/Jul/2026:10:56:49 +0200] "POST /wp-admin/admin-ajax.php?action=async_litespeed&nonce=KFFUQdDkZ8OTIuXlFdLbMr2iFQIvdHz2&litespeed_type=imgoptm HTTP/1.1" 200 5780 "-" "WordPress/6.9; https://www.canterasdemuro.es"
84.246.212.44 - - [28/Jul/2026:10:57:43 +0200] "POST /wp-cron.php?doing_wp_cron=1785229063.2308859825134277343750 HTTP/1.1" 200 5525 "-" "WordPress/6.9; https://www.canterasdemuro.es"
64.89.161.160 - - [28/Jul/2026:10:57:41 +0200] "GET /assets/js/uploadify/uploadify.css HTTP/1.1" 404 89433 "-" "ALittle Client"
84.246.212.44 - - [28/Jul/2026:10:57:43 +0200] "POST /wp-admin/admin-ajax.php?action=async_litespeed&nonce=3fMmD5c4xMXXPOTi8aQRHcV8h9BssTG5&litespeed_type=imgoptm HTTP/1.1" 200 5780 "-" "WordPress/6.9; https://www.canterasdemuro.es"
84.246.212.44 - - [28/Jul/2026:11:01:34 +0200] "POST /wp-cron.php?doing_wp_cron=1785229294.6388480663299560546875 HTTP/1.1" 200 5525 "-" "WordPress/6.9; https://www.canterasdemuro.es"
103.171.189.66 - - [28/Jul/2026:11:01:33 +0200] "POST /xmlrpc.php HTTP/1.1" 200 5889 "-" "Jetpack/12.1; WordPress/6.2; http://site96455424.com"
84.246.212.44 - - [28/Jul/2026:11:01:35 +0200] "POST /wp-admin/admin-ajax.php?action=async_litespeed&nonce=CzottnvaTWRTj8vN3OeKiZqGGbS9c24t&litespeed_type=imgoptm HTTP/1.1" 200 5780 "-" "WordPress/6.9; https://www.canterasdemuro.es"
103.171.189.66 - - [28/Jul/2026:11:01:43 +0200] "POST /xmlrpc.php HTTP/1.1" 200 5889 "-" "Jetpack by WordPress.com"
103.171.189.66 - - [28/Jul/2026:11:01:54 +0200] "POST /xmlrpc.php HTTP/1.1" 200 5889 "-" "Jetpack by WordPress.com (Jetpack 12.1; WordPress 6.2)"
103.171.189.66 - - [28/Jul/2026:11:02:04 +0200] "POST /xmlrpc.php HTTP/1.1" 200 5889 "-" "Jetpack by WordPress.com"
84.246.212.44 - - [28/Jul/2026:11:02:16 +0200] "POST /wp-cron.php?doing_wp_cron=1785229336.0162189006805419921875 HTTP/1.1" 200 5525 "-" "WordPress/6.9; https://www.canterasdemuro.es"
103.171.189.66 - - [28/Jul/2026:11:02:15 +0200] "POST /xmlrpc.php HTTP/1.1" 200 5889 "-" "WordPress.com; https://wordpress.com"
84.246.212.44 - - [28/Jul/2026:11:02:16 +0200] "POST /wp-admin/admin-ajax.php?action=async_litespeed&nonce=na5cIgo1DyII5aHA57GG81RKRZwzxUrV&litespeed_type=imgoptm HTTP/1.1" 200 5780 "-" "WordPress/6.9; https://www.canterasdemuro.es"
84.246.212.44 - - [28/Jul/2026:11:02:26 +0200] "POST /wp-cron.php?doing_wp_cron=1785229346.6409540176391601562500 HTTP/1.1" 200 5525 "-" "WordPress/6.9; https://www.canterasdemuro.es"
103.171.189.66 - - [28/Jul/2026:11:02:26 +0200] "POST /xmlrpc.php HTTP/1.1" 200 5889 "-" "Jetpack/12.1; WordPress/6.2; http://site82987661.com"
103.171.189.66 - - [28/Jul/2026:11:02:36 +0200] "POST /xmlrpc.php HTTP/1.1" 200 5889 "-" "Jetpack by WordPress.com (Jetpack 13.0; WordPress 6.3)"
103.171.189.66 - - [28/Jul/2026:11:02:47 +0200] "POST /xmlrpc.php HTTP/1.1" 200 5889 "-" "Jetpack by WordPress.com"
103.171.189.66 - - [28/Jul/2026:11:02:58 +0200] "POST /xmlrpc.php HTTP/1.1" 200 5889 "-" "Jetpack by WordPress.com (Jetpack 12.5; WordPress 6.4)"
103.171.189.66 - - [28/Jul/2026:11:03:09 +0200] "POST /xmlrpc.php HTTP/1.1" 200 5889 "-" "Jetpack/12.1; WordPress/6.2; http://site87301991.com"
84.246.212.44 - - [28/Jul/2026:11:03:20 +0200] "POST /wp-cron.php?doing_wp_cron=1785229400.2610840797424316406250 HTTP/1.1" 200 5525 "-" "WordPress/6.9; https://www.canterasdemuro.es"
103.171.189.66 - - [28/Jul/2026:11:03:19 +0200] "POST /xmlrpc.php HTTP/1.1" 200 5889 "-" "Jetpack/12.1; WordPress/6.4; http://site85491150.com"
84.246.212.44 - - [28/Jul/2026:11:03:20 +0200] "POST /wp-admin/admin-ajax.php?action=async_litespeed&nonce=JY6Vm3hwItNeL6gYhvxIbx4sqPRTLErO&litespeed_type=imgoptm HTTP/1.1" 200 5780 "-" "WordPress/6.9; https://www.canterasdemuro.es"
103.171.189.66 - - [28/Jul/2026:11:03:30 +0200] "POST /xmlrpc.php HTTP/1.1" 200 5889 "-" "Jetpack/12.5; WordPress/6.4; http://site59113621.com"
103.171.189.66 - - [28/Jul/2026:11:03:41 +0200] "POST /xmlrpc.php HTTP/1.1" 200 5889 "-" "Jetpack/12.1; WordPress/6.2; http://site78335666.com"
103.171.189.66 - - [28/Jul/2026:11:03:51 +0200] "POST /xmlrpc.php HTTP/1.1" 200 5889 "-" "Jetpack/12.0; WordPress/6.1; http://site54217872.com"
103.171.189.66 - - [28/Jul/2026:11:04:02 +0200] "POST /xmlrpc.php HTTP/1.1" 200 5889 "-" "WordPress.com; https://wordpress.com"
84.246.212.44 - - [28/Jul/2026:11:04:13 +0200] "POST /wp-cron.php?doing_wp_cron=1785229453.9445140361785888671875 HTTP/1.1" 200 5525 "-" "WordPress/6.9; https://www.canterasdemuro.es"
103.171.189.66 - - [28/Jul/2026:11:04:13 +0200] "POST /xmlrpc.php HTTP/1.1" 200 5889 "-" "Jetpack by WordPress.com"
84.246.212.44 - - [28/Jul/2026:11:04:14 +0200] "POST /wp-admin/admin-ajax.php?action=async_litespeed&nonce=GmBOtRC4iP2ZBYB5Hx5wXskmbzxo1wYN&litespeed_type=imgoptm HTTP/1.1" 200 5780 "-" "WordPress/6.9; https://www.canterasdemuro.es"
84.246.212.44 - - [28/Jul/2026:11:04:24 +0200] "POST /wp-cron.php?doing_wp_cron=1785229464.6889770030975341796875 HTTP/1.1" 200 5525 "-" "WordPress/6.9; https://www.canterasdemuro.es"
103.171.189.66 - - [28/Jul/2026:11:04:24 +0200] "POST /xmlrpc.php HTTP/1.1" 200 5889 "-" "WordPress.com; https://wordpress.com"
103.171.189.66 - - [28/Jul/2026:11:04:34 +0200] "POST /xmlrpc.php HTTP/1.1" 200 5889 "-" "WordPress.com; https://wordpress.com"
103.171.189.66 - - [28/Jul/2026:11:04:45 +0200] "POST /xmlrpc.php HTTP/1.1" 200 5889 "-" "Jetpack by WordPress.com (Jetpack 12.1; WordPress 6.4)"
103.171.189.66 - - [28/Jul/2026:11:04:56 +0200] "POST /xmlrpc.php HTTP/1.1" 200 5889 "-" "Jetpack by WordPress.com"
103.171.189.66 - - [28/Jul/2026:11:05:06 +0200] "POST /xmlrpc.php HTTP/1.1" 200 5889 "-" "WordPress.com; https://wordpress.com"
84.246.212.44 - - [28/Jul/2026:11:05:18 +0200] "POST /wp-cron.php?doing_wp_cron=1785229518.0521399974822998046875 HTTP/1.1" 200 5525 "-" "WordPress/6.9; https://www.canterasdemuro.es"
103.171.189.66 - - [28/Jul/2026:11:05:17 +0200] "POST /xmlrpc.php HTTP/1.1" 200 5889 "-" "Jetpack/13.0; WordPress/6.4; http://site70461442.com"
84.246.212.44 - - [28/Jul/2026:11:05:18 +0200] "POST /wp-admin/admin-ajax.php?action=async_litespeed&nonce=zWyvh0ZXNjAd5xHNx6l1sGztGBgzm5Pc&litespeed_type=imgoptm HTTP/1.1" 200 5780 "-" "WordPress/6.9; https://www.canterasdemuro.es"
103.171.189.66 - - [28/Jul/2026:11:05:28 +0200] "POST /xmlrpc.php HTTP/1.1" 403 6290 "-" "Jetpack by WordPress.com"
103.171.189.66 - - [28/Jul/2026:11:05:38 +0200] "POST /xmlrpc.php HTTP/1.1" 200 5889 "-" "Jetpack by WordPress.com (Jetpack 13.0; WordPress 6.3)"
103.171.189.66 - - [28/Jul/2026:11:05:49 +0200] "POST /xmlrpc.php HTTP/1.1" 200 5889 "-" "Jetpack by WordPress.com (Jetpack 12.5; WordPress 6.2)"
103.171.189.66 - - [28/Jul/2026:11:06:00 +0200] "POST /xmlrpc.php HTTP/1.1" 403 6290 "-" "Jetpack by WordPress.com"
103.171.189.66 - - [28/Jul/2026:11:06:10 +0200] "POST /xmlrpc.php HTTP/1.1" 403 6290 "-" "Jetpack by WordPress.com"
84.246.212.44 - - [28/Jul/2026:11:06:12 +0200] "POST /wp-cron.php?doing_wp_cron=1785229572.1748540401458740234375 HTTP/1.1" 200 5525 "-" "WordPress/6.9; https://www.canterasdemuro.es"
66.249.66.35 - - [28/Jul/2026:11:06:10 +0200] "GET / HTTP/1.1" 200 100540 "-" "Mozilla/5.0 (Linux; Android 6.0.1; Nexus 5X Build/MMB29P) AppleWebKit/537.36 (KHTML, like Gecko) Chrome/150.0.7871.128 Mobile Safari/537.36 (compatible; Googlebot/2.1; +http://www.google.com/bot.html)"
84.246.212.44 - - [28/Jul/2026:11:06:22 +0200] "POST /wp-cron.php?doing_wp_cron=1785229582.0407578945159912109375 HTTP/1.1" 200 5525 "-" "WordPress/6.9; https://www.canterasdemuro.es"
103.171.189.66 - - [28/Jul/2026:11:06:21 +0200] "POST /xmlrpc.php HTTP/1.1" 200 5889 "-" "Jetpack/13.0; WordPress/6.1; http://site78805467.com"
84.246.212.44 - - [28/Jul/2026:11:06:22 +0200] "POST /wp-admin/admin-ajax.php?action=async_litespeed&nonce=keYMPRFFCth8eCwnJX84VEuacX4rdAI5&litespeed_type=imgoptm HTTP/1.1" 200 5780 "-" "WordPress/6.9; https://www.canterasdemuro.es"
103.171.189.66 - - [28/Jul/2026:11:06:32 +0200] "POST /xmlrpc.php HTTP/1.1" 403 6290 "-" "WordPress.com; https://wordpress.com"
66.249.66.34 - - [28/Jul/2026:11:06:41 +0200] "GET /wp-content/plugins/elementor/assets/css/widget-text-editor.min.css?ver=3.28.1 HTTP/1.1" 200 6230 "https://www.canterasdemuro.es/" "Mozilla/5.0 (Linux; Android 6.0.1; Nexus 5X Build/MMB29P) AppleWebKit/537.36 (KHTML, like Gecko) Chrome/150.0.7871.128 Mobile Safari/537.36 (compatible; Googlebot/2.1; +http://www.google.com/bot.html)"
103.171.189.66 - - [28/Jul/2026:11:06:43 +0200] "POST /xmlrpc.php HTTP/1.1" 200 5889 "-" "Jetpack by WordPress.com (Jetpack 12.1; WordPress 6.4)"
66.249.66.34 - - [28/Jul/2026:11:06:44 +0200] "GET /wp-content/plugins/elementor/assets/js/frontend-modules.min.js?ver=3.28.1 HTTP/1.1" 200 5541 "https://www.canterasdemuro.es/" "Mozilla/5.0 (Linux; Android 6.0.1; Nexus 5X Build/MMB29P) AppleWebKit/537.36 (KHTML, like Gecko) Chrome/150.0.7871.128 Mobile Safari/537.36 (compatible; Googlebot/2.1; +http://www.google.com/bot.html)"
66.249.66.34 - - [28/Jul/2026:11:06:47 +0200] "GET /wp-content/uploads/elementor/css/post-72.css?ver=1751037830 HTTP/1.1" 200 5509 "https://www.canterasdemuro.es/" "Mozilla/5.0 (Linux; Android 6.0.1; Nexus 5X Build/MMB29P) AppleWebKit/537.36 (KHTML, like Gecko) Chrome/150.0.7871.128 Mobile Safari/537.36 (compatible; Googlebot/2.1; +http://www.google.com/bot.html)"
103.171.189.66 - - [28/Jul/2026:11:06:53 +0200] "POST /xmlrpc.php HTTP/1.1" 200 5889 "-" "Jetpack/12.0; WordPress/6.3; http://site68517652.com"
142.250.32.10 - - [28/Jul/2026:11:06:57 +0200] "GET /.well-known/traffic-advice HTTP/1.1" 404 89417 "-" "Chrome Privacy Preserving Prefetch Proxy"
72.14.201.123 - - [28/Jul/2026:11:06:57 +0200] "GET / HTTP/1.1" 200 100540 "https://www.google.com/" "Mozilla/5.0 (Linux; Android 10; K) AppleWebKit/537.36 (KHTML, like Gecko) Chrome/150.0.0.0 Mobile Safari/537.36"
103.171.189.66 - - [28/Jul/2026:11:07:04 +0200] "POST /xmlrpc.php HTTP/1.1" 200 5889 "-" "Jetpack by WordPress.com (Jetpack 12.0; WordPress 6.4)"
103.171.189.66 - - [28/Jul/2026:11:07:15 +0200] "POST /xmlrpc.php HTTP/1.1" 403 6290 "-" "WordPress.com; https://wordpress.com"
84.246.212.44 - - [28/Jul/2026:11:07:16 +0200] "POST /wp-cron.php?doing_wp_cron=1785229636.2627599239349365234375 HTTP/1.1" 200 5525 "-" "WordPress/6.9; https://www.canterasdemuro.es"
89.124.105.236 - - [28/Jul/2026:11:07:15 +0200] "GET /hello-world/ HTTP/1.1" 200 93783 "https://www.canterasdemuro.es/hello-world/" "Mozilla/5.0 (Windows NT 10.0; Win64; x64) AppleWebKit/537.36 (KHTML, like Gecko) Chrome/130.0.0.0 Safari/537.36"
84.246.212.44 - - [28/Jul/2026:11:07:16 +0200] "POST /wp-admin/admin-ajax.php?action=async_litespeed&nonce=fbiVIlW91J74qDj3lyRxLWSM4YD4BTPu&litespeed_type=imgoptm HTTP/1.1" 200 5780 "-" "WordPress/6.9; https://www.canterasdemuro.es"
89.124.105.236 - - [28/Jul/2026:11:07:16 +0200] "POST /wp-comments-post.php HTTP/1.1" 302 6300 "https://www.canterasdemuro.es/hello-world/" "Mozilla/5.0 (Windows NT 10.0; Win64; x64) AppleWebKit/537.36 (KHTML, like Gecko) Chrome/130.0.0.0 Safari/537.36"
84.246.212.44 - - [28/Jul/2026:11:07:19 +0200] "POST /wp-cron.php?doing_wp_cron=1785229639.4274051189422607421875 HTTP/1.1" 200 5525 "-" "WordPress/6.9; https://www.canterasdemuro.es"
89.124.105.236 - - [28/Jul/2026:11:07:18 +0200] "GET /hello-world/ HTTP/1.1" 200 97178 "https://www.canterasdemuro.es/hello-world/#comment-611" "Mozilla/5.0 (Windows NT 10.0; Win64; x64) AppleWebKit/537.36 (KHTML, like Gecko) Chrome/130.0.0.0 Safari/537.36"
103.171.189.66 - - [28/Jul/2026:11:07:26 +0200] "POST /xmlrpc.php HTTP/1.1" 200 5889 "-" "Jetpack/13.0; WordPress/6.2; http://site51384955.com"
103.171.189.66 - - [28/Jul/2026:11:07:36 +0200] "POST /xmlrpc.php HTTP/1.1" 200 5889 "-" "Jetpack by WordPress.com (Jetpack 12.5; WordPress 6.2)"
103.171.189.66 - - [28/Jul/2026:11:07:47 +0200] "POST /xmlrpc.php HTTP/1.1" 403 6290 "-" "WordPress.com; https://wordpress.com"
103.171.189.66 - - [28/Jul/2026:11:07:58 +0200] "POST /xmlrpc.php HTTP/1.1" 403 6290 "-" "Jetpack by WordPress.com"
103.171.189.66 - - [28/Jul/2026:11:08:09 +0200] "POST /xmlrpc.php HTTP/1.1" 200 5889 "-" "Jetpack by WordPress.com (Jetpack 12.5; WordPress 6.3)"
103.171.189.66 - - [28/Jul/2026:11:08:19 +0200] "POST /xmlrpc.php HTTP/1.1" 403 6290 "-" "Jetpack by WordPress.com"
103.171.189.66 - - [28/Jul/2026:11:08:30 +0200] "POST /xmlrpc.php HTTP/1.1" 403 6290 "-" "WordPress.com; https://wordpress.com"
84.246.212.44 - - [28/Jul/2026:11:08:41 +0200] "POST /wp-cron.php?doing_wp_cron=1785229721.5806550979614257812500 HTTP/1.1" 200 5525 "-" "WordPress/6.9; https://www.canterasdemuro.es"
103.171.189.66 - - [28/Jul/2026:11:08:41 +0200] "POST /xmlrpc.php HTTP/1.1" 200 5889 "-" "Jetpack by WordPress.com (Jetpack 12.5; WordPress 6.4)"
84.246.212.44 - - [28/Jul/2026:11:08:42 +0200] "POST /wp-admin/admin-ajax.php?action=async_litespeed&nonce=3dXRpRWV3CRH3NHOKUjpgaS5m8w5JTnf&litespeed_type=imgoptm HTTP/1.1" 200 5780 "-" "WordPress/6.9; https://www.canterasdemuro.es"
103.171.189.66 - - [28/Jul/2026:11:08:51 +0200] "POST /xmlrpc.php HTTP/1.1" 200 5889 "-" "Jetpack/12.1; WordPress/6.3; http://site94753848.com"
103.171.189.66 - - [28/Jul/2026:11:09:02 +0200] "POST /xmlrpc.php HTTP/1.1" 200 5889 "-" "Jetpack by WordPress.com (Jetpack 12.1; WordPress 6.2)"
84.246.212.44 - - [28/Jul/2026:11:09:13 +0200] "POST /wp-cron.php?doing_wp_cron=1785229753.7077589035034179687500 HTTP/1.1" 200 5525 "-" "WordPress/6.9; https://www.canterasdemuro.es"
103.171.189.66 - - [28/Jul/2026:11:09:13 +0200] "POST /xmlrpc.php HTTP/1.1" 200 5889 "-" "Jetpack by WordPress.com (Jetpack 12.5; WordPress 6.4)"
84.246.212.44 - - [28/Jul/2026:11:09:14 +0200] "POST /wp-admin/admin-ajax.php?action=async_litespeed&nonce=ji8YEZ8D9qVfnnUDkutk6PGp6ks0jbcd&litespeed_type=imgoptm HTTP/1.1" 200 5780 "-" "WordPress/6.9; https://www.canterasdemuro.es"
103.171.189.66 - - [28/Jul/2026:11:09:23 +0200] "POST /xmlrpc.php HTTP/1.1" 403 6290 "-" "Jetpack by WordPress.com"
84.246.212.44 - - [28/Jul/2026:11:10:36 +0200] "POST /wp-cron.php?doing_wp_cron=1785229836.0366950035095214843750 HTTP/1.1" 200 5525 "-" "WordPress/6.9; https://www.canterasdemuro.es"
193.186.4.62 - - [28/Jul/2026:11:10:34 +0200] "GET / HTTP/1.1" 200 100540 "https://www.google.com/" "Mozilla/5.0 (Windows NT 10.0; Win64; x64) AppleWebKit/537.36 (KHTML, like Gecko) Chrome/150.0.0.0 Safari/537.36"
84.246.212.44 - - [28/Jul/2026:11:10:36 +0200] "POST /wp-admin/admin-ajax.php?action=async_litespeed&nonce=zujOm65qYODZhPdOMXjzwcZ4r6CenCdH&litespeed_type=imgoptm HTTP/1.1" 200 5780 "-" "WordPress/6.9; https://www.canterasdemuro.es"
46.24.27.207 - - [28/Jul/2026:11:10:37 +0200] "GET /wp-content/themes/hello-elementor/theme.min.css?ver=3.3.0 HTTP/1.1" 200 5512 "https://www.canterasdemuro.es/" "Mozilla/5.0 (Windows NT 10.0; Win64; x64) AppleWebKit/537.36 (KHTML, like Gecko) Chrome/150.0.0.0 Safari/537.36"
46.24.27.207 - - [28/Jul/2026:11:10:37 +0200] "GET /wp-content/themes/hello-elementor/header-footer.min.css?ver=3.3.0 HTTP/1.1" 200 5520 "https://www.canterasdemuro.es/" "Mozilla/5.0 (Windows NT 10.0; Win64; x64) AppleWebKit/537.36 (KHTML, like Gecko) Chrome/150.0.0.0 Safari/537.36"
46.24.27.207 - - [28/Jul/2026:11:10:37 +0200] "GET /wp-content/uploads/elementor/css/post-8.css?ver=1733139880 HTTP/1.1" 200 5508 "https://www.canterasdemuro.es/" "Mozilla/5.0 (Windows NT 10.0; Win64; x64) AppleWebKit/537.36 (KHTML, like Gecko) Chrome/150.0.0.0 Safari/537.36"
46.24.27.207 - - [28/Jul/2026:11:10:37 +0200] "GET /wp-content/themes/hello-elementor-child/style.css?ver=6.9 HTTP/1.1" 200 5514 "https://www.canterasdemuro.es/" "Mozilla/5.0 (Windows NT 10.0; Win64; x64) AppleWebKit/537.36 (KHTML, like Gecko) Chrome/150.0.0.0 Safari/537.36"
46.24.27.207 - - [28/Jul/2026:11:10:37 +0200] "GET /wp-content/themes/hello-elementor/style.min.css?ver=3.3.0 HTTP/1.1" 200 5512 "https://www.canterasdemuro.es/" "Mozilla/5.0 (Windows NT 10.0; Win64; x64) AppleWebKit/537.36 (KHTML, like Gecko) Chrome/150.0.0.0 Safari/537.36"
46.24.27.207 - - [28/Jul/2026:11:10:37 +0200] "GET /wp-content/uploads/elementor/css/custom-frontend.min.css?ver=1733139880 HTTP/1.1" 200 5521 "https://www.canterasdemuro.es/" "Mozilla/5.0 (Windows NT 10.0; Win64; x64) AppleWebKit/537.36 (KHTML, like Gecko) Chrome/150.0.0.0 Safari/537.36"
46.24.27.207 - - [28/Jul/2026:11:10:37 +0200] "GET /wp-content/plugins/elementor/assets/css/widget-image.min.css?ver=3.28.1 HTTP/1.1" 200 5763 "https://www.canterasdemuro.es/" "Mozilla/5.0 (Windows NT 10.0; Win64; x64) AppleWebKit/537.36 (KHTML, like Gecko) Chrome/150.0.0.0 Safari/537.36"
46.24.27.207 - - [28/Jul/2026:11:10:37 +0200] "GET /wp-content/uploads/elementor/css/custom-pro-widget-nav-menu.min.css?ver=1733139880 HTTP/1.1" 200 5532 "https://www.canterasdemuro.es/" "Mozilla/5.0 (Windows NT 10.0; Win64; x64) AppleWebKit/537.36 (KHTML, like Gecko) Chrome/150.0.0.0 Safari/537.36"
46.24.27.207 - - [28/Jul/2026:11:10:37 +0200] "GET /wp-content/uploads/elementor/css/custom-widget-icon-list.min.css?ver=1733139880 HTTP/1.1" 200 5529 "https://www.canterasdemuro.es/" "Mozilla/5.0 (Windows NT 10.0; Win64; x64) AppleWebKit/537.36 (KHTML, like Gecko) Chrome/150.0.0.0 Safari/537.36"
46.24.27.207 - - [28/Jul/2026:11:10:37 +0200] "GET /wp-content/plugins/elementor/assets/css/widget-heading.min.css?ver=3.28.1 HTTP/1.1" 200 6110 "https://www.canterasdemuro.es/" "Mozilla/5.0 (Windows NT 10.0; Win64; x64) AppleWebKit/537.36 (KHTML, like Gecko) Chrome/150.0.0.0 Safari/537.36"
46.24.27.207 - - [28/Jul/2026:11:10:37 +0200] "GET /wp-content/plugins/elementor-pro/assets/css/modules/sticky.min.css?ver=3.28.1 HTTP/1.1" 200 5671 "https://www.canterasdemuro.es/" "Mozilla/5.0 (Windows NT 10.0; Win64; x64) AppleWebKit/537.36 (KHTML, like Gecko) Chrome/150.0.0.0 Safari/537.36"
46.24.27.207 - - [28/Jul/2026:11:10:37 +0200] "GET /wp-content/plugins/elementor/assets/css/widget-spacer.min.css?ver=3.28.1 HTTP/1.1" 200 5526 "https://www.canterasdemuro.es/" "Mozilla/5.0 (Windows NT 10.0; Win64; x64) AppleWebKit/537.36 (KHTML, like Gecko) Chrome/150.0.0.0 Safari/537.36"
46.24.27.207 - - [28/Jul/2026:11:10:37 +0200] "GET /wp-content/plugins/elementor/assets/css/widget-text-editor.min.css?ver=3.28.1 HTTP/1.1" 200 6230 "https://www.canterasdemuro.es/" "Mozilla/5.0 (Windows NT 10.0; Win64; x64) AppleWebKit/537.36 (KHTML, like Gecko) Chrome/150.0.0.0 Safari/537.36"
46.24.27.207 - - [28/Jul/2026:11:10:37 +0200] "GET /wp-content/plugins/elementor/assets/lib/animations/styles/e-animation-float.min.css?ver=3.28.1 HTTP/1.1" 200 5753 "https://www.canterasdemuro.es/" "Mozilla/5.0 (Windows NT 10.0; Win64; x64) AppleWebKit/537.36 (KHTML, like Gecko) Chrome/150.0.0.0 Safari/537.36"
46.24.27.207 - - [28/Jul/2026:11:10:37 +0200] "GET /wp-content/uploads/elementor/css/post-609.css?ver=1733146676 HTTP/1.1" 200 5510 "https://www.canterasdemuro.es/" "Mozilla/5.0 (Windows NT 10.0; Win64; x64) AppleWebKit/537.36 (KHTML, like Gecko) Chrome/150.0.0.0 Safari/537.36"
46.24.27.207 - - [28/Jul/2026:11:10:37 +0200] "GET /wp-content/uploads/elementor/css/post-72.css?ver=1751037830 HTTP/1.1" 200 5509 "https://www.canterasdemuro.es/" "Mozilla/5.0 (Windows NT 10.0; Win64; x64) AppleWebKit/537.36 (KHTML, like Gecko) Chrome/150.0.0.0 Safari/537.36"
46.24.27.207 - - [28/Jul/2026:11:10:37 +0200] "GET /wp-content/uploads/elementor/css/post-33.css?ver=1733139880 HTTP/1.1" 200 5509 "https://www.canterasdemuro.es/" "Mozilla/5.0 (Windows NT 10.0; Win64; x64) AppleWebKit/537.36 (KHTML, like Gecko) Chrome/150.0.0.0 Safari/537.36"
46.24.27.207 - - [28/Jul/2026:11:10:37 +0200] "GET /wp-content/plugins/gdpr-cookie-compliance/dist/styles/gdpr-main-nf.css?ver=4.16.1 HTTP/1.1" 200 5535 "https://www.canterasdemuro.es/" "Mozilla/5.0 (Windows NT 10.0; Win64; x64) AppleWebKit/537.36 (KHTML, like Gecko) Chrome/150.0.0.0 Safari/537.36"
46.24.27.207 - - [28/Jul/2026:11:10:37 +0200] "GET /wp-content/uploads/elementor/css/post-459.css?ver=1733139881 HTTP/1.1" 200 5510 "https://www.canterasdemuro.es/" "Mozilla/5.0 (Windows NT 10.0; Win64; x64) AppleWebKit/537.36 (KHTML, like Gecko) Chrome/150.0.0.0 Safari/537.36"
46.24.27.207 - - [28/Jul/2026:11:10:37 +0200] "GET /wp-content/uploads/elementor/google-fonts/css/nunitosans.css?ver=1742899037 HTTP/1.1" 200 5525 "https://www.canterasdemuro.es/" "Mozilla/5.0 (Windows NT 10.0; Win64; x64) AppleWebKit/537.36 (KHTML, like Gecko) Chrome/150.0.0.0 Safari/537.36"
46.24.27.207 - - [28/Jul/2026:11:10:37 +0200] "GET /wp-content/uploads/elementor/google-fonts/css/plusjakartasans.css?ver=1742899034 HTTP/1.1" 200 5530 "https://www.canterasdemuro.es/" "Mozilla/5.0 (Windows NT 10.0; Win64; x64) AppleWebKit/537.36 (KHTML, like Gecko) Chrome/150.0.0.0 Safari/537.36"
46.24.27.207 - - [28/Jul/2026:11:10:37 +0200] "GET /wp-content/plugins/elementor/assets/css/widget-social-icons.min.css?ver=3.28.1 HTTP/1.1" 200 5532 "https://www.canterasdemuro.es/" "Mozilla/5.0 (Windows NT 10.0; Win64; x64) AppleWebKit/537.36 (KHTML, like Gecko) Chrome/150.0.0.0 Safari/537.36"
46.24.27.207 - - [28/Jul/2026:11:10:37 +0200] "GET /wp-includes/js/jquery/jquery-migrate.min.js?ver=3.4.1 HTTP/1.1" 200 5522 "https://www.canterasdemuro.es/" "Mozilla/5.0 (Windows NT 10.0; Win64; x64) AppleWebKit/537.36 (KHTML, like Gecko) Chrome/150.0.0.0 Safari/537.36"
46.24.27.207 - - [28/Jul/2026:11:10:37 +0200] "GET /wp-content/uploads/2024/06/Menu-minimalista.png HTTP/1.1" 200 6386 "https://www.canterasdemuro.es/" "Mozilla/5.0 (Windows NT 10.0; Win64; x64) AppleWebKit/537.36 (KHTML, like Gecko) Chrome/150.0.0.0 Safari/537.36"
46.24.27.207 - - [28/Jul/2026:11:10:37 +0200] "GET /wp-content/uploads/elementor/css/custom-apple-webkit.min.css?ver=1733139880 HTTP/1.1" 200 5525 "https://www.canterasdemuro.es/" "Mozilla/5.0 (Windows NT 10.0; Win64; x64) AppleWebKit/537.36 (KHTML, like Gecko) Chrome/150.0.0.0 Safari/537.36"
46.24.27.207 - - [28/Jul/2026:11:10:37 +0200] "GET /wp-content/uploads/2024/06/canterasdemuro_blanco-2048x1113.png HTTP/1.1" 200 5528 "https://www.canterasdemuro.es/" "Mozilla/5.0 (Windows NT 10.0; Win64; x64) AppleWebKit/537.36 (KHTML, like Gecko) Chrome/150.0.0.0 Safari/537.36"
46.24.27.207 - - [28/Jul/2026:11:10:37 +0200] "GET /wp-includes/js/jquery/jquery.min.js?ver=3.7.1 HTTP/1.1" 200 5514 "https://www.canterasdemuro.es/" "Mozilla/5.0 (Windows NT 10.0; Win64; x64) AppleWebKit/537.36 (KHTML, like Gecko) Chrome/150.0.0.0 Safari/537.36"
46.24.27.207 - - [28/Jul/2026:11:10:37 +0200] "GET /wp-content/uploads/2024/06/canterasdemuro_blanco-1024x557.png HTTP/1.1" 200 5527 "https://www.canterasdemuro.es/" "Mozilla/5.0 (Windows NT 10.0; Win64; x64) AppleWebKit/537.36 (KHTML, like Gecko) Chrome/150.0.0.0 Safari/537.36"
46.24.27.207 - - [28/Jul/2026:11:10:37 +0200] "GET /wp-content/uploads/2024/06/marca-negativo-1024x293.png HTTP/1.1" 200 5520 "https://www.canterasdemuro.es/" "Mozilla/5.0 (Windows NT 10.0; Win64; x64) AppleWebKit/537.36 (KHTML, like Gecko) Chrome/150.0.0.0 Safari/537.36"
46.24.27.207 - - [28/Jul/2026:11:10:37 +0200] "GET /wp-content/themes/hello-elementor/assets/js/hello-frontend.min.js?ver=3.3.0 HTTP/1.1" 200 5544 "https://www.canterasdemuro.es/" "Mozilla/5.0 (Windows NT 10.0; Win64; x64) AppleWebKit/537.36 (KHTML, like Gecko) Chrome/150.0.0.0 Safari/537.36"
46.24.27.207 - - [28/Jul/2026:11:10:37 +0200] "GET /wp-content/uploads/2024/06/canterasdemuro_negativo-1024x557.png HTTP/1.1" 200 5529 "https://www.canterasdemuro.es/" "Mozilla/5.0 (Windows NT 10.0; Win64; x64) AppleWebKit/537.36 (KHTML, like Gecko) Chrome/150.0.0.0 Safari/537.36"
46.24.27.207 - - [28/Jul/2026:11:10:37 +0200] "GET /wp-content/plugins/gdpr-cookie-compliance/dist/scripts/main.js?ver=4.16.1 HTTP/1.1" 200 5541 "https://www.canterasdemuro.es/" "Mozilla/5.0 (Windows NT 10.0; Win64; x64) AppleWebKit/537.36 (KHTML, like Gecko) Chrome/150.0.0.0 Safari/537.36"
46.24.27.207 - - [28/Jul/2026:11:10:37 +0200] "GET /wp-content/plugins/elementor-pro/assets/lib/sticky/jquery.sticky.min.js?ver=3.28.1 HTTP/1.1" 200 5550 "https://www.canterasdemuro.es/" "Mozilla/5.0 (Windows NT 10.0; Win64; x64) AppleWebKit/537.36 (KHTML, like Gecko) Chrome/150.0.0.0 Safari/537.36"
46.24.27.207 - - [28/Jul/2026:11:10:37 +0200] "GET /wp-content/plugins/elementor-pro/assets/lib/smartmenus/jquery.smartmenus.min.js?ver=1.2.1 HTTP/1.1" 200 5558 "https://www.canterasdemuro.es/" "Mozilla/5.0 (Windows NT 10.0; Win64; x64) AppleWebKit/537.36 (KHTML, like Gecko) Chrome/150.0.0.0 Safari/537.36"
46.24.27.207 - - [28/Jul/2026:11:10:37 +0200] "GET /wp-content/plugins/elementor-pro/assets/js/webpack-pro.runtime.min.js?ver=3.28.1 HTTP/1.1" 200 5548 "https://www.canterasdemuro.es/" "Mozilla/5.0 (Windows NT 10.0; Win64; x64) AppleWebKit/537.36 (KHTML, like Gecko) Chrome/150.0.0.0 Safari/537.36"
46.24.27.207 - - [28/Jul/2026:11:10:37 +0200] "GET /wp-content/plugins/elementor/assets/js/webpack.runtime.min.js?ver=3.28.1 HTTP/1.1" 200 5540 "https://www.canterasdemuro.es/" "Mozilla/5.0 (Windows NT 10.0; Win64; x64) AppleWebKit/537.36 (KHTML, like Gecko) Chrome/150.0.0.0 Safari/537.36"
46.24.27.207 - - [28/Jul/2026:11:10:38 +0200] "GET /wp-includes/js/dist/i18n.min.js?ver=c26c3dc7bed366793375 HTTP/1.1" 200 5510 "https://www.canterasdemuro.es/" "Mozilla/5.0 (Windows NT 10.0; Win64; x64) AppleWebKit/537.36 (KHTML, like Gecko) Chrome/150.0.0.0 Safari/537.36"
46.24.27.207 - - [28/Jul/2026:11:10:38 +0200] "GET /wp-includes/js/jquery/ui/core.min.js?ver=1.13.3 HTTP/1.1" 200 5515 "https://www.canterasdemuro.es/" "Mozilla/5.0 (Windows NT 10.0; Win64; x64) AppleWebKit/537.36 (KHTML, like Gecko) Chrome/150.0.0.0 Safari/537.36"
46.24.27.207 - - [28/Jul/2026:11:10:38 +0200] "GET /wp-content/plugins/elementor/assets/js/frontend-modules.min.js?ver=3.28.1 HTTP/1.1" 200 5541 "https://www.canterasdemuro.es/" "Mozilla/5.0 (Windows NT 10.0; Win64; x64) AppleWebKit/537.36 (KHTML, like Gecko) Chrome/150.0.0.0 Safari/537.36"
46.24.27.207 - - [28/Jul/2026:11:10:38 +0200] "GET /wp-includes/js/dist/hooks.min.js?ver=dd5603f07f9220ed27f1 HTTP/1.1" 200 5511 "https://www.canterasdemuro.es/" "Mozilla/5.0 (Windows NT 10.0; Win64; x64) AppleWebKit/537.36 (KHTML, like Gecko) Chrome/150.0.0.0 Safari/537.36"
46.24.27.207 - - [28/Jul/2026:11:10:38 +0200] "GET /wp-content/plugins/elementor-pro/assets/js/frontend.min.js?ver=3.28.1 HTTP/1.1" 200 5537 "https://www.canterasdemuro.es/" "Mozilla/5.0 (Windows NT 10.0; Win64; x64) AppleWebKit/537.36 (KHTML, like Gecko) Chrome/150.0.0.0 Safari/537.36"
46.24.27.207 - - [28/Jul/2026:11:10:38 +0200] "GET /wp-content/plugins/elementor/assets/js/frontend.min.js?ver=3.28.1 HTTP/1.1" 200 5533 "https://www.canterasdemuro.es/" "Mozilla/5.0 (Windows NT 10.0; Win64; x64) AppleWebKit/537.36 (KHTML, like Gecko) Chrome/150.0.0.0 Safari/537.36"
46.24.27.207 - - [28/Jul/2026:11:10:38 +0200] "GET /wp-content/plugins/elementor-pro/assets/js/elements-handlers.min.js?ver=3.28.1 HTTP/1.1" 200 5546 "https://www.canterasdemuro.es/" "Mozilla/5.0 (Windows NT 10.0; Win64; x64) AppleWebKit/537.36 (KHTML, like Gecko) Chrome/150.0.0.0 Safari/537.36"
46.24.27.207 - - [28/Jul/2026:11:10:38 +0200] "GET /wp-content/uploads/elementor/google-fonts/fonts/nunitosans-pe0tmimslybiv1o4x1m8ce2xcx3yop4tqpf_metm0lfgwvpnn64cl7u8uphzibmv51q42ptcp7t1r-s.woff2 HTTP/1.1" 200 5611 "https://www.canterasdemuro.es/wp-content/uploads/elementor/google-fonts/css/nunitosans.css?ver=1742899037" "Mozilla/5.0 (Windows NT 10.0; Win64; x64) AppleWebKit/537.36 (KHTML, like Gecko) Chrome/150.0.0.0 Safari/537.36"
46.24.27.207 - - [28/Jul/2026:11:10:38 +0200] "GET /wp-content/uploads/2024/06/canterasdemuro_negativo-300x163.png HTTP/1.1" 200 5528 "https://www.canterasdemuro.es/" "Mozilla/5.0 (Windows NT 10.0; Win64; x64) AppleWebKit/537.36 (KHTML, like Gecko) Chrome/150.0.0.0 Safari/537.36"
46.24.27.207 - - [28/Jul/2026:11:10:38 +0200] "GET /wp-content/uploads/elementor/google-fonts/fonts/plusjakartasans-ldioaomqnqcsa88c7o9yz4kmcoog4ko20yw.woff2 HTTP/1.1" 200 5572 "https://www.canterasdemuro.es/wp-content/uploads/elementor/google-fonts/css/plusjakartasans.css?ver=1742899034" "Mozilla/5.0 (Windows NT 10.0; Win64; x64) AppleWebKit/537.36 (KHTML, like Gecko) Chrome/150.0.0.0 Safari/537.36"
46.24.27.207 - - [28/Jul/2026:11:10:38 +0200] "GET /wp-content/plugins/elementor/assets/lib/dialog/dialog.min.js?ver=4.9.3 HTTP/1.1" 200 5539 "https://www.canterasdemuro.es/" "Mozilla/5.0 (Windows NT 10.0; Win64; x64) AppleWebKit/537.36 (KHTML, like Gecko) Chrome/150.0.0.0 Safari/537.36"
46.24.27.207 - - [28/Jul/2026:11:10:38 +0200] "GET /wp-content/plugins/elementor-pro/assets/js/nav-menu.a23fbd67486c5bedf26c.bundle.min.js HTTP/1.1" 200 5565 "https://www.canterasdemuro.es/" "Mozilla/5.0 (Windows NT 10.0; Win64; x64) AppleWebKit/537.36 (KHTML, like Gecko) Chrome/150.0.0.0 Safari/537.36"
46.24.27.207 - - [28/Jul/2026:11:10:38 +0200] "GET /wp-content/plugins/elementor/assets/js/text-editor.c084ef86600b6f11690d.bundle.min.js HTTP/1.1" 200 5564 "https://www.canterasdemuro.es/" "Mozilla/5.0 (Windows NT 10.0; Win64; x64) AppleWebKit/537.36 (KHTML, like Gecko) Chrome/150.0.0.0 Safari/537.36"
46.24.27.207 - - [28/Jul/2026:11:10:38 +0200] "GET /wp-content/uploads/2024/09/Canteras-de-Muro-Lancara-30-segs-1.mp4 HTTP/1.1" 200 5531 "https://www.canterasdemuro.es/" "Mozilla/5.0 (Windows NT 10.0; Win64; x64) AppleWebKit/537.36 (KHTML, like Gecko) Chrome/150.0.0.0 Safari/537.36"
46.24.27.207 - - [28/Jul/2026:11:10:38 +0200] "GET /wp-includes/js/wp-emoji-release.min.js?ver=6.9 HTTP/1.1" 200 5517 "https://www.canterasdemuro.es/" "Mozilla/5.0 (Windows NT 10.0; Win64; x64) AppleWebKit/537.36 (KHTML, like Gecko) Chrome/150.0.0.0 Safari/537.36"
46.24.27.207 - - [28/Jul/2026:11:10:38 +0200] "GET /wp-content/uploads/2024/09/Canteras-de-Muro-Lancara-30-segs-1.mp4 HTTP/1.1" 200 5531 "https://www.canterasdemuro.es/" "Mozilla/5.0 (Windows NT 10.0; Win64; x64) AppleWebKit/537.36 (KHTML, like Gecko) Chrome/150.0.0.0 Safari/537.36"
46.24.27.207 - - [28/Jul/2026:11:10:38 +0200] "GET /wp-content/uploads/2024/09/Canteras-de-Muro-Lancara-30-segs-1.mp4 HTTP/1.1" 200 5531 "https://www.canterasdemuro.es/" "Mozilla/5.0 (Windows NT 10.0; Win64; x64) AppleWebKit/537.36 (KHTML, like Gecko) Chrome/150.0.0.0 Safari/537.36"
46.24.27.207 - - [28/Jul/2026:11:10:39 +0200] "GET /wp-content/uploads/2024/06/FAVICON-1-CANTERAS-DE-MURO-150x150.png HTTP/1.1" 200 5531 "https://www.canterasdemuro.es/" "Mozilla/5.0 (Windows NT 10.0; Win64; x64) AppleWebKit/537.36 (KHTML, like Gecko) Chrome/150.0.0.0 Safari/537.36"
84.246.212.44 - - [28/Jul/2026:11:12:59 +0200] "POST /wp-cron.php?doing_wp_cron=1785229979.2434799671173095703125 HTTP/1.1" 200 5525 "-" "WordPress/6.9; https://www.canterasdemuro.es"
103.171.189.94 - - [28/Jul/2026:11:12:58 +0200] "POST /xmlrpc.php HTTP/1.1" 200 5889 "-" "Jetpack by WordPress.com"
