91.231.89.96 - - [28/Jul/2026:18:03:03 +0200] "GET /wp-json/oembed/1.0/embed?url=https%3A%2F%2Fwww.canterasdemuro.es%2F HTTP/1.1" 200 7961 "-" "Mozilla/5.0 (X11; Ubuntu; Linux x86_64; rv:134.0) Gecko/20100101 Firefox/134.0"
84.246.212.44 - - [28/Jul/2026:18:03:04 +0200] "POST /wp-admin/admin-ajax.php?action=async_litespeed&nonce=qbJXAmESGqwnLv1bsFp69WzOtao4JYBo&litespeed_type=imgoptm HTTP/1.1" 200 5782 "-" "WordPress/6.9; https://www.canterasdemuro.es"
84.246.212.44 - - [28/Jul/2026:18:03:11 +0200] "POST /wp-cron.php?doing_wp_cron=1785254591.9347450733184814453125 HTTP/1.1" 200 5527 "-" "WordPress/6.9; https://www.canterasdemuro.es"
91.231.89.18 - - [28/Jul/2026:18:03:11 +0200] "GET /comments/feed/ HTTP/1.1" 200 7359 "-" "Mozilla/5.0 (X11; Ubuntu; Linux x86_64; rv:134.0) Gecko/20100101 Firefox/134.0"
84.246.212.44 - - [28/Jul/2026:18:04:20 +0200] "POST /wp-cron.php?doing_wp_cron=1785254660.0316479206085205078125 HTTP/1.1" 200 5527 "-" "WordPress/6.9; https://www.canterasdemuro.es"
74.7.241.186 - - [28/Jul/2026:18:04:19 +0200] "GET /robots.txt HTTP/1.1" 301 5579 "-" "Mozilla/5.0 (Macintosh; Intel Mac OS X 10_15_7) AppleWebKit/537.36 (KHTML, like Gecko) Chrome/131.0.0.0 Safari/537.36; compatible; OAI-SearchBot/1.4; robots.txt; +https://openai.com/searchbot"
84.246.212.44 - - [28/Jul/2026:18:04:20 +0200] "POST /wp-admin/admin-ajax.php?action=async_litespeed&nonce=FcTKN0QqxyRUz37c3939whMZE4b9iMzq&litespeed_type=imgoptm HTTP/1.1" 200 5782 "-" "WordPress/6.9; https://www.canterasdemuro.es"
74.7.241.186 - - [28/Jul/2026:18:04:21 +0200] "GET /robots.txt HTTP/1.1" 200 5682 "https://canterasdemuro.es/robots.txt" "Mozilla/5.0 (Macintosh; Intel Mac OS X 10_15_7) AppleWebKit/537.36 (KHTML, like Gecko) Chrome/131.0.0.0 Safari/537.36; compatible; OAI-SearchBot/1.4; robots.txt; +https://openai.com/searchbot"
51.195.215.12 - - [28/Jul/2026:18:04:41 +0200] "GET /wp-sitemap.xml HTTP/1.1" 200 6234 "-" "Mozilla/5.0 (compatible; AhrefsBot/7.0; +http://ahrefs.com/robot/)"
51.195.183.90 - - [28/Jul/2026:18:04:43 +0200] "GET /wp-sitemap-posts-post-1.xml HTTP/1.1" 200 5797 "-" "Mozilla/5.0 (compatible; AhrefsBot/7.0; +http://ahrefs.com/robot/)"
198.244.242.148 - - [28/Jul/2026:18:04:44 +0200] "GET /wp-sitemap-posts-page-1.xml HTTP/1.1" 200 6783 "-" "Mozilla/5.0 (compatible; AhrefsBot/7.0; +http://ahrefs.com/robot/)"
198.244.226.231 - - [28/Jul/2026:18:04:49 +0200] "GET /gl/wp-sitemap-posts-page-1.xml HTTP/1.1" 200 6810 "-" "Mozilla/5.0 (compatible; AhrefsBot/7.0; +http://ahrefs.com/robot/)"
198.244.168.79 - - [28/Jul/2026:18:04:51 +0200] "GET /wp-sitemap-taxonomies-category-1.xml HTTP/1.1" 200 5764 "-" "Mozilla/5.0 (compatible; AhrefsBot/7.0; +http://ahrefs.com/robot/)"
198.244.226.27 - - [28/Jul/2026:18:04:53 +0200] "GET /wp-sitemap-users-1.xml HTTP/1.1" 200 5754 "-" "Mozilla/5.0 (compatible; AhrefsBot/7.0; +http://ahrefs.com/robot/)"
54.38.147.183 - - [28/Jul/2026:18:04:55 +0200] "GET /gl/wp-sitemap-users-1.xml HTTP/1.1" 200 5757 "-" "Mozilla/5.0 (compatible; AhrefsBot/7.0; +http://ahrefs.com/robot/)"
84.246.212.44 - - [28/Jul/2026:18:05:53 +0200] "POST /wp-cron.php?doing_wp_cron=1785254753.0046169757843017578125 HTTP/1.1" 200 5527 "-" "WordPress/6.9; https://www.canterasdemuro.es"
74.7.241.128 - - [28/Jul/2026:18:05:52 +0200] "GET /robots.txt HTTP/1.1" 200 5682 "-" "Mozilla/5.0 (Macintosh; Intel Mac OS X 10_15_7) AppleWebKit/537.36 (KHTML, like Gecko) Chrome/131.0.0.0 Safari/537.36; compatible; OAI-SearchBot/1.4; robots.txt; +https://openai.com/searchbot"
84.246.212.44 - - [28/Jul/2026:18:05:53 +0200] "POST /wp-admin/admin-ajax.php?action=async_litespeed&nonce=aadVERYJaOwPZhvyfkoLUePRCF4ElJ5J&litespeed_type=imgoptm HTTP/1.1" 200 5782 "-" "WordPress/6.9; https://www.canterasdemuro.es"
84.246.212.44 - - [28/Jul/2026:18:05:54 +0200] "POST /wp-cron.php?doing_wp_cron=1785254753.9747710227966308593750 HTTP/1.1" 200 5527 "-" "WordPress/6.9; https://www.canterasdemuro.es"
74.7.227.173 - - [28/Jul/2026:18:05:52 +0200] "GET / HTTP/1.1" 200 100542 "-" "Mozilla/5.0 AppleWebKit/537.36 (KHTML, like Gecko; compatible; GPTBot/1.4; +https://openai.com/gptbot)"
84.246.212.44 - - [28/Jul/2026:18:07:48 +0200] "POST /wp-cron.php?doing_wp_cron=1785254868.4898719787597656250000 HTTP/1.1" 200 5527 "-" "WordPress/6.9; https://www.canterasdemuro.es"
23.234.113.213 - - [28/Jul/2026:18:07:47 +0200] "GET / HTTP/1.1" 301 5569 "-" "Mozilla/5.0 (Macintosh; Intel Mac OS X 10_15_7) AppleWebKit/537.36 (KHTML, like Gecko) Chrome/146.0.0.0 Safari/537.36"
84.246.212.44 - - [28/Jul/2026:18:07:49 +0200] "POST /wp-admin/admin-ajax.php?action=async_litespeed&nonce=4tPr3SAnos3mc6ACIxI8rf2moO8YQLCk&litespeed_type=imgoptm HTTP/1.1" 200 5782 "-" "WordPress/6.9; https://www.canterasdemuro.es"
84.246.212.44 - - [28/Jul/2026:18:08:18 +0200] "POST /wp-cron.php?doing_wp_cron=1785254898.3464241027832031250000 HTTP/1.1" 200 5527 "-" "WordPress/6.9; https://www.canterasdemuro.es"
23.234.113.213 - - [28/Jul/2026:18:08:17 +0200] "GET / HTTP/1.1" 301 5569 "-" "Mozilla/5.0 (Macintosh; Intel Mac OS X 10_15_7) AppleWebKit/537.36 (KHTML, like Gecko) Chrome/146.0.0.0 Safari/537.36"
84.246.212.44 - - [28/Jul/2026:18:08:18 +0200] "POST /wp-admin/admin-ajax.php?action=async_litespeed&nonce=DkHyTUh0UJukNvvABj4BipDOhaKl1SH8&litespeed_type=imgoptm HTTP/1.1" 200 5782 "-" "WordPress/6.9; https://www.canterasdemuro.es"
23.234.113.213 - - [28/Jul/2026:18:08:37 +0200] "GET /favicon.ico HTTP/1.1" 301 5580 "-" "Mozilla/5.0 (Macintosh; Intel Mac OS X 10_15_7) AppleWebKit/537.36 (KHTML, like Gecko) Chrome/146.0.0.0 Safari/537.36"
84.246.212.44 - - [28/Jul/2026:18:09:44 +0200] "POST /wp-cron.php?doing_wp_cron=1785254984.7133750915527343750000 HTTP/1.1" 200 5527 "-" "WordPress/6.9; https://www.canterasdemuro.es"
51.195.39.150 - - [28/Jul/2026:18:09:44 +0200] "GET /sh6619867 HTTP/1.1" 301 5691 "-" "Mozilla/5.0 (Windows NT 10.0; Win64; x64; rv:150.0) Gecko/20100101 Firefox/150.0"
84.246.212.44 - - [28/Jul/2026:18:09:45 +0200] "POST /wp-admin/admin-ajax.php?action=async_litespeed&nonce=adj83kcgWO79M8Vt1w0lv1qgvf5TG0mV&litespeed_type=imgoptm HTTP/1.1" 200 5782 "-" "WordPress/6.9; https://www.canterasdemuro.es"
51.195.39.150 - - [28/Jul/2026:18:09:45 +0200] "GET /sh6619867/ HTTP/1.1" 404 89434 "-" "Mozilla/5.0 (Windows NT 10.0; Win64; x64; rv:150.0) Gecko/20100101 Firefox/150.0"
84.246.212.44 - - [28/Jul/2026:18:10:56 +0200] "POST /wp-cron.php?doing_wp_cron=1785255056.8800430297851562500000 HTTP/1.1" 200 5527 "-" "WordPress/6.9; https://www.canterasdemuro.es"
91.231.89.37 - - [28/Jul/2026:18:10:56 +0200] "GET /wp-json/ HTTP/1.1" 200 287409 "-" "Mozilla/5.0 (X11; Ubuntu; Linux x86_64; rv:134.0) Gecko/20100101 Firefox/134.0"
84.246.212.44 - - [28/Jul/2026:18:10:57 +0200] "POST /wp-admin/admin-ajax.php?action=async_litespeed&nonce=nUthKP5qHEDyWh0NhmGvUa6UsosEfLsl&litespeed_type=imgoptm HTTP/1.1" 200 5782 "-" "WordPress/6.9; https://www.canterasdemuro.es"
84.246.212.44 - - [28/Jul/2026:18:12:28 +0200] "POST /wp-cron.php?doing_wp_cron=1785255148.4795770645141601562500 HTTP/1.1" 200 5527 "-" "WordPress/6.9; https://www.canterasdemuro.es"
91.231.89.36 - - [28/Jul/2026:18:12:27 +0200] "GET /xmlrpc.php HTTP/1.1" 405 5556 "-" "Mozilla/5.0 (X11; Ubuntu; Linux x86_64; rv:134.0) Gecko/20100101 Firefox/134.0"
84.246.212.44 - - [28/Jul/2026:18:12:28 +0200] "POST /wp-admin/admin-ajax.php?action=async_litespeed&nonce=g2RXZycdhbAvBi6IBpMKevIbKtt9pKsu&litespeed_type=imgoptm HTTP/1.1" 200 5782 "-" "WordPress/6.9; https://www.canterasdemuro.es"
91.231.89.33 - - [28/Jul/2026:18:12:54 +0200] "GET / HTTP/1.1" 200 100542 "-" "Mozilla/5.0 (X11; Ubuntu; Linux x86_64; rv:134.0) Gecko/20100101 Firefox/134.0"
84.246.212.44 - - [28/Jul/2026:18:13:21 +0200] "POST /wp-cron.php?doing_wp_cron=1785255201.0256140232086181640625 HTTP/1.1" 200 5527 "-" "WordPress/6.9; https://www.canterasdemuro.es"
2.26.23.219 - - [28/Jul/2026:18:13:19 +0200] "GET /hello-world/ HTTP/1.1" 200 93785 "https://www.canterasdemuro.es/hello-world/" "Mozilla/5.0 (Windows NT 10.0; Win64; x64) AppleWebKit/537.36 (KHTML, like Gecko) Chrome/130.0.0.0 Safari/537.36 CCleaner/130.0.0.0"
84.246.212.44 - - [28/Jul/2026:18:13:21 +0200] "POST /wp-admin/admin-ajax.php?action=async_litespeed&nonce=FNWv9i9U2CTBv7JbkC5jeZWVFtWCCoE3&litespeed_type=imgoptm HTTP/1.1" 200 5782 "-" "WordPress/6.9; https://www.canterasdemuro.es"
2.26.23.219 - - [28/Jul/2026:18:13:21 +0200] "POST /wp-comments-post.php HTTP/1.1" 302 6303 "https://www.canterasdemuro.es/hello-world/" "Mozilla/5.0 (Windows NT 10.0; Win64; x64) AppleWebKit/537.36 (KHTML, like Gecko) Chrome/130.0.0.0 Safari/537.36 CCleaner/130.0.0.0"
2.26.23.219 - - [28/Jul/2026:18:13:24 +0200] "GET /hello-world/ HTTP/1.1" 200 95955 "https://www.canterasdemuro.es/hello-world/#comment-618" "Mozilla/5.0 (Windows NT 10.0; Win64; x64) AppleWebKit/537.36 (KHTML, like Gecko) Chrome/130.0.0.0 Safari/537.36 CCleaner/130.0.0.0"
84.246.212.44 - - [28/Jul/2026:18:15:29 +0200] "POST /wp-cron.php?doing_wp_cron=1785255329.4335010051727294921875 HTTP/1.1" 200 5527 "-" "WordPress/6.9; https://www.canterasdemuro.es"
168.100.8.206 - - [28/Jul/2026:18:15:28 +0200] "GET / HTTP/1.1" 301 5569 "-" "Mozilla/5.0 (Macintosh; Intel Mac OS X 10_15_7) AppleWebKit/537.36 (KHTML, like Gecko) Chrome/122.0.0.0 Safari/537.36"
84.246.212.44 - - [28/Jul/2026:18:15:30 +0200] "POST /wp-admin/admin-ajax.php?action=async_litespeed&nonce=zpjmVsEUmxhvi1WowPh3eDEbCrhVqpkB&litespeed_type=imgoptm HTTP/1.1" 200 5782 "-" "WordPress/6.9; https://www.canterasdemuro.es"
168.100.8.206 - - [28/Jul/2026:18:15:29 +0200] "GET / HTTP/1.1" 200 100542 "-" "Mozilla/5.0 (Macintosh; Intel Mac OS X 10_15_7) AppleWebKit/537.36 (KHTML, like Gecko) Chrome/122.0.0.0 Safari/537.36"
84.246.212.44 - - [28/Jul/2026:18:18:04 +0200] "POST /wp-cron.php?doing_wp_cron=1785255484.4702320098876953125000 HTTP/1.1" 200 5527 "-" "WordPress/6.9; https://www.canterasdemuro.es"
143.244.166.58 - - [28/Jul/2026:18:18:03 +0200] "POST /xmlrpc.php HTTP/1.1" 200 5891 "-" "Mozilla/5.0 (Windows NT 10.0; Win64; x64) AppleWebKit/537.36 (KHTML, like Gecko) Chrome/142.0.0.0 Safari/537.36 Edg/142.0.0.0"
84.246.212.44 - - [28/Jul/2026:18:18:05 +0200] "POST /wp-admin/admin-ajax.php?action=async_litespeed&nonce=4HgHQPmnRQUOw2I9eVmCMUImR628dXGq&litespeed_type=imgoptm HTTP/1.1" 200 5782 "-" "WordPress/6.9; https://www.canterasdemuro.es"
84.246.212.44 - - [28/Jul/2026:18:18:32 +0200] "POST /wp-cron.php?doing_wp_cron=1785255512.5731439590454101562500 HTTP/1.1" 200 5527 "-" "WordPress/6.9; https://www.canterasdemuro.es"
14.100.69.68 - - [28/Jul/2026:18:18:32 +0200] "GET / HTTP/1.1" 301 5569 "-" "Mozilla/5.0 (Macintosh; Intel Mac OS X 10_15_7) AppleWebKit/605.1.15 (KHTML, like Gecko) Version/17.2 Safari/605.1.15"
84.246.212.44 - - [28/Jul/2026:18:18:33 +0200] "POST /wp-admin/admin-ajax.php?action=async_litespeed&nonce=Xh7Zo9OdDW0KD8ywxcUyGcp5ClhLUgDE&litespeed_type=imgoptm HTTP/1.1" 200 5782 "-" "WordPress/6.9; https://www.canterasdemuro.es"
14.100.69.68 - - [28/Jul/2026:18:18:33 +0200] "GET / HTTP/1.1" 200 100542 "-" "Mozilla/5.0 (Macintosh; Intel Mac OS X 10_15_7) AppleWebKit/605.1.15 (KHTML, like Gecko) Version/17.2 Safari/605.1.15"
84.246.212.44 - - [28/Jul/2026:18:20:54 +0200] "POST /wp-cron.php?doing_wp_cron=1785255654.7664780616760253906250 HTTP/1.1" 200 5527 "-" "WordPress/6.9; https://www.canterasdemuro.es"
51.195.39.150 - - [28/Jul/2026:18:20:54 +0200] "GET /?wmo_hc=k7Hx9mQp2wRt HTTP/1.1" 301 5589 "-" "Mozilla/5.0 (Windows NT 10.0; Win64; x64) AppleWebKit/537.36 (KHTML, like Gecko) Chrome/148.0.0.0 Safari/537.36"
84.246.212.44 - - [28/Jul/2026:18:20:55 +0200] "POST /wp-admin/admin-ajax.php?action=async_litespeed&nonce=fsyQNRhl5ukiJMhdvOmDlW0ndYAWdsKa&litespeed_type=imgoptm HTTP/1.1" 200 5782 "-" "WordPress/6.9; https://www.canterasdemuro.es"
51.195.39.150 - - [28/Jul/2026:18:20:55 +0200] "GET /?wmo_hc=k7Hx9mQp2wRt HTTP/1.1" 200 100506 "-" "Mozilla/5.0 (Windows NT 10.0; Win64; x64) AppleWebKit/537.36 (KHTML, like Gecko) Chrome/148.0.0.0 Safari/537.36"
209.87.167.145 - - [28/Jul/2026:18:22:15 +0200] "GET /.env HTTP/1.1" 403 6292 "-" "Mozilla/5.0 (Macintosh; Intel Mac OS X 10.15; rv:77.0) Gecko/20100101 Firefox/77.0"
84.246.212.44 - - [28/Jul/2026:18:23:12 +0200] "POST /wp-cron.php?doing_wp_cron=1785255792.4038190841674804687500 HTTP/1.1" 200 5527 "-" "WordPress/6.9; https://www.canterasdemuro.es"
85.215.45.9 - - [28/Jul/2026:18:23:11 +0200] "GET / HTTP/1.1" 301 5569 "http://canterasdemuro.es" "Mozilla/5.0 (Windows NT 10.0; Win64; x64) AppleWebKit/537.36 (KHTML, like Gecko) Chrome/123.0.0.0 Safari/537.36"
84.246.212.44 - - [28/Jul/2026:18:23:13 +0200] "POST /wp-admin/admin-ajax.php?action=async_litespeed&nonce=Oxs6rKqG0qx0JJVRigO2Dx3GiaAw6UVs&litespeed_type=imgoptm HTTP/1.1" 200 5782 "-" "WordPress/6.9; https://www.canterasdemuro.es"
85.215.45.9 - - [28/Jul/2026:18:23:12 +0200] "GET / HTTP/1.1" 200 100542 "https://canterasdemuro.es/" "Mozilla/5.0 (Windows NT 10.0; Win64; x64) AppleWebKit/537.36 (KHTML, like Gecko) Chrome/123.0.0.0 Safari/537.36"
84.246.212.44 - - [28/Jul/2026:18:24:20 +0200] "POST /wp-cron.php?doing_wp_cron=1785255860.6070280075073242187500 HTTP/1.1" 200 5527 "-" "WordPress/6.9; https://www.canterasdemuro.es"
20.215.218.234 - - [28/Jul/2026:18:24:19 +0200] "GET /wp-content/plugins/hellopress/wp_filemanager.php HTTP/1.1" 404 89435 "-" "-"
84.246.212.44 - - [28/Jul/2026:18:24:21 +0200] "POST /wp-admin/admin-ajax.php?action=async_litespeed&nonce=VukOP4AyDCmvI6DVergDIJC2WVJVAdxa&litespeed_type=imgoptm HTTP/1.1" 200 5782 "-" "WordPress/6.9; https://www.canterasdemuro.es"
20.215.218.234 - - [28/Jul/2026:18:24:21 +0200] "GET /this_is_a_new_hello_world.php HTTP/1.1" 404 89434 "-" "-"
20.215.218.234 - - [28/Jul/2026:18:24:22 +0200] "GET /sixxis.php HTTP/1.1" 404 89434 "-" "-"
20.215.218.234 - - [28/Jul/2026:18:24:24 +0200] "GET /azz.php HTTP/1.1" 404 89434 "-" "-"
20.215.218.234 - - [28/Jul/2026:18:24:25 +0200] "GET /axc.php HTTP/1.1" 404 89434 "-" "-"
20.215.218.234 - - [28/Jul/2026:18:24:27 +0200] "GET /podplbusewluoyehvnhCdefault.php HTTP/1.1" 404 89434 "-" "-"
20.215.218.234 - - [28/Jul/2026:18:24:29 +0200] "GET /qlex1.php HTTP/1.1" 404 89434 "-" "-"
20.215.218.234 - - [28/Jul/2026:18:24:32 +0200] "GET /dfre.php HTTP/1.1" 404 89434 "-" "-"
20.215.218.234 - - [28/Jul/2026:18:24:34 +0200] "GET /wp-der.php HTTP/1.1" 404 89434 "-" "-"
20.215.218.234 - - [28/Jul/2026:18:24:35 +0200] "GET /reop1.php HTTP/1.1" 404 89434 "-" "-"
20.215.218.234 - - [28/Jul/2026:18:24:37 +0200] "GET /solo1.php HTTP/1.1" 404 89434 "-" "-"
20.215.218.234 - - [28/Jul/2026:18:24:38 +0200] "GET /cu.php HTTP/1.1" 404 89434 "-" "-"
27.145.180.64 - - [28/Jul/2026:18:24:40 +0200] "GET / HTTP/1.1" 301 5569 "-" "understory/0.1 (CT research; https://github.com/0x4b) +contact-via-repo"
20.215.218.234 - - [28/Jul/2026:18:24:39 +0200] "GET /clasa99.php HTTP/1.1" 404 89434 "-" "-"
20.215.218.234 - - [28/Jul/2026:18:24:41 +0200] "GET /wp-pp.php HTTP/1.1" 404 89434 "-" "-"
27.145.180.64 - - [28/Jul/2026:18:24:42 +0200] "GET / HTTP/1.1" 200 100542 "-" "understory/0.1 (CT research; https://github.com/0x4b) +contact-via-repo"
20.215.218.234 - - [28/Jul/2026:18:24:43 +0200] "GET //wp-includes/l10n/themes.php HTTP/1.1" 301 5700 "-" "-"
20.215.218.234 - - [28/Jul/2026:18:24:44 +0200] "GET /wp-includes/l10n/themes.php HTTP/1.1" 404 89435 "-" "-"
20.215.218.234 - - [28/Jul/2026:18:24:46 +0200] "GET /yanz.php HTTP/1.1" 404 89434 "-" "-"
27.145.180.64 - - [28/Jul/2026:18:24:48 +0200] "GET /wp-includes/js/jquery/jquery.min.js?ver=3.7.1 HTTP/1.1" 200 5516 "-" "understory/0.1 (CT research; https://github.com/0x4b) +contact-via-repo"
20.215.218.234 - - [28/Jul/2026:18:24:47 +0200] "GET /dass.php HTTP/1.1" 404 89434 "-" "-"
27.145.180.64 - - [28/Jul/2026:18:24:49 +0200] "GET /wp-includes/js/jquery/jquery-migrate.min.js?ver=3.4.1 HTTP/1.1" 200 5524 "-" "understory/0.1 (CT research; https://github.com/0x4b) +contact-via-repo"
20.215.218.234 - - [28/Jul/2026:18:24:48 +0200] "GET /base.php HTTP/1.1" 404 89434 "-" "-"
27.145.180.64 - - [28/Jul/2026:18:24:49 +0200] "GET /wp-content/themes/hello-elementor/assets/js/hello-frontend.min.js?ver=3.3.0 HTTP/1.1" 200 5546 "-" "understory/0.1 (CT research; https://github.com/0x4b) +contact-via-repo"
27.145.180.64 - - [28/Jul/2026:18:24:50 +0200] "GET /wp-content/plugins/elementor-pro/assets/lib/smartmenus/jquery.smartmenus.min.js?ver=1.2.1 HTTP/1.1" 200 5560 "-" "understory/0.1 (CT research; https://github.com/0x4b) +contact-via-repo"
20.215.218.234 - - [28/Jul/2026:18:24:50 +0200] "GET /1xmomo.php HTTP/1.1" 404 89434 "-" "-"
20.215.218.234 - - [28/Jul/2026:18:24:52 +0200] "GET /wp-includes//class-snoopye_wso.php HTTP/1.1" 403 6292 "-" "-"
20.215.218.234 - - [28/Jul/2026:18:24:52 +0200] "GET /unity.php HTTP/1.1" 404 89434 "-" "-"
20.215.218.234 - - [28/Jul/2026:18:24:53 +0200] "GET /sitemap.php HTTP/1.1" 404 89434 "-" "-"
20.215.218.234 - - [28/Jul/2026:18:24:55 +0200] "GET /wp-conflg.php HTTP/1.1" 404 89419 "-" "-"
20.215.218.234 - - [28/Jul/2026:18:24:56 +0200] "GET /.well-known//checkbox.php HTTP/1.1" 301 5705 "-" "-"
20.215.218.234 - - [28/Jul/2026:18:24:56 +0200] "GET /.well-known/checkbox.php HTTP/1.1" 404 89434 "-" "-"
20.215.218.234 - - [28/Jul/2026:18:24:58 +0200] "GET /rvixt.php HTTP/1.1" 404 89434 "-" "-"
20.215.218.234 - - [28/Jul/2026:18:24:59 +0200] "GET /issst.php HTTP/1.1" 404 89434 "-" "-"
20.215.218.234 - - [28/Jul/2026:18:25:00 +0200] "GET //wp-includes/l10n/min.php HTTP/1.1" 301 5697 "-" "-"
20.215.218.234 - - [28/Jul/2026:18:25:01 +0200] "GET /wp-includes/l10n/min.php HTTP/1.1" 404 89435 "-" "-"
20.215.218.234 - - [28/Jul/2026:18:25:02 +0200] "GET /89wNbl.php HTTP/1.1" 404 89434 "-" "-"
20.215.218.234 - - [28/Jul/2026:18:25:04 +0200] "GET /0okj.php HTTP/1.1" 404 89434 "-" "-"
20.215.218.234 - - [28/Jul/2026:18:25:06 +0200] "GET /fffm.php?p= HTTP/1.1" 301 5681 "-" "-"
20.215.218.234 - - [28/Jul/2026:18:25:07 +0200] "GET /fffm.php HTTP/1.1" 404 89434 "-" "-"
84.246.212.44 - - [28/Jul/2026:18:25:11 +0200] "POST /wp-cron.php?doing_wp_cron=1785255911.9164569377899169921875 HTTP/1.1" 200 5527 "-" "WordPress/6.9; https://www.canterasdemuro.es"
20.215.218.234 - - [28/Jul/2026:18:25:10 +0200] "GET /ls.php HTTP/1.1" 404 89434 "-" "-"
20.215.218.234 - - [28/Jul/2026:18:25:12 +0200] "GET /q7lhrgzoo7ijhnkcedq2Cdefault.php HTTP/1.1" 404 89434 "-" "-"
84.246.212.44 - - [28/Jul/2026:18:25:15 +0200] "POST /wp-cron.php?doing_wp_cron=1785255915.9622540473937988281250 HTTP/1.1" 200 5527 "-" "WordPress/6.9; https://www.canterasdemuro.es"
20.215.218.234 - - [28/Jul/2026:18:25:14 +0200] "GET /wp-wlx.php HTTP/1.1" 404 89434 "-" "-"
20.215.218.234 - - [28/Jul/2026:18:25:16 +0200] "GET //Nx1.php HTTP/1.1" 301 5688 "-" "-"
84.246.212.44 - - [28/Jul/2026:18:25:16 +0200] "POST /wp-admin/admin-ajax.php?action=async_litespeed&nonce=Nc3e5GPOBkHQlODdVk5CrYSt6FoMPD2f&litespeed_type=imgoptm HTTP/1.1" 200 5782 "-" "WordPress/6.9; https://www.canterasdemuro.es"
20.215.218.234 - - [28/Jul/2026:18:25:16 +0200] "GET /Nx1.php HTTP/1.1" 404 89419 "-" "-"
84.246.212.44 - - [28/Jul/2026:18:25:18 +0200] "POST /wp-cron.php?doing_wp_cron=1785255918.7266891002655029296875 HTTP/1.1" 200 5527 "-" "WordPress/6.9; https://www.canterasdemuro.es"
20.215.218.234 - - [28/Jul/2026:18:25:17 +0200] "GET /blog/82.php HTTP/1.1" 404 89434 "-" "-"
20.215.218.234 - - [28/Jul/2026:18:25:18 +0200] "GET /wplogbak.php HTTP/1.1" 404 89434 "-" "-"
20.215.218.234 - - [28/Jul/2026:18:25:20 +0200] "GET /alr.php HTTP/1.1" 404 89434 "-" "-"
20.215.218.234 - - [28/Jul/2026:18:25:21 +0200] "GET /as.php HTTP/1.1" 404 89434 "-" "-"
20.215.218.234 - - [28/Jul/2026:18:25:24 +0200] "GET /wp-signup.php HTTP/1.1" 302 5689 "-" "-"
20.215.218.234 - - [28/Jul/2026:18:25:24 +0200] "GET /wp-login.php?action=register HTTP/1.1" 302 5892 "-" "-"
20.215.218.234 - - [28/Jul/2026:18:25:25 +0200] "GET /wp-login.php?registration=disabled HTTP/1.1" 200 15998 "-" "-"
20.215.218.234 - - [28/Jul/2026:18:25:26 +0200] "GET /wp-link-szoppm.php HTTP/1.1" 404 89434 "-" "-"
20.215.218.234 - - [28/Jul/2026:18:25:27 +0200] "GET /bd.php HTTP/1.1" 404 89434 "-" "-"
20.215.218.234 - - [28/Jul/2026:18:25:28 +0200] "GET /scxy.php HTTP/1.1" 404 89434 "-" "-"
20.215.218.234 - - [28/Jul/2026:18:25:30 +0200] "GET /xda.php HTTP/1.1" 404 89434 "-" "-"
20.215.218.234 - - [28/Jul/2026:18:25:31 +0200] "GET /000.php HTTP/1.1" 404 89434 "-" "-"
20.215.218.234 - - [28/Jul/2026:18:25:33 +0200] "GET /wp-ppoxua4.php HTTP/1.1" 404 89434 "-" "-"
20.215.218.234 - - [28/Jul/2026:18:25:35 +0200] "GET /green1.php HTTP/1.1" 404 89434 "-" "-"
20.215.218.234 - - [28/Jul/2026:18:25:36 +0200] "GET /petx.php HTTP/1.1" 404 89434 "-" "-"
20.215.218.234 - - [28/Jul/2026:18:25:38 +0200] "GET /Bean.php HTTP/1.1" 404 89434 "-" "-"
20.215.218.234 - - [28/Jul/2026:18:25:39 +0200] "GET //w1px.php HTTP/1.1" 301 5689 "-" "-"
20.215.218.234 - - [28/Jul/2026:18:25:40 +0200] "GET /w1px.php HTTP/1.1" 404 89419 "-" "-"
20.215.218.234 - - [28/Jul/2026:18:25:42 +0200] "GET /wp-includes/fonts/send.php HTTP/1.1" 404 89435 "-" "-"
20.215.218.234 - - [28/Jul/2026:18:25:43 +0200] "GET /wordpress/wp-admin/maint/ HTTP/1.1" 404 89435 "-" "-"
20.215.218.234 - - [28/Jul/2026:18:25:44 +0200] "GET /uploads/wpxadmin.php HTTP/1.1" 404 89434 "-" "-"
20.215.218.234 - - [28/Jul/2026:18:25:45 +0200] "GET /file6.php HTTP/1.1" 404 89434 "-" "-"
20.215.218.234 - - [28/Jul/2026:18:25:46 +0200] "GET /file1.php HTTP/1.1" 404 89434 "-" "-"
20.215.218.234 - - [28/Jul/2026:18:25:48 +0200] "GET /appt.php HTTP/1.1" 404 89434 "-" "-"
20.215.218.234 - - [28/Jul/2026:18:25:50 +0200] "GET /rithin.php HTTP/1.1" 404 89434 "-" "-"
20.215.218.234 - - [28/Jul/2026:18:25:51 +0200] "GET /fi22.php HTTP/1.1" 404 89434 "-" "-"
20.215.218.234 - - [28/Jul/2026:18:25:53 +0200] "GET /wp-xmlsia.php HTTP/1.1" 404 89434 "-" "-"
103.4.251.51 - - [28/Jul/2026:18:25:55 +0200] "GET / HTTP/1.1" 301 5569 "-" "Mozilla/5.0 (X11; Linux x86_64) AppleWebKit/537.36 (KHTML, like Gecko) Chrome/131.0.0.0 Safari/537.36"
20.215.218.234 - - [28/Jul/2026:18:25:54 +0200] "GET /trusj18.php HTTP/1.1" 404 89434 "-" "-"
103.4.251.235 - - [28/Jul/2026:18:25:55 +0200] "GET / HTTP/1.1" 301 5569 "-" "Mozilla/5.0 (X11; Linux x86_64) AppleWebKit/537.36 (KHTML, like Gecko) Chrome/130.0.0.0 Safari/537.36"
20.215.218.234 - - [28/Jul/2026:18:25:56 +0200] "GET /classwithtostring.php HTTP/1.1" 404 89434 "-" "-"
20.215.218.234 - - [28/Jul/2026:18:25:57 +0200] "GET /drykl.php HTTP/1.1" 404 89434 "-" "-"
20.215.218.234 - - [28/Jul/2026:18:25:58 +0200] "GET /fpr4.php HTTP/1.1" 404 89434 "-" "-"
20.215.218.234 - - [28/Jul/2026:18:26:00 +0200] "GET /orange3.php HTTP/1.1" 404 89434 "-" "-"
20.215.218.234 - - [28/Jul/2026:18:26:01 +0200] "GET /harvestry.php HTTP/1.1" 404 89419 "-" "-"
103.4.251.235 - - [28/Jul/2026:18:26:02 +0200] "GET / HTTP/1.1" 200 100542 "-" "Mozilla/5.0 (X11; Linux x86_64) AppleWebKit/537.36 (KHTML, like Gecko) Chrome/130.0.0.0 Safari/537.36"
103.4.251.51 - - [28/Jul/2026:18:26:02 +0200] "GET / HTTP/1.1" 200 100542 "-" "Mozilla/5.0 (X11; Linux x86_64) AppleWebKit/537.36 (KHTML, like Gecko) Chrome/131.0.0.0 Safari/537.36"
20.215.218.234 - - [28/Jul/2026:18:26:03 +0200] "GET /sump3.php HTTP/1.1" 404 89434 "-" "-"
20.215.218.234 - - [28/Jul/2026:18:26:05 +0200] "GET /pocenuldrvqm0cg5cna7iCdefault.php HTTP/1.1" 404 89434 "-" "-"
20.215.218.234 - - [28/Jul/2026:18:26:07 +0200] "GET /x123.php HTTP/1.1" 404 89434 "-" "-"
20.215.218.234 - - [28/Jul/2026:18:26:08 +0200] "GET /ssypu.php HTTP/1.1" 404 89434 "-" "-"
20.215.218.234 - - [28/Jul/2026:18:26:09 +0200] "GET /file3.php HTTP/1.1" 404 89419 "-" "-"
84.246.212.44 - - [28/Jul/2026:18:26:12 +0200] "POST /wp-cron.php?doing_wp_cron=1785255972.1520268917083740234375 HTTP/1.1" 200 5527 "-" "WordPress/6.9; https://www.canterasdemuro.es"
20.215.218.234 - - [28/Jul/2026:18:26:11 +0200] "GET /cok.php HTTP/1.1" 404 89434 "-" "-"
84.246.212.44 - - [28/Jul/2026:18:26:14 +0200] "POST /wp-cron.php?doing_wp_cron=1785255973.9817349910736083984375 HTTP/1.1" 200 5527 "-" "WordPress/6.9; https://www.canterasdemuro.es"
20.215.218.234 - - [28/Jul/2026:18:26:12 +0200] "GET /wp-at.php HTTP/1.1" 404 89434 "-" "-"
84.246.212.44 - - [28/Jul/2026:18:26:14 +0200] "POST /wp-admin/admin-ajax.php?action=async_litespeed&nonce=I9TL02uKWVuiftXzkeWvceQAD3fwqOyf&litespeed_type=imgoptm HTTP/1.1" 200 5782 "-" "WordPress/6.9; https://www.canterasdemuro.es"
103.4.251.51 - - [28/Jul/2026:18:26:15 +0200] "GET / HTTP/1.1" 301 5569 "-" "Mozilla/5.0 (X11; Linux x86_64) AppleWebKit/537.36 (KHTML, like Gecko) Chrome/130.0.0.0 Safari/537.36"
20.215.218.234 - - [28/Jul/2026:18:26:15 +0200] "GET /trusj15.php HTTP/1.1" 404 89434 "-" "-"
20.215.218.234 - - [28/Jul/2026:18:26:20 +0200] "GET /flox.php HTTP/1.1" 404 89434 "-" "-"
84.246.212.44 - - [28/Jul/2026:18:26:21 +0200] "POST /wp-cron.php?doing_wp_cron=1785255981.4445199966430664062500 HTTP/1.1" 200 5527 "-" "WordPress/6.9; https://www.canterasdemuro.es"
20.215.218.234 - - [28/Jul/2026:18:26:23 +0200] "GET /bcfhd.php HTTP/1.1" 404 89434 "-" "-"
103.4.251.51 - - [28/Jul/2026:18:26:22 +0200] "GET / HTTP/1.1" 200 100542 "-" "Mozilla/5.0 (X11; Linux x86_64) AppleWebKit/537.36 (KHTML, like Gecko) Chrome/130.0.0.0 Safari/537.36"
20.215.218.234 - - [28/Jul/2026:18:26:24 +0200] "GET /camara.php HTTP/1.1" 404 89419 "-" "-"
20.215.218.234 - - [28/Jul/2026:18:26:24 +0200] "GET /blog/4PJcpMFsD8B.php HTTP/1.1" 404 89434 "-" "-"
20.215.218.234 - - [28/Jul/2026:18:26:25 +0200] "GET /venom.php HTTP/1.1" 404 89434 "-" "-"
20.215.218.234 - - [28/Jul/2026:18:26:27 +0200] "GET /bless24.php HTTP/1.1" 404 89434 "-" "-"
20.215.218.234 - - [28/Jul/2026:18:26:28 +0200] "GET /wp-omao.php HTTP/1.1" 404 89434 "-" "-"
20.215.218.234 - - [28/Jul/2026:18:26:30 +0200] "GET /gptsh.php HTTP/1.1" 404 89434 "-" "-"
20.215.218.234 - - [28/Jul/2026:18:26:31 +0200] "GET /p-blog.php HTTP/1.1" 404 89434 "-" "-"
20.215.218.234 - - [28/Jul/2026:18:26:33 +0200] "GET /wp-curl-file.php HTTP/1.1" 404 89434 "-" "-"
20.215.218.234 - - [28/Jul/2026:18:26:34 +0200] "GET /assacc.php HTTP/1.1" 404 89434 "-" "-"
20.215.218.234 - - [28/Jul/2026:18:26:35 +0200] "GET //wp-cloak.php HTTP/1.1" 301 5693 "-" "-"
20.215.218.234 - - [28/Jul/2026:18:26:36 +0200] "GET /wp-cloak.php HTTP/1.1" 404 89434 "-" "-"
20.215.218.234 - - [28/Jul/2026:18:26:37 +0200] "GET //wander.php HTTP/1.1" 301 5691 "-" "-"
20.215.218.234 - - [28/Jul/2026:18:26:37 +0200] "GET /wander.php HTTP/1.1" 404 89434 "-" "-"
20.215.218.234 - - [28/Jul/2026:18:26:39 +0200] "GET //xozx.php HTTP/1.1" 301 5689 "-" "-"
20.215.218.234 - - [28/Jul/2026:18:26:39 +0200] "GET /xozx.php HTTP/1.1" 404 89434 "-" "-"
20.215.218.234 - - [28/Jul/2026:18:26:41 +0200] "GET /w3llscc.php HTTP/1.1" 404 89434 "-" "-"
20.215.218.234 - - [28/Jul/2026:18:26:44 +0200] "GET /ctex1.php HTTP/1.1" 404 89434 "-" "-"
20.215.218.234 - - [28/Jul/2026:18:26:45 +0200] "GET /wp-su.php HTTP/1.1" 404 89434 "-" "-"
20.215.218.234 - - [28/Jul/2026:18:26:47 +0200] "GET /blog/xyn.php HTTP/1.1" 404 89434 "-" "-"
20.215.218.234 - - [28/Jul/2026:18:26:48 +0200] "GET /wp-wz.php HTTP/1.1" 404 89434 "-" "-"
20.215.218.234 - - [28/Jul/2026:18:26:49 +0200] "GET /wp-happy.php HTTP/1.1" 404 89434 "-" "-"
20.215.218.234 - - [28/Jul/2026:18:26:51 +0200] "GET /wp-admin/wpyfiavs.php HTTP/1.1" 404 89434 "-" "-"
20.215.218.234 - - [28/Jul/2026:18:26:53 +0200] "GET /wp-ver.php HTTP/1.1" 404 89434 "-" "-"
20.215.218.234 - - [28/Jul/2026:18:26:54 +0200] "GET /rum.php HTTP/1.1" 404 89434 "-" "-"
20.215.218.234 - - [28/Jul/2026:18:26:57 +0200] "GET /file88.php HTTP/1.1" 404 89434 "-" "-"
20.215.218.234 - - [28/Jul/2026:18:26:58 +0200] "GET //ss.php HTTP/1.1" 301 5687 "-" "-"
20.215.218.234 - - [28/Jul/2026:18:26:59 +0200] "GET /ss.php HTTP/1.1" 404 89434 "-" "-"
20.215.218.234 - - [28/Jul/2026:18:27:01 +0200] "GET /rft8.php HTTP/1.1" 404 89434 "-" "-"
20.215.218.234 - - [28/Jul/2026:18:27:02 +0200] "GET /sg.php HTTP/1.1" 404 89434 "-" "-"
20.215.218.234 - - [28/Jul/2026:18:27:04 +0200] "GET /bajah.php HTTP/1.1" 404 89434 "-" "-"
20.215.218.234 - - [28/Jul/2026:18:27:05 +0200] "GET /cc13.php HTTP/1.1" 404 89434 "-" "-"
20.215.218.234 - - [28/Jul/2026:18:27:08 +0200] "GET /son.php HTTP/1.1" 404 89434 "-" "-"
20.215.218.234 - - [28/Jul/2026:18:27:10 +0200] "GET //wpurl.php HTTP/1.1" 301 5690 "-" "-"
84.246.212.44 - - [28/Jul/2026:18:27:11 +0200] "POST /wp-cron.php?doing_wp_cron=1785256031.7846779823303222656250 HTTP/1.1" 200 5527 "-" "WordPress/6.9; https://www.canterasdemuro.es"
20.215.218.234 - - [28/Jul/2026:18:27:10 +0200] "GET /wpurl.php HTTP/1.1" 404 89434 "-" "-"
20.215.218.234 - - [28/Jul/2026:18:27:12 +0200] "GET //zi-936.php?p= HTTP/1.1" 301 5683 "-" "-"
84.246.212.44 - - [28/Jul/2026:18:27:13 +0200] "POST /wp-cron.php?doing_wp_cron=1785256033.9451649188995361328125 HTTP/1.1" 200 5527 "-" "WordPress/6.9; https://www.canterasdemuro.es"
20.215.218.234 - - [28/Jul/2026:18:27:12 +0200] "GET /zi-936.php HTTP/1.1" 404 89434 "-" "-"
84.246.212.44 - - [28/Jul/2026:18:27:14 +0200] "POST /wp-admin/admin-ajax.php?action=async_litespeed&nonce=ypuqaByEBPPpi1KkjZcLG2mbfmLlP94B&litespeed_type=imgoptm HTTP/1.1" 200 5782 "-" "WordPress/6.9; https://www.canterasdemuro.es"
20.215.218.234 - - [28/Jul/2026:18:27:15 +0200] "GET /ortasekerli1.php HTTP/1.1" 404 89434 "-" "-"
84.246.212.44 - - [28/Jul/2026:18:27:18 +0200] "POST /wp-cron.php?doing_wp_cron=1785256038.0408439636230468750000 HTTP/1.1" 200 5527 "-" "WordPress/6.9; https://www.canterasdemuro.es"
20.215.218.234 - - [28/Jul/2026:18:27:16 +0200] "GET /tx58.php HTTP/1.1" 404 89434 "-" "-"
20.215.218.234 - - [28/Jul/2026:18:27:18 +0200] "GET /wp5.php HTTP/1.1" 404 89434 "-" "-"
20.215.218.234 - - [28/Jul/2026:18:27:19 +0200] "GET /xper1.php HTTP/1.1" 404 89434 "-" "-"
20.215.218.234 - - [28/Jul/2026:18:27:21 +0200] "GET //for.php HTTP/1.1" 301 5688 "-" "-"
20.215.218.234 - - [28/Jul/2026:18:27:22 +0200] "GET /for.php HTTP/1.1" 404 89434 "-" "-"
20.215.218.234 - - [28/Jul/2026:18:27:23 +0200] "GET /wp-vu6yj0b7.php HTTP/1.1" 404 89434 "-" "-"
20.215.218.234 - - [28/Jul/2026:18:27:24 +0200] "GET /bless18.php HTTP/1.1" 404 89434 "-" "-"
20.215.218.234 - - [28/Jul/2026:18:27:26 +0200] "GET /jj.php HTTP/1.1" 404 89434 "-" "-"
20.215.218.234 - - [28/Jul/2026:18:27:28 +0200] "GET /diidi.php HTTP/1.1" 404 89434 "-" "-"
20.215.218.234 - - [28/Jul/2026:18:27:29 +0200] "GET /777.php HTTP/1.1" 404 89434 "-" "-"
20.215.218.234 - - [28/Jul/2026:18:27:30 +0200] "GET //wp-content/media.php HTTP/1.1" 301 5693 "-" "-"
20.215.218.234 - - [28/Jul/2026:18:27:30 +0200] "GET /wp-content/media.php HTTP/1.1" 404 89434 "-" "-"
20.215.218.234 - - [28/Jul/2026:18:27:32 +0200] "GET /wp-includes//css.php HTTP/1.1" 403 6292 "-" "-"
20.215.218.234 - - [28/Jul/2026:18:27:32 +0200] "GET /sql.php HTTP/1.1" 404 89434 "-" "-"
20.215.218.234 - - [28/Jul/2026:18:27:33 +0200] "GET /jjost.php HTTP/1.1" 404 89434 "-" "-"
20.215.218.234 - - [28/Jul/2026:18:27:34 +0200] "GET /albin.php HTTP/1.1" 404 89434 "-" "-"
20.215.218.234 - - [28/Jul/2026:18:27:36 +0200] "GET /gk.php HTTP/1.1" 404 89434 "-" "-"
20.215.218.234 - - [28/Jul/2026:18:27:38 +0200] "GET /reop3.php HTTP/1.1" 404 89434 "-" "-"
20.215.218.234 - - [28/Jul/2026:18:27:40 +0200] "GET /wp-includes//wp-type.php HTTP/1.1" 403 6292 "-" "-"
20.215.218.234 - - [28/Jul/2026:18:27:40 +0200] "GET /cilus.php HTTP/1.1" 404 89434 "-" "-"
20.215.218.234 - - [28/Jul/2026:18:27:42 +0200] "GET /cream3.php HTTP/1.1" 404 89434 "-" "-"
20.215.218.234 - - [28/Jul/2026:18:27:43 +0200] "GET /wp-block.php HTTP/1.1" 404 89434 "-" "-"
20.215.218.234 - - [28/Jul/2026:18:27:46 +0200] "GET /ccc.php HTTP/1.1" 404 89434 "-" "-"
20.215.218.234 - - [28/Jul/2026:18:27:47 +0200] "GET /file11.php HTTP/1.1" 404 89434 "-" "-"
20.215.218.234 - - [28/Jul/2026:18:27:49 +0200] "GET /miru3.php HTTP/1.1" 404 89434 "-" "-"
20.215.218.234 - - [28/Jul/2026:18:27:50 +0200] "GET /wp-u3nxbvx.php HTTP/1.1" 404 89434 "-" "-"
20.215.218.234 - - [28/Jul/2026:18:27:52 +0200] "GET //wp-x7.php HTTP/1.1" 301 5690 "-" "-"
20.215.218.234 - - [28/Jul/2026:18:27:52 +0200] "GET /wp-x7.php HTTP/1.1" 404 89434 "-" "-"
20.215.218.234 - - [28/Jul/2026:18:27:54 +0200] "GET //file6.php HTTP/1.1" 301 5690 "-" "-"
20.215.218.234 - - [28/Jul/2026:18:27:55 +0200] "GET /file6.php HTTP/1.1" 404 89434 "-" "-"
20.215.218.234 - - [28/Jul/2026:18:27:56 +0200] "GET /blog/3PJcpMFsD8B.php HTTP/1.1" 404 89434 "-" "-"
20.215.218.234 - - [28/Jul/2026:18:27:57 +0200] "GET /wp-l3u4lha.php HTTP/1.1" 404 89434 "-" "-"
20.215.218.234 - - [28/Jul/2026:18:27:59 +0200] "GET /fx.php HTTP/1.1" 404 89434 "-" "-"
20.215.218.234 - - [28/Jul/2026:18:28:01 +0200] "GET //insta.php HTTP/1.1" 301 5690 "-" "-"
20.215.218.234 - - [28/Jul/2026:18:28:02 +0200] "GET /insta.php HTTP/1.1" 404 89434 "-" "-"
20.215.218.234 - - [28/Jul/2026:18:28:03 +0200] "GET /wp-thi.php HTTP/1.1" 404 89434 "-" "-"
20.215.218.234 - - [28/Jul/2026:18:28:04 +0200] "GET /uploads/hega.php HTTP/1.1" 404 89434 "-" "-"
20.215.218.234 - - [28/Jul/2026:18:28:06 +0200] "GET /ssla.php HTTP/1.1" 404 89434 "-" "-"
20.215.218.234 - - [28/Jul/2026:18:28:07 +0200] "GET //btx25.php HTTP/1.1" 301 5690 "-" "-"
20.215.218.234 - - [28/Jul/2026:18:28:08 +0200] "GET /btx25.php HTTP/1.1" 404 89434 "-" "-"
20.215.218.234 - - [28/Jul/2026:18:28:09 +0200] "GET /wp-includes//BVeA9.php HTTP/1.1" 403 6292 "-" "-"
20.215.218.234 - - [28/Jul/2026:18:28:09 +0200] "GET /s_8.php HTTP/1.1" 404 89434 "-" "-"
84.246.212.44 - - [28/Jul/2026:18:28:12 +0200] "POST /wp-cron.php?doing_wp_cron=1785256092.4140479564666748046875 HTTP/1.1" 200 5527 "-" "WordPress/6.9; https://www.canterasdemuro.es"
20.215.218.234 - - [28/Jul/2026:18:28:11 +0200] "GET /wp-inic3.php HTTP/1.1" 404 89434 "-" "-"
84.246.212.44 - - [28/Jul/2026:18:28:15 +0200] "POST /wp-cron.php?doing_wp_cron=1785256095.4118309020996093750000 HTTP/1.1" 200 5527 "-" "WordPress/6.9; https://www.canterasdemuro.es"
20.215.218.234 - - [28/Jul/2026:18:28:14 +0200] "GET /wp-link-zorm.php HTTP/1.1" 404 89434 "-" "-"
84.246.212.44 - - [28/Jul/2026:18:28:15 +0200] "POST /wp-admin/admin-ajax.php?action=async_litespeed&nonce=vqWw1mYzipQdvrVa2TamTPYck0IHkxLB&litespeed_type=imgoptm HTTP/1.1" 200 5782 "-" "WordPress/6.9; https://www.canterasdemuro.es"
84.246.212.44 - - [28/Jul/2026:18:28:17 +0200] "POST /wp-cron.php?doing_wp_cron=1785256097.2944090366363525390625 HTTP/1.1" 200 5527 "-" "WordPress/6.9; https://www.canterasdemuro.es"
20.215.218.234 - - [28/Jul/2026:18:28:16 +0200] "GET /cdjyf.php HTTP/1.1" 404 89419 "-" "-"
20.215.218.234 - - [28/Jul/2026:18:28:17 +0200] "GET /crgio.php HTTP/1.1" 404 89434 "-" "-"
20.215.218.234 - - [28/Jul/2026:18:28:18 +0200] "GET /buds1.php HTTP/1.1" 404 89434 "-" "-"
20.215.218.234 - - [28/Jul/2026:18:28:20 +0200] "GET /wp-aothait.php HTTP/1.1" 404 89434 "-" "-"
20.215.218.234 - - [28/Jul/2026:18:28:21 +0200] "GET /wp-includes/pomo/css_.php HTTP/1.1" 404 89435 "-" "-"
20.215.218.234 - - [28/Jul/2026:18:28:23 +0200] "GET /bk.php HTTP/1.1" 404 89434 "-" "-"
20.215.218.234 - - [28/Jul/2026:18:28:24 +0200] "GET /cx.php HTTP/1.1" 404 89434 "-" "-"
20.215.218.234 - - [28/Jul/2026:18:28:27 +0200] "GET /webx.php HTTP/1.1" 404 89434 "-" "-"
20.215.218.234 - - [28/Jul/2026:18:28:28 +0200] "GET /satan.php HTTP/1.1" 404 89434 "-" "-"
20.215.218.234 - - [28/Jul/2026:18:28:30 +0200] "GET /chomu.php HTTP/1.1" 404 89434 "-" "-"
20.215.218.234 - - [28/Jul/2026:18:28:32 +0200] "GET /wp-good.php HTTP/1.1" 404 89434 "-" "-"
20.215.218.234 - - [28/Jul/2026:18:28:34 +0200] "GET /wp-includes//jvc.php HTTP/1.1" 403 6292 "-" "-"
84.246.212.44 - - [28/Jul/2026:18:34:20 +0200] "POST /wp-cron.php?doing_wp_cron=1785256460.0184810161590576171875 HTTP/1.1" 200 5527 "-" "WordPress/6.9; https://www.canterasdemuro.es"
198.244.242.126 - - [28/Jul/2026:18:34:18 +0200] "GET /nuestra-empresa/ HTTP/1.1" 200 96807 "-" "Mozilla/5.0 (compatible; AhrefsBot/7.0; +http://ahrefs.com/robot/)"
84.246.212.44 - - [28/Jul/2026:18:34:20 +0200] "POST /wp-admin/admin-ajax.php?action=async_litespeed&nonce=YrYkXiO7IPZi4luHRcQSdqNSJqVejhVU&litespeed_type=imgoptm HTTP/1.1" 200 5782 "-" "WordPress/6.9; https://www.canterasdemuro.es"
198.244.183.23 - - [28/Jul/2026:18:34:51 +0200] "GET /wp-content/uploads/elementor/css/post-35.css?ver=1733215777 HTTP/1.1" 200 5511 "-" "Mozilla/5.0 (compatible; AhrefsBot/7.0; +http://ahrefs.com/robot/)"
84.246.212.44 - - [28/Jul/2026:18:36:22 +0200] "POST /wp-cron.php?doing_wp_cron=1785256581.9576499462127685546875 HTTP/1.1" 200 5527 "-" "WordPress/6.9; https://www.canterasdemuro.es"
147.93.155.10 - - [28/Jul/2026:18:36:21 +0200] "GET / HTTP/1.1" 301 5569 "-" "Mozilla/5.0 (iPhone; CPU iPhone OS 18_6 like Mac OS X) AppleWebKit/605.1.15 (KHTML, like Gecko) Version/26.0 Mobile/15E148 Safari/604.1"
84.246.212.44 - - [28/Jul/2026:18:36:22 +0200] "POST /wp-admin/admin-ajax.php?action=async_litespeed&nonce=srWebFqmaClyE6HLpsgumug7EUxetmDi&litespeed_type=imgoptm HTTP/1.1" 200 5782 "-" "WordPress/6.9; https://www.canterasdemuro.es"
147.93.155.10 - - [28/Jul/2026:18:36:22 +0200] "GET / HTTP/1.1" 200 100542 "https://canterasdemuro.es" "Mozilla/5.0 (iPhone; CPU iPhone OS 18_6 like Mac OS X) AppleWebKit/605.1.15 (KHTML, like Gecko) Version/26.0 Mobile/15E148 Safari/604.1"
84.246.212.44 - - [28/Jul/2026:18:36:26 +0200] "GET /?wp_scrape_key=107265a09e2a2bc043a1d800c398a2bd&wp_scrape_nonce=1785256584 HTTP/1.1" 200 100654 "-" "WordPress/6.9; https://www.canterasdemuro.es"
84.246.212.44 - - [28/Jul/2026:18:36:31 +0200] "GET /?wp_scrape_key=a42221c7dac9eb103fc9b23c42a691b5&wp_scrape_nonce=1785256588 HTTP/1.1" 200 100654 "-" "WordPress/6.9; https://www.canterasdemuro.es"
84.246.212.44 - - [28/Jul/2026:18:36:35 +0200] "GET /?wp_scrape_key=3d905f4b4d8146104100296ee23fa721&wp_scrape_nonce=1785256593 HTTP/1.1" 200 100654 "-" "WordPress/6.9; https://www.canterasdemuro.es"
84.246.212.44 - - [28/Jul/2026:18:36:40 +0200] "GET /?wp_scrape_key=8a7960ae2f7c082f06cb8a6ac3b13cf7&wp_scrape_nonce=1785256597 HTTP/1.1" 200 100654 "-" "WordPress/6.9; https://www.canterasdemuro.es"
84.246.212.44 - - [28/Jul/2026:18:36:44 +0200] "GET /?wp_scrape_key=6bd5e4caee9fbcaa709d8deee09f196b&wp_scrape_nonce=1785256602 HTTP/1.1" 200 100654 "-" "WordPress/6.9; https://www.canterasdemuro.es"
84.246.212.44 - - [28/Jul/2026:18:36:48 +0200] "GET /?wp_scrape_key=fc8258939b5f72c87e165d4be7a3c1bd&wp_scrape_nonce=1785256606 HTTP/1.1" 200 100654 "-" "WordPress/6.9; https://www.canterasdemuro.es"
84.246.212.44 - - [28/Jul/2026:18:36:53 +0200] "GET /?wp_scrape_key=aafe792e384d2768b47e56592460c1f5&wp_scrape_nonce=1785256611 HTTP/1.1" 200 100654 "-" "WordPress/6.9; https://www.canterasdemuro.es"
84.246.212.44 - - [28/Jul/2026:18:36:57 +0200] "GET /?wp_scrape_key=0fef5a039b8a667815d63b88b2465b80&wp_scrape_nonce=1785256615 HTTP/1.1" 200 100654 "-" "WordPress/6.9; https://www.canterasdemuro.es"
84.246.212.44 - - [28/Jul/2026:18:37:02 +0200] "GET /?wp_scrape_key=50bf6161a1962b28c34e67b706ce9dab&wp_scrape_nonce=1785256620 HTTP/1.1" 200 100654 "-" "WordPress/6.9; https://www.canterasdemuro.es"
84.246.212.44 - - [28/Jul/2026:18:49:28 +0200] "POST /wp-cron.php?doing_wp_cron=1785257368.9127318859100341796875 HTTP/1.1" 200 5527 "-" "WordPress/6.9; https://www.canterasdemuro.es"
40.77.167.219 - - [28/Jul/2026:18:49:28 +0200] "GET /robots.txt HTTP/1.1" 301 5579 "-" "Mozilla/5.0 AppleWebKit/537.36 (KHTML, like Gecko; compatible; bingbot/2.0; +http://www.bing.com/bingbot.htm) Chrome/116.0.1938.76 Safari/537.36"
40.77.167.219 - - [28/Jul/2026:18:49:29 +0200] "GET /robots.txt HTTP/1.1" 200 5682 "-" "Mozilla/5.0 AppleWebKit/537.36 (KHTML, like Gecko; compatible; bingbot/2.0; +http://www.bing.com/bingbot.htm) Chrome/116.0.1938.76 Safari/537.36"
84.246.212.44 - - [28/Jul/2026:18:49:29 +0200] "POST /wp-admin/admin-ajax.php?action=async_litespeed&nonce=gDCwDBEnI7RQnP8cl4mBabQ815vPTobI&litespeed_type=imgoptm HTTP/1.1" 200 5782 "-" "WordPress/6.9; https://www.canterasdemuro.es"
40.77.167.55 - - [28/Jul/2026:18:49:38 +0200] "GET /productos HTTP/1.1" 301 5579 "-" "Mozilla/5.0 AppleWebKit/537.36 (KHTML, like Gecko; compatible; bingbot/2.0; +http://www.bing.com/bingbot.htm) Chrome/116.0.1938.76 Safari/537.36"
52.167.144.181 - - [28/Jul/2026:18:49:47 +0200] "GET /productos/ HTTP/1.1" 200 142236 "-" "Mozilla/5.0 AppleWebKit/537.36 (KHTML, like Gecko; compatible; bingbot/2.0; +http://www.bing.com/bingbot.htm) Chrome/116.0.1938.76 Safari/537.36"
84.246.212.44 - - [28/Jul/2026:19:05:04 +0200] "POST /wp-cron.php?doing_wp_cron=1785258304.1349239349365234375000 HTTP/1.1" 200 5527 "-" "WordPress/6.9; https://www.canterasdemuro.es"
172.202.44.182 - - [28/Jul/2026:19:05:03 +0200] "GET /wk/index.php HTTP/1.1" 301 5693 "-" "Mozilla/5.0 (Windows NT 10.0; Win64; x64) AppleWebKit/537.36 (KHTML, like Gecko) Chrome/120.0.0.0 Safari/537.36"
172.202.44.182 - - [28/Jul/2026:19:05:04 +0200] "GET /av.php HTTP/1.1" 301 5687 "-" "Mozilla/5.0 (Windows NT 10.0; Win64; x64) AppleWebKit/537.36 (KHTML, like Gecko) Chrome/120.0.0.0 Safari/537.36"
84.246.212.44 - - [28/Jul/2026:19:05:04 +0200] "POST /wp-admin/admin-ajax.php?action=async_litespeed&nonce=6UxmfPFG5lRLtzZmlwPzxLaqDcLLDBZh&litespeed_type=imgoptm HTTP/1.1" 200 5782 "-" "WordPress/6.9; https://www.canterasdemuro.es"
172.202.44.182 - - [28/Jul/2026:19:05:04 +0200] "GET /mini.php HTTP/1.1" 301 5689 "-" "Mozilla/5.0 (Windows NT 10.0; Win64; x64) AppleWebKit/537.36 (KHTML, like Gecko) Chrome/120.0.0.0 Safari/537.36"
172.202.44.182 - - [28/Jul/2026:19:05:05 +0200] "GET /aa.php HTTP/1.1" 301 5687 "-" "Mozilla/5.0 (Windows NT 10.0; Win64; x64) AppleWebKit/537.36 (KHTML, like Gecko) Chrome/120.0.0.0 Safari/537.36"
172.202.44.182 - - [28/Jul/2026:19:05:06 +0200] "GET /w.php HTTP/1.1" 301 5686 "-" "Mozilla/5.0 (Windows NT 10.0; Win64; x64) AppleWebKit/537.36 (KHTML, like Gecko) Chrome/120.0.0.0 Safari/537.36"
172.202.44.182 - - [28/Jul/2026:19:05:06 +0200] "GET /admin.php HTTP/1.1" 301 5690 "-" "Mozilla/5.0 (Windows NT 10.0; Win64; x64) AppleWebKit/537.36 (KHTML, like Gecko) Chrome/120.0.0.0 Safari/537.36"
172.202.44.182 - - [28/Jul/2026:19:05:07 +0200] "GET /wp-content/themes/admin.php HTTP/1.1" 301 5700 "-" "Mozilla/5.0 (Windows NT 10.0; Win64; x64) AppleWebKit/537.36 (KHTML, like Gecko) Chrome/120.0.0.0 Safari/537.36"
172.202.44.182 - - [28/Jul/2026:19:05:08 +0200] "GET /m.php HTTP/1.1" 301 5686 "-" "Mozilla/5.0 (Windows NT 10.0; Win64; x64) AppleWebKit/537.36 (KHTML, like Gecko) Chrome/120.0.0.0 Safari/537.36"
172.202.44.182 - - [28/Jul/2026:19:05:08 +0200] "GET /wp-admin/css/wp-login.php HTTP/1.1" 301 5706 "-" "Mozilla/5.0 (Windows NT 10.0; Win64; x64) AppleWebKit/537.36 (KHTML, like Gecko) Chrome/120.0.0.0 Safari/537.36"
172.202.44.182 - - [28/Jul/2026:19:05:09 +0200] "GET /wp-includes/pomo/ HTTP/1.1" 403 6292 "-" "Mozilla/5.0 (Windows NT 10.0; Win64; x64) AppleWebKit/537.36 (KHTML, like Gecko) Chrome/120.0.0.0 Safari/537.36"
172.202.44.182 - - [28/Jul/2026:19:05:09 +0200] "GET /classwithtostring.php HTTP/1.1" 301 5702 "-" "Mozilla/5.0 (Windows NT 10.0; Win64; x64) AppleWebKit/537.36 (KHTML, like Gecko) Chrome/120.0.0.0 Safari/537.36"
172.202.44.182 - - [28/Jul/2026:19:05:10 +0200] "GET /gmo.php HTTP/1.1" 301 5688 "-" "Mozilla/5.0 (Windows NT 10.0; Win64; x64) AppleWebKit/537.36 (KHTML, like Gecko) Chrome/120.0.0.0 Safari/537.36"
84.246.212.44 - - [28/Jul/2026:19:05:11 +0200] "POST /wp-cron.php?doing_wp_cron=1785258311.1073160171508789062500 HTTP/1.1" 200 5527 "-" "WordPress/6.9; https://www.canterasdemuro.es"
172.202.44.182 - - [28/Jul/2026:19:05:10 +0200] "GET /wp-content/languages/index.php HTTP/1.1" 301 5694 "-" "Mozilla/5.0 (Windows NT 10.0; Win64; x64) AppleWebKit/537.36 (KHTML, like Gecko) Chrome/120.0.0.0 Safari/537.36"
172.202.44.182 - - [28/Jul/2026:19:05:11 +0200] "GET /wp-the.php HTTP/1.1" 301 5691 "-" "Mozilla/5.0 (Windows NT 10.0; Win64; x64) AppleWebKit/537.36 (KHTML, like Gecko) Chrome/120.0.0.0 Safari/537.36"
172.202.44.182 - - [28/Jul/2026:19:05:11 +0200] "GET /404.php HTTP/1.1" 301 5688 "-" "Mozilla/5.0 (Windows NT 10.0; Win64; x64) AppleWebKit/537.36 (KHTML, like Gecko) Chrome/120.0.0.0 Safari/537.36"
84.246.212.44 - - [28/Jul/2026:19:05:13 +0200] "POST /wp-cron.php?doing_wp_cron=1785258313.1289749145507812500000 HTTP/1.1" 200 5527 "-" "WordPress/6.9; https://www.canterasdemuro.es"
172.202.44.182 - - [28/Jul/2026:19:05:12 +0200] "GET /init.php HTTP/1.1" 301 5689 "-" "Mozilla/5.0 (Windows NT 10.0; Win64; x64) AppleWebKit/537.36 (KHTML, like Gecko) Chrome/120.0.0.0 Safari/537.36"
172.202.44.182 - - [28/Jul/2026:19:05:13 +0200] "GET /file5.php HTTP/1.1" 301 5690 "-" "Mozilla/5.0 (Windows NT 10.0; Win64; x64) AppleWebKit/537.36 (KHTML, like Gecko) Chrome/120.0.0.0 Safari/537.36"
84.246.212.44 - - [28/Jul/2026:19:05:13 +0200] "POST /wp-admin/admin-ajax.php?action=async_litespeed&nonce=z2Pu3uBGHKqt7Ilucq1rcHrm5x7pMIvN&litespeed_type=imgoptm HTTP/1.1" 200 5782 "-" "WordPress/6.9; https://www.canterasdemuro.es"
172.202.44.182 - - [28/Jul/2026:19:05:14 +0200] "GET /wp-admin/maint/index.php HTTP/1.1" 301 5705 "-" "Mozilla/5.0 (Windows NT 10.0; Win64; x64) AppleWebKit/537.36 (KHTML, like Gecko) Chrome/120.0.0.0 Safari/537.36"
172.202.44.182 - - [28/Jul/2026:19:05:14 +0200] "GET /shell.php HTTP/1.1" 301 5690 "-" "Mozilla/5.0 (Windows NT 10.0; Win64; x64) AppleWebKit/537.36 (KHTML, like Gecko) Chrome/120.0.0.0 Safari/537.36"
172.202.44.182 - - [28/Jul/2026:19:05:15 +0200] "GET /f35.php HTTP/1.1" 301 5688 "-" "Mozilla/5.0 (Windows NT 10.0; Win64; x64) AppleWebKit/537.36 (KHTML, like Gecko) Chrome/120.0.0.0 Safari/537.36"
172.202.44.182 - - [28/Jul/2026:19:05:15 +0200] "GET /new.php HTTP/1.1" 301 5688 "-" "Mozilla/5.0 (Windows NT 10.0; Win64; x64) AppleWebKit/537.36 (KHTML, like Gecko) Chrome/120.0.0.0 Safari/537.36"
172.202.44.182 - - [28/Jul/2026:19:05:16 +0200] "GET /adminfuns.php HTTP/1.1" 301 5694 "-" "Mozilla/5.0 (Windows NT 10.0; Win64; x64) AppleWebKit/537.36 (KHTML, like Gecko) Chrome/120.0.0.0 Safari/537.36"
84.246.212.44 - - [28/Jul/2026:19:05:17 +0200] "POST /wp-cron.php?doing_wp_cron=1785258317.5231800079345703125000 HTTP/1.1" 200 5527 "-" "WordPress/6.9; https://www.canterasdemuro.es"
172.202.44.182 - - [28/Jul/2026:19:05:17 +0200] "GET /wp-admin/ HTTP/1.1" 302 5727 "-" "Mozilla/5.0 (Windows NT 10.0; Win64; x64) AppleWebKit/537.36 (KHTML, like Gecko) Chrome/120.0.0.0 Safari/537.36"
172.202.44.182 - - [28/Jul/2026:19:05:17 +0200] "GET /wp-includes/IXR/ HTTP/1.1" 403 6292 "-" "Mozilla/5.0 (Windows NT 10.0; Win64; x64) AppleWebKit/537.36 (KHTML, like Gecko) Chrome/120.0.0.0 Safari/537.36"
172.202.44.182 - - [28/Jul/2026:19:05:18 +0200] "GET /fm.php HTTP/1.1" 301 5687 "-" "Mozilla/5.0 (Windows NT 10.0; Win64; x64) AppleWebKit/537.36 (KHTML, like Gecko) Chrome/120.0.0.0 Safari/537.36"
172.202.44.182 - - [28/Jul/2026:19:05:18 +0200] "GET /admin/controller/extension/ HTTP/1.1" 301 5708 "-" "Mozilla/5.0 (Windows NT 10.0; Win64; x64) AppleWebKit/537.36 (KHTML, like Gecko) Chrome/120.0.0.0 Safari/537.36"
51.195.244.0 - - [28/Jul/2026:19:05:18 +0200] "GET /contacto/ HTTP/1.1" 200 104500 "-" "Mozilla/5.0 (compatible; AhrefsBot/7.0; +http://ahrefs.com/robot/)"
172.202.44.182 - - [28/Jul/2026:19:05:19 +0200] "GET /file.php HTTP/1.1" 301 5689 "-" "Mozilla/5.0 (Windows NT 10.0; Win64; x64) AppleWebKit/537.36 (KHTML, like Gecko) Chrome/120.0.0.0 Safari/537.36"
172.202.44.182 - - [28/Jul/2026:19:05:20 +0200] "GET /wp-admin/css/colors/blue/ HTTP/1.1" 403 6292 "-" "Mozilla/5.0 (Windows NT 10.0; Win64; x64) AppleWebKit/537.36 (KHTML, like Gecko) Chrome/120.0.0.0 Safari/537.36"
172.202.44.182 - - [28/Jul/2026:19:05:20 +0200] "GET /bolt.php HTTP/1.1" 301 5689 "-" "Mozilla/5.0 (Windows NT 10.0; Win64; x64) AppleWebKit/537.36 (KHTML, like Gecko) Chrome/120.0.0.0 Safari/537.36"
172.202.44.182 - - [28/Jul/2026:19:05:20 +0200] "GET /3.php HTTP/1.1" 301 5686 "-" "Mozilla/5.0 (Windows NT 10.0; Win64; x64) AppleWebKit/537.36 (KHTML, like Gecko) Chrome/120.0.0.0 Safari/537.36"
172.202.44.182 - - [28/Jul/2026:19:05:21 +0200] "GET /222.php HTTP/1.1" 301 5688 "-" "Mozilla/5.0 (Windows NT 10.0; Win64; x64) AppleWebKit/537.36 (KHTML, like Gecko) Chrome/120.0.0.0 Safari/537.36"
172.202.44.182 - - [28/Jul/2026:19:05:21 +0200] "GET /wp-admin/images/admin.php HTTP/1.1" 301 5706 "-" "Mozilla/5.0 (Windows NT 10.0; Win64; x64) AppleWebKit/537.36 (KHTML, like Gecko) Chrome/120.0.0.0 Safari/537.36"
172.202.44.182 - - [28/Jul/2026:19:05:22 +0200] "GET /wp-includes/js/codemirror/about.php HTTP/1.1" 301 5716 "-" "Mozilla/5.0 (Windows NT 10.0; Win64; x64) AppleWebKit/537.36 (KHTML, like Gecko) Chrome/120.0.0.0 Safari/537.36"
172.202.44.182 - - [28/Jul/2026:19:05:22 +0200] "GET /wp-includes/Requests/library/ HTTP/1.1" 403 6292 "-" "Mozilla/5.0 (Windows NT 10.0; Win64; x64) AppleWebKit/537.36 (KHTML, like Gecko) Chrome/120.0.0.0 Safari/537.36"
172.202.44.182 - - [28/Jul/2026:19:05:23 +0200] "GET /wp-content/admin.php HTTP/1.1" 301 5693 "-" "Mozilla/5.0 (Windows NT 10.0; Win64; x64) AppleWebKit/537.36 (KHTML, like Gecko) Chrome/120.0.0.0 Safari/537.36"
172.202.44.182 - - [28/Jul/2026:19:05:23 +0200] "GET /wp-configs.php HTTP/1.1" 301 5695 "-" "Mozilla/5.0 (Windows NT 10.0; Win64; x64) AppleWebKit/537.36 (KHTML, like Gecko) Chrome/120.0.0.0 Safari/537.36"
172.202.44.182 - - [28/Jul/2026:19:05:24 +0200] "GET /php.php HTTP/1.1" 301 5688 "-" "Mozilla/5.0 (Windows NT 10.0; Win64; x64) AppleWebKit/537.36 (KHTML, like Gecko) Chrome/120.0.0.0 Safari/537.36"
172.202.44.182 - - [28/Jul/2026:19:05:25 +0200] "GET /wp-includes/index.php HTTP/1.1" 403 6292 "-" "Mozilla/5.0 (Windows NT 10.0; Win64; x64) AppleWebKit/537.36 (KHTML, like Gecko) Chrome/120.0.0.0 Safari/537.36"
172.202.44.182 - - [28/Jul/2026:19:05:25 +0200] "GET /wp-admin/a.php HTTP/1.1" 301 5695 "-" "Mozilla/5.0 (Windows NT 10.0; Win64; x64) AppleWebKit/537.36 (KHTML, like Gecko) Chrome/120.0.0.0 Safari/537.36"
172.202.44.182 - - [28/Jul/2026:19:05:26 +0200] "GET /wp-includes/sitemaps/providers/ HTTP/1.1" 403 6292 "-" "Mozilla/5.0 (Windows NT 10.0; Win64; x64) AppleWebKit/537.36 (KHTML, like Gecko) Chrome/120.0.0.0 Safari/537.36"
