198.244.242.254 - - [29/Jul/2026:14:54:53 +0200] "GET /wp-sitemap-posts-page-1.xml HTTP/1.1" 200 6783 "-" "Mozilla/5.0 (compatible; AhrefsBot/7.0; +http://ahrefs.com/robot/)"
74.248.33.8 - - [29/Jul/2026:14:54:53 +0200] "GET /ws.php HTTP/1.1" 301 5687 "-" "Mozilla/5.0 (Windows NT 10.0; Win64; x64) AppleWebKit/537.36 (KHTML, like Gecko) Chrome/120.0.0.0 Safari/537.36"
74.248.33.8 - - [29/Jul/2026:14:54:53 +0200] "GET /p.php HTTP/1.1" 301 5686 "-" "Mozilla/5.0 (Windows NT 10.0; Win64; x64) AppleWebKit/537.36 (KHTML, like Gecko) Chrome/120.0.0.0 Safari/537.36"
74.248.33.8 - - [29/Jul/2026:14:54:54 +0200] "GET /elp.php HTTP/1.1" 301 5688 "-" "Mozilla/5.0 (Windows NT 10.0; Win64; x64) AppleWebKit/537.36 (KHTML, like Gecko) Chrome/120.0.0.0 Safari/537.36"
74.248.33.8 - - [29/Jul/2026:14:54:54 +0200] "GET /a1.php HTTP/1.1" 301 5687 "-" "Mozilla/5.0 (Windows NT 10.0; Win64; x64) AppleWebKit/537.36 (KHTML, like Gecko) Chrome/120.0.0.0 Safari/537.36"
198.244.226.65 - - [29/Jul/2026:14:54:54 +0200] "GET /gl/wp-sitemap-posts-page-1.xml HTTP/1.1" 200 6810 "-" "Mozilla/5.0 (compatible; AhrefsBot/7.0; +http://ahrefs.com/robot/)"
74.248.33.8 - - [29/Jul/2026:14:54:55 +0200] "GET /wp-includes/Text/index.php HTTP/1.1" 301 5707 "-" "Mozilla/5.0 (Windows NT 10.0; Win64; x64) AppleWebKit/537.36 (KHTML, like Gecko) Chrome/120.0.0.0 Safari/537.36"
74.248.33.8 - - [29/Jul/2026:14:54:55 +0200] "GET /alfa-rex.php7 HTTP/1.1" 301 5695 "-" "Mozilla/5.0 (Windows NT 10.0; Win64; x64) AppleWebKit/537.36 (KHTML, like Gecko) Chrome/120.0.0.0 Safari/537.36"
74.248.33.8 - - [29/Jul/2026:14:54:56 +0200] "GET /wp-admin/css/admin.php HTTP/1.1" 301 5703 "-" "Mozilla/5.0 (Windows NT 10.0; Win64; x64) AppleWebKit/537.36 (KHTML, like Gecko) Chrome/120.0.0.0 Safari/537.36"
74.248.33.8 - - [29/Jul/2026:14:54:56 +0200] "GET /install.php HTTP/1.1" 301 5692 "-" "Mozilla/5.0 (Windows NT 10.0; Win64; x64) AppleWebKit/537.36 (KHTML, like Gecko) Chrome/120.0.0.0 Safari/537.36"
51.195.215.133 - - [29/Jul/2026:14:54:56 +0200] "GET /wp-sitemap-taxonomies-category-1.xml HTTP/1.1" 200 5764 "-" "Mozilla/5.0 (compatible; AhrefsBot/7.0; +http://ahrefs.com/robot/)"
74.248.33.8 - - [29/Jul/2026:14:54:57 +0200] "GET /wp-includes/fonts/index.php HTTP/1.1" 301 5708 "-" "Mozilla/5.0 (Windows NT 10.0; Win64; x64) AppleWebKit/537.36 (KHTML, like Gecko) Chrome/120.0.0.0 Safari/537.36"
74.248.33.8 - - [29/Jul/2026:14:54:57 +0200] "GET /upload.php HTTP/1.1" 301 5691 "-" "Mozilla/5.0 (Windows NT 10.0; Win64; x64) AppleWebKit/537.36 (KHTML, like Gecko) Chrome/120.0.0.0 Safari/537.36"
74.248.33.8 - - [29/Jul/2026:14:54:58 +0200] "GET /wp-includes/ID3/ HTTP/1.1" 403 6292 "-" "Mozilla/5.0 (Windows NT 10.0; Win64; x64) AppleWebKit/537.36 (KHTML, like Gecko) Chrome/120.0.0.0 Safari/537.36"
74.248.33.8 - - [29/Jul/2026:14:54:58 +0200] "GET /wp-includes/Text/Diff/ HTTP/1.1" 403 6292 "-" "Mozilla/5.0 (Windows NT 10.0; Win64; x64) AppleWebKit/537.36 (KHTML, like Gecko) Chrome/120.0.0.0 Safari/537.36"
74.248.33.8 - - [29/Jul/2026:14:54:58 +0200] "GET /wp-content/file.php HTTP/1.1" 301 5692 "-" "Mozilla/5.0 (Windows NT 10.0; Win64; x64) AppleWebKit/537.36 (KHTML, like Gecko) Chrome/120.0.0.0 Safari/537.36"
74.248.33.8 - - [29/Jul/2026:14:54:58 +0200] "GET /files.php HTTP/1.1" 301 5690 "-" "Mozilla/5.0 (Windows NT 10.0; Win64; x64) AppleWebKit/537.36 (KHTML, like Gecko) Chrome/120.0.0.0 Safari/537.36"
198.244.183.39 - - [29/Jul/2026:14:54:59 +0200] "GET /wp-sitemap-users-1.xml HTTP/1.1" 200 5754 "-" "Mozilla/5.0 (compatible; AhrefsBot/7.0; +http://ahrefs.com/robot/)"
74.248.33.8 - - [29/Jul/2026:14:54:59 +0200] "GET /o.php HTTP/1.1" 301 5686 "-" "Mozilla/5.0 (Windows NT 10.0; Win64; x64) AppleWebKit/537.36 (KHTML, like Gecko) Chrome/120.0.0.0 Safari/537.36"
74.248.33.8 - - [29/Jul/2026:14:54:59 +0200] "GET /file2.php HTTP/1.1" 301 5690 "-" "Mozilla/5.0 (Windows NT 10.0; Win64; x64) AppleWebKit/537.36 (KHTML, like Gecko) Chrome/120.0.0.0 Safari/537.36"
74.248.33.8 - - [29/Jul/2026:14:55:00 +0200] "GET /.well-known/gecko-litespeed.php HTTP/1.1" 301 5712 "-" "Mozilla/5.0 (Windows NT 10.0; Win64; x64) AppleWebKit/537.36 (KHTML, like Gecko) Chrome/120.0.0.0 Safari/537.36"
74.248.33.8 - - [29/Jul/2026:14:55:00 +0200] "GET /xda.php HTTP/1.1" 301 5688 "-" "Mozilla/5.0 (Windows NT 10.0; Win64; x64) AppleWebKit/537.36 (KHTML, like Gecko) Chrome/120.0.0.0 Safari/537.36"
74.248.33.8 - - [29/Jul/2026:14:55:01 +0200] "GET /theme.php HTTP/1.1" 301 5690 "-" "Mozilla/5.0 (Windows NT 10.0; Win64; x64) AppleWebKit/537.36 (KHTML, like Gecko) Chrome/120.0.0.0 Safari/537.36"
51.195.183.39 - - [29/Jul/2026:14:55:02 +0200] "GET /gl/wp-sitemap-users-1.xml HTTP/1.1" 200 5757 "-" "Mozilla/5.0 (compatible; AhrefsBot/7.0; +http://ahrefs.com/robot/)"
74.248.33.8 - - [29/Jul/2026:14:55:01 +0200] "GET //classwithtostring.php HTTP/1.1" 301 5702 "-" "Mozilla/5.0 (Windows NT 10.0; Win64; x64) AppleWebKit/537.36 (KHTML, like Gecko) Chrome/120.0.0.0 Safari/537.36"
74.248.33.8 - - [29/Jul/2026:14:55:02 +0200] "GET /news.php HTTP/1.1" 301 5689 "-" "Mozilla/5.0 (Windows NT 10.0; Win64; x64) AppleWebKit/537.36 (KHTML, like Gecko) Chrome/120.0.0.0 Safari/537.36"
74.248.33.8 - - [29/Jul/2026:14:55:02 +0200] "GET /about/function.php HTTP/1.1" 301 5699 "-" "Mozilla/5.0 (Windows NT 10.0; Win64; x64) AppleWebKit/537.36 (KHTML, like Gecko) Chrome/120.0.0.0 Safari/537.36"
74.248.33.8 - - [29/Jul/2026:14:55:03 +0200] "GET /wp-admin/user/ HTTP/1.1" 302 5734 "-" "Mozilla/5.0 (Windows NT 10.0; Win64; x64) AppleWebKit/537.36 (KHTML, like Gecko) Chrome/120.0.0.0 Safari/537.36"
74.248.33.8 - - [29/Jul/2026:14:55:03 +0200] "GET /wp-includes/admin.php HTTP/1.1" 403 6292 "-" "Mozilla/5.0 (Windows NT 10.0; Win64; x64) AppleWebKit/537.36 (KHTML, like Gecko) Chrome/120.0.0.0 Safari/537.36"
74.248.33.8 - - [29/Jul/2026:14:55:03 +0200] "GET /wp-includes/images/media/ HTTP/1.1" 403 6292 "-" "Mozilla/5.0 (Windows NT 10.0; Win64; x64) AppleWebKit/537.36 (KHTML, like Gecko) Chrome/120.0.0.0 Safari/537.36"
74.248.33.8 - - [29/Jul/2026:14:55:03 +0200] "GET /lock360.php HTTP/1.1" 301 5692 "-" "Mozilla/5.0 (Windows NT 10.0; Win64; x64) AppleWebKit/537.36 (KHTML, like Gecko) Chrome/120.0.0.0 Safari/537.36"
74.248.33.8 - - [29/Jul/2026:14:55:04 +0200] "GET /wp-conflg.php HTTP/1.1" 301 5694 "-" "Mozilla/5.0 (Windows NT 10.0; Win64; x64) AppleWebKit/537.36 (KHTML, like Gecko) Chrome/120.0.0.0 Safari/537.36"
74.248.33.8 - - [29/Jul/2026:14:55:04 +0200] "GET /123.php HTTP/1.1" 301 5688 "-" "Mozilla/5.0 (Windows NT 10.0; Win64; x64) AppleWebKit/537.36 (KHTML, like Gecko) Chrome/120.0.0.0 Safari/537.36"
74.248.33.8 - - [29/Jul/2026:14:55:05 +0200] "GET /yanz.php HTTP/1.1" 301 5689 "-" "Mozilla/5.0 (Windows NT 10.0; Win64; x64) AppleWebKit/537.36 (KHTML, like Gecko) Chrome/120.0.0.0 Safari/537.36"
74.248.33.8 - - [29/Jul/2026:14:55:05 +0200] "GET /autoload_classmap.php HTTP/1.1" 301 5702 "-" "Mozilla/5.0 (Windows NT 10.0; Win64; x64) AppleWebKit/537.36 (KHTML, like Gecko) Chrome/120.0.0.0 Safari/537.36"
74.248.33.8 - - [29/Jul/2026:14:55:06 +0200] "GET /bi.php HTTP/1.1" 301 5687 "-" "Mozilla/5.0 (Windows NT 10.0; Win64; x64) AppleWebKit/537.36 (KHTML, like Gecko) Chrome/120.0.0.0 Safari/537.36"
74.248.33.8 - - [29/Jul/2026:14:55:07 +0200] "GET /cc.php HTTP/1.1" 301 5687 "-" "Mozilla/5.0 (Windows NT 10.0; Win64; x64) AppleWebKit/537.36 (KHTML, like Gecko) Chrome/120.0.0.0 Safari/537.36"
74.248.33.8 - - [29/Jul/2026:14:55:07 +0200] "GET /files/index.php HTTP/1.1" 301 5696 "-" "Mozilla/5.0 (Windows NT 10.0; Win64; x64) AppleWebKit/537.36 (KHTML, like Gecko) Chrome/120.0.0.0 Safari/537.36"
74.248.33.8 - - [29/Jul/2026:14:55:07 +0200] "GET /1.php7 HTTP/1.1" 301 5688 "-" "Mozilla/5.0 (Windows NT 10.0; Win64; x64) AppleWebKit/537.36 (KHTML, like Gecko) Chrome/120.0.0.0 Safari/537.36"
74.248.33.8 - - [29/Jul/2026:14:55:08 +0200] "GET /disagraeosc.php HTTP/1.1" 301 5696 "-" "Mozilla/5.0 (Windows NT 10.0; Win64; x64) AppleWebKit/537.36 (KHTML, like Gecko) Chrome/120.0.0.0 Safari/537.36"
74.248.33.8 - - [29/Jul/2026:14:55:08 +0200] "GET /wp-logs.php HTTP/1.1" 301 5692 "-" "Mozilla/5.0 (Windows NT 10.0; Win64; x64) AppleWebKit/537.36 (KHTML, like Gecko) Chrome/120.0.0.0 Safari/537.36"
74.248.33.8 - - [29/Jul/2026:14:55:09 +0200] "GET /wp-admin/css/about.php HTTP/1.1" 301 5703 "-" "Mozilla/5.0 (Windows NT 10.0; Win64; x64) AppleWebKit/537.36 (KHTML, like Gecko) Chrome/120.0.0.0 Safari/537.36"
74.248.33.8 - - [29/Jul/2026:14:55:09 +0200] "GET /system_log.php HTTP/1.1" 301 5695 "-" "Mozilla/5.0 (Windows NT 10.0; Win64; x64) AppleWebKit/537.36 (KHTML, like Gecko) Chrome/120.0.0.0 Safari/537.36"
74.248.33.8 - - [29/Jul/2026:14:55:09 +0200] "GET /24.php HTTP/1.1" 301 5687 "-" "Mozilla/5.0 (Windows NT 10.0; Win64; x64) AppleWebKit/537.36 (KHTML, like Gecko) Chrome/120.0.0.0 Safari/537.36"
74.248.33.8 - - [29/Jul/2026:14:55:10 +0200] "GET /wp-admin/maint/ HTTP/1.1" 403 6292 "-" "Mozilla/5.0 (Windows NT 10.0; Win64; x64) AppleWebKit/537.36 (KHTML, like Gecko) Chrome/120.0.0.0 Safari/537.36"
74.248.33.8 - - [29/Jul/2026:14:55:10 +0200] "GET /wp-content/plugins/index.php HTTP/1.1" 200 5434 "-" "Mozilla/5.0 (Windows NT 10.0; Win64; x64) AppleWebKit/537.36 (KHTML, like Gecko) Chrome/120.0.0.0 Safari/537.36"
84.246.212.44 - - [29/Jul/2026:14:55:11 +0200] "POST /wp-cron.php?doing_wp_cron=1785329711.1782600879669189453125 HTTP/1.1" 200 5527 "-" "WordPress/6.9; https://www.canterasdemuro.es"
74.248.33.8 - - [29/Jul/2026:14:55:10 +0200] "GET /admin/controller/extension/extension/ HTTP/1.1" 301 5718 "-" "Mozilla/5.0 (Windows NT 10.0; Win64; x64) AppleWebKit/537.36 (KHTML, like Gecko) Chrome/120.0.0.0 Safari/537.36"
74.248.33.8 - - [29/Jul/2026:14:55:11 +0200] "GET /wp-includes/css/dist/widgets/ HTTP/1.1" 403 6292 "-" "Mozilla/5.0 (Windows NT 10.0; Win64; x64) AppleWebKit/537.36 (KHTML, like Gecko) Chrome/120.0.0.0 Safari/537.36"
74.248.33.8 - - [29/Jul/2026:14:55:11 +0200] "GET /wp-admin/images/index.php HTTP/1.1" 301 5706 "-" "Mozilla/5.0 (Windows NT 10.0; Win64; x64) AppleWebKit/537.36 (KHTML, like Gecko) Chrome/120.0.0.0 Safari/537.36"
74.248.33.8 - - [29/Jul/2026:14:55:12 +0200] "GET /num.php HTTP/1.1" 301 5688 "-" "Mozilla/5.0 (Windows NT 10.0; Win64; x64) AppleWebKit/537.36 (KHTML, like Gecko) Chrome/120.0.0.0 Safari/537.36"
74.248.33.8 - - [29/Jul/2026:14:55:12 +0200] "GET /wp-admin/css/colors/ocean/ HTTP/1.1" 403 6292 "-" "Mozilla/5.0 (Windows NT 10.0; Win64; x64) AppleWebKit/537.36 (KHTML, like Gecko) Chrome/120.0.0.0 Safari/537.36"
84.246.212.44 - - [29/Jul/2026:14:55:13 +0200] "POST /wp-cron.php?doing_wp_cron=1785329713.0952310562133789062500 HTTP/1.1" 200 5527 "-" "WordPress/6.9; https://www.canterasdemuro.es"
74.248.33.8 - - [29/Jul/2026:14:55:12 +0200] "GET /wp-content/et-cache/ HTTP/1.1" 301 5693 "-" "Mozilla/5.0 (Windows NT 10.0; Win64; x64) AppleWebKit/537.36 (KHTML, like Gecko) Chrome/120.0.0.0 Safari/537.36"
74.248.33.8 - - [29/Jul/2026:14:55:13 +0200] "GET /wp-content/upgrade/index.php HTTP/1.1" 301 5692 "-" "Mozilla/5.0 (Windows NT 10.0; Win64; x64) AppleWebKit/537.36 (KHTML, like Gecko) Chrome/120.0.0.0 Safari/537.36"
84.246.212.44 - - [29/Jul/2026:14:55:13 +0200] "POST /wp-admin/admin-ajax.php?action=async_litespeed&nonce=zS1NWTE4VZT4Z5fbDoZ5j9S8DeaNl3A5&litespeed_type=imgoptm HTTP/1.1" 200 5782 "-" "WordPress/6.9; https://www.canterasdemuro.es"
74.248.33.8 - - [29/Jul/2026:14:55:13 +0200] "GET /wp-includes/SimplePie/index.php HTTP/1.1" 301 5712 "-" "Mozilla/5.0 (Windows NT 10.0; Win64; x64) AppleWebKit/537.36 (KHTML, like Gecko) Chrome/120.0.0.0 Safari/537.36"
74.248.33.8 - - [29/Jul/2026:14:55:14 +0200] "GET /gifclass.php HTTP/1.1" 301 5693 "-" "Mozilla/5.0 (Windows NT 10.0; Win64; x64) AppleWebKit/537.36 (KHTML, like Gecko) Chrome/120.0.0.0 Safari/537.36"
74.248.33.8 - - [29/Jul/2026:14:55:14 +0200] "GET /wp-includes/certificates/ HTTP/1.1" 403 6292 "-" "Mozilla/5.0 (Windows NT 10.0; Win64; x64) AppleWebKit/537.36 (KHTML, like Gecko) Chrome/120.0.0.0 Safari/537.36"
74.248.33.8 - - [29/Jul/2026:14:55:14 +0200] "GET /wp-content/plugins/admin.php HTTP/1.1" 301 5701 "-" "Mozilla/5.0 (Windows NT 10.0; Win64; x64) AppleWebKit/537.36 (KHTML, like Gecko) Chrome/120.0.0.0 Safari/537.36"
74.248.33.8 - - [29/Jul/2026:14:55:15 +0200] "GET /css/index.php HTTP/1.1" 301 5694 "-" "Mozilla/5.0 (Windows NT 10.0; Win64; x64) AppleWebKit/537.36 (KHTML, like Gecko) Chrome/120.0.0.0 Safari/537.36"
74.248.33.8 - - [29/Jul/2026:14:55:15 +0200] "GET /wp-cron.php HTTP/1.1" 200 5527 "-" "Mozilla/5.0 (Windows NT 10.0; Win64; x64) AppleWebKit/537.36 (KHTML, like Gecko) Chrome/120.0.0.0 Safari/537.36"
74.248.33.8 - - [29/Jul/2026:14:55:16 +0200] "GET /wp-block.php HTTP/1.1" 301 5693 "-" "Mozilla/5.0 (Windows NT 10.0; Win64; x64) AppleWebKit/537.36 (KHTML, like Gecko) Chrome/120.0.0.0 Safari/537.36"
74.248.33.8 - - [29/Jul/2026:14:55:16 +0200] "GET /wp-includes/fonts/admin.php HTTP/1.1" 301 5708 "-" "Mozilla/5.0 (Windows NT 10.0; Win64; x64) AppleWebKit/537.36 (KHTML, like Gecko) Chrome/120.0.0.0 Safari/537.36"
74.248.33.8 - - [29/Jul/2026:14:55:16 +0200] "GET /wp-admin/css/colors/modern/ HTTP/1.1" 403 6292 "-" "Mozilla/5.0 (Windows NT 10.0; Win64; x64) AppleWebKit/537.36 (KHTML, like Gecko) Chrome/120.0.0.0 Safari/537.36"
84.246.212.44 - - [29/Jul/2026:14:59:48 +0200] "POST /wp-cron.php?doing_wp_cron=1785329988.1256508827209472656250 HTTP/1.1" 200 5527 "-" "WordPress/6.9; https://www.canterasdemuro.es"
167.235.6.174 - - [29/Jul/2026:14:59:47 +0200] "POST /xmlrpc.php HTTP/1.1" 200 5891 "-" "Mozilla/5.0 (Windows NT 10.0; WOW64) AppleWebKit/537.43 (KHTML, like Gecko) Chrome/140.0.0.0 Safari/537.36 OPR/124.0.0.0"
84.246.212.44 - - [29/Jul/2026:14:59:48 +0200] "POST /wp-admin/admin-ajax.php?action=async_litespeed&nonce=52EC1d51u4aa8TRhFSjLicCapREOXnm5&litespeed_type=imgoptm HTTP/1.1" 200 5782 "-" "WordPress/6.9; https://www.canterasdemuro.es"
84.246.212.44 - - [29/Jul/2026:15:02:29 +0200] "POST /wp-cron.php?doing_wp_cron=1785330149.3156878948211669921875 HTTP/1.1" 200 5527 "-" "WordPress/6.9; https://www.canterasdemuro.es"
34.74.242.206 - - [29/Jul/2026:15:02:28 +0200] "GET /robots.txt HTTP/1.1" 200 5682 "-" "ZoominfoBot (zoominfobot at zoominfo dot com)"
34.74.242.206 - - [29/Jul/2026:15:02:29 +0200] "GET /robots.txt HTTP/1.1" 200 5682 "-" "ZoominfoBot (zoominfobot at zoominfo dot com)"
84.246.212.44 - - [29/Jul/2026:15:02:29 +0200] "POST /wp-admin/admin-ajax.php?action=async_litespeed&nonce=ft4uEx3i9flRhDf7kvNK3cKIxRu1d6p1&litespeed_type=imgoptm HTTP/1.1" 200 5782 "-" "WordPress/6.9; https://www.canterasdemuro.es"
34.74.242.206 - - [29/Jul/2026:15:02:30 +0200] "GET / HTTP/1.1" 200 100542 "-" "ZoominfoBot (zoominfobot at zoominfo dot com)"
34.74.242.206 - - [29/Jul/2026:15:02:52 +0200] "GET /robots.txt HTTP/1.1" 301 5579 "-" "ZoominfoBot (zoominfobot at zoominfo dot com)"
34.74.242.206 - - [29/Jul/2026:15:02:53 +0200] "GET /robots.txt HTTP/1.1" 200 5682 "-" "ZoominfoBot (zoominfobot at zoominfo dot com)"
34.74.242.206 - - [29/Jul/2026:15:02:54 +0200] "GET /robots.txt HTTP/1.1" 301 5579 "-" "ZoominfoBot (zoominfobot at zoominfo dot com)"
34.74.242.206 - - [29/Jul/2026:15:02:54 +0200] "GET /robots.txt HTTP/1.1" 200 5682 "-" "ZoominfoBot (zoominfobot at zoominfo dot com)"
34.74.242.206 - - [29/Jul/2026:15:02:55 +0200] "GET / HTTP/1.1" 301 5569 "-" "ZoominfoBot (zoominfobot at zoominfo dot com)"
84.246.212.44 - - [29/Jul/2026:15:12:19 +0200] "POST /wp-cron.php?doing_wp_cron=1785330739.7872180938720703125000 HTTP/1.1" 200 5527 "-" "WordPress/6.9; https://www.canterasdemuro.es"
34.139.106.128 - - [29/Jul/2026:15:12:19 +0200] "GET / HTTP/1.1" 301 5569 "-" "Mozilla/5.0 (Windows NT 10.0; Win64; x64) AppleWebKit/537.36 (KHTML, like Gecko) Chrome/78.0.3904.108 Safari/537.36"
84.246.212.44 - - [29/Jul/2026:15:12:20 +0200] "POST /wp-admin/admin-ajax.php?action=async_litespeed&nonce=3k9rmEZGybOqNbn118rsEruDKItxfCYx&litespeed_type=imgoptm HTTP/1.1" 200 5782 "-" "WordPress/6.9; https://www.canterasdemuro.es"
34.139.106.128 - - [29/Jul/2026:15:12:20 +0200] "GET //wp-includes/wlwmanifest.xml HTTP/1.1" 301 5700 "-" "Mozilla/5.0 (Windows NT 10.0; Win64; x64) AppleWebKit/537.36 (KHTML, like Gecko) Chrome/78.0.3904.108 Safari/537.36"
34.139.106.128 - - [29/Jul/2026:15:12:21 +0200] "GET //xmlrpc.php?rsd HTTP/1.1" 200 6294 "-" "Mozilla/5.0 (Windows NT 10.0; Win64; x64) AppleWebKit/537.36 (KHTML, like Gecko) Chrome/78.0.3904.108 Safari/537.36"
34.139.106.128 - - [29/Jul/2026:15:12:21 +0200] "GET //?author=1 HTTP/1.1" 301 5574 "-" "Mozilla/5.0 (Windows NT 10.0; Win64; x64) AppleWebKit/537.36 (KHTML, like Gecko) Chrome/78.0.3904.108 Safari/537.36"
34.139.106.128 - - [29/Jul/2026:15:12:22 +0200] "GET //?author=2 HTTP/1.1" 301 5570 "-" "Mozilla/5.0 (Windows NT 10.0; Win64; x64) AppleWebKit/537.36 (KHTML, like Gecko) Chrome/78.0.3904.108 Safari/537.36"
34.139.106.128 - - [29/Jul/2026:15:12:22 +0200] "GET //wp-json/wp/v2/users/ HTTP/1.1" 403 6292 "-" "Mozilla/5.0 (Windows NT 10.0; Win64; x64) AppleWebKit/537.36 (KHTML, like Gecko) Chrome/78.0.3904.108 Safari/537.36"
34.139.106.128 - - [29/Jul/2026:15:12:22 +0200] "POST //xmlrpc.php HTTP/1.1" 200 5889 "-" "Mozilla/5.0 (Windows NT 10.0; Win64; x64) AppleWebKit/537.36 (KHTML, like Gecko) Chrome/78.0.3904.108 Safari/537.36"
34.139.106.128 - - [29/Jul/2026:15:12:23 +0200] "POST //xmlrpc.php HTTP/1.1" 200 5889 "-" "Mozilla/5.0 (Windows NT 10.0; Win64; x64) AppleWebKit/537.36 (KHTML, like Gecko) Chrome/78.0.3904.108 Safari/537.36"
34.139.106.128 - - [29/Jul/2026:15:12:23 +0200] "POST //xmlrpc.php HTTP/1.1" 200 5889 "-" "Mozilla/5.0 (Windows NT 10.0; Win64; x64) AppleWebKit/537.36 (KHTML, like Gecko) Chrome/78.0.3904.108 Safari/537.36"
34.139.106.128 - - [29/Jul/2026:15:12:24 +0200] "POST //xmlrpc.php HTTP/1.1" 200 5889 "-" "Mozilla/5.0 (Windows NT 10.0; Win64; x64) AppleWebKit/537.36 (KHTML, like Gecko) Chrome/78.0.3904.108 Safari/537.36"
34.139.106.128 - - [29/Jul/2026:15:12:25 +0200] "POST //xmlrpc.php HTTP/1.1" 200 5889 "-" "Mozilla/5.0 (Windows NT 10.0; Win64; x64) AppleWebKit/537.36 (KHTML, like Gecko) Chrome/78.0.3904.108 Safari/537.36"
34.139.106.128 - - [29/Jul/2026:15:12:25 +0200] "POST //xmlrpc.php HTTP/1.1" 403 6292 "-" "Mozilla/5.0 (Windows NT 10.0; Win64; x64) AppleWebKit/537.36 (KHTML, like Gecko) Chrome/78.0.3904.108 Safari/537.36"
84.246.212.44 - - [29/Jul/2026:15:15:10 +0200] "POST /wp-cron.php?doing_wp_cron=1785330910.8380370140075683593750 HTTP/1.1" 200 5527 "-" "WordPress/6.9; https://www.canterasdemuro.es"
136.113.170.161 - - [29/Jul/2026:15:15:10 +0200] "GET / HTTP/1.1" 301 5569 "-" "Mozilla/5.0 (Windows NT 10.0; Win64; x64) AppleWebKit/537.36 (KHTML, like Gecko) Chrome/78.0.3904.108 Safari/537.36"
84.246.212.44 - - [29/Jul/2026:15:15:11 +0200] "POST /wp-admin/admin-ajax.php?action=async_litespeed&nonce=Pa0LTrWuGpxA3WBDKq69m6cntpXIqcGb&litespeed_type=imgoptm HTTP/1.1" 200 5782 "-" "WordPress/6.9; https://www.canterasdemuro.es"
136.113.170.161 - - [29/Jul/2026:15:15:11 +0200] "GET //wp-includes/wlwmanifest.xml HTTP/1.1" 301 5700 "-" "Mozilla/5.0 (Windows NT 10.0; Win64; x64) AppleWebKit/537.36 (KHTML, like Gecko) Chrome/78.0.3904.108 Safari/537.36"
136.113.170.161 - - [29/Jul/2026:15:15:12 +0200] "GET //xmlrpc.php?rsd HTTP/1.1" 200 6294 "-" "Mozilla/5.0 (Windows NT 10.0; Win64; x64) AppleWebKit/537.36 (KHTML, like Gecko) Chrome/78.0.3904.108 Safari/537.36"
84.246.212.44 - - [29/Jul/2026:15:15:13 +0200] "POST /wp-cron.php?doing_wp_cron=1785330913.2168550491333007812500 HTTP/1.1" 200 5527 "-" "WordPress/6.9; https://www.canterasdemuro.es"
136.113.170.161 - - [29/Jul/2026:15:15:12 +0200] "GET //?author=1 HTTP/1.1" 301 5574 "-" "Mozilla/5.0 (Windows NT 10.0; Win64; x64) AppleWebKit/537.36 (KHTML, like Gecko) Chrome/78.0.3904.108 Safari/537.36"
136.113.170.161 - - [29/Jul/2026:15:15:13 +0200] "GET //?author=2 HTTP/1.1" 301 5570 "-" "Mozilla/5.0 (Windows NT 10.0; Win64; x64) AppleWebKit/537.36 (KHTML, like Gecko) Chrome/78.0.3904.108 Safari/537.36"
136.113.170.161 - - [29/Jul/2026:15:15:13 +0200] "GET //wp-json/wp/v2/users/ HTTP/1.1" 403 6292 "-" "Mozilla/5.0 (Windows NT 10.0; Win64; x64) AppleWebKit/537.36 (KHTML, like Gecko) Chrome/78.0.3904.108 Safari/537.36"
84.246.212.44 - - [29/Jul/2026:15:15:13 +0200] "POST /wp-admin/admin-ajax.php?action=async_litespeed&nonce=A7ERrWW8bK7JD4er5jly9Szn9YMw5l09&litespeed_type=imgoptm HTTP/1.1" 200 5782 "-" "WordPress/6.9; https://www.canterasdemuro.es"
136.113.170.161 - - [29/Jul/2026:15:15:14 +0200] "POST //xmlrpc.php HTTP/1.1" 200 5889 "-" "Mozilla/5.0 (Windows NT 10.0; Win64; x64) AppleWebKit/537.36 (KHTML, like Gecko) Chrome/78.0.3904.108 Safari/537.36"
136.113.170.161 - - [29/Jul/2026:15:15:14 +0200] "POST //xmlrpc.php HTTP/1.1" 200 5889 "-" "Mozilla/5.0 (Windows NT 10.0; Win64; x64) AppleWebKit/537.36 (KHTML, like Gecko) Chrome/78.0.3904.108 Safari/537.36"
136.113.170.161 - - [29/Jul/2026:15:15:15 +0200] "POST //xmlrpc.php HTTP/1.1" 200 5889 "-" "Mozilla/5.0 (Windows NT 10.0; Win64; x64) AppleWebKit/537.36 (KHTML, like Gecko) Chrome/78.0.3904.108 Safari/537.36"
136.113.170.161 - - [29/Jul/2026:15:15:15 +0200] "POST //xmlrpc.php HTTP/1.1" 200 5889 "-" "Mozilla/5.0 (Windows NT 10.0; Win64; x64) AppleWebKit/537.36 (KHTML, like Gecko) Chrome/78.0.3904.108 Safari/537.36"
136.113.170.161 - - [29/Jul/2026:15:15:16 +0200] "POST //xmlrpc.php HTTP/1.1" 200 5889 "-" "Mozilla/5.0 (Windows NT 10.0; Win64; x64) AppleWebKit/537.36 (KHTML, like Gecko) Chrome/78.0.3904.108 Safari/537.36"
136.113.170.161 - - [29/Jul/2026:15:15:16 +0200] "POST //xmlrpc.php HTTP/1.1" 403 6292 "-" "Mozilla/5.0 (Windows NT 10.0; Win64; x64) AppleWebKit/537.36 (KHTML, like Gecko) Chrome/78.0.3904.108 Safari/537.36"
84.246.212.44 - - [29/Jul/2026:15:17:05 +0200] "POST /wp-cron.php?doing_wp_cron=1785331025.0987188816070556640625 HTTP/1.1" 200 5527 "-" "WordPress/6.9; https://www.canterasdemuro.es"
158.158.32.229 - - [29/Jul/2026:15:17:04 +0200] "GET /wp-content/plugins/hellopress/wp_filemanager.php HTTP/1.1" 301 5721 "-" "-"
84.246.212.44 - - [29/Jul/2026:15:17:05 +0200] "POST /wp-admin/admin-ajax.php?action=async_litespeed&nonce=AsIEOM1TOTM7spQoZ6rYaxtz3KFzWqqU&litespeed_type=imgoptm HTTP/1.1" 200 5782 "-" "WordPress/6.9; https://www.canterasdemuro.es"
158.158.32.229 - - [29/Jul/2026:15:17:06 +0200] "GET /wp-content/plugins/hellopress/wp_filemanager.php HTTP/1.1" 404 89435 "-" "-"
158.158.32.229 - - [29/Jul/2026:15:17:07 +0200] "GET /this_is_a_new_hello_world.php HTTP/1.1" 301 5710 "-" "-"
158.158.32.229 - - [29/Jul/2026:15:17:07 +0200] "GET /this_is_a_new_hello_world.php HTTP/1.1" 404 89434 "-" "-"
158.158.32.229 - - [29/Jul/2026:15:17:09 +0200] "GET /3PJcpMFsD8B.php HTTP/1.1" 301 5696 "-" "-"
158.158.32.229 - - [29/Jul/2026:15:17:09 +0200] "GET /3PJcpMFsD8B.php HTTP/1.1" 404 89434 "-" "-"
84.246.212.44 - - [29/Jul/2026:15:17:11 +0200] "POST /wp-cron.php?doing_wp_cron=1785331031.1872038841247558593750 HTTP/1.1" 200 5527 "-" "WordPress/6.9; https://www.canterasdemuro.es"
158.158.32.229 - - [29/Jul/2026:15:17:10 +0200] "GET /media.php HTTP/1.1" 301 5690 "-" "-"
158.158.32.229 - - [29/Jul/2026:15:17:11 +0200] "GET /media.php HTTP/1.1" 404 89434 "-" "-"
158.158.32.229 - - [29/Jul/2026:15:17:12 +0200] "GET /images.php HTTP/1.1" 301 5691 "-" "-"
84.246.212.44 - - [29/Jul/2026:15:17:14 +0200] "POST /wp-cron.php?doing_wp_cron=1785331034.0571229457855224609375 HTTP/1.1" 200 5527 "-" "WordPress/6.9; https://www.canterasdemuro.es"
158.158.32.229 - - [29/Jul/2026:15:17:12 +0200] "GET /images.php HTTP/1.1" 404 89434 "-" "-"
158.158.32.229 - - [29/Jul/2026:15:17:14 +0200] "GET /adminner.php HTTP/1.1" 301 5693 "-" "-"
84.246.212.44 - - [29/Jul/2026:15:17:14 +0200] "POST /wp-admin/admin-ajax.php?action=async_litespeed&nonce=67nbN085dBGUNyjNN21erHdCxB4CgfTX&litespeed_type=imgoptm HTTP/1.1" 200 5782 "-" "WordPress/6.9; https://www.canterasdemuro.es"
158.158.32.229 - - [29/Jul/2026:15:17:14 +0200] "GET /adminner.php HTTP/1.1" 404 89434 "-" "-"
158.158.32.229 - - [29/Jul/2026:15:17:15 +0200] "GET ///admin.php HTTP/1.1" 301 5690 "-" "-"
84.246.212.44 - - [29/Jul/2026:15:17:17 +0200] "POST /wp-cron.php?doing_wp_cron=1785331037.5825920104980468750000 HTTP/1.1" 200 5527 "-" "WordPress/6.9; https://www.canterasdemuro.es"
158.158.32.229 - - [29/Jul/2026:15:17:16 +0200] "GET /admin.php HTTP/1.1" 404 89434 "-" "-"
158.158.32.229 - - [29/Jul/2026:15:17:17 +0200] "GET /ops.php HTTP/1.1" 301 5688 "-" "-"
158.158.32.229 - - [29/Jul/2026:15:17:18 +0200] "GET /ops.php HTTP/1.1" 404 89434 "-" "-"
158.158.32.229 - - [29/Jul/2026:15:17:20 +0200] "GET /mac.php HTTP/1.1" 301 5688 "-" "-"
158.158.32.229 - - [29/Jul/2026:15:17:20 +0200] "GET /mac.php HTTP/1.1" 404 89434 "-" "-"
158.158.32.229 - - [29/Jul/2026:15:17:21 +0200] "GET /wefile.php HTTP/1.1" 301 5691 "-" "-"
158.158.32.229 - - [29/Jul/2026:15:17:22 +0200] "GET /wefile.php HTTP/1.1" 404 89434 "-" "-"
158.158.32.229 - - [29/Jul/2026:15:17:23 +0200] "GET /.well-known/about.php HTTP/1.1" 301 5702 "-" "-"
158.158.32.229 - - [29/Jul/2026:15:17:24 +0200] "GET /.well-known/about.php HTTP/1.1" 404 89434 "-" "-"
158.158.32.229 - - [29/Jul/2026:15:17:25 +0200] "GET /wp-includes/ID3/about.php HTTP/1.1" 301 5706 "-" "-"
158.158.32.229 - - [29/Jul/2026:15:17:27 +0200] "GET /wp-admin/css/ HTTP/1.1" 403 6292 "-" "-"
158.158.32.229 - - [29/Jul/2026:15:17:27 +0200] "GET /wp-admin/css/colors/modern/ HTTP/1.1" 403 6292 "-" "-"
158.158.32.229 - - [29/Jul/2026:15:17:26 +0200] "GET /wp-includes/ID3/about.php HTTP/1.1" 404 89435 "-" "-"
158.158.32.229 - - [29/Jul/2026:15:17:27 +0200] "GET /pucci.php HTTP/1.1" 301 5690 "-" "-"
158.158.32.229 - - [29/Jul/2026:15:17:28 +0200] "GET /pucci.php HTTP/1.1" 404 89434 "-" "-"
158.158.32.229 - - [29/Jul/2026:15:17:29 +0200] "GET /wp-includes/blocks/audio/ HTTP/1.1" 403 6292 "-" "-"
158.158.32.229 - - [29/Jul/2026:15:17:29 +0200] "GET /wp-temp.php HTTP/1.1" 301 5692 "-" "-"
158.158.32.229 - - [29/Jul/2026:15:17:29 +0200] "GET /wp-temp.php HTTP/1.1" 404 89434 "-" "-"
158.158.32.229 - - [29/Jul/2026:15:17:31 +0200] "GET /xmu.php HTTP/1.1" 301 5688 "-" "-"
158.158.32.229 - - [29/Jul/2026:15:17:31 +0200] "GET /xmu.php HTTP/1.1" 404 89434 "-" "-"
158.158.32.229 - - [29/Jul/2026:15:17:32 +0200] "GET //wp-admin/js/index.php HTTP/1.1" 301 5693 "-" "-"
158.158.32.229 - - [29/Jul/2026:15:17:33 +0200] "GET /js/index.php HTTP/1.1" 301 5676 "-" "-"
158.158.32.229 - - [29/Jul/2026:15:17:33 +0200] "GET /js/ HTTP/1.1" 404 89434 "-" "-"
158.158.32.229 - - [29/Jul/2026:15:17:35 +0200] "GET /8.php HTTP/1.1" 301 5686 "-" "-"
158.158.32.229 - - [29/Jul/2026:15:17:35 +0200] "GET /8.php HTTP/1.1" 404 89434 "-" "-"
158.158.32.229 - - [29/Jul/2026:15:17:36 +0200] "GET /1.php HTTP/1.1" 301 5686 "-" "-"
158.158.32.229 - - [29/Jul/2026:15:17:37 +0200] "GET /1.php HTTP/1.1" 404 89434 "-" "-"
158.158.32.229 - - [29/Jul/2026:15:17:38 +0200] "GET /wp-content/admin.php HTTP/1.1" 301 5693 "-" "-"
158.158.32.229 - - [29/Jul/2026:15:17:38 +0200] "GET /wp-content/admin.php HTTP/1.1" 404 89434 "-" "-"
158.158.32.229 - - [29/Jul/2026:15:17:40 +0200] "GET //f6.php HTTP/1.1" 301 5687 "-" "-"
158.158.32.229 - - [29/Jul/2026:15:17:40 +0200] "GET /f6.php HTTP/1.1" 404 89434 "-" "-"
158.158.32.229 - - [29/Jul/2026:15:17:41 +0200] "GET /wp-content/themes/index.php HTTP/1.1" 200 5434 "-" "-"
158.158.32.229 - - [29/Jul/2026:15:17:42 +0200] "GET /ms-edit.php HTTP/1.1" 301 5692 "-" "-"
158.158.32.229 - - [29/Jul/2026:15:17:42 +0200] "GET /ms-edit.php HTTP/1.1" 404 89434 "-" "-"
158.158.32.229 - - [29/Jul/2026:15:17:44 +0200] "GET /222.php HTTP/1.1" 301 5688 "-" "-"
158.158.32.229 - - [29/Jul/2026:15:17:44 +0200] "GET /222.php HTTP/1.1" 404 89434 "-" "-"
158.158.32.229 - - [29/Jul/2026:15:17:46 +0200] "GET //cgi-bin/index.php HTTP/1.1" 404 6305 "-" "-"
158.158.32.229 - - [29/Jul/2026:15:17:46 +0200] "GET //wp-includes/css/dist/ HTTP/1.1" 403 6292 "-" "-"
158.158.32.229 - - [29/Jul/2026:15:17:46 +0200] "GET //wp-includes/l10n/ HTTP/1.1" 403 6292 "-" "-"
158.158.32.229 - - [29/Jul/2026:15:17:46 +0200] "GET /wp-content/uploads/ HTTP/1.1" 403 6292 "-" "-"
158.158.32.229 - - [29/Jul/2026:15:17:46 +0200] "GET /raw.php HTTP/1.1" 301 5688 "-" "-"
158.158.32.229 - - [29/Jul/2026:15:17:47 +0200] "GET /raw.php HTTP/1.1" 404 89419 "-" "-"
158.158.32.229 - - [29/Jul/2026:15:17:49 +0200] "GET //a1.php HTTP/1.1" 301 5687 "-" "-"
158.158.32.229 - - [29/Jul/2026:15:17:49 +0200] "GET /a1.php HTTP/1.1" 404 89434 "-" "-"
158.158.32.229 - - [29/Jul/2026:15:17:50 +0200] "GET /wp-includes/Text/Diff/Engine/about.php HTTP/1.1" 301 5719 "-" "-"
158.158.32.229 - - [29/Jul/2026:15:17:51 +0200] "GET /wp-includes/Text/Diff/Engine/about.php HTTP/1.1" 404 89435 "-" "-"
158.158.32.229 - - [29/Jul/2026:15:17:52 +0200] "GET //cgi-bin/admin.php HTTP/1.1" 404 6305 "-" "-"
158.158.32.229 - - [29/Jul/2026:15:17:52 +0200] "GET //wp-content/BypassBest.php HTTP/1.1" 301 5698 "-" "-"
158.158.32.229 - - [29/Jul/2026:15:17:53 +0200] "GET /wp-content/BypassBest.php HTTP/1.1" 404 89434 "-" "-"
158.158.32.229 - - [29/Jul/2026:15:17:54 +0200] "GET /wp-content/ HTTP/1.1" 200 5434 "-" "-"
158.158.32.229 - - [29/Jul/2026:15:17:54 +0200] "GET /simple.php HTTP/1.1" 301 5691 "-" "-"
158.158.32.229 - - [29/Jul/2026:15:17:55 +0200] "GET /simple.php HTTP/1.1" 404 89434 "-" "-"
158.158.32.229 - - [29/Jul/2026:15:17:57 +0200] "GET /xxx.php HTTP/1.1" 301 5688 "-" "-"
158.158.32.229 - - [29/Jul/2026:15:17:57 +0200] "GET /xxx.php HTTP/1.1" 404 89434 "-" "-"
158.158.32.229 - - [29/Jul/2026:15:17:58 +0200] "GET /wp-admin/css/colors/blue/ HTTP/1.1" 403 6292 "-" "-"
158.158.32.229 - - [29/Jul/2026:15:17:58 +0200] "GET //wp-includes/block-bindings/ HTTP/1.1" 403 6292 "-" "-"
158.158.32.229 - - [29/Jul/2026:15:17:59 +0200] "GET /file.php? HTTP/1.1" 301 5689 "-" "-"
158.158.32.229 - - [29/Jul/2026:15:17:59 +0200] "GET /file.php HTTP/1.1" 404 89434 "-" "-"
158.158.32.229 - - [29/Jul/2026:15:18:00 +0200] "GET /aa2.php HTTP/1.1" 301 5688 "-" "-"
158.158.32.229 - - [29/Jul/2026:15:18:01 +0200] "GET /aa2.php HTTP/1.1" 404 89434 "-" "-"
158.158.32.229 - - [29/Jul/2026:15:18:02 +0200] "GET /ccou.php HTTP/1.1" 301 5689 "-" "-"
158.158.32.229 - - [29/Jul/2026:15:18:02 +0200] "GET /ccou.php HTTP/1.1" 404 89434 "-" "-"
158.158.32.229 - - [29/Jul/2026:15:18:04 +0200] "GET /dr.php HTTP/1.1" 301 5687 "-" "-"
158.158.32.229 - - [29/Jul/2026:15:18:04 +0200] "GET /dr.php HTTP/1.1" 404 89434 "-" "-"
158.158.32.229 - - [29/Jul/2026:15:18:06 +0200] "GET /f35.php HTTP/1.1" 301 5688 "-" "-"
158.158.32.229 - - [29/Jul/2026:15:18:07 +0200] "GET /f35.php HTTP/1.1" 404 89434 "-" "-"
158.158.32.229 - - [29/Jul/2026:15:18:08 +0200] "GET /wp-load.php HTTP/1.1" 200 5434 "-" "-"
158.158.32.229 - - [29/Jul/2026:15:18:09 +0200] "GET //wp-includes/assets/ HTTP/1.1" 403 6292 "-" "-"
158.158.32.229 - - [29/Jul/2026:15:18:09 +0200] "GET /wp-admin/css/colors/sunrise/ HTTP/1.1" 403 6292 "-" "-"
158.158.32.229 - - [29/Jul/2026:15:18:09 +0200] "GET /wp-admin/css/colors/midnight/about.php HTTP/1.1" 301 5719 "-" "-"
84.246.212.44 - - [29/Jul/2026:15:18:11 +0200] "POST /wp-cron.php?doing_wp_cron=1785331091.1952381134033203125000 HTTP/1.1" 200 5527 "-" "WordPress/6.9; https://www.canterasdemuro.es"
158.158.32.229 - - [29/Jul/2026:15:18:09 +0200] "GET /wp-admin/css/colors/midnight/about.php HTTP/1.1" 404 89435 "-" "-"
158.158.32.229 - - [29/Jul/2026:15:18:11 +0200] "GET /wp-links.php HTTP/1.1" 301 5693 "-" "-"
158.158.32.229 - - [29/Jul/2026:15:18:11 +0200] "GET /wp-links.php HTTP/1.1" 404 89434 "-" "-"
84.246.212.44 - - [29/Jul/2026:15:18:13 +0200] "POST /wp-cron.php?doing_wp_cron=1785331093.4145259857177734375000 HTTP/1.1" 200 5527 "-" "WordPress/6.9; https://www.canterasdemuro.es"
158.158.32.229 - - [29/Jul/2026:15:18:13 +0200] "GET /2P.update.php HTTP/1.1" 301 5694 "-" "-"
84.246.212.44 - - [29/Jul/2026:15:18:13 +0200] "POST /wp-admin/admin-ajax.php?action=async_litespeed&nonce=pLrzSDv4LWKHTkHX29ws15zayQYJgFI4&litespeed_type=imgoptm HTTP/1.1" 200 5782 "-" "WordPress/6.9; https://www.canterasdemuro.es"
158.158.32.229 - - [29/Jul/2026:15:18:13 +0200] "GET /2P.update.php HTTP/1.1" 404 89434 "-" "-"
158.158.32.229 - - [29/Jul/2026:15:18:15 +0200] "GET /a.php HTTP/1.1" 301 5686 "-" "-"
158.158.32.229 - - [29/Jul/2026:15:18:15 +0200] "GET /a.php HTTP/1.1" 404 89434 "-" "-"
84.246.212.44 - - [29/Jul/2026:15:18:17 +0200] "POST /wp-cron.php?doing_wp_cron=1785331097.0965349674224853515625 HTTP/1.1" 200 5527 "-" "WordPress/6.9; https://www.canterasdemuro.es"
158.158.32.229 - - [29/Jul/2026:15:18:16 +0200] "GET /k.php HTTP/1.1" 301 5686 "-" "-"
158.158.32.229 - - [29/Jul/2026:15:18:17 +0200] "GET /k.php HTTP/1.1" 404 89434 "-" "-"
158.158.32.229 - - [29/Jul/2026:15:18:18 +0200] "GET /w.php HTTP/1.1" 301 5686 "-" "-"
158.158.32.229 - - [29/Jul/2026:15:18:18 +0200] "GET /w.php HTTP/1.1" 404 89434 "-" "-"
158.158.32.229 - - [29/Jul/2026:15:18:19 +0200] "GET /insc.php HTTP/1.1" 301 5689 "-" "-"
158.158.32.229 - - [29/Jul/2026:15:18:19 +0200] "GET /insc.php HTTP/1.1" 404 89434 "-" "-"
158.158.32.229 - - [29/Jul/2026:15:18:22 +0200] "GET /4PJcpMFsD8B.php HTTP/1.1" 301 5696 "-" "-"
158.158.32.229 - - [29/Jul/2026:15:18:22 +0200] "GET /4PJcpMFsD8B.php HTTP/1.1" 404 89434 "-" "-"
158.158.32.229 - - [29/Jul/2026:15:18:23 +0200] "GET /sss.php?p= HTTP/1.1" 301 5691 "-" "-"
158.158.32.229 - - [29/Jul/2026:15:18:24 +0200] "GET /sss.php?p= HTTP/1.1" 301 5680 "-" "-"
158.158.32.229 - - [29/Jul/2026:15:18:24 +0200] "GET /sss.php HTTP/1.1" 404 89434 "-" "-"
158.158.32.229 - - [29/Jul/2026:15:18:26 +0200] "GET //aa.php HTTP/1.1" 301 5687 "-" "-"
158.158.32.229 - - [29/Jul/2026:15:18:26 +0200] "GET /aa.php HTTP/1.1" 404 89434 "-" "-"
158.158.32.229 - - [29/Jul/2026:15:18:27 +0200] "GET /177.php HTTP/1.1" 301 5688 "-" "-"
158.158.32.229 - - [29/Jul/2026:15:18:28 +0200] "GET /177.php HTTP/1.1" 404 89434 "-" "-"
158.158.32.229 - - [29/Jul/2026:15:18:29 +0200] "GET /hur.php HTTP/1.1" 301 5688 "-" "-"
158.158.32.229 - - [29/Jul/2026:15:18:29 +0200] "GET /hur.php HTTP/1.1" 404 89434 "-" "-"
158.158.32.229 - - [29/Jul/2026:15:18:30 +0200] "GET /coffexium.php HTTP/1.1" 301 5694 "-" "-"
158.158.32.229 - - [29/Jul/2026:15:18:31 +0200] "GET /coffexium.php HTTP/1.1" 404 89419 "-" "-"
158.158.32.229 - - [29/Jul/2026:15:18:32 +0200] "GET /0.php HTTP/1.1" 301 5686 "-" "-"
158.158.32.229 - - [29/Jul/2026:15:18:32 +0200] "GET /0.php HTTP/1.1" 404 89434 "-" "-"
158.158.32.229 - - [29/Jul/2026:15:18:34 +0200] "GET /BDKR28.php HTTP/1.1" 301 5691 "-" "-"
158.158.32.229 - - [29/Jul/2026:15:18:34 +0200] "GET /BDKR28.php HTTP/1.1" 404 89434 "-" "-"
158.158.32.229 - - [29/Jul/2026:15:18:35 +0200] "GET /f35.update.php HTTP/1.1" 301 5695 "-" "-"
158.158.32.229 - - [29/Jul/2026:15:18:35 +0200] "GET /f35.update.php HTTP/1.1" 404 89434 "-" "-"
158.158.32.229 - - [29/Jul/2026:15:18:36 +0200] "GET /f900.php HTTP/1.1" 301 5689 "-" "-"
158.158.32.229 - - [29/Jul/2026:15:18:37 +0200] "GET /f900.php HTTP/1.1" 404 89434 "-" "-"
158.158.32.229 - - [29/Jul/2026:15:18:38 +0200] "GET /xmrl.php HTTP/1.1" 301 5689 "-" "-"
158.158.32.229 - - [29/Jul/2026:15:18:38 +0200] "GET /xmrl.php HTTP/1.1" 404 89434 "-" "-"
158.158.32.229 - - [29/Jul/2026:15:18:40 +0200] "GET /memberfuns.php HTTP/1.1" 301 5695 "-" "-"
158.158.32.229 - - [29/Jul/2026:15:18:41 +0200] "GET /memberfuns.php HTTP/1.1" 404 89434 "-" "-"
158.158.32.229 - - [29/Jul/2026:15:18:42 +0200] "GET /ms.php HTTP/1.1" 301 5687 "-" "-"
158.158.32.229 - - [29/Jul/2026:15:18:42 +0200] "GET /ms.php HTTP/1.1" 404 89434 "-" "-"
158.158.32.229 - - [29/Jul/2026:15:18:43 +0200] "GET /zz.php?p= HTTP/1.1" 301 5690 "-" "-"
158.158.32.229 - - [29/Jul/2026:15:18:44 +0200] "GET /zz.php?p= HTTP/1.1" 301 5679 "-" "-"
158.158.32.229 - - [29/Jul/2026:15:18:44 +0200] "GET /zz.php HTTP/1.1" 404 89434 "-" "-"
158.158.32.229 - - [29/Jul/2026:15:18:45 +0200] "GET /for.php HTTP/1.1" 301 5688 "-" "-"
158.158.32.229 - - [29/Jul/2026:15:18:45 +0200] "GET /for.php HTTP/1.1" 404 89434 "-" "-"
158.158.32.229 - - [29/Jul/2026:15:18:46 +0200] "GET /yup.php HTTP/1.1" 301 5688 "-" "-"
158.158.32.229 - - [29/Jul/2026:15:18:47 +0200] "GET /yup.php HTTP/1.1" 404 89434 "-" "-"
158.158.32.229 - - [29/Jul/2026:15:18:48 +0200] "GET /fffm.php?p= HTTP/1.1" 301 5692 "-" "-"
158.158.32.229 - - [29/Jul/2026:15:18:48 +0200] "GET /fffm.php?p= HTTP/1.1" 301 5681 "-" "-"
158.158.32.229 - - [29/Jul/2026:15:18:49 +0200] "GET /fffm.php HTTP/1.1" 404 89434 "-" "-"
158.158.32.229 - - [29/Jul/2026:15:18:50 +0200] "GET /gecko.php HTTP/1.1" 301 5690 "-" "-"
158.158.32.229 - - [29/Jul/2026:15:18:50 +0200] "GET /gecko.php HTTP/1.1" 404 89434 "-" "-"
158.158.32.229 - - [29/Jul/2026:15:18:52 +0200] "GET //a1.php HTTP/1.1" 301 5687 "-" "-"
158.158.32.229 - - [29/Jul/2026:15:18:52 +0200] "GET /a1.php HTTP/1.1" 404 89434 "-" "-"
158.158.32.229 - - [29/Jul/2026:15:18:53 +0200] "GET /k2.php HTTP/1.1" 301 5687 "-" "-"
158.158.32.229 - - [29/Jul/2026:15:18:54 +0200] "GET /k2.php HTTP/1.1" 404 89434 "-" "-"
158.158.32.229 - - [29/Jul/2026:15:18:55 +0200] "GET /82.php HTTP/1.1" 301 5687 "-" "-"
158.158.32.229 - - [29/Jul/2026:15:18:56 +0200] "GET /82.php HTTP/1.1" 404 89434 "-" "-"
158.158.32.229 - - [29/Jul/2026:15:18:57 +0200] "GET /config.json.php HTTP/1.1" 301 5696 "-" "-"
158.158.32.229 - - [29/Jul/2026:15:18:58 +0200] "GET /config.json.php HTTP/1.1" 404 89434 "-" "-"
158.158.32.229 - - [29/Jul/2026:15:18:59 +0200] "GET /fpwch.php HTTP/1.1" 301 5690 "-" "-"
158.158.32.229 - - [29/Jul/2026:15:18:59 +0200] "GET /fpwch.php HTTP/1.1" 404 89419 "-" "-"
84.246.212.44 - - [29/Jul/2026:15:19:25 +0200] "POST /wp-cron.php?doing_wp_cron=1785331165.3733739852905273437500 HTTP/1.1" 200 5527 "-" "WordPress/6.9; https://www.canterasdemuro.es"
158.158.32.229 - - [29/Jul/2026:15:19:24 +0200] "GET /xstelth.php HTTP/1.1" 301 5692 "-" "-"
84.246.212.44 - - [29/Jul/2026:15:19:26 +0200] "POST /wp-admin/admin-ajax.php?action=async_litespeed&nonce=7msGtp1Fi5xpOvoMciC6oEiFbRWy7l22&litespeed_type=imgoptm HTTP/1.1" 200 5782 "-" "WordPress/6.9; https://www.canterasdemuro.es"
158.158.32.229 - - [29/Jul/2026:15:19:26 +0200] "GET /xstelth.php HTTP/1.1" 404 89434 "-" "-"
158.158.32.229 - - [29/Jul/2026:15:19:27 +0200] "GET /xp.php HTTP/1.1" 301 5687 "-" "-"
158.158.32.229 - - [29/Jul/2026:15:19:28 +0200] "GET /xp.php HTTP/1.1" 404 89434 "-" "-"
158.158.32.229 - - [29/Jul/2026:15:19:29 +0200] "GET /nwflm.php HTTP/1.1" 301 5690 "-" "-"
158.158.32.229 - - [29/Jul/2026:15:19:29 +0200] "GET /nwflm.php HTTP/1.1" 404 89434 "-" "-"
158.158.32.229 - - [29/Jul/2026:15:19:30 +0200] "GET /reop3.php?p= HTTP/1.1" 301 5693 "-" "-"
158.158.32.229 - - [29/Jul/2026:15:19:31 +0200] "GET /reop3.php?p= HTTP/1.1" 301 5682 "-" "-"
158.158.32.229 - - [29/Jul/2026:15:19:31 +0200] "GET /reop3.php HTTP/1.1" 404 89434 "-" "-"
158.158.32.229 - - [29/Jul/2026:15:19:33 +0200] "GET /green.php HTTP/1.1" 301 5690 "-" "-"
158.158.32.229 - - [29/Jul/2026:15:19:33 +0200] "GET /green.php HTTP/1.1" 404 89434 "-" "-"
158.158.32.229 - - [29/Jul/2026:15:19:35 +0200] "GET /zildan.php HTTP/1.1" 301 5691 "-" "-"
158.158.32.229 - - [29/Jul/2026:15:19:36 +0200] "GET /zildan.php HTTP/1.1" 404 89434 "-" "-"
158.158.32.229 - - [29/Jul/2026:15:19:37 +0200] "GET /111.php HTTP/1.1" 301 5688 "-" "-"
158.158.32.229 - - [29/Jul/2026:15:19:37 +0200] "GET /111.php HTTP/1.1" 404 89434 "-" "-"
158.158.32.229 - - [29/Jul/2026:15:19:38 +0200] "GET /kir.php HTTP/1.1" 301 5688 "-" "-"
158.158.32.229 - - [29/Jul/2026:15:19:39 +0200] "GET /kir.php HTTP/1.1" 404 89434 "-" "-"
158.158.32.229 - - [29/Jul/2026:15:19:40 +0200] "GET //wp-includes/Requests/ HTTP/1.1" 403 6292 "-" "-"
158.158.32.229 - - [29/Jul/2026:15:19:41 +0200] "GET /002.php?p= HTTP/1.1" 301 5691 "-" "-"
158.158.32.229 - - [29/Jul/2026:15:19:41 +0200] "GET /002.php?p= HTTP/1.1" 301 5680 "-" "-"
158.158.32.229 - - [29/Jul/2026:15:19:41 +0200] "GET /002.php HTTP/1.1" 404 89434 "-" "-"
158.158.32.229 - - [29/Jul/2026:15:19:43 +0200] "GET //wp.php? HTTP/1.1" 301 5687 "-" "-"
158.158.32.229 - - [29/Jul/2026:15:19:43 +0200] "GET /wp.php HTTP/1.1" 404 89434 "-" "-"
158.158.32.229 - - [29/Jul/2026:15:19:46 +0200] "GET /edit.php HTTP/1.1" 301 5689 "-" "-"
158.158.32.229 - - [29/Jul/2026:15:19:47 +0200] "GET /edit.php HTTP/1.1" 404 89434 "-" "-"
158.158.32.229 - - [29/Jul/2026:15:19:48 +0200] "GET /dex.php HTTP/1.1" 301 5688 "-" "-"
158.158.32.229 - - [29/Jul/2026:15:19:48 +0200] "GET /dex.php HTTP/1.1" 404 89434 "-" "-"
158.158.32.229 - - [29/Jul/2026:15:19:50 +0200] "GET /v2.php HTTP/1.1" 301 5687 "-" "-"
158.158.32.229 - - [29/Jul/2026:15:19:50 +0200] "GET /v2.php HTTP/1.1" 404 89434 "-" "-"
158.158.32.229 - - [29/Jul/2026:15:19:52 +0200] "GET /biufile.php HTTP/1.1" 301 5692 "-" "-"
158.158.32.229 - - [29/Jul/2026:15:19:52 +0200] "GET /biufile.php HTTP/1.1" 404 89434 "-" "-"
158.158.32.229 - - [29/Jul/2026:15:19:54 +0200] "GET /inputs.php? HTTP/1.1" 301 5691 "-" "-"
158.158.32.229 - - [29/Jul/2026:15:19:54 +0200] "GET /inputs.php HTTP/1.1" 404 89434 "-" "-"
158.158.32.229 - - [29/Jul/2026:15:19:56 +0200] "GET /inputs.php HTTP/1.1" 301 5691 "-" "-"
158.158.32.229 - - [29/Jul/2026:15:19:56 +0200] "GET /inputs.php HTTP/1.1" 404 89434 "-" "-"
158.158.32.229 - - [29/Jul/2026:15:19:57 +0200] "GET //adminfuns.php HTTP/1.1" 301 5694 "-" "-"
158.158.32.229 - - [29/Jul/2026:15:19:58 +0200] "GET /adminfuns.php HTTP/1.1" 404 89434 "-" "-"
158.158.32.229 - - [29/Jul/2026:15:19:59 +0200] "GET /goods.php HTTP/1.1" 301 5690 "-" "-"
158.158.32.229 - - [29/Jul/2026:15:20:00 +0200] "GET /goods.php HTTP/1.1" 404 89434 "-" "-"
158.158.32.229 - - [29/Jul/2026:15:20:00 +0200] "GET /about.php? HTTP/1.1" 301 5690 "-" "-"
158.158.32.229 - - [29/Jul/2026:15:20:01 +0200] "GET /about.php HTTP/1.1" 404 89434 "-" "-"
158.158.32.229 - - [29/Jul/2026:15:20:02 +0200] "GET /about.php HTTP/1.1" 301 5690 "-" "-"
158.158.32.229 - - [29/Jul/2026:15:20:02 +0200] "GET /about.php HTTP/1.1" 404 89434 "-" "-"
158.158.32.229 - - [29/Jul/2026:15:20:06 +0200] "GET /admin.php HTTP/1.1" 301 5690 "-" "-"
158.158.32.229 - - [29/Jul/2026:15:20:06 +0200] "GET /admin.php HTTP/1.1" 404 89434 "-" "-"
84.246.212.44 - - [29/Jul/2026:15:20:08 +0200] "POST /wp-cron.php?doing_wp_cron=1785331208.7203290462493896484375 HTTP/1.1" 200 5527 "-" "WordPress/6.9; https://www.canterasdemuro.es"
158.158.32.229 - - [29/Jul/2026:15:20:08 +0200] "GET /admin.php? HTTP/1.1" 301 5690 "-" "-"
158.158.32.229 - - [29/Jul/2026:15:20:08 +0200] "GET /admin.php HTTP/1.1" 404 89434 "-" "-"
158.158.32.229 - - [29/Jul/2026:15:20:10 +0200] "GET //themes.php HTTP/1.1" 301 5691 "-" "-"
84.246.212.44 - - [29/Jul/2026:15:20:11 +0200] "POST /wp-cron.php?doing_wp_cron=1785331211.7096190452575683593750 HTTP/1.1" 200 5527 "-" "WordPress/6.9; https://www.canterasdemuro.es"
158.158.32.229 - - [29/Jul/2026:15:20:10 +0200] "GET /themes.php HTTP/1.1" 404 89434 "-" "-"
158.158.32.229 - - [29/Jul/2026:15:20:11 +0200] "GET /chosen.php? HTTP/1.1" 301 5691 "-" "-"
84.246.212.44 - - [29/Jul/2026:15:20:13 +0200] "POST /wp-cron.php?doing_wp_cron=1785331213.6082389354705810546875 HTTP/1.1" 200 5527 "-" "WordPress/6.9; https://www.canterasdemuro.es"
158.158.32.229 - - [29/Jul/2026:15:20:12 +0200] "GET /chosen.php HTTP/1.1" 404 89434 "-" "-"
84.246.212.44 - - [29/Jul/2026:15:20:14 +0200] "POST /wp-admin/admin-ajax.php?action=async_litespeed&nonce=RGWxRXWSdZFCheYcsmtzqZSmVal64TFi&litespeed_type=imgoptm HTTP/1.1" 200 5782 "-" "WordPress/6.9; https://www.canterasdemuro.es"
158.158.32.229 - - [29/Jul/2026:15:20:14 +0200] "GET /hypo.php HTTP/1.1" 301 5689 "-" "-"
158.158.32.229 - - [29/Jul/2026:15:20:14 +0200] "GET /hypo.php HTTP/1.1" 404 89434 "-" "-"
84.246.212.44 - - [29/Jul/2026:15:23:03 +0200] "POST /wp-cron.php?doing_wp_cron=1785331383.6217830181121826171875 HTTP/1.1" 200 5527 "-" "WordPress/6.9; https://www.canterasdemuro.es"
45.205.1.124 - - [29/Jul/2026:15:23:03 +0200] "GET /bitrix/css/main/themes/0x1.php HTTP/1.1" 301 5711 "-" "ALittle Client"
84.246.212.44 - - [29/Jul/2026:15:23:04 +0200] "POST /wp-admin/admin-ajax.php?action=async_litespeed&nonce=OLe6dosrMt2AysInKtbOclxrVFHLnDAX&litespeed_type=imgoptm HTTP/1.1" 200 5782 "-" "WordPress/6.9; https://www.canterasdemuro.es"
84.246.212.44 - - [29/Jul/2026:15:23:52 +0200] "POST /wp-cron.php?doing_wp_cron=1785331432.5590019226074218750000 HTTP/1.1" 200 5527 "-" "WordPress/6.9; https://www.canterasdemuro.es"
45.205.1.124 - - [29/Jul/2026:15:23:51 +0200] "GET /bitrix/css/main/themes/0x1.php HTTP/1.1" 404 89435 "-" "ALittle Client"
84.246.212.44 - - [29/Jul/2026:15:23:53 +0200] "POST /wp-admin/admin-ajax.php?action=async_litespeed&nonce=c5WRy0gNyJftWQtyBi61oy1BYScxsZOb&litespeed_type=imgoptm HTTP/1.1" 200 5782 "-" "WordPress/6.9; https://www.canterasdemuro.es"
84.246.212.44 - - [29/Jul/2026:15:27:33 +0200] "POST /wp-cron.php?doing_wp_cron=1785331653.0529310703277587890625 HTTP/1.1" 200 5527 "-" "WordPress/6.9; https://www.canterasdemuro.es"
192.250.232.141 - - [29/Jul/2026:15:27:32 +0200] "POST /xmlrpc.php HTTP/1.1" 200 5891 "-" "Mozilla/5.0 (Windows NT 10.0; Win64; x64) AppleWebKit/537.43 (KHTML, like Gecko) Chrome/135.0.0.0 Safari/537.36 OPR/120.0.0.0"
84.246.212.44 - - [29/Jul/2026:15:27:33 +0200] "POST /wp-admin/admin-ajax.php?action=async_litespeed&nonce=hsW2rvRHf9Ei82mYSwDBCEqkIGK9ZgY4&litespeed_type=imgoptm HTTP/1.1" 200 5782 "-" "WordPress/6.9; https://www.canterasdemuro.es"
80.94.92.167 - - [29/Jul/2026:15:34:57 +0200] "GET /.svn/wc.db HTTP/1.1" 403 6292 "-" "Mozilla/5.0 (iPhone; CPU iPhone OS 13_5_1 like Mac OS X) AppleWebKit/605.1.15 (KHTML, like Gecko) Version/13.1.1 Mobile/15E148 Safari/604.1"
84.246.212.44 - - [29/Jul/2026:15:49:44 +0200] "POST /wp-cron.php?doing_wp_cron=1785332984.5529720783233642578125 HTTP/1.1" 200 5527 "-" "WordPress/6.9; https://www.canterasdemuro.es"
123.160.223.75 - - [29/Jul/2026:15:49:43 +0200] "GET / HTTP/1.1" 301 5569 "http://canterasdemuro.es" "Mozilla/5.0 (Macintosh; Intel Mac OS X 10_15_7) AppleWebKit/537.36 (KHTML, like Gecko) Chrome/120.0.0.0 Safari/537.36"
123.160.223.72 - - [29/Jul/2026:15:49:44 +0200] "GET / HTTP/1.1" 200 100564 "http://www.canterasdemuro.es" "Mozilla/5.0 (Macintosh; Intel Mac OS X 10_15_7) AppleWebKit/537.36 (KHTML, like Gecko) Chrome/120.0.0.0 Safari/537.36"
84.246.212.44 - - [29/Jul/2026:15:49:45 +0200] "POST /wp-admin/admin-ajax.php?action=async_litespeed&nonce=dsmAtZcAFBwnij4lOAqy4FAi3YtUbh65&litespeed_type=imgoptm HTTP/1.1" 200 5782 "-" "WordPress/6.9; https://www.canterasdemuro.es"
123.160.223.75 - - [29/Jul/2026:15:49:46 +0200] "GET / HTTP/1.1" 200 100542 "https://canterasdemuro.es/" "Mozilla/5.0 (Macintosh; Intel Mac OS X 10_15_7) AppleWebKit/537.36 (KHTML, like Gecko) Chrome/120.0.0.0 Safari/537.36"
47.254.76.66 - - [29/Jul/2026:15:49:54 +0200] "GET / HTTP/1.1" 301 5569 "-" "Mozilla/5.0 (Macintosh; Intel Mac OS X 10_15_7) AppleWebKit/537.36 (KHTML, like Gecko) Chrome/114.0.0.0 Safari/537.36"
208.68.93.231 - - [29/Jul/2026:15:49:56 +0200] "GET / HTTP/1.1" 200 100542 "-" "Mozilla/5.0 (Macintosh; Intel Mac OS X 10_15_7) AppleWebKit/537.36 (KHTML, like Gecko) Chrome/114.0.0.0 Safari/537.36"
208.68.93.231 - - [29/Jul/2026:15:50:02 +0200] "GET /wp-includes/js/jquery/jquery-migrate.min.js?ver=3.4.1 HTTP/1.1" 200 5524 "https://www.canterasdemuro.es/" "Mozilla/5.0 (Macintosh; Intel Mac OS X 10_15_7) AppleWebKit/537.36 (KHTML, like Gecko) Chrome/114.0.0.0 Safari/537.36"
208.68.93.231 - - [29/Jul/2026:15:50:02 +0200] "GET /wp-includes/js/jquery/jquery.min.js?ver=3.7.1 HTTP/1.1" 200 5516 "https://www.canterasdemuro.es/" "Mozilla/5.0 (Macintosh; Intel Mac OS X 10_15_7) AppleWebKit/537.36 (KHTML, like Gecko) Chrome/114.0.0.0 Safari/537.36"
123.160.223.75 - - [29/Jul/2026:15:50:02 +0200] "GET /wp-content/uploads/2024/06/FAVICON-1-CANTERAS-DE-MURO-150x150.png HTTP/1.1" 200 5533 "-" "Mozilla/5.0 (Macintosh; Intel Mac OS X 10_15_7) AppleWebKit/537.36 (KHTML, like Gecko) Chrome/120.0.0.0 Safari/537.36"
208.68.93.231 - - [29/Jul/2026:15:50:06 +0200] "GET /wp-content/themes/hello-elementor/assets/js/hello-frontend.min.js?ver=3.3.0 HTTP/1.1" 200 5546 "https://www.canterasdemuro.es/" "Mozilla/5.0 (Macintosh; Intel Mac OS X 10_15_7) AppleWebKit/537.36 (KHTML, like Gecko) Chrome/114.0.0.0 Safari/537.36"
208.68.93.231 - - [29/Jul/2026:15:50:07 +0200] "GET /wp-content/plugins/elementor-pro/assets/js/webpack-pro.runtime.min.js?ver=3.28.1 HTTP/1.1" 200 5550 "https://www.canterasdemuro.es/" "Mozilla/5.0 (Macintosh; Intel Mac OS X 10_15_7) AppleWebKit/537.36 (KHTML, like Gecko) Chrome/114.0.0.0 Safari/537.36"
208.68.93.231 - - [29/Jul/2026:15:50:07 +0200] "GET /wp-content/plugins/elementor-pro/assets/lib/smartmenus/jquery.smartmenus.min.js?ver=1.2.1 HTTP/1.1" 200 5560 "https://www.canterasdemuro.es/" "Mozilla/5.0 (Macintosh; Intel Mac OS X 10_15_7) AppleWebKit/537.36 (KHTML, like Gecko) Chrome/114.0.0.0 Safari/537.36"
208.68.93.231 - - [29/Jul/2026:15:50:07 +0200] "GET /wp-includes/js/dist/i18n.min.js?ver=c26c3dc7bed366793375 HTTP/1.1" 200 5512 "https://www.canterasdemuro.es/" "Mozilla/5.0 (Macintosh; Intel Mac OS X 10_15_7) AppleWebKit/537.36 (KHTML, like Gecko) Chrome/114.0.0.0 Safari/537.36"
208.68.93.231 - - [29/Jul/2026:15:50:07 +0200] "GET /wp-content/plugins/gdpr-cookie-compliance/dist/scripts/main.js?ver=4.16.1 HTTP/1.1" 200 5543 "https://www.canterasdemuro.es/" "Mozilla/5.0 (Macintosh; Intel Mac OS X 10_15_7) AppleWebKit/537.36 (KHTML, like Gecko) Chrome/114.0.0.0 Safari/537.36"
208.68.93.231 - - [29/Jul/2026:15:50:07 +0200] "GET /wp-content/plugins/elementor-pro/assets/js/frontend.min.js?ver=3.28.1 HTTP/1.1" 200 5539 "https://www.canterasdemuro.es/" "Mozilla/5.0 (Macintosh; Intel Mac OS X 10_15_7) AppleWebKit/537.36 (KHTML, like Gecko) Chrome/114.0.0.0 Safari/537.36"
208.68.93.231 - - [29/Jul/2026:15:50:07 +0200] "GET /wp-content/plugins/elementor/assets/js/frontend-modules.min.js?ver=3.28.1 HTTP/1.1" 200 5543 "https://www.canterasdemuro.es/" "Mozilla/5.0 (Macintosh; Intel Mac OS X 10_15_7) AppleWebKit/537.36 (KHTML, like Gecko) Chrome/114.0.0.0 Safari/537.36"
208.68.93.231 - - [29/Jul/2026:15:50:07 +0200] "GET /wp-content/plugins/elementor/assets/js/frontend.min.js?ver=3.28.1 HTTP/1.1" 200 5535 "https://www.canterasdemuro.es/" "Mozilla/5.0 (Macintosh; Intel Mac OS X 10_15_7) AppleWebKit/537.36 (KHTML, like Gecko) Chrome/114.0.0.0 Safari/537.36"
