84.246.212.44 - - [29/Jul/2026:06:58:18 +0200] "POST /wp-cron.php?doing_wp_cron=1785301098.2159171104431152343750 HTTP/1.1" 200 5527 "-" "WordPress/6.9; https://www.canterasdemuro.es"
203.122.45.246 - - [29/Jul/2026:06:58:17 +0200] "POST /xmlrpc.php HTTP/1.1" 200 5891 "-" "Jetpack/12.0; WordPress/6.2; http://site17453620.com"
84.246.212.44 - - [29/Jul/2026:06:58:18 +0200] "POST /wp-admin/admin-ajax.php?action=async_litespeed&nonce=hQDPUPkawzljDEdw1SvW60ElgsSFRyta&litespeed_type=imgoptm HTTP/1.1" 200 5782 "-" "WordPress/6.9; https://www.canterasdemuro.es"
203.122.45.246 - - [29/Jul/2026:06:58:28 +0200] "POST /xmlrpc.php HTTP/1.1" 403 6292 "-" "WordPress.com; https://wordpress.com"
203.122.45.246 - - [29/Jul/2026:06:58:38 +0200] "POST /xmlrpc.php HTTP/1.1" 200 5891 "-" "Jetpack by WordPress.com (Jetpack 13.0; WordPress 6.1)"
203.122.45.246 - - [29/Jul/2026:06:58:49 +0200] "POST /xmlrpc.php HTTP/1.1" 200 5891 "-" "Jetpack/12.5; WordPress/6.3; http://site88579787.com"
203.122.45.246 - - [29/Jul/2026:06:58:59 +0200] "POST /xmlrpc.php HTTP/1.1" 403 6292 "-" "WordPress.com; https://wordpress.com"
203.122.45.246 - - [29/Jul/2026:06:59:10 +0200] "POST /xmlrpc.php HTTP/1.1" 403 6292 "-" "Jetpack by WordPress.com"
84.246.212.44 - - [29/Jul/2026:07:09:13 +0200] "POST /wp-cron.php?doing_wp_cron=1785301753.4680700302124023437500 HTTP/1.1" 200 5527 "-" "WordPress/6.9; https://www.canterasdemuro.es"
203.122.45.246 - - [29/Jul/2026:07:09:13 +0200] "POST /xmlrpc.php HTTP/1.1" 200 5891 "-" "WordPress.com; https://wordpress.com"
84.246.212.44 - - [29/Jul/2026:07:09:14 +0200] "POST /wp-admin/admin-ajax.php?action=async_litespeed&nonce=H27iXnm7tLfkIL3LZoZBXuyj4LX7Y7Ch&litespeed_type=imgoptm HTTP/1.1" 200 5782 "-" "WordPress/6.9; https://www.canterasdemuro.es"
84.246.212.44 - - [29/Jul/2026:07:09:21 +0200] "POST /wp-cron.php?doing_wp_cron=1785301761.6129090785980224609375 HTTP/1.1" 200 5527 "-" "WordPress/6.9; https://www.canterasdemuro.es"
203.122.45.246 - - [29/Jul/2026:07:09:21 +0200] "POST /xmlrpc.php HTTP/1.1" 200 5891 "-" "Jetpack by WordPress.com"
203.122.45.246 - - [29/Jul/2026:07:09:31 +0200] "POST /xmlrpc.php HTTP/1.1" 200 5891 "-" "Jetpack by WordPress.com (Jetpack 13.0; WordPress 6.3)"
203.122.45.246 - - [29/Jul/2026:07:09:42 +0200] "POST /xmlrpc.php HTTP/1.1" 200 5891 "-" "Jetpack by WordPress.com"
203.122.45.246 - - [29/Jul/2026:07:09:52 +0200] "POST /xmlrpc.php HTTP/1.1" 200 5891 "-" "Jetpack/12.1; WordPress/6.3; http://site49105462.com"
203.122.45.246 - - [29/Jul/2026:07:10:03 +0200] "POST /xmlrpc.php HTTP/1.1" 200 5891 "-" "WordPress.com; https://wordpress.com"
84.246.212.44 - - [29/Jul/2026:07:10:14 +0200] "POST /wp-cron.php?doing_wp_cron=1785301814.2069048881530761718750 HTTP/1.1" 200 5527 "-" "WordPress/6.9; https://www.canterasdemuro.es"
203.122.45.246 - - [29/Jul/2026:07:10:13 +0200] "POST /xmlrpc.php HTTP/1.1" 200 5891 "-" "Jetpack/12.0; WordPress/6.4; http://site41188871.com"
84.246.212.44 - - [29/Jul/2026:07:10:14 +0200] "POST /wp-admin/admin-ajax.php?action=async_litespeed&nonce=BUG55VZbTCN2URjebBFUHk1HduDgywHH&litespeed_type=imgoptm HTTP/1.1" 200 5782 "-" "WordPress/6.9; https://www.canterasdemuro.es"
84.246.212.44 - - [29/Jul/2026:07:10:24 +0200] "POST /wp-cron.php?doing_wp_cron=1785301824.6999280452728271484375 HTTP/1.1" 200 5527 "-" "WordPress/6.9; https://www.canterasdemuro.es"
203.122.45.246 - - [29/Jul/2026:07:10:24 +0200] "POST /xmlrpc.php HTTP/1.1" 200 5891 "-" "Jetpack by WordPress.com (Jetpack 12.1; WordPress 6.4)"
203.122.45.246 - - [29/Jul/2026:07:10:34 +0200] "POST /xmlrpc.php HTTP/1.1" 200 5891 "-" "Jetpack by WordPress.com (Jetpack 12.5; WordPress 6.4)"
203.122.45.246 - - [29/Jul/2026:07:10:45 +0200] "POST /xmlrpc.php HTTP/1.1" 200 5891 "-" "WordPress.com; https://wordpress.com"
203.122.45.246 - - [29/Jul/2026:07:10:56 +0200] "POST /xmlrpc.php HTTP/1.1" 200 5891 "-" "WordPress.com; https://wordpress.com"
203.122.45.246 - - [29/Jul/2026:07:11:06 +0200] "POST /xmlrpc.php HTTP/1.1" 200 5891 "-" "Jetpack by WordPress.com"
84.246.212.44 - - [29/Jul/2026:07:11:17 +0200] "POST /wp-cron.php?doing_wp_cron=1785301877.5060369968414306640625 HTTP/1.1" 200 5527 "-" "WordPress/6.9; https://www.canterasdemuro.es"
203.122.45.246 - - [29/Jul/2026:07:11:17 +0200] "POST /xmlrpc.php HTTP/1.1" 200 5891 "-" "WordPress.com; https://wordpress.com"
84.246.212.44 - - [29/Jul/2026:07:11:18 +0200] "POST /wp-admin/admin-ajax.php?action=async_litespeed&nonce=R9LrDHMigeH4TosrPObblN7eNDxNZZrs&litespeed_type=imgoptm HTTP/1.1" 200 5782 "-" "WordPress/6.9; https://www.canterasdemuro.es"
203.122.45.246 - - [29/Jul/2026:07:11:27 +0200] "POST /xmlrpc.php HTTP/1.1" 403 6292 "-" "WordPress.com; https://wordpress.com"
203.122.45.246 - - [29/Jul/2026:07:11:38 +0200] "POST /xmlrpc.php HTTP/1.1" 200 5891 "-" "Jetpack/12.5; WordPress/6.3; http://site11761376.com"
203.122.45.246 - - [29/Jul/2026:07:11:48 +0200] "POST /xmlrpc.php HTTP/1.1" 200 5891 "-" "Jetpack/13.0; WordPress/6.4; http://site63127748.com"
203.122.45.246 - - [29/Jul/2026:07:11:59 +0200] "POST /xmlrpc.php HTTP/1.1" 200 5891 "-" "Jetpack by WordPress.com (Jetpack 12.0; WordPress 6.4)"
38.192.105.17 - - [29/Jul/2026:07:12:01 +0200] "POST /xmlrpc.php HTTP/1.1" 200 5891 "-" "Mozilla/5.0 (Windows NT 10.0; Win64; x64) AppleWebKit/537.36 (KHTML, like Gecko) Chrome/140.0.0.0 Safari/537.36 Edg/140.0.0.0"
203.122.45.246 - - [29/Jul/2026:07:12:09 +0200] "POST /xmlrpc.php HTTP/1.1" 403 6292 "-" "WordPress.com; https://wordpress.com"
84.246.212.44 - - [29/Jul/2026:07:12:20 +0200] "POST /wp-cron.php?doing_wp_cron=1785301940.7301681041717529296875 HTTP/1.1" 200 5527 "-" "WordPress/6.9; https://www.canterasdemuro.es"
203.122.45.246 - - [29/Jul/2026:07:12:20 +0200] "POST /xmlrpc.php HTTP/1.1" 200 5891 "-" "Jetpack by WordPress.com"
84.246.212.44 - - [29/Jul/2026:07:12:21 +0200] "POST /wp-admin/admin-ajax.php?action=async_litespeed&nonce=iYnOetGRjM5DCZU1mQ40Rq2TaCZ7H57U&litespeed_type=imgoptm HTTP/1.1" 200 5782 "-" "WordPress/6.9; https://www.canterasdemuro.es"
203.122.45.246 - - [29/Jul/2026:07:12:30 +0200] "POST /xmlrpc.php HTTP/1.1" 200 5891 "-" "Jetpack by WordPress.com (Jetpack 12.1; WordPress 6.3)"
203.122.45.246 - - [29/Jul/2026:07:12:41 +0200] "POST /xmlrpc.php HTTP/1.1" 200 5891 "-" "Jetpack/12.0; WordPress/6.1; http://site75137270.com"
203.122.45.246 - - [29/Jul/2026:07:12:51 +0200] "POST /xmlrpc.php HTTP/1.1" 403 6292 "-" "WordPress.com; https://wordpress.com"
203.122.45.246 - - [29/Jul/2026:07:13:02 +0200] "POST /xmlrpc.php HTTP/1.1" 200 5891 "-" "Jetpack/12.5; WordPress/6.1; http://site43878982.com"
203.122.45.246 - - [29/Jul/2026:07:13:13 +0200] "POST /xmlrpc.php HTTP/1.1" 403 6292 "-" "WordPress.com; https://wordpress.com"
203.122.45.246 - - [29/Jul/2026:07:13:23 +0200] "POST /xmlrpc.php HTTP/1.1" 403 6292 "-" "WordPress.com; https://wordpress.com"
84.246.212.44 - - [29/Jul/2026:07:13:34 +0200] "POST /wp-cron.php?doing_wp_cron=1785302014.4058289527893066406250 HTTP/1.1" 200 5527 "-" "WordPress/6.9; https://www.canterasdemuro.es"
203.122.45.246 - - [29/Jul/2026:07:13:34 +0200] "POST /xmlrpc.php HTTP/1.1" 200 5891 "-" "Jetpack/13.0; WordPress/6.2; http://site89532695.com"
84.246.212.44 - - [29/Jul/2026:07:13:34 +0200] "POST /wp-admin/admin-ajax.php?action=async_litespeed&nonce=BQYyExTpEpRgEYfGkkN6Rbu0HeK0DEug&litespeed_type=imgoptm HTTP/1.1" 200 5782 "-" "WordPress/6.9; https://www.canterasdemuro.es"
203.122.45.246 - - [29/Jul/2026:07:13:44 +0200] "POST /xmlrpc.php HTTP/1.1" 200 5891 "-" "Jetpack by WordPress.com"
203.122.45.246 - - [29/Jul/2026:07:13:55 +0200] "POST /xmlrpc.php HTTP/1.1" 200 5891 "-" "Jetpack by WordPress.com (Jetpack 12.0; WordPress 6.3)"
203.122.45.246 - - [29/Jul/2026:07:14:05 +0200] "POST /xmlrpc.php HTTP/1.1" 403 6292 "-" "Jetpack by WordPress.com"
84.246.212.44 - - [29/Jul/2026:07:14:16 +0200] "POST /wp-cron.php?doing_wp_cron=1785302056.6975181102752685546875 HTTP/1.1" 200 5527 "-" "WordPress/6.9; https://www.canterasdemuro.es"
203.122.45.246 - - [29/Jul/2026:07:14:16 +0200] "POST /xmlrpc.php HTTP/1.1" 200 5891 "-" "Jetpack by WordPress.com (Jetpack 12.0; WordPress 6.4)"
84.246.212.44 - - [29/Jul/2026:07:14:17 +0200] "POST /wp-admin/admin-ajax.php?action=async_litespeed&nonce=KVdveJMpydPy4wZB4BcHla9gswsr10Vw&litespeed_type=imgoptm HTTP/1.1" 200 5782 "-" "WordPress/6.9; https://www.canterasdemuro.es"
203.122.45.246 - - [29/Jul/2026:07:14:26 +0200] "POST /xmlrpc.php HTTP/1.1" 403 6292 "-" "WordPress.com; https://wordpress.com"
203.122.45.246 - - [29/Jul/2026:07:14:37 +0200] "POST /xmlrpc.php HTTP/1.1" 403 6292 "-" "Jetpack by WordPress.com"
203.122.45.246 - - [29/Jul/2026:07:14:47 +0200] "POST /xmlrpc.php HTTP/1.1" 200 5891 "-" "Jetpack/13.0; WordPress/6.2; http://site97654014.com"
203.122.45.246 - - [29/Jul/2026:07:14:58 +0200] "POST /xmlrpc.php HTTP/1.1" 200 5891 "-" "Jetpack/12.1; WordPress/6.4; http://site54217192.com"
203.122.45.246 - - [29/Jul/2026:07:15:08 +0200] "POST /xmlrpc.php HTTP/1.1" 403 6292 "-" "Jetpack by WordPress.com"
84.246.212.44 - - [29/Jul/2026:07:32:43 +0200] "POST /wp-cron.php?doing_wp_cron=1785303163.9105539321899414062500 HTTP/1.1" 200 5527 "-" "WordPress/6.9; https://www.canterasdemuro.es"
54.38.147.24 - - [29/Jul/2026:07:32:43 +0200] "GET /wp-sitemap.xml HTTP/1.1" 200 6234 "-" "Mozilla/5.0 (compatible; AhrefsBot/7.0; +http://ahrefs.com/robot/)"
84.246.212.44 - - [29/Jul/2026:07:32:44 +0200] "POST /wp-admin/admin-ajax.php?action=async_litespeed&nonce=FQDWOph7rKI29LGaRuP2wWDhtGC5HhaE&litespeed_type=imgoptm HTTP/1.1" 200 5782 "-" "WordPress/6.9; https://www.canterasdemuro.es"
51.195.215.150 - - [29/Jul/2026:07:32:45 +0200] "GET /wp-sitemap-posts-post-1.xml HTTP/1.1" 503 7331 "-" "Mozilla/5.0 (compatible; AhrefsBot/7.0; +http://ahrefs.com/robot/)"
51.195.215.23 - - [29/Jul/2026:07:32:47 +0200] "GET /wp-sitemap-posts-page-1.xml HTTP/1.1" 503 7331 "-" "Mozilla/5.0 (compatible; AhrefsBot/7.0; +http://ahrefs.com/robot/)"
198.244.240.59 - - [29/Jul/2026:07:32:48 +0200] "GET /gl/wp-sitemap-posts-page-1.xml HTTP/1.1" 503 7331 "-" "Mozilla/5.0 (compatible; AhrefsBot/7.0; +http://ahrefs.com/robot/)"
84.246.212.44 - - [29/Jul/2026:07:32:48 +0200] "GET /?wp_scrape_key=88c11be8f527cb11d5f13fe5d4453437&wp_scrape_nonce=1785303166 HTTP/1.1" 200 100654 "-" "WordPress/6.9; https://www.canterasdemuro.es"
51.195.183.132 - - [29/Jul/2026:07:32:49 +0200] "GET /wp-sitemap-taxonomies-category-1.xml HTTP/1.1" 503 7331 "-" "Mozilla/5.0 (compatible; AhrefsBot/7.0; +http://ahrefs.com/robot/)"
198.244.183.101 - - [29/Jul/2026:07:32:51 +0200] "GET /wp-sitemap-users-1.xml HTTP/1.1" 503 7331 "-" "Mozilla/5.0 (compatible; AhrefsBot/7.0; +http://ahrefs.com/robot/)"
198.244.240.71 - - [29/Jul/2026:07:32:52 +0200] "GET /gl/wp-sitemap-users-1.xml HTTP/1.1" 503 7331 "-" "Mozilla/5.0 (compatible; AhrefsBot/7.0; +http://ahrefs.com/robot/)"
84.246.212.44 - - [29/Jul/2026:07:32:52 +0200] "GET /?wp_scrape_key=e1f0215133f79da75edeee776f64f0f6&wp_scrape_nonce=1785303170 HTTP/1.1" 200 100654 "-" "WordPress/6.9; https://www.canterasdemuro.es"
84.246.212.44 - - [29/Jul/2026:07:32:57 +0200] "GET /?wp_scrape_key=80ed5f1c96b6134f3295dc917d9462c0&wp_scrape_nonce=1785303175 HTTP/1.1" 200 100654 "-" "WordPress/6.9; https://www.canterasdemuro.es"
84.246.212.44 - - [29/Jul/2026:07:33:02 +0200] "GET /?wp_scrape_key=52e888b9f4357cf9e1064aefc09e289c&wp_scrape_nonce=1785303180 HTTP/1.1" 200 100654 "-" "WordPress/6.9; https://www.canterasdemuro.es"
84.246.212.44 - - [29/Jul/2026:07:33:06 +0200] "GET /?wp_scrape_key=e9b9661a854c85d084535f4602fb4f8d&wp_scrape_nonce=1785303184 HTTP/1.1" 200 100654 "-" "WordPress/6.9; https://www.canterasdemuro.es"
84.246.212.44 - - [29/Jul/2026:07:33:11 +0200] "GET /?wp_scrape_key=3ffc179cc0f45e67479e3fe8ea4dc00e&wp_scrape_nonce=1785303189 HTTP/1.1" 200 100654 "-" "WordPress/6.9; https://www.canterasdemuro.es"
84.246.212.44 - - [29/Jul/2026:07:33:15 +0200] "GET /?wp_scrape_key=395a9a44d3f5fb9ee8e94e52acc8c2b9&wp_scrape_nonce=1785303193 HTTP/1.1" 200 100654 "-" "WordPress/6.9; https://www.canterasdemuro.es"
84.246.212.44 - - [29/Jul/2026:07:33:19 +0200] "GET /?wp_scrape_key=cced3d27a960dd3b4564de5c42700d38&wp_scrape_nonce=1785303197 HTTP/1.1" 200 100654 "-" "WordPress/6.9; https://www.canterasdemuro.es"
84.246.212.44 - - [29/Jul/2026:07:33:23 +0200] "GET /?wp_scrape_key=1df8ef5d06f55c358f6dc2011736b03a&wp_scrape_nonce=1785303201 HTTP/1.1" 200 100654 "-" "WordPress/6.9; https://www.canterasdemuro.es"
84.246.212.44 - - [29/Jul/2026:08:05:14 +0200] "POST /wp-cron.php?doing_wp_cron=1785305114.3303968906402587890625 HTTP/1.1" 200 5527 "-" "WordPress/6.9; https://www.canterasdemuro.es"
43.134.15.174 - - [29/Jul/2026:08:05:13 +0200] "GET / HTTP/1.1" 301 5569 "http://canterasdemuro.es" "Mozilla/5.0 (iPhone; CPU iPhone OS 13_2_3 like Mac OS X) AppleWebKit/605.1.15 (KHTML, like Gecko) Version/13.0.3 Mobile/15E148 Safari/604.1"
84.246.212.44 - - [29/Jul/2026:08:05:14 +0200] "POST /wp-admin/admin-ajax.php?action=async_litespeed&nonce=tqPiH2la3dy2SM8etpizYuUkxnPE4XOI&litespeed_type=imgoptm HTTP/1.1" 200 5782 "-" "WordPress/6.9; https://www.canterasdemuro.es"
84.246.212.44 - - [29/Jul/2026:08:05:17 +0200] "POST /wp-cron.php?doing_wp_cron=1785305117.0021998882293701171875 HTTP/1.1" 200 5527 "-" "WordPress/6.9; https://www.canterasdemuro.es"
43.134.15.174 - - [29/Jul/2026:08:05:15 +0200] "GET / HTTP/1.1" 200 100542 "https://canterasdemuro.es/" "Mozilla/5.0 (iPhone; CPU iPhone OS 13_2_3 like Mac OS X) AppleWebKit/605.1.15 (KHTML, like Gecko) Version/13.0.3 Mobile/15E148 Safari/604.1"
84.246.212.44 - - [29/Jul/2026:08:17:00 +0200] "POST /wp-cron.php?doing_wp_cron=1785305820.4840199947357177734375 HTTP/1.1" 200 5527 "-" "WordPress/6.9; https://www.canterasdemuro.es"
185.226.232.105 - - [29/Jul/2026:08:16:59 +0200] "POST /xmlrpc.php HTTP/1.1" 200 5891 "-" "Mozilla/5.0 (Windows NT 10.0) AppleWebKit/537.43 (KHTML, like Gecko) Chrome/140.0.0.0 Safari/537.36 OPR/124.0.0.0"
84.246.212.44 - - [29/Jul/2026:08:17:01 +0200] "POST /wp-admin/admin-ajax.php?action=async_litespeed&nonce=zMXfzzXRJbQKI9FW5pMD43kaIlGbGwY3&litespeed_type=imgoptm HTTP/1.1" 200 5782 "-" "WordPress/6.9; https://www.canterasdemuro.es"
84.246.212.44 - - [29/Jul/2026:08:40:01 +0200] "POST /wp-cron.php?doing_wp_cron=1785307201.1627800464630126953125 HTTP/1.1" 200 5527 "-" "WordPress/6.9; https://www.canterasdemuro.es"
173.252.82.12 - - [29/Jul/2026:08:40:00 +0200] "GET /robots.txt HTTP/1.1" 200 5682 "-" "facebookexternalhit/1.1 (+http://www.facebook.com/externalhit_uatext.php)"
84.246.212.44 - - [29/Jul/2026:08:40:02 +0200] "POST /wp-admin/admin-ajax.php?action=async_litespeed&nonce=1vh2b3BFmP33fiV1VKIIwutdJybXK73f&litespeed_type=imgoptm HTTP/1.1" 200 5782 "-" "WordPress/6.9; https://www.canterasdemuro.es"
84.246.212.44 - - [29/Jul/2026:08:40:05 +0200] "GET /?wp_scrape_key=08ddcf8b9526751c06727ba15979103d&wp_scrape_nonce=1785307203 HTTP/1.1" 200 100654 "-" "WordPress/6.9; https://www.canterasdemuro.es"
84.246.212.44 - - [29/Jul/2026:08:40:10 +0200] "GET /?wp_scrape_key=a58a1b7ce0e519d01726b24f6d42b97f&wp_scrape_nonce=1785307208 HTTP/1.1" 200 100654 "-" "WordPress/6.9; https://www.canterasdemuro.es"
84.246.212.44 - - [29/Jul/2026:08:40:14 +0200] "GET /?wp_scrape_key=0ca82aed14e467e6a0df5b5fce9b02b1&wp_scrape_nonce=1785307212 HTTP/1.1" 200 100654 "-" "WordPress/6.9; https://www.canterasdemuro.es"
84.246.212.44 - - [29/Jul/2026:08:40:20 +0200] "GET /?wp_scrape_key=713950d7b8b2d5d8de031d319d455ba6&wp_scrape_nonce=1785307218 HTTP/1.1" 200 100654 "-" "WordPress/6.9; https://www.canterasdemuro.es"
84.246.212.44 - - [29/Jul/2026:08:40:24 +0200] "GET /?wp_scrape_key=4198085968558a5ddafde924adf493e3&wp_scrape_nonce=1785307222 HTTP/1.1" 200 100654 "-" "WordPress/6.9; https://www.canterasdemuro.es"
84.246.212.44 - - [29/Jul/2026:08:40:28 +0200] "GET /?wp_scrape_key=970fd8254288ab336e5047c39fe6de4a&wp_scrape_nonce=1785307226 HTTP/1.1" 200 100654 "-" "WordPress/6.9; https://www.canterasdemuro.es"
84.246.212.44 - - [29/Jul/2026:08:40:33 +0200] "GET /?wp_scrape_key=9ae24646a872473d1b5b8a04091ad279&wp_scrape_nonce=1785307231 HTTP/1.1" 200 100654 "-" "WordPress/6.9; https://www.canterasdemuro.es"
84.246.212.44 - - [29/Jul/2026:08:40:37 +0200] "GET /?wp_scrape_key=5ec03270a14cc65b90cde19b42b76e27&wp_scrape_nonce=1785307235 HTTP/1.1" 200 100654 "-" "WordPress/6.9; https://www.canterasdemuro.es"
84.246.212.44 - - [29/Jul/2026:08:40:42 +0200] "GET /?wp_scrape_key=d6977513f9c46f422c5b6daf94fdab26&wp_scrape_nonce=1785307239 HTTP/1.1" 200 100654 "-" "WordPress/6.9; https://www.canterasdemuro.es"
84.246.212.44 - - [29/Jul/2026:08:49:12 +0200] "POST /wp-cron.php?doing_wp_cron=1785307751.6518480777740478515625 HTTP/1.1" 200 5527 "-" "WordPress/6.9; https://www.canterasdemuro.es"
216.73.217.86 - - [29/Jul/2026:08:49:11 +0200] "GET /robots.txt HTTP/1.1" 200 5682 "-" "Mozilla/5.0 AppleWebKit/537.36 (KHTML, like Gecko; compatible; ClaudeBot/1.0; +claudebot@anthropic.com)"
142.250.32.9 - - [29/Jul/2026:08:50:00 +0200] "GET /.well-known/traffic-advice HTTP/1.1" 404 89419 "-" "Chrome Privacy Preserving Prefetch Proxy"
84.246.212.44 - - [29/Jul/2026:08:50:01 +0200] "POST /wp-cron.php?doing_wp_cron=1785307801.7983250617980957031250 HTTP/1.1" 200 5527 "-" "WordPress/6.9; https://www.canterasdemuro.es"
72.14.201.62 - - [29/Jul/2026:08:50:00 +0200] "GET / HTTP/1.1" 200 100564 "https://www.google.com/" "Mozilla/5.0 (Windows NT 10.0; Win64; x64) AppleWebKit/537.36 (KHTML, like Gecko) Chrome/150.0.0.0 Safari/537.36"
84.246.212.44 - - [29/Jul/2026:08:53:17 +0200] "POST /wp-cron.php?doing_wp_cron=1785307997.6107850074768066406250 HTTP/1.1" 200 5527 "-" "WordPress/6.9; https://www.canterasdemuro.es"
192.36.109.73 - - [29/Jul/2026:08:53:16 +0200] "GET / HTTP/1.1" 301 5569 "http://canterasdemuro.es/" "Mozilla/5.0 (Windows NT 10.0; Win64; x64) AppleWebKit/537.36 (KHTML, like Gecko) Chrome/122.0.0.0 Safari/537.3"
84.246.212.44 - - [29/Jul/2026:08:53:18 +0200] "POST /wp-admin/admin-ajax.php?action=async_litespeed&nonce=HKrxSA0RE0JMV64h9FFDwFRxJxXhPPhI&litespeed_type=imgoptm HTTP/1.1" 200 5782 "-" "WordPress/6.9; https://www.canterasdemuro.es"
192.36.109.94 - - [29/Jul/2026:08:53:18 +0200] "GET / HTTP/1.1" 200 100542 "https://canterasdemuro.es/" "Mozilla/5.0 (Windows NT 10.0; Win64; x64) AppleWebKit/537.36 (KHTML, like Gecko) Chrome/122.0.0.0 Safari/537.3"
192.36.109.94 - - [29/Jul/2026:08:53:20 +0200] "GET /instalaciones/ HTTP/1.1" 200 105873 "-" "Mozilla/5.0 (Windows NT 10.0; Win64; x64) AppleWebKit/537.36 (KHTML, like Gecko) Chrome/122.0.0.0 Safari/537.3"
192.36.109.78 - - [29/Jul/2026:08:53:22 +0200] "GET /instalaciones/ HTTP/1.1" 200 105873 "-" "Mozilla/5.0 (Windows NT 10.0; Win64; x64) AppleWebKit/537.36 (KHTML, like Gecko) Chrome/122.0.0.0 Safari/537.3"
192.36.109.129 - - [29/Jul/2026:08:53:24 +0200] "GET /index.php/autorizaciones/ HTTP/1.1" 301 5575 "-" "Mozilla/5.0 (Windows NT 10.0; Win64; x64) AppleWebKit/537.36 (KHTML, like Gecko) Chrome/122.0.0.0 Safari/537.3"
192.36.109.91 - - [29/Jul/2026:08:53:24 +0200] "GET /autorizaciones/ HTTP/1.1" 200 97490 "https://www.canterasdemuro.es/index.php/autorizaciones/" "Mozilla/5.0 (Windows NT 10.0; Win64; x64) AppleWebKit/537.36 (KHTML, like Gecko) Chrome/122.0.0.0 Safari/537.3"
84.246.212.44 - - [29/Jul/2026:08:55:59 +0200] "POST /wp-cron.php?doing_wp_cron=1785308159.5873570442199707031250 HTTP/1.1" 200 5527 "-" "WordPress/6.9; https://www.canterasdemuro.es"
195.178.110.31 - - [29/Jul/2026:08:55:58 +0200] "GET / HTTP/1.1" 301 5569 "-" "Mozilla/5.0 (X11; Linux x86_64) AppleWebKit/537.36 (KHTML, like Gecko) Chrome/131.0.0.0 Safari/537.36"
84.246.212.44 - - [29/Jul/2026:08:56:00 +0200] "POST /wp-admin/admin-ajax.php?action=async_litespeed&nonce=t1nsy8E7bAt4vJE1UAoOsv2anLM7Wu5u&litespeed_type=imgoptm HTTP/1.1" 200 5782 "-" "WordPress/6.9; https://www.canterasdemuro.es"
195.178.110.31 - - [29/Jul/2026:08:55:59 +0200] "GET / HTTP/1.1" 200 13469 "https://canterasdemuro.es" "Mozilla/5.0 (X11; Linux x86_64) AppleWebKit/537.36 (KHTML, like Gecko) Chrome/131.0.0.0 Safari/537.36"
84.246.212.44 - - [29/Jul/2026:09:00:30 +0200] "POST /wp-cron.php?doing_wp_cron=1785308430.8412280082702636718750 HTTP/1.1" 200 5527 "-" "WordPress/6.9; https://www.canterasdemuro.es"
95.216.76.2 - - [29/Jul/2026:09:00:30 +0200] "POST /xmlrpc.php HTTP/1.1" 200 5891 "-" "Mozilla/5.0 (Windows NT 10.0; rv:144.0) Gecko/20100101 Firefox/144.0"
84.246.212.44 - - [29/Jul/2026:09:00:31 +0200] "POST /wp-admin/admin-ajax.php?action=async_litespeed&nonce=8zHU9qH97zT4dKfw1mWaHs45BWiukKkb&litespeed_type=imgoptm HTTP/1.1" 200 5782 "-" "WordPress/6.9; https://www.canterasdemuro.es"
84.246.212.44 - - [29/Jul/2026:09:02:16 +0200] "POST /wp-cron.php?doing_wp_cron=1785308536.6147298812866210937500 HTTP/1.1" 200 5527 "-" "WordPress/6.9; https://www.canterasdemuro.es"
162.120.188.89 - - [29/Jul/2026:09:02:15 +0200] "GET / HTTP/1.1" 200 100542 "https://www.google.com/" "Mozilla/5.0 (Linux; Android 10; K) AppleWebKit/537.36 (KHTML, like Gecko) Chrome/150.0.0.0 Mobile Safari/537.36"
84.246.212.44 - - [29/Jul/2026:09:02:17 +0200] "POST /wp-admin/admin-ajax.php?action=async_litespeed&nonce=GiKsKxdPWb38NpiegvwaNRe7akIgSby3&litespeed_type=imgoptm HTTP/1.1" 200 5782 "-" "WordPress/6.9; https://www.canterasdemuro.es"
54.38.147.226 - - [29/Jul/2026:09:02:56 +0200] "GET /wp-sitemap.xml HTTP/1.1" 200 6234 "-" "Mozilla/5.0 (compatible; AhrefsBot/7.0; +http://ahrefs.com/robot/)"
198.244.226.206 - - [29/Jul/2026:09:02:59 +0200] "GET /wp-sitemap-posts-post-1.xml HTTP/1.1" 200 5797 "-" "Mozilla/5.0 (compatible; AhrefsBot/7.0; +http://ahrefs.com/robot/)"
198.244.242.107 - - [29/Jul/2026:09:03:00 +0200] "GET /wp-sitemap-posts-page-1.xml HTTP/1.1" 200 6783 "-" "Mozilla/5.0 (compatible; AhrefsBot/7.0; +http://ahrefs.com/robot/)"
198.244.242.109 - - [29/Jul/2026:09:03:02 +0200] "GET /gl/wp-sitemap-posts-page-1.xml HTTP/1.1" 200 6810 "-" "Mozilla/5.0 (compatible; AhrefsBot/7.0; +http://ahrefs.com/robot/)"
54.38.147.73 - - [29/Jul/2026:09:03:04 +0200] "GET /wp-sitemap-taxonomies-category-1.xml HTTP/1.1" 200 5764 "-" "Mozilla/5.0 (compatible; AhrefsBot/7.0; +http://ahrefs.com/robot/)"
51.195.183.189 - - [29/Jul/2026:09:03:06 +0200] "GET /wp-sitemap-users-1.xml HTTP/1.1" 200 5754 "-" "Mozilla/5.0 (compatible; AhrefsBot/7.0; +http://ahrefs.com/robot/)"
198.244.240.74 - - [29/Jul/2026:09:03:08 +0200] "GET /gl/wp-sitemap-users-1.xml HTTP/1.1" 200 5757 "-" "Mozilla/5.0 (compatible; AhrefsBot/7.0; +http://ahrefs.com/robot/)"
84.246.212.44 - - [29/Jul/2026:09:05:31 +0200] "POST /wp-cron.php?doing_wp_cron=1785308731.5984239578247070312500 HTTP/1.1" 200 5527 "-" "WordPress/6.9; https://www.canterasdemuro.es"
193.186.4.123 - - [29/Jul/2026:09:05:30 +0200] "GET / HTTP/1.1" 200 13469 "https://www.google.com/" "Mozilla/5.0 (Linux; Android 10; K) AppleWebKit/537.36 (KHTML, like Gecko) Chrome/150.0.0.0 Mobile Safari/537.36"
84.246.212.44 - - [29/Jul/2026:09:05:32 +0200] "POST /wp-admin/admin-ajax.php?action=async_litespeed&nonce=PV5oMmQXnDStXX89abr1ea4GkrY8nVuS&litespeed_type=imgoptm HTTP/1.1" 200 5782 "-" "WordPress/6.9; https://www.canterasdemuro.es"
84.246.212.44 - - [29/Jul/2026:09:07:45 +0200] "POST /wp-cron.php?doing_wp_cron=1785308865.7586300373077392578125 HTTP/1.1" 200 5527 "-" "WordPress/6.9; https://www.canterasdemuro.es"
87.247.142.97 - - [29/Jul/2026:09:07:45 +0200] "POST /xmlrpc.php HTTP/1.1" 200 5891 "-" "Mozilla/5.0 (Windows NT 10.0; WOW64) AppleWebKit/537.43 (KHTML, like Gecko) Chrome/135.0.0.0 Safari/537.36 OPR/120.0.0.0"
84.246.212.44 - - [29/Jul/2026:09:07:46 +0200] "POST /wp-admin/admin-ajax.php?action=async_litespeed&nonce=1f6yBbMyUboYGSo083bCYyGBeU0cEE8W&litespeed_type=imgoptm HTTP/1.1" 200 5782 "-" "WordPress/6.9; https://www.canterasdemuro.es"
84.246.212.44 - - [29/Jul/2026:09:09:51 +0200] "POST /wp-cron.php?doing_wp_cron=1785308991.7876050472259521484375 HTTP/1.1" 200 5527 "-" "WordPress/6.9; https://www.canterasdemuro.es"
45.148.10.217 - - [29/Jul/2026:09:09:51 +0200] "GET / HTTP/1.1" 301 5569 "http://canterasdemuro.es/" "Mozilla/5.0 (Macintosh; Intel Mac OS X 10_15_7) AppleWebKit/537.36 (KHTML, like Gecko) Chrome/131.0.0.0 Safari/537.36"
84.246.212.44 - - [29/Jul/2026:09:09:52 +0200] "POST /wp-admin/admin-ajax.php?action=async_litespeed&nonce=5zAr2TqDVlINRePyUxjVVzx93lgQSCUN&litespeed_type=imgoptm HTTP/1.1" 200 5782 "-" "WordPress/6.9; https://www.canterasdemuro.es"
45.148.10.217 - - [29/Jul/2026:09:09:52 +0200] "GET / HTTP/1.1" 200 100542 "https://canterasdemuro.es/" "Mozilla/5.0 (Macintosh; Intel Mac OS X 10_15_7) AppleWebKit/537.36 (KHTML, like Gecko) Chrome/131.0.0.0 Safari/537.36"
84.246.212.44 - - [29/Jul/2026:09:21:00 +0200] "POST /wp-cron.php?doing_wp_cron=1785309660.3120210170745849609375 HTTP/1.1" 200 5527 "-" "WordPress/6.9; https://www.canterasdemuro.es"
172.70.206.114 - - [29/Jul/2026:09:20:59 +0200] "GET / HTTP/1.1" 301 5569 "-" "Mozilla/5.0 (Macintosh; Intel Mac OS X 10_15_7) AppleWebKit/537.36 (KHTML, like Gecko) Chrome/147.0.0.0 Safari/537.36 CloudflareWebScanner/1.0"
84.246.212.44 - - [29/Jul/2026:09:21:00 +0200] "POST /wp-admin/admin-ajax.php?action=async_litespeed&nonce=S7Qc8gK8hpjjKjJZp9393i4qGvS5gels&litespeed_type=imgoptm HTTP/1.1" 200 5782 "-" "WordPress/6.9; https://www.canterasdemuro.es"
172.70.207.184 - - [29/Jul/2026:09:21:01 +0200] "GET / HTTP/1.1" 200 100542 "-" "Mozilla/5.0 (Macintosh; Intel Mac OS X 10_15_7) AppleWebKit/537.36 (KHTML, like Gecko) Chrome/147.0.0.0 Safari/537.36 CloudflareWebScanner/1.0"
84.246.212.44 - - [29/Jul/2026:09:22:50 +0200] "POST /wp-cron.php?doing_wp_cron=1785309770.0517408847808837890625 HTTP/1.1" 200 5527 "-" "WordPress/6.9; https://www.canterasdemuro.es"
40.77.167.219 - - [29/Jul/2026:09:22:49 +0200] "GET /robots.txt HTTP/1.1" 200 5682 "-" "Mozilla/5.0 AppleWebKit/537.36 (KHTML, like Gecko; compatible; bingbot/2.0; +http://www.bing.com/bingbot.htm) Chrome/116.0.1938.76 Safari/537.36"
84.246.212.44 - - [29/Jul/2026:09:22:50 +0200] "POST /wp-admin/admin-ajax.php?action=async_litespeed&nonce=ILDFPLaQ7dTKygdbqpQPEOBSMNg8dmfN&litespeed_type=imgoptm HTTP/1.1" 200 5782 "-" "WordPress/6.9; https://www.canterasdemuro.es"
52.167.144.193 - - [29/Jul/2026:09:22:59 +0200] "GET /wp-sitemap-posts-page-1.xml HTTP/1.1" 200 6783 "-" "Mozilla/5.0 AppleWebKit/537.36 (KHTML, like Gecko; compatible; bingbot/2.0; +http://www.bing.com/bingbot.htm) Chrome/116.0.1938.76 Safari/537.36"
84.246.212.44 - - [29/Jul/2026:09:33:34 +0200] "POST /wp-cron.php?doing_wp_cron=1785310414.4034159183502197265625 HTTP/1.1" 200 5527 "-" "WordPress/6.9; https://www.canterasdemuro.es"
207.46.13.128 - - [29/Jul/2026:09:33:33 +0200] "GET /wp-sitemap.xml HTTP/1.1" 200 6234 "-" "Mozilla/5.0 AppleWebKit/537.36 (KHTML, like Gecko; compatible; bingbot/2.0; +http://www.bing.com/bingbot.htm) Chrome/116.0.1938.76 Safari/537.36"
84.246.212.44 - - [29/Jul/2026:09:33:35 +0200] "POST /wp-admin/admin-ajax.php?action=async_litespeed&nonce=GmRnyPkf5L5Y9DnTgl60PzJMBfrBj0X3&litespeed_type=imgoptm HTTP/1.1" 200 5782 "-" "WordPress/6.9; https://www.canterasdemuro.es"
13.51.238.230 - - [29/Jul/2026:09:34:06 +0200] "GET / HTTP/1.1" 301 5569 "-" "Mozilla/5.0 (Macintosh; Intel Mac OS X 10_15_7) AppleWebKit/537.36 (KHTML, like Gecko) Chrome/131.0.0.0 Safari/537.36"
13.51.238.230 - - [29/Jul/2026:09:34:07 +0200] "POST / HTTP/1.1" 301 5569 "-" "Mozilla/5.0 (Macintosh; Intel Mac OS X 10_15_7) AppleWebKit/537.36 (KHTML, like Gecko) Chrome/131.0.0.0 Safari/537.36"
13.51.238.230 - - [29/Jul/2026:09:34:07 +0200] "POST / HTTP/1.1" 301 5569 "-" "Mozilla/5.0 (Macintosh; Intel Mac OS X 10_15_7) AppleWebKit/537.36 (KHTML, like Gecko) Chrome/131.0.0.0 Safari/537.36"
13.51.238.230 - - [29/Jul/2026:09:34:08 +0200] "POST / HTTP/1.1" 301 5569 "-" "Mozilla/5.0 (Macintosh; Intel Mac OS X 10_15_7) AppleWebKit/537.36 (KHTML, like Gecko) Chrome/131.0.0.0 Safari/537.36"
13.51.238.230 - - [29/Jul/2026:09:34:08 +0200] "GET /.git/config HTTP/1.1" 403 6292 "-" "Mozilla/5.0 (Macintosh; Intel Mac OS X 10_15_7) AppleWebKit/537.36 (KHTML, like Gecko) Chrome/131.0.0.0 Safari/537.36"
13.51.238.230 - - [29/Jul/2026:09:34:08 +0200] "POST / HTTP/1.1" 301 5569 "-" "Mozilla/5.0 (Macintosh; Intel Mac OS X 10_15_7) AppleWebKit/537.36 (KHTML, like Gecko) Chrome/131.0.0.0 Safari/537.36"
13.51.238.230 - - [29/Jul/2026:09:34:09 +0200] "GET /.env HTTP/1.1" 403 6292 "-" "Mozilla/5.0 (Macintosh; Intel Mac OS X 10_15_7) AppleWebKit/537.36 (KHTML, like Gecko) Chrome/131.0.0.0 Safari/537.36"
13.51.238.230 - - [29/Jul/2026:09:34:09 +0200] "GET /.env.local HTTP/1.1" 403 6292 "-" "Mozilla/5.0 (Macintosh; Intel Mac OS X 10_15_7) AppleWebKit/537.36 (KHTML, like Gecko) Chrome/131.0.0.0 Safari/537.36"
13.51.238.230 - - [29/Jul/2026:09:34:09 +0200] "GET /.env.production HTTP/1.1" 403 6292 "-" "Mozilla/5.0 (Macintosh; Intel Mac OS X 10_15_7) AppleWebKit/537.36 (KHTML, like Gecko) Chrome/131.0.0.0 Safari/537.36"
13.51.238.230 - - [29/Jul/2026:09:34:09 +0200] "GET /.env.staging HTTP/1.1" 403 6292 "-" "Mozilla/5.0 (Macintosh; Intel Mac OS X 10_15_7) AppleWebKit/537.36 (KHTML, like Gecko) Chrome/131.0.0.0 Safari/537.36"
13.51.238.230 - - [29/Jul/2026:09:34:09 +0200] "GET /.env.development HTTP/1.1" 403 6292 "-" "Mozilla/5.0 (Macintosh; Intel Mac OS X 10_15_7) AppleWebKit/537.36 (KHTML, like Gecko) Chrome/131.0.0.0 Safari/537.36"
13.51.238.230 - - [29/Jul/2026:09:34:09 +0200] "GET /.env.test HTTP/1.1" 403 6292 "-" "Mozilla/5.0 (Macintosh; Intel Mac OS X 10_15_7) AppleWebKit/537.36 (KHTML, like Gecko) Chrome/131.0.0.0 Safari/537.36"
13.51.238.230 - - [29/Jul/2026:09:34:09 +0200] "GET /.env.remote HTTP/1.1" 403 6292 "-" "Mozilla/5.0 (Macintosh; Intel Mac OS X 10_15_7) AppleWebKit/537.36 (KHTML, like Gecko) Chrome/131.0.0.0 Safari/537.36"
13.51.238.230 - - [29/Jul/2026:09:34:09 +0200] "GET /.env.bak HTTP/1.1" 403 6292 "-" "Mozilla/5.0 (Macintosh; Intel Mac OS X 10_15_7) AppleWebKit/537.36 (KHTML, like Gecko) Chrome/131.0.0.0 Safari/537.36"
13.51.238.230 - - [29/Jul/2026:09:34:09 +0200] "GET /.env.backup HTTP/1.1" 403 6292 "-" "Mozilla/5.0 (Macintosh; Intel Mac OS X 10_15_7) AppleWebKit/537.36 (KHTML, like Gecko) Chrome/131.0.0.0 Safari/537.36"
84.246.212.44 - - [29/Jul/2026:09:46:19 +0200] "POST /wp-cron.php?doing_wp_cron=1785311179.8351960182189941406250 HTTP/1.1" 200 5527 "-" "WordPress/6.9; https://www.canterasdemuro.es"
54.90.244.132 - - [29/Jul/2026:09:46:19 +0200] "GET /gl/feed/ HTTP/1.1" 200 6778 "-" "Mozilla/5.0 AppleWebKit/537.36 (KHTML, like Gecko; compatible; Amazonbot/0.1; +https://developer.amazon.com/support/amazonbot) Chrome/119.0.6045.214 Safari/537.36"
84.246.212.44 - - [29/Jul/2026:09:46:20 +0200] "POST /wp-admin/admin-ajax.php?action=async_litespeed&nonce=r8UtkVf76GXcI4UNDsGwlDH2wZChcdD5&litespeed_type=imgoptm HTTP/1.1" 200 5782 "-" "WordPress/6.9; https://www.canterasdemuro.es"
84.246.212.44 - - [29/Jul/2026:09:46:24 +0200] "GET /?wp_scrape_key=5ffca0403762c91f9e546903d8ab8d7b&wp_scrape_nonce=1785311182 HTTP/1.1" 200 100654 "-" "WordPress/6.9; https://www.canterasdemuro.es"
84.246.212.44 - - [29/Jul/2026:09:46:28 +0200] "GET /?wp_scrape_key=6b425dea59340d9e2b04a4f9cfce61a0&wp_scrape_nonce=1785311186 HTTP/1.1" 200 100654 "-" "WordPress/6.9; https://www.canterasdemuro.es"
84.246.212.44 - - [29/Jul/2026:09:46:33 +0200] "GET /?wp_scrape_key=331a148f6b261f5b55d025613ab0dc2c&wp_scrape_nonce=1785311191 HTTP/1.1" 200 100654 "-" "WordPress/6.9; https://www.canterasdemuro.es"
84.246.212.44 - - [29/Jul/2026:09:46:38 +0200] "GET /?wp_scrape_key=25f5926d40a0491ad58e9590f6b214fa&wp_scrape_nonce=1785311196 HTTP/1.1" 200 100654 "-" "WordPress/6.9; https://www.canterasdemuro.es"
84.246.212.44 - - [29/Jul/2026:09:46:42 +0200] "GET /?wp_scrape_key=4580c3c6726286e01e83e787880863f5&wp_scrape_nonce=1785311200 HTTP/1.1" 200 100654 "-" "WordPress/6.9; https://www.canterasdemuro.es"
84.246.212.44 - - [29/Jul/2026:09:46:46 +0200] "GET /?wp_scrape_key=061cecb98a14bb5958a207262622fd45&wp_scrape_nonce=1785311204 HTTP/1.1" 200 100654 "-" "WordPress/6.9; https://www.canterasdemuro.es"
84.246.212.44 - - [29/Jul/2026:09:46:50 +0200] "GET /?wp_scrape_key=54f0a738b973fb09d20555f74b34e0d2&wp_scrape_nonce=1785311208 HTTP/1.1" 200 100654 "-" "WordPress/6.9; https://www.canterasdemuro.es"
84.246.212.44 - - [29/Jul/2026:09:46:54 +0200] "GET /?wp_scrape_key=e83d70d9296e0a28319b134e6b2a6f88&wp_scrape_nonce=1785311212 HTTP/1.1" 200 100654 "-" "WordPress/6.9; https://www.canterasdemuro.es"
84.246.212.44 - - [29/Jul/2026:09:46:59 +0200] "GET /?wp_scrape_key=8afd6d45101b8d47325750a2a4e083fc&wp_scrape_nonce=1785311217 HTTP/1.1" 200 100654 "-" "WordPress/6.9; https://www.canterasdemuro.es"
43.228.157.102 - - [29/Jul/2026:09:54:43 +0200] "GET /.git/config HTTP/1.1" 403 6292 "-" "Mozilla/5.0 (X11; Linux x86_64) AppleWebKit/537.36 (KHTML, like Gecko) Chrome/127.0.0.0 Safari/537.36"
84.246.212.44 - - [29/Jul/2026:10:02:01 +0200] "POST /wp-cron.php?doing_wp_cron=1785312121.4257318973541259765625 HTTP/1.1" 200 5527 "-" "WordPress/6.9; https://www.canterasdemuro.es"
202.59.207.54 - - [29/Jul/2026:10:02:00 +0200] "POST /xmlrpc.php HTTP/1.1" 200 5891 "-" "Mozilla/5.0 (Windows NT 10.0; Win64; x64) AppleWebKit/537.36 (KHTML, like Gecko) Chrome/140.0.0.0 Safari/537.36 Edg/140.0.0.0"
84.246.212.44 - - [29/Jul/2026:10:02:02 +0200] "POST /wp-admin/admin-ajax.php?action=async_litespeed&nonce=ald0nYexnKSok3X2zT2JnE91cruK6ciw&litespeed_type=imgoptm HTTP/1.1" 200 5782 "-" "WordPress/6.9; https://www.canterasdemuro.es"
84.246.212.44 - - [29/Jul/2026:10:07:41 +0200] "POST /wp-cron.php?doing_wp_cron=1785312461.4626219272613525390625 HTTP/1.1" 200 5527 "-" "WordPress/6.9; https://www.canterasdemuro.es"
57.141.0.13 - - [29/Jul/2026:10:07:40 +0200] "GET /wp-sitemap-taxonomies-category-1.xml HTTP/1.1" 200 5764 "-" "Mozilla/5.0 (Macintosh; Intel Mac OS X 10_15_7) AppleWebKit/537.36 (KHTML, like Gecko) Chrome/145.0.0.0 Safari/537.36 (compatible; meta-externalagent/1.1 (+https://developers.facebook.com/docs/sharing/webmasters/crawler))"
84.246.212.44 - - [29/Jul/2026:10:07:42 +0200] "POST /wp-admin/admin-ajax.php?action=async_litespeed&nonce=mpfvnDka0brTh9tENJLjNNLXfSYGcxKR&litespeed_type=imgoptm HTTP/1.1" 200 5782 "-" "WordPress/6.9; https://www.canterasdemuro.es"
84.246.212.44 - - [29/Jul/2026:10:10:07 +0200] "POST /wp-cron.php?doing_wp_cron=1785312607.8452448844909667968750 HTTP/1.1" 200 5527 "-" "WordPress/6.9; https://www.canterasdemuro.es"
112.207.213.229 - - [29/Jul/2026:10:10:07 +0200] "POST /xmlrpc.php HTTP/1.1" 200 5891 "-" "Jetpack by WordPress.com (Jetpack 13.0; WordPress 6.4)"
84.246.212.44 - - [29/Jul/2026:10:10:08 +0200] "POST /wp-admin/admin-ajax.php?action=async_litespeed&nonce=jlsYSxLulNUDggmpuP31u1hIreRr99iA&litespeed_type=imgoptm HTTP/1.1" 200 5782 "-" "WordPress/6.9; https://www.canterasdemuro.es"
84.246.212.44 - - [29/Jul/2026:10:10:15 +0200] "POST /wp-cron.php?doing_wp_cron=1785312615.1109149456024169921875 HTTP/1.1" 200 5527 "-" "WordPress/6.9; https://www.canterasdemuro.es"
74.248.33.8 - - [29/Jul/2026:10:10:14 +0200] "GET /wk/index.php HTTP/1.1" 301 5693 "-" "Mozilla/5.0 (Windows NT 10.0; Win64; x64) AppleWebKit/537.36 (KHTML, like Gecko) Chrome/120.0.0.0 Safari/537.36"
74.248.33.8 - - [29/Jul/2026:10:10:15 +0200] "GET /av.php HTTP/1.1" 301 5687 "-" "Mozilla/5.0 (Windows NT 10.0; Win64; x64) AppleWebKit/537.36 (KHTML, like Gecko) Chrome/120.0.0.0 Safari/537.36"
84.246.212.44 - - [29/Jul/2026:10:10:15 +0200] "POST /wp-admin/admin-ajax.php?action=async_litespeed&nonce=kgfCnJ35s0ccKn2cUWVsAMY3tuG9mWHu&litespeed_type=imgoptm HTTP/1.1" 200 5782 "-" "WordPress/6.9; https://www.canterasdemuro.es"
74.248.33.8 - - [29/Jul/2026:10:10:15 +0200] "GET /mini.php HTTP/1.1" 301 5689 "-" "Mozilla/5.0 (Windows NT 10.0; Win64; x64) AppleWebKit/537.36 (KHTML, like Gecko) Chrome/120.0.0.0 Safari/537.36"
74.248.33.8 - - [29/Jul/2026:10:10:16 +0200] "GET /aa.php HTTP/1.1" 301 5687 "-" "Mozilla/5.0 (Windows NT 10.0; Win64; x64) AppleWebKit/537.36 (KHTML, like Gecko) Chrome/120.0.0.0 Safari/537.36"
74.248.33.8 - - [29/Jul/2026:10:10:16 +0200] "GET /w.php HTTP/1.1" 301 5686 "-" "Mozilla/5.0 (Windows NT 10.0; Win64; x64) AppleWebKit/537.36 (KHTML, like Gecko) Chrome/120.0.0.0 Safari/537.36"
74.248.33.8 - - [29/Jul/2026:10:10:17 +0200] "GET /admin.php HTTP/1.1" 301 5690 "-" "Mozilla/5.0 (Windows NT 10.0; Win64; x64) AppleWebKit/537.36 (KHTML, like Gecko) Chrome/120.0.0.0 Safari/537.36"
112.207.213.229 - - [29/Jul/2026:10:10:17 +0200] "POST /xmlrpc.php HTTP/1.1" 200 5891 "-" "WordPress.com; https://wordpress.com"
84.246.212.44 - - [29/Jul/2026:10:10:18 +0200] "POST /wp-cron.php?doing_wp_cron=1785312617.6703929901123046875000 HTTP/1.1" 200 5527 "-" "WordPress/6.9; https://www.canterasdemuro.es"
74.248.33.8 - - [29/Jul/2026:10:10:18 +0200] "GET /wp-content/themes/admin.php HTTP/1.1" 301 5700 "-" "Mozilla/5.0 (Windows NT 10.0; Win64; x64) AppleWebKit/537.36 (KHTML, like Gecko) Chrome/120.0.0.0 Safari/537.36"
74.248.33.8 - - [29/Jul/2026:10:10:19 +0200] "GET /m.php HTTP/1.1" 301 5686 "-" "Mozilla/5.0 (Windows NT 10.0; Win64; x64) AppleWebKit/537.36 (KHTML, like Gecko) Chrome/120.0.0.0 Safari/537.36"
74.248.33.8 - - [29/Jul/2026:10:10:19 +0200] "GET /wp-admin/css/wp-login.php HTTP/1.1" 301 5706 "-" "Mozilla/5.0 (Windows NT 10.0; Win64; x64) AppleWebKit/537.36 (KHTML, like Gecko) Chrome/120.0.0.0 Safari/537.36"
74.248.33.8 - - [29/Jul/2026:10:10:20 +0200] "GET /wp-includes/pomo/ HTTP/1.1" 403 6292 "-" "Mozilla/5.0 (Windows NT 10.0; Win64; x64) AppleWebKit/537.36 (KHTML, like Gecko) Chrome/120.0.0.0 Safari/537.36"
74.248.33.8 - - [29/Jul/2026:10:10:20 +0200] "GET /classwithtostring.php HTTP/1.1" 301 5702 "-" "Mozilla/5.0 (Windows NT 10.0; Win64; x64) AppleWebKit/537.36 (KHTML, like Gecko) Chrome/120.0.0.0 Safari/537.36"
74.248.33.8 - - [29/Jul/2026:10:10:20 +0200] "GET /gmo.php HTTP/1.1" 301 5688 "-" "Mozilla/5.0 (Windows NT 10.0; Win64; x64) AppleWebKit/537.36 (KHTML, like Gecko) Chrome/120.0.0.0 Safari/537.36"
74.248.33.8 - - [29/Jul/2026:10:10:21 +0200] "GET /wp-content/languages/index.php HTTP/1.1" 301 5694 "-" "Mozilla/5.0 (Windows NT 10.0; Win64; x64) AppleWebKit/537.36 (KHTML, like Gecko) Chrome/120.0.0.0 Safari/537.36"
74.248.33.8 - - [29/Jul/2026:10:10:21 +0200] "GET /wp-the.php HTTP/1.1" 301 5691 "-" "Mozilla/5.0 (Windows NT 10.0; Win64; x64) AppleWebKit/537.36 (KHTML, like Gecko) Chrome/120.0.0.0 Safari/537.36"
74.248.33.8 - - [29/Jul/2026:10:10:22 +0200] "GET /404.php HTTP/1.1" 301 5688 "-" "Mozilla/5.0 (Windows NT 10.0; Win64; x64) AppleWebKit/537.36 (KHTML, like Gecko) Chrome/120.0.0.0 Safari/537.36"
74.248.33.8 - - [29/Jul/2026:10:10:22 +0200] "GET /init.php HTTP/1.1" 301 5689 "-" "Mozilla/5.0 (Windows NT 10.0; Win64; x64) AppleWebKit/537.36 (KHTML, like Gecko) Chrome/120.0.0.0 Safari/537.36"
74.248.33.8 - - [29/Jul/2026:10:10:23 +0200] "GET /file5.php HTTP/1.1" 301 5690 "-" "Mozilla/5.0 (Windows NT 10.0; Win64; x64) AppleWebKit/537.36 (KHTML, like Gecko) Chrome/120.0.0.0 Safari/537.36"
74.248.33.8 - - [29/Jul/2026:10:10:23 +0200] "GET /wp-admin/maint/index.php HTTP/1.1" 301 5705 "-" "Mozilla/5.0 (Windows NT 10.0; Win64; x64) AppleWebKit/537.36 (KHTML, like Gecko) Chrome/120.0.0.0 Safari/537.36"
74.248.33.8 - - [29/Jul/2026:10:10:24 +0200] "GET /shell.php HTTP/1.1" 301 5690 "-" "Mozilla/5.0 (Windows NT 10.0; Win64; x64) AppleWebKit/537.36 (KHTML, like Gecko) Chrome/120.0.0.0 Safari/537.36"
74.248.33.8 - - [29/Jul/2026:10:10:24 +0200] "GET /f35.php HTTP/1.1" 301 5688 "-" "Mozilla/5.0 (Windows NT 10.0; Win64; x64) AppleWebKit/537.36 (KHTML, like Gecko) Chrome/120.0.0.0 Safari/537.36"
74.248.33.8 - - [29/Jul/2026:10:10:24 +0200] "GET /new.php HTTP/1.1" 301 5688 "-" "Mozilla/5.0 (Windows NT 10.0; Win64; x64) AppleWebKit/537.36 (KHTML, like Gecko) Chrome/120.0.0.0 Safari/537.36"
74.248.33.8 - - [29/Jul/2026:10:10:25 +0200] "GET /adminfuns.php HTTP/1.1" 301 5694 "-" "Mozilla/5.0 (Windows NT 10.0; Win64; x64) AppleWebKit/537.36 (KHTML, like Gecko) Chrome/120.0.0.0 Safari/537.36"
74.248.33.8 - - [29/Jul/2026:10:10:25 +0200] "GET /wp-admin/ HTTP/1.1" 302 5727 "-" "Mozilla/5.0 (Windows NT 10.0; Win64; x64) AppleWebKit/537.36 (KHTML, like Gecko) Chrome/120.0.0.0 Safari/537.36"
74.248.33.8 - - [29/Jul/2026:10:10:26 +0200] "GET /wp-includes/IXR/ HTTP/1.1" 403 6292 "-" "Mozilla/5.0 (Windows NT 10.0; Win64; x64) AppleWebKit/537.36 (KHTML, like Gecko) Chrome/120.0.0.0 Safari/537.36"
74.248.33.8 - - [29/Jul/2026:10:10:26 +0200] "GET /fm.php HTTP/1.1" 301 5687 "-" "Mozilla/5.0 (Windows NT 10.0; Win64; x64) AppleWebKit/537.36 (KHTML, like Gecko) Chrome/120.0.0.0 Safari/537.36"
74.248.33.8 - - [29/Jul/2026:10:10:26 +0200] "GET /admin/controller/extension/ HTTP/1.1" 301 5708 "-" "Mozilla/5.0 (Windows NT 10.0; Win64; x64) AppleWebKit/537.36 (KHTML, like Gecko) Chrome/120.0.0.0 Safari/537.36"
74.248.33.8 - - [29/Jul/2026:10:10:27 +0200] "GET /wp-admin/css/colors/blue/ HTTP/1.1" 403 6292 "-" "Mozilla/5.0 (Windows NT 10.0; Win64; x64) AppleWebKit/537.36 (KHTML, like Gecko) Chrome/120.0.0.0 Safari/537.36"
74.248.33.8 - - [29/Jul/2026:10:10:27 +0200] "GET /file.php HTTP/1.1" 301 5689 "-" "Mozilla/5.0 (Windows NT 10.0; Win64; x64) AppleWebKit/537.36 (KHTML, like Gecko) Chrome/120.0.0.0 Safari/537.36"
112.207.213.229 - - [29/Jul/2026:10:10:27 +0200] "POST /xmlrpc.php HTTP/1.1" 200 5891 "-" "Jetpack/12.0; WordPress/6.1; http://site24843980.com"
74.248.33.8 - - [29/Jul/2026:10:10:27 +0200] "GET /bolt.php HTTP/1.1" 301 5689 "-" "Mozilla/5.0 (Windows NT 10.0; Win64; x64) AppleWebKit/537.36 (KHTML, like Gecko) Chrome/120.0.0.0 Safari/537.36"
74.248.33.8 - - [29/Jul/2026:10:10:28 +0200] "GET /3.php HTTP/1.1" 301 5686 "-" "Mozilla/5.0 (Windows NT 10.0; Win64; x64) AppleWebKit/537.36 (KHTML, like Gecko) Chrome/120.0.0.0 Safari/537.36"
74.248.33.8 - - [29/Jul/2026:10:10:29 +0200] "GET /222.php HTTP/1.1" 301 5688 "-" "Mozilla/5.0 (Windows NT 10.0; Win64; x64) AppleWebKit/537.36 (KHTML, like Gecko) Chrome/120.0.0.0 Safari/537.36"
74.248.33.8 - - [29/Jul/2026:10:10:29 +0200] "GET /wp-admin/images/admin.php HTTP/1.1" 301 5706 "-" "Mozilla/5.0 (Windows NT 10.0; Win64; x64) AppleWebKit/537.36 (KHTML, like Gecko) Chrome/120.0.0.0 Safari/537.36"
74.248.33.8 - - [29/Jul/2026:10:10:30 +0200] "GET /wp-includes/js/codemirror/about.php HTTP/1.1" 301 5716 "-" "Mozilla/5.0 (Windows NT 10.0; Win64; x64) AppleWebKit/537.36 (KHTML, like Gecko) Chrome/120.0.0.0 Safari/537.36"
74.248.33.8 - - [29/Jul/2026:10:10:30 +0200] "GET /wp-includes/Requests/library/ HTTP/1.1" 403 6292 "-" "Mozilla/5.0 (Windows NT 10.0; Win64; x64) AppleWebKit/537.36 (KHTML, like Gecko) Chrome/120.0.0.0 Safari/537.36"
74.248.33.8 - - [29/Jul/2026:10:10:30 +0200] "GET /wp-content/admin.php HTTP/1.1" 301 5693 "-" "Mozilla/5.0 (Windows NT 10.0; Win64; x64) AppleWebKit/537.36 (KHTML, like Gecko) Chrome/120.0.0.0 Safari/537.36"
74.248.33.8 - - [29/Jul/2026:10:10:31 +0200] "GET /wp-configs.php HTTP/1.1" 301 5695 "-" "Mozilla/5.0 (Windows NT 10.0; Win64; x64) AppleWebKit/537.36 (KHTML, like Gecko) Chrome/120.0.0.0 Safari/537.36"
74.248.33.8 - - [29/Jul/2026:10:10:31 +0200] "GET /php.php HTTP/1.1" 301 5688 "-" "Mozilla/5.0 (Windows NT 10.0; Win64; x64) AppleWebKit/537.36 (KHTML, like Gecko) Chrome/120.0.0.0 Safari/537.36"
74.248.33.8 - - [29/Jul/2026:10:10:32 +0200] "GET /wp-includes/index.php HTTP/1.1" 403 6292 "-" "Mozilla/5.0 (Windows NT 10.0; Win64; x64) AppleWebKit/537.36 (KHTML, like Gecko) Chrome/120.0.0.0 Safari/537.36"
74.248.33.8 - - [29/Jul/2026:10:10:32 +0200] "GET /wp-admin/a.php HTTP/1.1" 301 5695 "-" "Mozilla/5.0 (Windows NT 10.0; Win64; x64) AppleWebKit/537.36 (KHTML, like Gecko) Chrome/120.0.0.0 Safari/537.36"
74.248.33.8 - - [29/Jul/2026:10:10:33 +0200] "GET /wp-includes/sitemaps/providers/ HTTP/1.1" 403 6292 "-" "Mozilla/5.0 (Windows NT 10.0; Win64; x64) AppleWebKit/537.36 (KHTML, like Gecko) Chrome/120.0.0.0 Safari/537.36"
74.248.33.8 - - [29/Jul/2026:10:10:33 +0200] "GET /wp-includes/block-bindings/ HTTP/1.1" 403 6292 "-" "Mozilla/5.0 (Windows NT 10.0; Win64; x64) AppleWebKit/537.36 (KHTML, like Gecko) Chrome/120.0.0.0 Safari/537.36"
74.248.33.8 - - [29/Jul/2026:10:10:33 +0200] "GET /wp-includes/Text/about.php HTTP/1.1" 301 5707 "-" "Mozilla/5.0 (Windows NT 10.0; Win64; x64) AppleWebKit/537.36 (KHTML, like Gecko) Chrome/120.0.0.0 Safari/537.36"
74.248.33.8 - - [29/Jul/2026:10:10:33 +0200] "GET /wp-admin.php HTTP/1.1" 301 5693 "-" "Mozilla/5.0 (Windows NT 10.0; Win64; x64) AppleWebKit/537.36 (KHTML, like Gecko) Chrome/120.0.0.0 Safari/537.36"
74.248.33.8 - - [29/Jul/2026:10:10:34 +0200] "GET /size.php HTTP/1.1" 301 5689 "-" "Mozilla/5.0 (Windows NT 10.0; Win64; x64) AppleWebKit/537.36 (KHTML, like Gecko) Chrome/120.0.0.0 Safari/537.36"
74.248.33.8 - - [29/Jul/2026:10:10:34 +0200] "GET /wp-includes/wp-class.php HTTP/1.1" 403 6292 "-" "Mozilla/5.0 (Windows NT 10.0; Win64; x64) AppleWebKit/537.36 (KHTML, like Gecko) Chrome/120.0.0.0 Safari/537.36"
74.248.33.8 - - [29/Jul/2026:10:10:35 +0200] "GET /403.php HTTP/1.1" 301 5688 "-" "Mozilla/5.0 (Windows NT 10.0; Win64; x64) AppleWebKit/537.36 (KHTML, like Gecko) Chrome/120.0.0.0 Safari/537.36"
74.248.33.8 - - [29/Jul/2026:10:10:35 +0200] "GET /wp-includes/IXR/wp-login.php HTTP/1.1" 301 5709 "-" "Mozilla/5.0 (Windows NT 10.0; Win64; x64) AppleWebKit/537.36 (KHTML, like Gecko) Chrome/120.0.0.0 Safari/537.36"
74.248.33.8 - - [29/Jul/2026:10:10:36 +0200] "GET /as.php HTTP/1.1" 301 5687 "-" "Mozilla/5.0 (Windows NT 10.0; Win64; x64) AppleWebKit/537.36 (KHTML, like Gecko) Chrome/120.0.0.0 Safari/537.36"
74.248.33.8 - - [29/Jul/2026:10:10:36 +0200] "GET /wp-admin/includes/index.php HTTP/1.1" 403 6292 "-" "Mozilla/5.0 (Windows NT 10.0; Win64; x64) AppleWebKit/537.36 (KHTML, like Gecko) Chrome/120.0.0.0 Safari/537.36"
74.248.33.8 - - [29/Jul/2026:10:10:36 +0200] "GET /wp-admin/js/widgets/index.php HTTP/1.1" 301 5710 "-" "Mozilla/5.0 (Windows NT 10.0; Win64; x64) AppleWebKit/537.36 (KHTML, like Gecko) Chrome/120.0.0.0 Safari/537.36"
74.248.33.8 - - [29/Jul/2026:10:10:37 +0200] "GET /plugins.php HTTP/1.1" 301 5692 "-" "Mozilla/5.0 (Windows NT 10.0; Win64; x64) AppleWebKit/537.36 (KHTML, like Gecko) Chrome/120.0.0.0 Safari/537.36"
74.248.33.8 - - [29/Jul/2026:10:10:37 +0200] "GET /wp-includes/js/index.php HTTP/1.1" 301 5705 "-" "Mozilla/5.0 (Windows NT 10.0; Win64; x64) AppleWebKit/537.36 (KHTML, like Gecko) Chrome/120.0.0.0 Safari/537.36"
112.207.213.229 - - [29/Jul/2026:10:10:38 +0200] "POST /xmlrpc.php HTTP/1.1" 200 5891 "-" "Jetpack by WordPress.com (Jetpack 12.0; WordPress 6.1)"
74.248.33.8 - - [29/Jul/2026:10:10:38 +0200] "GET /go.php HTTP/1.1" 301 5687 "-" "Mozilla/5.0 (Windows NT 10.0; Win64; x64) AppleWebKit/537.36 (KHTML, like Gecko) Chrome/120.0.0.0 Safari/537.36"
74.248.33.8 - - [29/Jul/2026:10:10:39 +0200] "GET /test1.php HTTP/1.1" 301 5690 "-" "Mozilla/5.0 (Windows NT 10.0; Win64; x64) AppleWebKit/537.36 (KHTML, like Gecko) Chrome/120.0.0.0 Safari/537.36"
74.248.33.8 - - [29/Jul/2026:10:10:40 +0200] "GET /wp-admin/images/ HTTP/1.1" 403 6292 "-" "Mozilla/5.0 (Windows NT 10.0; Win64; x64) AppleWebKit/537.36 (KHTML, like Gecko) Chrome/120.0.0.0 Safari/537.36"
74.248.33.8 - - [29/Jul/2026:10:10:40 +0200] "GET /images/index.php HTTP/1.1" 301 5697 "-" "Mozilla/5.0 (Windows NT 10.0; Win64; x64) AppleWebKit/537.36 (KHTML, like Gecko) Chrome/120.0.0.0 Safari/537.36"
74.248.33.8 - - [29/Jul/2026:10:10:41 +0200] "GET /wp-includes/rest-api/fields/ HTTP/1.1" 403 6292 "-" "Mozilla/5.0 (Windows NT 10.0; Win64; x64) AppleWebKit/537.36 (KHTML, like Gecko) Chrome/120.0.0.0 Safari/537.36"
74.248.33.8 - - [29/Jul/2026:10:10:41 +0200] "GET /asd.php HTTP/1.1" 301 5688 "-" "Mozilla/5.0 (Windows NT 10.0; Win64; x64) AppleWebKit/537.36 (KHTML, like Gecko) Chrome/120.0.0.0 Safari/537.36"
74.248.33.8 - - [29/Jul/2026:10:10:41 +0200] "GET /wp-includes/customize/index.php HTTP/1.1" 301 5712 "-" "Mozilla/5.0 (Windows NT 10.0; Win64; x64) AppleWebKit/537.36 (KHTML, like Gecko) Chrome/120.0.0.0 Safari/537.36"
74.248.33.8 - - [29/Jul/2026:10:10:43 +0200] "GET /wp-content/plugins/core-plugin/include.php HTTP/1.1" 301 5715 "-" "Mozilla/5.0 (Windows NT 10.0; Win64; x64) AppleWebKit/537.36 (KHTML, like Gecko) Chrome/120.0.0.0 Safari/537.36"
74.248.33.8 - - [29/Jul/2026:10:10:44 +0200] "GET /atomlib.php HTTP/1.1" 301 5692 "-" "Mozilla/5.0 (Windows NT 10.0; Win64; x64) AppleWebKit/537.36 (KHTML, like Gecko) Chrome/120.0.0.0 Safari/537.36"
74.248.33.8 - - [29/Jul/2026:10:10:44 +0200] "GET /wp-includes/html-api/ HTTP/1.1" 403 6292 "-" "Mozilla/5.0 (Windows NT 10.0; Win64; x64) AppleWebKit/537.36 (KHTML, like Gecko) Chrome/120.0.0.0 Safari/537.36"
74.248.33.8 - - [29/Jul/2026:10:10:44 +0200] "GET /wp-admin/js/ HTTP/1.1" 403 6292 "-" "Mozilla/5.0 (Windows NT 10.0; Win64; x64) AppleWebKit/537.36 (KHTML, like Gecko) Chrome/120.0.0.0 Safari/537.36"
74.248.33.8 - - [29/Jul/2026:10:10:44 +0200] "GET /wp-includes/IXR/chosen.php HTTP/1.1" 301 5707 "-" "Mozilla/5.0 (Windows NT 10.0; Win64; x64) AppleWebKit/537.36 (KHTML, like Gecko) Chrome/120.0.0.0 Safari/537.36"
74.248.33.8 - - [29/Jul/2026:10:10:45 +0200] "GET /wp-admin/css/colors/ectoplasm/ HTTP/1.1" 403 6292 "-" "Mozilla/5.0 (Windows NT 10.0; Win64; x64) AppleWebKit/537.36 (KHTML, like Gecko) Chrome/120.0.0.0 Safari/537.36"
74.248.33.8 - - [29/Jul/2026:10:10:45 +0200] "GET /wp-includes/blocks/block/ HTTP/1.1" 403 6292 "-" "Mozilla/5.0 (Windows NT 10.0; Win64; x64) AppleWebKit/537.36 (KHTML, like Gecko) Chrome/120.0.0.0 Safari/537.36"
74.248.33.8 - - [29/Jul/2026:10:10:45 +0200] "GET /wp-includes/rest-api/ HTTP/1.1" 403 6292 "-" "Mozilla/5.0 (Windows NT 10.0; Win64; x64) AppleWebKit/537.36 (KHTML, like Gecko) Chrome/120.0.0.0 Safari/537.36"
74.248.33.8 - - [29/Jul/2026:10:10:45 +0200] "GET /inputs.php HTTP/1.1" 301 5691 "-" "Mozilla/5.0 (Windows NT 10.0; Win64; x64) AppleWebKit/537.36 (KHTML, like Gecko) Chrome/120.0.0.0 Safari/537.36"
74.248.33.8 - - [29/Jul/2026:10:10:46 +0200] "GET /wp-content/index.php HTTP/1.1" 200 5434 "-" "Mozilla/5.0 (Windows NT 10.0; Win64; x64) AppleWebKit/537.36 (KHTML, like Gecko) Chrome/120.0.0.0 Safari/537.36"
74.248.33.8 - - [29/Jul/2026:10:10:46 +0200] "GET /wp-admin/network/index.php HTTP/1.1" 302 5746 "-" "Mozilla/5.0 (Windows NT 10.0; Win64; x64) AppleWebKit/537.36 (KHTML, like Gecko) Chrome/120.0.0.0 Safari/537.36"
