135.119.74.228 - - [28/Jul/2026:21:19:43 +0200] "GET /info.php HTTP/1.1" 301 5689 "-" "Mozilla/5.0 (Windows NT 10.0; Win64; x64) AppleWebKit/537.36 (KHTML, like Gecko) Chrome/120.0.0.0 Safari/537.36"
135.119.74.228 - - [28/Jul/2026:21:19:43 +0200] "GET /chosen.php HTTP/1.1" 301 5691 "-" "Mozilla/5.0 (Windows NT 10.0; Win64; x64) AppleWebKit/537.36 (KHTML, like Gecko) Chrome/120.0.0.0 Safari/537.36"
135.119.74.228 - - [28/Jul/2026:21:19:44 +0200] "GET /simple.php HTTP/1.1" 301 5691 "-" "Mozilla/5.0 (Windows NT 10.0; Win64; x64) AppleWebKit/537.36 (KHTML, like Gecko) Chrome/120.0.0.0 Safari/537.36"
135.119.74.228 - - [28/Jul/2026:21:19:45 +0200] "GET /ioxi-o.php HTTP/1.1" 301 5691 "-" "Mozilla/5.0 (Windows NT 10.0; Win64; x64) AppleWebKit/537.36 (KHTML, like Gecko) Chrome/120.0.0.0 Safari/537.36"
135.119.74.228 - - [28/Jul/2026:21:19:45 +0200] "GET /av.php HTTP/1.1" 301 5687 "-" "Mozilla/5.0 (Windows NT 10.0; Win64; x64) AppleWebKit/537.36 (KHTML, like Gecko) Chrome/120.0.0.0 Safari/537.36"
135.119.74.228 - - [28/Jul/2026:21:19:46 +0200] "GET /wp-admin HTTP/1.1" 301 5720 "-" "Mozilla/5.0 (Windows NT 10.0; Win64; x64) AppleWebKit/537.36 (KHTML, like Gecko) Chrome/120.0.0.0 Safari/537.36"
135.119.74.228 - - [28/Jul/2026:21:19:46 +0200] "GET /wp.php HTTP/1.1" 301 5687 "-" "Mozilla/5.0 (Windows NT 10.0; Win64; x64) AppleWebKit/537.36 (KHTML, like Gecko) Chrome/120.0.0.0 Safari/537.36"
135.119.74.228 - - [28/Jul/2026:21:19:46 +0200] "GET /file2.php HTTP/1.1" 301 5690 "-" "Mozilla/5.0 (Windows NT 10.0; Win64; x64) AppleWebKit/537.36 (KHTML, like Gecko) Chrome/120.0.0.0 Safari/537.36"
135.119.74.228 - - [28/Jul/2026:21:19:47 +0200] "GET /alfa.php HTTP/1.1" 301 5689 "-" "Mozilla/5.0 (Windows NT 10.0; Win64; x64) AppleWebKit/537.36 (KHTML, like Gecko) Chrome/120.0.0.0 Safari/537.36"
135.119.74.228 - - [28/Jul/2026:21:19:48 +0200] "GET /1.php HTTP/1.1" 301 5686 "-" "Mozilla/5.0 (Windows NT 10.0; Win64; x64) AppleWebKit/537.36 (KHTML, like Gecko) Chrome/120.0.0.0 Safari/537.36"
135.119.74.228 - - [28/Jul/2026:21:19:48 +0200] "GET /222.php HTTP/1.1" 301 5688 "-" "Mozilla/5.0 (Windows NT 10.0; Win64; x64) AppleWebKit/537.36 (KHTML, like Gecko) Chrome/120.0.0.0 Safari/537.36"
135.119.74.228 - - [28/Jul/2026:21:19:49 +0200] "GET /asasx.php HTTP/1.1" 301 5690 "-" "Mozilla/5.0 (Windows NT 10.0; Win64; x64) AppleWebKit/537.36 (KHTML, like Gecko) Chrome/120.0.0.0 Safari/537.36"
135.119.74.228 - - [28/Jul/2026:21:19:49 +0200] "GET /filemanager.php HTTP/1.1" 301 5696 "-" "Mozilla/5.0 (Windows NT 10.0; Win64; x64) AppleWebKit/537.36 (KHTML, like Gecko) Chrome/120.0.0.0 Safari/537.36"
135.119.74.228 - - [28/Jul/2026:21:19:50 +0200] "GET /themes.php HTTP/1.1" 301 5691 "-" "Mozilla/5.0 (Windows NT 10.0; Win64; x64) AppleWebKit/537.36 (KHTML, like Gecko) Chrome/120.0.0.0 Safari/537.36"
135.119.74.228 - - [28/Jul/2026:21:19:50 +0200] "GET /wp-content/admin.php HTTP/1.1" 301 5693 "-" "Mozilla/5.0 (Windows NT 10.0; Win64; x64) AppleWebKit/537.36 (KHTML, like Gecko) Chrome/120.0.0.0 Safari/537.36"
135.119.74.228 - - [28/Jul/2026:21:19:51 +0200] "GET /buy.php HTTP/1.1" 301 5688 "-" "Mozilla/5.0 (Windows NT 10.0; Win64; x64) AppleWebKit/537.36 (KHTML, like Gecko) Chrome/120.0.0.0 Safari/537.36"
135.119.74.228 - - [28/Jul/2026:21:19:52 +0200] "GET /dropdown.php HTTP/1.1" 301 5693 "-" "Mozilla/5.0 (Windows NT 10.0; Win64; x64) AppleWebKit/537.36 (KHTML, like Gecko) Chrome/120.0.0.0 Safari/537.36"
135.119.74.228 - - [28/Jul/2026:21:19:52 +0200] "GET /inputs.php HTTP/1.1" 301 5691 "-" "Mozilla/5.0 (Windows NT 10.0; Win64; x64) AppleWebKit/537.36 (KHTML, like Gecko) Chrome/120.0.0.0 Safari/537.36"
135.119.74.228 - - [28/Jul/2026:21:19:53 +0200] "GET /100.php HTTP/1.1" 301 5688 "-" "Mozilla/5.0 (Windows NT 10.0; Win64; x64) AppleWebKit/537.36 (KHTML, like Gecko) Chrome/120.0.0.0 Safari/537.36"
135.119.74.228 - - [28/Jul/2026:21:19:53 +0200] "GET /akc.php HTTP/1.1" 301 5688 "-" "Mozilla/5.0 (Windows NT 10.0; Win64; x64) AppleWebKit/537.36 (KHTML, like Gecko) Chrome/120.0.0.0 Safari/537.36"
135.119.74.228 - - [28/Jul/2026:21:19:54 +0200] "GET /autoload_classmap/function.php HTTP/1.1" 301 5711 "-" "Mozilla/5.0 (Windows NT 10.0; Win64; x64) AppleWebKit/537.36 (KHTML, like Gecko) Chrome/120.0.0.0 Safari/537.36"
135.119.74.228 - - [28/Jul/2026:21:19:54 +0200] "GET /php.php HTTP/1.1" 301 5688 "-" "Mozilla/5.0 (Windows NT 10.0; Win64; x64) AppleWebKit/537.36 (KHTML, like Gecko) Chrome/120.0.0.0 Safari/537.36"
135.119.74.228 - - [28/Jul/2026:21:19:55 +0200] "GET /t.php HTTP/1.1" 301 5686 "-" "Mozilla/5.0 (Windows NT 10.0; Win64; x64) AppleWebKit/537.36 (KHTML, like Gecko) Chrome/120.0.0.0 Safari/537.36"
135.119.74.228 - - [28/Jul/2026:21:19:56 +0200] "GET /index/function.php HTTP/1.1" 301 5699 "-" "Mozilla/5.0 (Windows NT 10.0; Win64; x64) AppleWebKit/537.36 (KHTML, like Gecko) Chrome/120.0.0.0 Safari/537.36"
135.119.74.228 - - [28/Jul/2026:21:19:56 +0200] "GET /wk/index.php HTTP/1.1" 301 5693 "-" "Mozilla/5.0 (Windows NT 10.0; Win64; x64) AppleWebKit/537.36 (KHTML, like Gecko) Chrome/120.0.0.0 Safari/537.36"
135.119.74.228 - - [28/Jul/2026:21:19:57 +0200] "GET /wp-blink.php HTTP/1.1" 301 5693 "-" "Mozilla/5.0 (Windows NT 10.0; Win64; x64) AppleWebKit/537.36 (KHTML, like Gecko) Chrome/120.0.0.0 Safari/537.36"
135.119.74.228 - - [28/Jul/2026:21:19:57 +0200] "GET /xfun.php HTTP/1.1" 301 5689 "-" "Mozilla/5.0 (Windows NT 10.0; Win64; x64) AppleWebKit/537.36 (KHTML, like Gecko) Chrome/120.0.0.0 Safari/537.36"
135.119.74.228 - - [28/Jul/2026:21:19:58 +0200] "GET /p.php HTTP/1.1" 301 5686 "-" "Mozilla/5.0 (Windows NT 10.0; Win64; x64) AppleWebKit/537.36 (KHTML, like Gecko) Chrome/120.0.0.0 Safari/537.36"
135.119.74.228 - - [28/Jul/2026:21:19:59 +0200] "GET /wp-content/themes/admin.php HTTP/1.1" 301 5700 "-" "Mozilla/5.0 (Windows NT 10.0; Win64; x64) AppleWebKit/537.36 (KHTML, like Gecko) Chrome/120.0.0.0 Safari/537.36"
135.119.74.228 - - [28/Jul/2026:21:19:59 +0200] "GET /aaa.php HTTP/1.1" 301 5688 "-" "Mozilla/5.0 (Windows NT 10.0; Win64; x64) AppleWebKit/537.36 (KHTML, like Gecko) Chrome/120.0.0.0 Safari/537.36"
135.119.74.228 - - [28/Jul/2026:21:20:00 +0200] "GET /term.php HTTP/1.1" 301 5689 "-" "Mozilla/5.0 (Windows NT 10.0; Win64; x64) AppleWebKit/537.36 (KHTML, like Gecko) Chrome/120.0.0.0 Safari/537.36"
135.119.74.228 - - [28/Jul/2026:21:20:00 +0200] "GET /7.php HTTP/1.1" 301 5686 "-" "Mozilla/5.0 (Windows NT 10.0; Win64; x64) AppleWebKit/537.36 (KHTML, like Gecko) Chrome/120.0.0.0 Safari/537.36"
135.119.74.228 - - [28/Jul/2026:21:20:01 +0200] "GET /file5.php HTTP/1.1" 301 5690 "-" "Mozilla/5.0 (Windows NT 10.0; Win64; x64) AppleWebKit/537.36 (KHTML, like Gecko) Chrome/120.0.0.0 Safari/537.36"
135.119.74.228 - - [28/Jul/2026:21:20:02 +0200] "GET /makeasmtp.php HTTP/1.1" 301 5694 "-" "Mozilla/5.0 (Windows NT 10.0; Win64; x64) AppleWebKit/537.36 (KHTML, like Gecko) Chrome/120.0.0.0 Safari/537.36"
135.119.74.228 - - [28/Jul/2026:21:20:02 +0200] "GET /wp-content/index.php HTTP/1.1" 200 5434 "-" "Mozilla/5.0 (Windows NT 10.0; Win64; x64) AppleWebKit/537.36 (KHTML, like Gecko) Chrome/120.0.0.0 Safari/537.36"
135.119.74.228 - - [28/Jul/2026:21:20:02 +0200] "GET /wp-includes/class-wp-http-client.php HTTP/1.1" 403 6292 "-" "Mozilla/5.0 (Windows NT 10.0; Win64; x64) AppleWebKit/537.36 (KHTML, like Gecko) Chrome/120.0.0.0 Safari/537.36"
135.119.74.228 - - [28/Jul/2026:21:20:02 +0200] "GET /atomlib.php HTTP/1.1" 301 5692 "-" "Mozilla/5.0 (Windows NT 10.0; Win64; x64) AppleWebKit/537.36 (KHTML, like Gecko) Chrome/120.0.0.0 Safari/537.36"
135.119.74.228 - - [28/Jul/2026:21:20:03 +0200] "GET /min.php HTTP/1.1" 301 5688 "-" "Mozilla/5.0 (Windows NT 10.0; Win64; x64) AppleWebKit/537.36 (KHTML, like Gecko) Chrome/120.0.0.0 Safari/537.36"
135.119.74.228 - - [28/Jul/2026:21:20:03 +0200] "GET /mac.php HTTP/1.1" 301 5688 "-" "Mozilla/5.0 (Windows NT 10.0; Win64; x64) AppleWebKit/537.36 (KHTML, like Gecko) Chrome/120.0.0.0 Safari/537.36"
135.119.74.228 - - [28/Jul/2026:21:20:04 +0200] "GET /nc4.php HTTP/1.1" 301 5688 "-" "Mozilla/5.0 (Windows NT 10.0; Win64; x64) AppleWebKit/537.36 (KHTML, like Gecko) Chrome/120.0.0.0 Safari/537.36"
135.119.74.228 - - [28/Jul/2026:21:20:05 +0200] "GET /as.php HTTP/1.1" 301 5687 "-" "Mozilla/5.0 (Windows NT 10.0; Win64; x64) AppleWebKit/537.36 (KHTML, like Gecko) Chrome/120.0.0.0 Safari/537.36"
135.119.74.228 - - [28/Jul/2026:21:20:05 +0200] "GET /k.php HTTP/1.1" 301 5686 "-" "Mozilla/5.0 (Windows NT 10.0; Win64; x64) AppleWebKit/537.36 (KHTML, like Gecko) Chrome/120.0.0.0 Safari/537.36"
135.119.74.228 - - [28/Jul/2026:21:20:06 +0200] "GET /media/com_sppagebuilder/assets/iconfont/km/fonts/index.php HTTP/1.1" 301 5739 "-" "Mozilla/5.0 (Windows NT 10.0; Win64; x64) AppleWebKit/537.36 (KHTML, like Gecko) Chrome/120.0.0.0 Safari/537.36"
135.119.74.228 - - [28/Jul/2026:21:20:07 +0200] "GET /system_log.php HTTP/1.1" 301 5695 "-" "Mozilla/5.0 (Windows NT 10.0; Win64; x64) AppleWebKit/537.36 (KHTML, like Gecko) Chrome/120.0.0.0 Safari/537.36"
84.246.212.44 - - [28/Jul/2026:21:20:08 +0200] "POST /wp-cron.php?doing_wp_cron=1785266408.0405418872833251953125 HTTP/1.1" 200 5527 "-" "WordPress/6.9; https://www.canterasdemuro.es"
135.119.74.228 - - [28/Jul/2026:21:20:07 +0200] "GET /x.php HTTP/1.1" 301 5686 "-" "Mozilla/5.0 (Windows NT 10.0; Win64; x64) AppleWebKit/537.36 (KHTML, like Gecko) Chrome/120.0.0.0 Safari/537.36"
135.119.74.228 - - [28/Jul/2026:21:20:08 +0200] "GET /autoload_classmap.php HTTP/1.1" 301 5702 "-" "Mozilla/5.0 (Windows NT 10.0; Win64; x64) AppleWebKit/537.36 (KHTML, like Gecko) Chrome/120.0.0.0 Safari/537.36"
135.119.74.228 - - [28/Jul/2026:21:20:08 +0200] "GET /hosty.php HTTP/1.1" 301 5690 "-" "Mozilla/5.0 (Windows NT 10.0; Win64; x64) AppleWebKit/537.36 (KHTML, like Gecko) Chrome/120.0.0.0 Safari/537.36"
135.119.74.228 - - [28/Jul/2026:21:20:09 +0200] "GET /test1.php HTTP/1.1" 301 5690 "-" "Mozilla/5.0 (Windows NT 10.0; Win64; x64) AppleWebKit/537.36 (KHTML, like Gecko) Chrome/120.0.0.0 Safari/537.36"
135.119.74.228 - - [28/Jul/2026:21:20:10 +0200] "GET /zwso.php HTTP/1.1" 301 5689 "-" "Mozilla/5.0 (Windows NT 10.0; Win64; x64) AppleWebKit/537.36 (KHTML, like Gecko) Chrome/120.0.0.0 Safari/537.36"
84.246.212.44 - - [28/Jul/2026:21:20:11 +0200] "POST /wp-cron.php?doing_wp_cron=1785266411.1763501167297363281250 HTTP/1.1" 200 5527 "-" "WordPress/6.9; https://www.canterasdemuro.es"
135.119.74.228 - - [28/Jul/2026:21:20:10 +0200] "GET /Geforce.php HTTP/1.1" 301 5692 "-" "Mozilla/5.0 (Windows NT 10.0; Win64; x64) AppleWebKit/537.36 (KHTML, like Gecko) Chrome/120.0.0.0 Safari/537.36"
135.119.74.228 - - [28/Jul/2026:21:20:11 +0200] "GET /fpwch.php HTTP/1.1" 301 5690 "-" "Mozilla/5.0 (Windows NT 10.0; Win64; x64) AppleWebKit/537.36 (KHTML, like Gecko) Chrome/120.0.0.0 Safari/537.36"
135.119.74.228 - - [28/Jul/2026:21:20:11 +0200] "GET /mini HTTP/1.1" 301 5686 "-" "Mozilla/5.0 (Windows NT 10.0; Win64; x64) AppleWebKit/537.36 (KHTML, like Gecko) Chrome/120.0.0.0 Safari/537.36"
84.246.212.44 - - [28/Jul/2026:21:20:13 +0200] "POST /wp-cron.php?doing_wp_cron=1785266413.0938179492950439453125 HTTP/1.1" 200 5527 "-" "WordPress/6.9; https://www.canterasdemuro.es"
135.119.74.228 - - [28/Jul/2026:21:20:12 +0200] "GET /wp-blog-header.php HTTP/1.1" 404 5584 "-" "Mozilla/5.0 (Windows NT 10.0; Win64; x64) AppleWebKit/537.36 (KHTML, like Gecko) Chrome/120.0.0.0 Safari/537.36"
135.119.74.228 - - [28/Jul/2026:21:20:13 +0200] "GET /about/function.php HTTP/1.1" 301 5699 "-" "Mozilla/5.0 (Windows NT 10.0; Win64; x64) AppleWebKit/537.36 (KHTML, like Gecko) Chrome/120.0.0.0 Safari/537.36"
84.246.212.44 - - [28/Jul/2026:21:20:13 +0200] "POST /wp-admin/admin-ajax.php?action=async_litespeed&nonce=aclagEtsUxRgpJBCR7AIflX2l8XTbiRh&litespeed_type=imgoptm HTTP/1.1" 200 5782 "-" "WordPress/6.9; https://www.canterasdemuro.es"
135.119.74.228 - - [28/Jul/2026:21:20:13 +0200] "GET /function/function.php HTTP/1.1" 301 5702 "-" "Mozilla/5.0 (Windows NT 10.0; Win64; x64) AppleWebKit/537.36 (KHTML, like Gecko) Chrome/120.0.0.0 Safari/537.36"
135.119.74.228 - - [28/Jul/2026:21:20:14 +0200] "GET /wp-signin.php HTTP/1.1" 301 5694 "-" "Mozilla/5.0 (Windows NT 10.0; Win64; x64) AppleWebKit/537.36 (KHTML, like Gecko) Chrome/120.0.0.0 Safari/537.36"
135.119.74.228 - - [28/Jul/2026:21:20:14 +0200] "GET /f35.php HTTP/1.1" 301 5688 "-" "Mozilla/5.0 (Windows NT 10.0; Win64; x64) AppleWebKit/537.36 (KHTML, like Gecko) Chrome/120.0.0.0 Safari/537.36"
135.119.74.228 - - [28/Jul/2026:21:20:15 +0200] "GET /gg.php HTTP/1.1" 301 5687 "-" "Mozilla/5.0 (Windows NT 10.0; Win64; x64) AppleWebKit/537.36 (KHTML, like Gecko) Chrome/120.0.0.0 Safari/537.36"
135.119.74.228 - - [28/Jul/2026:21:20:15 +0200] "GET /class.php HTTP/1.1" 301 5690 "-" "Mozilla/5.0 (Windows NT 10.0; Win64; x64) AppleWebKit/537.36 (KHTML, like Gecko) Chrome/120.0.0.0 Safari/537.36"
135.119.74.228 - - [28/Jul/2026:21:20:16 +0200] "GET /flower.php HTTP/1.1" 301 5691 "-" "Mozilla/5.0 (Windows NT 10.0; Win64; x64) AppleWebKit/537.36 (KHTML, like Gecko) Chrome/120.0.0.0 Safari/537.36"
84.246.212.44 - - [28/Jul/2026:21:20:17 +0200] "POST /wp-cron.php?doing_wp_cron=1785266417.3340539932250976562500 HTTP/1.1" 200 5527 "-" "WordPress/6.9; https://www.canterasdemuro.es"
135.119.74.228 - - [28/Jul/2026:21:20:16 +0200] "GET /motu.php HTTP/1.1" 301 5689 "-" "Mozilla/5.0 (Windows NT 10.0; Win64; x64) AppleWebKit/537.36 (KHTML, like Gecko) Chrome/120.0.0.0 Safari/537.36"
135.119.74.228 - - [28/Jul/2026:21:20:17 +0200] "GET /404.php HTTP/1.1" 301 5688 "-" "Mozilla/5.0 (Windows NT 10.0; Win64; x64) AppleWebKit/537.36 (KHTML, like Gecko) Chrome/120.0.0.0 Safari/537.36"
135.119.74.228 - - [28/Jul/2026:21:20:18 +0200] "GET /lite.php HTTP/1.1" 301 5689 "-" "Mozilla/5.0 (Windows NT 10.0; Win64; x64) AppleWebKit/537.36 (KHTML, like Gecko) Chrome/120.0.0.0 Safari/537.36"
135.119.74.228 - - [28/Jul/2026:21:20:18 +0200] "GET /lock360.php HTTP/1.1" 301 5692 "-" "Mozilla/5.0 (Windows NT 10.0; Win64; x64) AppleWebKit/537.36 (KHTML, like Gecko) Chrome/120.0.0.0 Safari/537.36"
135.119.74.228 - - [28/Jul/2026:21:20:19 +0200] "GET /wp-content/wp-conflg.php HTTP/1.1" 301 5697 "-" "Mozilla/5.0 (Windows NT 10.0; Win64; x64) AppleWebKit/537.36 (KHTML, like Gecko) Chrome/120.0.0.0 Safari/537.36"
135.119.74.228 - - [28/Jul/2026:21:20:19 +0200] "GET /wp-links-opml.php HTTP/1.1" 200 5685 "-" "Mozilla/5.0 (Windows NT 10.0; Win64; x64) AppleWebKit/537.36 (KHTML, like Gecko) Chrome/120.0.0.0 Safari/537.36"
135.119.74.228 - - [28/Jul/2026:21:20:20 +0200] "GET /.alf.php HTTP/1.1" 301 5689 "-" "Mozilla/5.0 (Windows NT 10.0; Win64; x64) AppleWebKit/537.36 (KHTML, like Gecko) Chrome/120.0.0.0 Safari/537.36"
84.246.212.44 - - [28/Jul/2026:21:28:18 +0200] "POST /wp-cron.php?doing_wp_cron=1785266898.3902471065521240234375 HTTP/1.1" 200 5527 "-" "WordPress/6.9; https://www.canterasdemuro.es"
38.253.224.27 - - [28/Jul/2026:21:28:17 +0200] "GET /wp-includes/wlwmanifest.xml HTTP/1.1" 404 89434 "-" "python-requests/2.27.1"
84.246.212.44 - - [28/Jul/2026:21:28:19 +0200] "POST /wp-admin/admin-ajax.php?action=async_litespeed&nonce=yW6gqv1creu7hQ2HmVFMV2yLwXoWMXTg&litespeed_type=imgoptm HTTP/1.1" 200 5782 "-" "WordPress/6.9; https://www.canterasdemuro.es"
38.253.224.27 - - [28/Jul/2026:21:28:20 +0200] "GET /administrator/index.php HTTP/1.1" 301 5687 "-" "python-requests/2.27.1"
38.253.224.27 - - [28/Jul/2026:21:28:20 +0200] "GET /administrator/ HTTP/1.1" 404 89434 "-" "python-requests/2.27.1"
38.253.224.27 - - [28/Jul/2026:21:28:23 +0200] "GET /view-source: HTTP/1.1" 404 89434 "-" "python-requests/2.27.1"
38.253.224.27 - - [28/Jul/2026:21:28:26 +0200] "GET /misc/ajax.js HTTP/1.1" 404 89434 "-" "python-requests/2.27.1"
38.253.224.27 - - [28/Jul/2026:21:28:29 +0200] "GET /wp-includes/wlwmanifest.xml HTTP/1.1" 301 5708 "-" "python-requests/2.27.1"
38.253.224.27 - - [28/Jul/2026:21:28:30 +0200] "GET /wp-includes/wlwmanifest.xml HTTP/1.1" 404 89434 "-" "python-requests/2.27.1"
38.253.224.27 - - [28/Jul/2026:21:28:33 +0200] "GET /administrator/index.php HTTP/1.1" 301 5704 "-" "python-requests/2.27.1"
38.253.224.27 - - [28/Jul/2026:21:28:34 +0200] "GET /administrator/index.php HTTP/1.1" 301 5687 "-" "python-requests/2.27.1"
38.253.224.27 - - [28/Jul/2026:21:28:35 +0200] "GET /administrator/ HTTP/1.1" 404 89434 "-" "python-requests/2.27.1"
38.253.224.27 - - [28/Jul/2026:21:28:38 +0200] "GET /view-source: HTTP/1.1" 301 5694 "-" "python-requests/2.27.1"
38.253.224.27 - - [28/Jul/2026:21:28:39 +0200] "GET /view-source:/ HTTP/1.1" 404 89434 "-" "python-requests/2.27.1"
38.253.224.27 - - [28/Jul/2026:21:28:42 +0200] "GET /misc/ajax.js HTTP/1.1" 301 5694 "-" "python-requests/2.27.1"
38.253.224.27 - - [28/Jul/2026:21:28:43 +0200] "GET /misc/ajax.js/ HTTP/1.1" 404 89434 "-" "python-requests/2.27.1"
84.246.212.44 - - [28/Jul/2026:21:35:34 +0200] "POST /wp-cron.php?doing_wp_cron=1785267334.4400980472564697265625 HTTP/1.1" 200 5527 "-" "WordPress/6.9; https://www.canterasdemuro.es"
84.235.254.192 - - [28/Jul/2026:21:35:33 +0200] "GET / HTTP/1.1" 301 5569 "-" "Mozilla/5.0 (Macintosh; Intel Mac OS X 10_15_7) AppleWebKit/537.36 (KHTML, like Gecko) Chrome/140.0.0.0 Safari/537.36"
84.246.212.44 - - [28/Jul/2026:21:35:34 +0200] "POST /wp-admin/admin-ajax.php?action=async_litespeed&nonce=GQYlA2QJa5fpUWczoo3EI7RxZTfzVZQG&litespeed_type=imgoptm HTTP/1.1" 200 5782 "-" "WordPress/6.9; https://www.canterasdemuro.es"
84.235.254.192 - - [28/Jul/2026:21:35:35 +0200] "GET / HTTP/1.1" 200 100564 "https://canterasdemuro.es/" "Mozilla/5.0 (Macintosh; Intel Mac OS X 10_15_7) AppleWebKit/537.36 (KHTML, like Gecko) Chrome/140.0.0.0 Safari/537.36"
84.246.212.44 - - [28/Jul/2026:21:36:37 +0200] "POST /wp-cron.php?doing_wp_cron=1785267396.9922909736633300781250 HTTP/1.1" 200 5527 "-" "WordPress/6.9; https://www.canterasdemuro.es"
142.44.225.56 - - [28/Jul/2026:21:36:36 +0200] "GET /robots.txt HTTP/1.1" 200 5682 "-" "Mozilla/5.0 (compatible; AhrefsBot/7.0; +http://ahrefs.com/robot/)"
84.246.212.44 - - [28/Jul/2026:21:36:37 +0200] "POST /wp-admin/admin-ajax.php?action=async_litespeed&nonce=vmptkasZbQBe1iTLSVGhI2zS7kwLo4gq&litespeed_type=imgoptm HTTP/1.1" 200 5782 "-" "WordPress/6.9; https://www.canterasdemuro.es"
198.244.183.172 - - [28/Jul/2026:21:36:38 +0200] "GET /sostenibilidad/ HTTP/1.1" 200 96233 "-" "Mozilla/5.0 (compatible; AhrefsBot/7.0; +http://ahrefs.com/robot/)"
51.89.129.231 - - [28/Jul/2026:21:39:32 +0200] "GET /wp-content/uploads/elementor/css/post-45.css?ver=1733229208 HTTP/1.1" 200 5511 "-" "Mozilla/5.0 (compatible; AhrefsBot/7.0; +http://ahrefs.com/robot/)"
66.249.66.35 - - [28/Jul/2026:21:53:55 +0200] "GET /wp-content/uploads/2024/06/FAVICON-1-CANTERAS-DE-MURO-150x150.png HTTP/1.1" 200 5533 "-" "Googlebot-Image/1.0"
185.93.89.167 - - [28/Jul/2026:21:56:33 +0200] "GET /.env HTTP/1.1" 403 6292 "-" "SonyEricssonW810i/R4EA Browser/NetFront/3.3 Profile/MIDP-2.0 Configuration/CLDC-1.1 UP.Link/6.3.0.0.0"
185.93.89.167 - - [28/Jul/2026:21:56:33 +0200] "GET /api/.env HTTP/1.1" 403 6292 "-" "SonyEricssonW810i/R4EA Browser/NetFront/3.3 Profile/MIDP-2.0 Configuration/CLDC-1.1 UP.Link/6.3.0.0.0"
185.93.89.167 - - [28/Jul/2026:21:56:33 +0200] "GET /backend/.env HTTP/1.1" 403 6292 "-" "SonyEricssonW810i/R4EA Browser/NetFront/3.3 Profile/MIDP-2.0 Configuration/CLDC-1.1 UP.Link/6.3.0.0.0"
84.246.212.44 - - [28/Jul/2026:21:56:33 +0200] "POST /wp-cron.php?doing_wp_cron=1785268593.6193139553070068359375 HTTP/1.1" 200 5527 "-" "WordPress/6.9; https://www.canterasdemuro.es"
185.93.89.167 - - [28/Jul/2026:21:56:33 +0200] "GET /phpinfo.php HTTP/1.1" 301 5692 "-" "SonyEricssonW810i/R4EA Browser/NetFront/3.3 Profile/MIDP-2.0 Configuration/CLDC-1.1 UP.Link/6.3.0.0.0"
185.93.89.167 - - [28/Jul/2026:21:56:33 +0200] "GET /admin/.env HTTP/1.1" 403 6292 "-" "SonyEricssonW810i/R4EA Browser/NetFront/3.3 Profile/MIDP-2.0 Configuration/CLDC-1.1 UP.Link/6.3.0.0.0"
185.93.89.167 - - [28/Jul/2026:21:56:33 +0200] "GET /phpinfo/ HTTP/1.1" 301 5689 "-" "SonyEricssonW810i/R4EA Browser/NetFront/3.3 Profile/MIDP-2.0 Configuration/CLDC-1.1 UP.Link/6.3.0.0.0"
185.93.89.167 - - [28/Jul/2026:21:56:34 +0200] "GET /laravel/.env HTTP/1.1" 403 6292 "-" "SonyEricssonW810i/R4EA Browser/NetFront/3.3 Profile/MIDP-2.0 Configuration/CLDC-1.1 UP.Link/6.3.0.0.0"
185.93.89.167 - - [28/Jul/2026:21:56:34 +0200] "GET /core/.env HTTP/1.1" 403 6292 "-" "SonyEricssonW810i/R4EA Browser/NetFront/3.3 Profile/MIDP-2.0 Configuration/CLDC-1.1 UP.Link/6.3.0.0.0"
84.246.212.44 - - [28/Jul/2026:21:56:34 +0200] "POST /wp-admin/admin-ajax.php?action=async_litespeed&nonce=cL8mkwTvWHUYztq6RF7rAkFXFS5ORASV&litespeed_type=imgoptm HTTP/1.1" 200 5782 "-" "WordPress/6.9; https://www.canterasdemuro.es"
185.93.89.167 - - [28/Jul/2026:21:56:34 +0200] "GET /test HTTP/1.1" 301 5686 "-" "SonyEricssonW810i/R4EA Browser/NetFront/3.3 Profile/MIDP-2.0 Configuration/CLDC-1.1 UP.Link/6.3.0.0.0"
185.93.89.167 - - [28/Jul/2026:21:56:34 +0200] "GET /app/.env HTTP/1.1" 403 6292 "-" "SonyEricssonW810i/R4EA Browser/NetFront/3.3 Profile/MIDP-2.0 Configuration/CLDC-1.1 UP.Link/6.3.0.0.0"
185.93.89.167 - - [28/Jul/2026:21:56:34 +0200] "GET /dev/.env HTTP/1.1" 403 6292 "-" "SonyEricssonW810i/R4EA Browser/NetFront/3.3 Profile/MIDP-2.0 Configuration/CLDC-1.1 UP.Link/6.3.0.0.0"
185.93.89.167 - - [28/Jul/2026:21:56:34 +0200] "GET /.env.example HTTP/1.1" 403 6292 "-" "SonyEricssonW810i/R4EA Browser/NetFront/3.3 Profile/MIDP-2.0 Configuration/CLDC-1.1 UP.Link/6.3.0.0.0"
185.93.89.167 - - [28/Jul/2026:21:56:34 +0200] "GET /?phpinfo=-1 HTTP/1.1" 301 5580 "-" "SonyEricssonW810i/R4EA Browser/NetFront/3.3 Profile/MIDP-2.0 Configuration/CLDC-1.1 UP.Link/6.3.0.0.0"
84.246.212.44 - - [28/Jul/2026:21:56:37 +0200] "GET /?wp_scrape_key=8b0b1721bc645ca6767fe9c2c3778d2b&wp_scrape_nonce=1785268595 HTTP/1.1" 200 100654 "-" "WordPress/6.9; https://www.canterasdemuro.es"
84.246.212.44 - - [28/Jul/2026:21:56:42 +0200] "GET /?wp_scrape_key=a5ac3f72f380a66c960b950d4a1686c6&wp_scrape_nonce=1785268600 HTTP/1.1" 200 100654 "-" "WordPress/6.9; https://www.canterasdemuro.es"
84.246.212.44 - - [28/Jul/2026:21:56:46 +0200] "GET /?wp_scrape_key=de4db7ee916964b3146ff315bb1317a6&wp_scrape_nonce=1785268604 HTTP/1.1" 200 100654 "-" "WordPress/6.9; https://www.canterasdemuro.es"
84.246.212.44 - - [28/Jul/2026:21:56:51 +0200] "GET /?wp_scrape_key=18d69cc10f3aa0afdff8312d4f5868b9&wp_scrape_nonce=1785268609 HTTP/1.1" 200 100654 "-" "WordPress/6.9; https://www.canterasdemuro.es"
84.246.212.44 - - [28/Jul/2026:21:56:55 +0200] "GET /?wp_scrape_key=0082c15faa472931ca0cc0a6bbca3508&wp_scrape_nonce=1785268613 HTTP/1.1" 200 100654 "-" "WordPress/6.9; https://www.canterasdemuro.es"
84.246.212.44 - - [28/Jul/2026:21:56:59 +0200] "GET /?wp_scrape_key=72894396dec053b665a6792ac3e31a60&wp_scrape_nonce=1785268617 HTTP/1.1" 200 100654 "-" "WordPress/6.9; https://www.canterasdemuro.es"
84.246.212.44 - - [28/Jul/2026:21:57:03 +0200] "GET /?wp_scrape_key=f9fb82418975dc7d11376f505b62be2a&wp_scrape_nonce=1785268621 HTTP/1.1" 200 100654 "-" "WordPress/6.9; https://www.canterasdemuro.es"
84.246.212.44 - - [28/Jul/2026:21:57:07 +0200] "GET /?wp_scrape_key=b7998d20a9566a82556a133741a13a1a&wp_scrape_nonce=1785268625 HTTP/1.1" 200 100654 "-" "WordPress/6.9; https://www.canterasdemuro.es"
84.246.212.44 - - [28/Jul/2026:21:57:11 +0200] "GET /?wp_scrape_key=ba0eea63deb6e6d05a824889bc0d0705&wp_scrape_nonce=1785268629 HTTP/1.1" 200 100654 "-" "WordPress/6.9; https://www.canterasdemuro.es"
84.246.212.44 - - [28/Jul/2026:21:58:09 +0200] "POST /wp-cron.php?doing_wp_cron=1785268688.9799129962921142578125 HTTP/1.1" 200 5527 "-" "WordPress/6.9; https://www.canterasdemuro.es"
74.249.213.70 - - [28/Jul/2026:21:58:08 +0200] "GET /inputs.php HTTP/1.1" 301 5691 "-" "Mozilla/5.0 (Windows NT 10.0; Win64; x64) AppleWebKit/537.36 (KHTML, like Gecko) Chrome/120.0.0.0 Safari/537.36"
74.249.213.70 - - [28/Jul/2026:21:58:09 +0200] "GET /admin.php HTTP/1.1" 301 5690 "-" "Mozilla/5.0 (Windows NT 10.0; Win64; x64) AppleWebKit/537.36 (KHTML, like Gecko) Chrome/120.0.0.0 Safari/537.36"
84.246.212.44 - - [28/Jul/2026:21:58:09 +0200] "POST /wp-admin/admin-ajax.php?action=async_litespeed&nonce=98J7AwWEYSQptBRmubUZbr05xJ1c5rBn&litespeed_type=imgoptm HTTP/1.1" 200 5782 "-" "WordPress/6.9; https://www.canterasdemuro.es"
74.249.213.70 - - [28/Jul/2026:21:58:09 +0200] "GET /goods.php HTTP/1.1" 301 5690 "-" "Mozilla/5.0 (Windows NT 10.0; Win64; x64) AppleWebKit/537.36 (KHTML, like Gecko) Chrome/120.0.0.0 Safari/537.36"
74.249.213.70 - - [28/Jul/2026:21:58:10 +0200] "GET /file.php HTTP/1.1" 301 5689 "-" "Mozilla/5.0 (Windows NT 10.0; Win64; x64) AppleWebKit/537.36 (KHTML, like Gecko) Chrome/120.0.0.0 Safari/537.36"
84.246.212.44 - - [28/Jul/2026:21:58:11 +0200] "POST /wp-cron.php?doing_wp_cron=1785268691.0614991188049316406250 HTTP/1.1" 200 5527 "-" "WordPress/6.9; https://www.canterasdemuro.es"
74.249.213.70 - - [28/Jul/2026:21:58:10 +0200] "GET /adminfuns.php HTTP/1.1" 301 5694 "-" "Mozilla/5.0 (Windows NT 10.0; Win64; x64) AppleWebKit/537.36 (KHTML, like Gecko) Chrome/120.0.0.0 Safari/537.36"
74.249.213.70 - - [28/Jul/2026:21:58:11 +0200] "GET /404.php HTTP/1.1" 301 5688 "-" "Mozilla/5.0 (Windows NT 10.0; Win64; x64) AppleWebKit/537.36 (KHTML, like Gecko) Chrome/120.0.0.0 Safari/537.36"
74.249.213.70 - - [28/Jul/2026:21:58:11 +0200] "GET /wk/index.php HTTP/1.1" 301 5693 "-" "Mozilla/5.0 (Windows NT 10.0; Win64; x64) AppleWebKit/537.36 (KHTML, like Gecko) Chrome/120.0.0.0 Safari/537.36"
74.249.213.70 - - [28/Jul/2026:21:58:12 +0200] "GET /about.php HTTP/1.1" 301 5690 "-" "Mozilla/5.0 (Windows NT 10.0; Win64; x64) AppleWebKit/537.36 (KHTML, like Gecko) Chrome/120.0.0.0 Safari/537.36"
84.246.212.44 - - [28/Jul/2026:21:58:13 +0200] "POST /wp-cron.php?doing_wp_cron=1785268693.4265000820159912109375 HTTP/1.1" 200 5527 "-" "WordPress/6.9; https://www.canterasdemuro.es"
74.249.213.70 - - [28/Jul/2026:21:58:12 +0200] "GET /term.php HTTP/1.1" 301 5689 "-" "Mozilla/5.0 (Windows NT 10.0; Win64; x64) AppleWebKit/537.36 (KHTML, like Gecko) Chrome/120.0.0.0 Safari/537.36"
74.249.213.70 - - [28/Jul/2026:21:58:13 +0200] "GET /ioxi-o.php HTTP/1.1" 301 5691 "-" "Mozilla/5.0 (Windows NT 10.0; Win64; x64) AppleWebKit/537.36 (KHTML, like Gecko) Chrome/120.0.0.0 Safari/537.36"
84.246.212.44 - - [28/Jul/2026:21:58:13 +0200] "POST /wp-admin/admin-ajax.php?action=async_litespeed&nonce=sTfJXjkBjEcpmXYCXiv29cVpRz22nJ2b&litespeed_type=imgoptm HTTP/1.1" 200 5782 "-" "WordPress/6.9; https://www.canterasdemuro.es"
74.249.213.70 - - [28/Jul/2026:21:58:14 +0200] "GET /1.php HTTP/1.1" 301 5686 "-" "Mozilla/5.0 (Windows NT 10.0; Win64; x64) AppleWebKit/537.36 (KHTML, like Gecko) Chrome/120.0.0.0 Safari/537.36"
74.249.213.70 - - [28/Jul/2026:21:58:14 +0200] "GET /alfa.php HTTP/1.1" 301 5689 "-" "Mozilla/5.0 (Windows NT 10.0; Win64; x64) AppleWebKit/537.36 (KHTML, like Gecko) Chrome/120.0.0.0 Safari/537.36"
74.249.213.70 - - [28/Jul/2026:21:58:15 +0200] "GET /edit.php HTTP/1.1" 301 5689 "-" "Mozilla/5.0 (Windows NT 10.0; Win64; x64) AppleWebKit/537.36 (KHTML, like Gecko) Chrome/120.0.0.0 Safari/537.36"
74.249.213.70 - - [28/Jul/2026:21:58:16 +0200] "GET /elp.php HTTP/1.1" 301 5688 "-" "Mozilla/5.0 (Windows NT 10.0; Win64; x64) AppleWebKit/537.36 (KHTML, like Gecko) Chrome/120.0.0.0 Safari/537.36"
74.249.213.70 - - [28/Jul/2026:21:58:16 +0200] "GET /classwithtostring.php HTTP/1.1" 301 5702 "-" "Mozilla/5.0 (Windows NT 10.0; Win64; x64) AppleWebKit/537.36 (KHTML, like Gecko) Chrome/120.0.0.0 Safari/537.36"
84.246.212.44 - - [28/Jul/2026:21:58:17 +0200] "POST /wp-cron.php?doing_wp_cron=1785268697.4506080150604248046875 HTTP/1.1" 200 5527 "-" "WordPress/6.9; https://www.canterasdemuro.es"
74.249.213.70 - - [28/Jul/2026:21:58:17 +0200] "GET /666.php HTTP/1.1" 301 5688 "-" "Mozilla/5.0 (Windows NT 10.0; Win64; x64) AppleWebKit/537.36 (KHTML, like Gecko) Chrome/120.0.0.0 Safari/537.36"
74.249.213.70 - - [28/Jul/2026:21:58:17 +0200] "GET /wp-admin/ HTTP/1.1" 302 5727 "-" "Mozilla/5.0 (Windows NT 10.0; Win64; x64) AppleWebKit/537.36 (KHTML, like Gecko) Chrome/120.0.0.0 Safari/537.36"
74.249.213.70 - - [28/Jul/2026:21:58:18 +0200] "GET /ws54.php HTTP/1.1" 301 5689 "-" "Mozilla/5.0 (Windows NT 10.0; Win64; x64) AppleWebKit/537.36 (KHTML, like Gecko) Chrome/120.0.0.0 Safari/537.36"
74.249.213.70 - - [28/Jul/2026:21:58:18 +0200] "GET /deepseek_d.php HTTP/1.1" 301 5695 "-" "Mozilla/5.0 (Windows NT 10.0; Win64; x64) AppleWebKit/537.36 (KHTML, like Gecko) Chrome/120.0.0.0 Safari/537.36"
74.249.213.70 - - [28/Jul/2026:21:58:19 +0200] "GET /function/function.php HTTP/1.1" 301 5702 "-" "Mozilla/5.0 (Windows NT 10.0; Win64; x64) AppleWebKit/537.36 (KHTML, like Gecko) Chrome/120.0.0.0 Safari/537.36"
74.249.213.70 - - [28/Jul/2026:21:58:19 +0200] "GET /nw.php HTTP/1.1" 301 5687 "-" "Mozilla/5.0 (Windows NT 10.0; Win64; x64) AppleWebKit/537.36 (KHTML, like Gecko) Chrome/120.0.0.0 Safari/537.36"
74.249.213.70 - - [28/Jul/2026:21:58:20 +0200] "GET /xleet.php HTTP/1.1" 301 5690 "-" "Mozilla/5.0 (Windows NT 10.0; Win64; x64) AppleWebKit/537.36 (KHTML, like Gecko) Chrome/120.0.0.0 Safari/537.36"
74.249.213.70 - - [28/Jul/2026:21:58:21 +0200] "GET /wp.php HTTP/1.1" 301 5687 "-" "Mozilla/5.0 (Windows NT 10.0; Win64; x64) AppleWebKit/537.36 (KHTML, like Gecko) Chrome/120.0.0.0 Safari/537.36"
74.249.213.70 - - [28/Jul/2026:21:58:21 +0200] "GET /155.php HTTP/1.1" 301 5688 "-" "Mozilla/5.0 (Windows NT 10.0; Win64; x64) AppleWebKit/537.36 (KHTML, like Gecko) Chrome/120.0.0.0 Safari/537.36"
74.249.213.70 - - [28/Jul/2026:21:58:22 +0200] "GET /96i.php HTTP/1.1" 301 5688 "-" "Mozilla/5.0 (Windows NT 10.0; Win64; x64) AppleWebKit/537.36 (KHTML, like Gecko) Chrome/120.0.0.0 Safari/537.36"
74.249.213.70 - - [28/Jul/2026:21:58:22 +0200] "GET /as.php HTTP/1.1" 301 5687 "-" "Mozilla/5.0 (Windows NT 10.0; Win64; x64) AppleWebKit/537.36 (KHTML, like Gecko) Chrome/120.0.0.0 Safari/537.36"
74.249.213.70 - - [28/Jul/2026:21:58:22 +0200] "GET /min.php HTTP/1.1" 301 5688 "-" "Mozilla/5.0 (Windows NT 10.0; Win64; x64) AppleWebKit/537.36 (KHTML, like Gecko) Chrome/120.0.0.0 Safari/537.36"
74.249.213.70 - - [28/Jul/2026:21:58:23 +0200] "GET /.well-known/ HTTP/1.1" 403 6292 "-" "Mozilla/5.0 (Windows NT 10.0; Win64; x64) AppleWebKit/537.36 (KHTML, like Gecko) Chrome/120.0.0.0 Safari/537.36"
74.249.213.70 - - [28/Jul/2026:21:58:23 +0200] "GET /php8.php HTTP/1.1" 301 5689 "-" "Mozilla/5.0 (Windows NT 10.0; Win64; x64) AppleWebKit/537.36 (KHTML, like Gecko) Chrome/120.0.0.0 Safari/537.36"
74.249.213.70 - - [28/Jul/2026:21:58:24 +0200] "GET /wp-content/admin.php HTTP/1.1" 301 5693 "-" "Mozilla/5.0 (Windows NT 10.0; Win64; x64) AppleWebKit/537.36 (KHTML, like Gecko) Chrome/120.0.0.0 Safari/537.36"
74.249.213.70 - - [28/Jul/2026:21:58:24 +0200] "GET /222.php HTTP/1.1" 301 5688 "-" "Mozilla/5.0 (Windows NT 10.0; Win64; x64) AppleWebKit/537.36 (KHTML, like Gecko) Chrome/120.0.0.0 Safari/537.36"
74.249.213.70 - - [28/Jul/2026:21:58:25 +0200] "GET /wp-content/themes/pridmag/il.php HTTP/1.1" 301 5705 "-" "Mozilla/5.0 (Windows NT 10.0; Win64; x64) AppleWebKit/537.36 (KHTML, like Gecko) Chrome/120.0.0.0 Safari/537.36"
74.249.213.70 - - [28/Jul/2026:21:58:25 +0200] "GET /info.php HTTP/1.1" 301 5689 "-" "Mozilla/5.0 (Windows NT 10.0; Win64; x64) AppleWebKit/537.36 (KHTML, like Gecko) Chrome/120.0.0.0 Safari/537.36"
74.249.213.70 - - [28/Jul/2026:21:58:26 +0200] "GET /a.php HTTP/1.1" 301 5686 "-" "Mozilla/5.0 (Windows NT 10.0; Win64; x64) AppleWebKit/537.36 (KHTML, like Gecko) Chrome/120.0.0.0 Safari/537.36"
74.249.213.70 - - [28/Jul/2026:21:58:27 +0200] "GET /chosen.php HTTP/1.1" 301 5691 "-" "Mozilla/5.0 (Windows NT 10.0; Win64; x64) AppleWebKit/537.36 (KHTML, like Gecko) Chrome/120.0.0.0 Safari/537.36"
74.249.213.70 - - [28/Jul/2026:21:58:27 +0200] "GET /wp-content/index.php HTTP/1.1" 200 5434 "-" "Mozilla/5.0 (Windows NT 10.0; Win64; x64) AppleWebKit/537.36 (KHTML, like Gecko) Chrome/120.0.0.0 Safari/537.36"
74.249.213.70 - - [28/Jul/2026:21:58:27 +0200] "GET /vx.php HTTP/1.1" 301 5687 "-" "Mozilla/5.0 (Windows NT 10.0; Win64; x64) AppleWebKit/537.36 (KHTML, like Gecko) Chrome/120.0.0.0 Safari/537.36"
74.249.213.70 - - [28/Jul/2026:21:58:28 +0200] "GET /admin/controller/extension/ HTTP/1.1" 301 5708 "-" "Mozilla/5.0 (Windows NT 10.0; Win64; x64) AppleWebKit/537.36 (KHTML, like Gecko) Chrome/120.0.0.0 Safari/537.36"
74.249.213.70 - - [28/Jul/2026:21:58:28 +0200] "GET /wap.php HTTP/1.1" 301 5688 "-" "Mozilla/5.0 (Windows NT 10.0; Win64; x64) AppleWebKit/537.36 (KHTML, like Gecko) Chrome/120.0.0.0 Safari/537.36"
74.249.213.70 - - [28/Jul/2026:21:58:29 +0200] "GET /wp-admin/wp.php HTTP/1.1" 301 5696 "-" "Mozilla/5.0 (Windows NT 10.0; Win64; x64) AppleWebKit/537.36 (KHTML, like Gecko) Chrome/120.0.0.0 Safari/537.36"
74.249.213.70 - - [28/Jul/2026:21:58:29 +0200] "GET /bgymj.php HTTP/1.1" 301 5690 "-" "Mozilla/5.0 (Windows NT 10.0; Win64; x64) AppleWebKit/537.36 (KHTML, like Gecko) Chrome/120.0.0.0 Safari/537.36"
74.249.213.70 - - [28/Jul/2026:21:58:30 +0200] "GET /aa.php HTTP/1.1" 301 5687 "-" "Mozilla/5.0 (Windows NT 10.0; Win64; x64) AppleWebKit/537.36 (KHTML, like Gecko) Chrome/120.0.0.0 Safari/537.36"
74.249.213.70 - - [28/Jul/2026:21:58:30 +0200] "GET /wp-mail.php HTTP/1.1" 403 8128 "-" "Mozilla/5.0 (Windows NT 10.0; Win64; x64) AppleWebKit/537.36 (KHTML, like Gecko) Chrome/120.0.0.0 Safari/537.36"
74.249.213.70 - - [28/Jul/2026:21:58:31 +0200] "GET /bolt.php HTTP/1.1" 301 5689 "-" "Mozilla/5.0 (Windows NT 10.0; Win64; x64) AppleWebKit/537.36 (KHTML, like Gecko) Chrome/120.0.0.0 Safari/537.36"
74.249.213.70 - - [28/Jul/2026:21:58:31 +0200] "GET /bthil.php HTTP/1.1" 301 5690 "-" "Mozilla/5.0 (Windows NT 10.0; Win64; x64) AppleWebKit/537.36 (KHTML, like Gecko) Chrome/120.0.0.0 Safari/537.36"
74.249.213.70 - - [28/Jul/2026:21:58:32 +0200] "GET /cgi-bin/ HTTP/1.1" 403 6292 "-" "Mozilla/5.0 (Windows NT 10.0; Win64; x64) AppleWebKit/537.36 (KHTML, like Gecko) Chrome/120.0.0.0 Safari/537.36"
74.249.213.70 - - [28/Jul/2026:21:58:32 +0200] "GET /x.php HTTP/1.1" 301 5686 "-" "Mozilla/5.0 (Windows NT 10.0; Win64; x64) AppleWebKit/537.36 (KHTML, like Gecko) Chrome/120.0.0.0 Safari/537.36"
74.249.213.70 - - [28/Jul/2026:21:58:32 +0200] "GET /index/function.php HTTP/1.1" 301 5699 "-" "Mozilla/5.0 (Windows NT 10.0; Win64; x64) AppleWebKit/537.36 (KHTML, like Gecko) Chrome/120.0.0.0 Safari/537.36"
74.249.213.70 - - [28/Jul/2026:21:58:33 +0200] "GET /aaa.php HTTP/1.1" 301 5688 "-" "Mozilla/5.0 (Windows NT 10.0; Win64; x64) AppleWebKit/537.36 (KHTML, like Gecko) Chrome/120.0.0.0 Safari/537.36"
74.249.213.70 - - [28/Jul/2026:21:58:34 +0200] "GET /abcd.php HTTP/1.1" 301 5689 "-" "Mozilla/5.0 (Windows NT 10.0; Win64; x64) AppleWebKit/537.36 (KHTML, like Gecko) Chrome/120.0.0.0 Safari/537.36"
74.249.213.70 - - [28/Jul/2026:21:58:34 +0200] "GET /wp-good.php HTTP/1.1" 301 5692 "-" "Mozilla/5.0 (Windows NT 10.0; Win64; x64) AppleWebKit/537.36 (KHTML, like Gecko) Chrome/120.0.0.0 Safari/537.36"
74.249.213.70 - - [28/Jul/2026:21:58:35 +0200] "GET /simple.php HTTP/1.1" 301 5691 "-" "Mozilla/5.0 (Windows NT 10.0; Win64; x64) AppleWebKit/537.36 (KHTML, like Gecko) Chrome/120.0.0.0 Safari/537.36"
74.249.213.70 - - [28/Jul/2026:21:58:35 +0200] "GET /edit-tags.php HTTP/1.1" 301 5694 "-" "Mozilla/5.0 (Windows NT 10.0; Win64; x64) AppleWebKit/537.36 (KHTML, like Gecko) Chrome/120.0.0.0 Safari/537.36"
74.249.213.70 - - [28/Jul/2026:21:58:36 +0200] "GET /u.php HTTP/1.1" 301 5686 "-" "Mozilla/5.0 (Windows NT 10.0; Win64; x64) AppleWebKit/537.36 (KHTML, like Gecko) Chrome/120.0.0.0 Safari/537.36"
74.249.213.70 - - [28/Jul/2026:21:58:36 +0200] "GET /wp-content/themes/admin.php HTTP/1.1" 301 5700 "-" "Mozilla/5.0 (Windows NT 10.0; Win64; x64) AppleWebKit/537.36 (KHTML, like Gecko) Chrome/120.0.0.0 Safari/537.36"
74.249.213.70 - - [28/Jul/2026:21:58:37 +0200] "GET /h.php HTTP/1.1" 301 5686 "-" "Mozilla/5.0 (Windows NT 10.0; Win64; x64) AppleWebKit/537.36 (KHTML, like Gecko) Chrome/120.0.0.0 Safari/537.36"
74.249.213.70 - - [28/Jul/2026:21:58:37 +0200] "GET /ms-edit.php HTTP/1.1" 301 5692 "-" "Mozilla/5.0 (Windows NT 10.0; Win64; x64) AppleWebKit/537.36 (KHTML, like Gecko) Chrome/120.0.0.0 Safari/537.36"
74.249.213.70 - - [28/Jul/2026:21:58:37 +0200] "GET /a7.php HTTP/1.1" 301 5687 "-" "Mozilla/5.0 (Windows NT 10.0; Win64; x64) AppleWebKit/537.36 (KHTML, like Gecko) Chrome/120.0.0.0 Safari/537.36"
74.249.213.70 - - [28/Jul/2026:21:58:38 +0200] "GET /manager.php HTTP/1.1" 301 5692 "-" "Mozilla/5.0 (Windows NT 10.0; Win64; x64) AppleWebKit/537.36 (KHTML, like Gecko) Chrome/120.0.0.0 Safari/537.36"
74.249.213.70 - - [28/Jul/2026:21:58:39 +0200] "GET /w1.php HTTP/1.1" 301 5687 "-" "Mozilla/5.0 (Windows NT 10.0; Win64; x64) AppleWebKit/537.36 (KHTML, like Gecko) Chrome/120.0.0.0 Safari/537.36"
74.249.213.70 - - [28/Jul/2026:21:58:39 +0200] "GET /wp-includes/fonts/ HTTP/1.1" 403 6292 "-" "Mozilla/5.0 (Windows NT 10.0; Win64; x64) AppleWebKit/537.36 (KHTML, like Gecko) Chrome/120.0.0.0 Safari/537.36"
74.249.213.70 - - [28/Jul/2026:21:58:39 +0200] "GET /wp-login.php HTTP/1.1" 200 15900 "-" "Mozilla/5.0 (Windows NT 10.0; Win64; x64) AppleWebKit/537.36 (KHTML, like Gecko) Chrome/120.0.0.0 Safari/537.36"
74.249.213.70 - - [28/Jul/2026:21:58:41 +0200] "GET /default.php HTTP/1.1" 301 5692 "-" "Mozilla/5.0 (Windows NT 10.0; Win64; x64) AppleWebKit/537.36 (KHTML, like Gecko) Chrome/120.0.0.0 Safari/537.36"
74.249.213.70 - - [28/Jul/2026:21:58:41 +0200] "GET /i.php HTTP/1.1" 301 5686 "-" "Mozilla/5.0 (Windows NT 10.0; Win64; x64) AppleWebKit/537.36 (KHTML, like Gecko) Chrome/120.0.0.0 Safari/537.36"
74.249.213.70 - - [28/Jul/2026:21:58:42 +0200] "GET /wp-content/uploads/ HTTP/1.1" 403 6292 "-" "Mozilla/5.0 (Windows NT 10.0; Win64; x64) AppleWebKit/537.36 (KHTML, like Gecko) Chrome/120.0.0.0 Safari/537.36"
74.249.213.70 - - [28/Jul/2026:21:58:42 +0200] "GET /wp-includes/Requests/library/index.php HTTP/1.1" 301 5719 "-" "Mozilla/5.0 (Windows NT 10.0; Win64; x64) AppleWebKit/537.36 (KHTML, like Gecko) Chrome/120.0.0.0 Safari/537.36"
74.249.213.70 - - [28/Jul/2026:21:58:42 +0200] "GET /wp-content/themes/index.php HTTP/1.1" 200 5434 "-" "Mozilla/5.0 (Windows NT 10.0; Win64; x64) AppleWebKit/537.36 (KHTML, like Gecko) Chrome/120.0.0.0 Safari/537.36"
74.249.213.70 - - [28/Jul/2026:21:58:43 +0200] "GET /gecko-new.php HTTP/1.1" 301 5694 "-" "Mozilla/5.0 (Windows NT 10.0; Win64; x64) AppleWebKit/537.36 (KHTML, like Gecko) Chrome/120.0.0.0 Safari/537.36"
74.249.213.70 - - [28/Jul/2026:21:58:43 +0200] "GET /NewFile.php HTTP/1.1" 301 5692 "-" "Mozilla/5.0 (Windows NT 10.0; Win64; x64) AppleWebKit/537.36 (KHTML, like Gecko) Chrome/120.0.0.0 Safari/537.36"
74.249.213.70 - - [28/Jul/2026:21:58:43 +0200] "GET /wp-Blogs.php HTTP/1.1" 301 5693 "-" "Mozilla/5.0 (Windows NT 10.0; Win64; x64) AppleWebKit/537.36 (KHTML, like Gecko) Chrome/120.0.0.0 Safari/537.36"
74.249.213.70 - - [28/Jul/2026:21:58:44 +0200] "GET /wp-includes/fonts/index.php HTTP/1.1" 301 5708 "-" "Mozilla/5.0 (Windows NT 10.0; Win64; x64) AppleWebKit/537.36 (KHTML, like Gecko) Chrome/120.0.0.0 Safari/537.36"
74.249.213.70 - - [28/Jul/2026:21:58:45 +0200] "GET /themes.php HTTP/1.1" 301 5691 "-" "Mozilla/5.0 (Windows NT 10.0; Win64; x64) AppleWebKit/537.36 (KHTML, like Gecko) Chrome/120.0.0.0 Safari/537.36"
74.249.213.70 - - [28/Jul/2026:21:58:45 +0200] "GET /cv.php HTTP/1.1" 301 5687 "-" "Mozilla/5.0 (Windows NT 10.0; Win64; x64) AppleWebKit/537.36 (KHTML, like Gecko) Chrome/120.0.0.0 Safari/537.36"
74.249.213.70 - - [28/Jul/2026:21:58:46 +0200] "GET /wp-admin/js/ HTTP/1.1" 403 6292 "-" "Mozilla/5.0 (Windows NT 10.0; Win64; x64) AppleWebKit/537.36 (KHTML, like Gecko) Chrome/120.0.0.0 Safari/537.36"
74.249.213.70 - - [28/Jul/2026:21:58:46 +0200] "GET /wp-content/uploads/index.php HTTP/1.1" 301 5692 "-" "Mozilla/5.0 (Windows NT 10.0; Win64; x64) AppleWebKit/537.36 (KHTML, like Gecko) Chrome/120.0.0.0 Safari/537.36"
74.249.213.70 - - [28/Jul/2026:21:58:46 +0200] "GET /ws83.php HTTP/1.1" 301 5689 "-" "Mozilla/5.0 (Windows NT 10.0; Win64; x64) AppleWebKit/537.36 (KHTML, like Gecko) Chrome/120.0.0.0 Safari/537.36"
74.249.213.70 - - [28/Jul/2026:21:58:47 +0200] "GET /atex1.php HTTP/1.1" 301 5690 "-" "Mozilla/5.0 (Windows NT 10.0; Win64; x64) AppleWebKit/537.36 (KHTML, like Gecko) Chrome/120.0.0.0 Safari/537.36"
74.249.213.70 - - [28/Jul/2026:21:58:47 +0200] "GET /class-t.api.php HTTP/1.1" 301 5696 "-" "Mozilla/5.0 (Windows NT 10.0; Win64; x64) AppleWebKit/537.36 (KHTML, like Gecko) Chrome/120.0.0.0 Safari/537.36"
74.249.213.70 - - [28/Jul/2026:21:58:48 +0200] "GET /w.php HTTP/1.1" 301 5686 "-" "Mozilla/5.0 (Windows NT 10.0; Win64; x64) AppleWebKit/537.36 (KHTML, like Gecko) Chrome/120.0.0.0 Safari/537.36"
74.249.213.70 - - [28/Jul/2026:21:58:48 +0200] "GET /archive.php HTTP/1.1" 301 5692 "-" "Mozilla/5.0 (Windows NT 10.0; Win64; x64) AppleWebKit/537.36 (KHTML, like Gecko) Chrome/120.0.0.0 Safari/537.36"
74.249.213.70 - - [28/Jul/2026:21:58:49 +0200] "GET /bless.php HTTP/1.1" 301 5690 "-" "Mozilla/5.0 (Windows NT 10.0; Win64; x64) AppleWebKit/537.36 (KHTML, like Gecko) Chrome/120.0.0.0 Safari/537.36"
74.249.213.70 - - [28/Jul/2026:21:58:49 +0200] "GET /sagax1.php HTTP/1.1" 301 5691 "-" "Mozilla/5.0 (Windows NT 10.0; Win64; x64) AppleWebKit/537.36 (KHTML, like Gecko) Chrome/120.0.0.0 Safari/537.36"
74.249.213.70 - - [28/Jul/2026:21:58:50 +0200] "GET /wpc.php HTTP/1.1" 301 5688 "-" "Mozilla/5.0 (Windows NT 10.0; Win64; x64) AppleWebKit/537.36 (KHTML, like Gecko) Chrome/120.0.0.0 Safari/537.36"
74.249.213.70 - - [28/Jul/2026:21:58:51 +0200] "GET /fone1.php HTTP/1.1" 301 5690 "-" "Mozilla/5.0 (Windows NT 10.0; Win64; x64) AppleWebKit/537.36 (KHTML, like Gecko) Chrome/120.0.0.0 Safari/537.36"
74.249.213.70 - - [28/Jul/2026:21:58:51 +0200] "GET /ncx.php HTTP/1.1" 301 5688 "-" "Mozilla/5.0 (Windows NT 10.0; Win64; x64) AppleWebKit/537.36 (KHTML, like Gecko) Chrome/120.0.0.0 Safari/537.36"
74.249.213.70 - - [28/Jul/2026:21:58:52 +0200] "GET /wp-admin/js/index.php HTTP/1.1" 301 5702 "-" "Mozilla/5.0 (Windows NT 10.0; Win64; x64) AppleWebKit/537.36 (KHTML, like Gecko) Chrome/120.0.0.0 Safari/537.36"
74.249.213.70 - - [28/Jul/2026:21:58:52 +0200] "GET /wso.php HTTP/1.1" 301 5688 "-" "Mozilla/5.0 (Windows NT 10.0; Win64; x64) AppleWebKit/537.36 (KHTML, like Gecko) Chrome/120.0.0.0 Safari/537.36"
74.249.213.70 - - [28/Jul/2026:21:58:53 +0200] "GET /zup.php73 HTTP/1.1" 301 5691 "-" "Mozilla/5.0 (Windows NT 10.0; Win64; x64) AppleWebKit/537.36 (KHTML, like Gecko) Chrome/120.0.0.0 Safari/537.36"
74.249.213.70 - - [28/Jul/2026:21:58:53 +0200] "GET /k.php HTTP/1.1" 301 5686 "-" "Mozilla/5.0 (Windows NT 10.0; Win64; x64) AppleWebKit/537.36 (KHTML, like Gecko) Chrome/120.0.0.0 Safari/537.36"
74.249.213.70 - - [28/Jul/2026:21:58:54 +0200] "GET /wp-blink.php HTTP/1.1" 301 5693 "-" "Mozilla/5.0 (Windows NT 10.0; Win64; x64) AppleWebKit/537.36 (KHTML, like Gecko) Chrome/120.0.0.0 Safari/537.36"
74.249.213.70 - - [28/Jul/2026:21:58:55 +0200] "GET /randkeyword.PhP7 HTTP/1.1" 301 5698 "-" "Mozilla/5.0 (Windows NT 10.0; Win64; x64) AppleWebKit/537.36 (KHTML, like Gecko) Chrome/120.0.0.0 Safari/537.36"
74.249.213.70 - - [28/Jul/2026:21:58:55 +0200] "GET /wp-admin/css/colors/ectoplasm/ HTTP/1.1" 403 6292 "-" "Mozilla/5.0 (Windows NT 10.0; Win64; x64) AppleWebKit/537.36 (KHTML, like Gecko) Chrome/120.0.0.0 Safari/537.36"
74.249.213.70 - - [28/Jul/2026:21:58:55 +0200] "GET /wp-content/ HTTP/1.1" 200 5434 "-" "Mozilla/5.0 (Windows NT 10.0; Win64; x64) AppleWebKit/537.36 (KHTML, like Gecko) Chrome/120.0.0.0 Safari/537.36"
74.249.213.70 - - [28/Jul/2026:21:58:56 +0200] "GET /ww5.php HTTP/1.1" 301 5688 "-" "Mozilla/5.0 (Windows NT 10.0; Win64; x64) AppleWebKit/537.36 (KHTML, like Gecko) Chrome/120.0.0.0 Safari/537.36"
74.249.213.70 - - [28/Jul/2026:21:58:56 +0200] "GET /2.php HTTP/1.1" 301 5686 "-" "Mozilla/5.0 (Windows NT 10.0; Win64; x64) AppleWebKit/537.36 (KHTML, like Gecko) Chrome/120.0.0.0 Safari/537.36"
74.249.213.70 - - [28/Jul/2026:21:58:57 +0200] "GET /wp-admin/classwithtostring.php HTTP/1.1" 301 5711 "-" "Mozilla/5.0 (Windows NT 10.0; Win64; x64) AppleWebKit/537.36 (KHTML, like Gecko) Chrome/120.0.0.0 Safari/537.36"
74.249.213.70 - - [28/Jul/2026:21:58:57 +0200] "GET /atomlib.php HTTP/1.1" 301 5692 "-" "Mozilla/5.0 (Windows NT 10.0; Win64; x64) AppleWebKit/537.36 (KHTML, like Gecko) Chrome/120.0.0.0 Safari/537.36"
74.249.213.70 - - [28/Jul/2026:21:58:58 +0200] "GET /rip.php HTTP/1.1" 301 5688 "-" "Mozilla/5.0 (Windows NT 10.0; Win64; x64) AppleWebKit/537.36 (KHTML, like Gecko) Chrome/120.0.0.0 Safari/537.36"
74.249.213.70 - - [28/Jul/2026:21:58:58 +0200] "GET /p.php HTTP/1.1" 301 5686 "-" "Mozilla/5.0 (Windows NT 10.0; Win64; x64) AppleWebKit/537.36 (KHTML, like Gecko) Chrome/120.0.0.0 Safari/537.36"
74.249.213.70 - - [28/Jul/2026:21:58:59 +0200] "GET /php.php HTTP/1.1" 301 5688 "-" "Mozilla/5.0 (Windows NT 10.0; Win64; x64) AppleWebKit/537.36 (KHTML, like Gecko) Chrome/120.0.0.0 Safari/537.36"
156.59.198.136 - - [28/Jul/2026:22:26:21 +0200] "GET /wp-content/uploads/2024/10/Autorizacion-Agente-de-Residuos-No-Peligrosos-CANTERAS-DE-MURO.pdf HTTP/1.1" 200 5567 "-" "Mozilla/5.0 (Linux; Android 5.0) AppleWebKit/537.36 (KHTML, like Gecko) Mobile Safari/537.36 (compatible; Bytespider; spider-feedback@bytedance.com)"
84.246.212.44 - - [28/Jul/2026:22:28:00 +0200] "POST /wp-cron.php?doing_wp_cron=1785270480.2085309028625488281250 HTTP/1.1" 200 5527 "-" "WordPress/6.9; https://www.canterasdemuro.es"
202.78.167.117 - - [28/Jul/2026:22:27:59 +0200] "GET / HTTP/1.1" 301 5569 "https://canterasdemuro.es/" "Mozilla/5.0 (iPhone; CPU iPhone OS 17_5 like Mac OS X) AppleWebKit/605.1.15 (KHTML, like Gecko) Version/17.5 Mobile/15E148 Safari/604.1"
202.78.167.117 - - [28/Jul/2026:22:27:59 +0200] "GET / HTTP/1.1" 200 100521 "https://www.canterasdemuro.es/" "Mozilla/5.0 (iPhone; CPU iPhone OS 17_5 like Mac OS X) AppleWebKit/605.1.15 (KHTML, like Gecko) Version/17.5 Mobile/15E148 Safari/604.1"
84.246.212.44 - - [28/Jul/2026:22:28:00 +0200] "POST /wp-admin/admin-ajax.php?action=async_litespeed&nonce=gw6mq4zoExgUCQ12pw5ZWbW6r1nh1LGE&litespeed_type=imgoptm HTTP/1.1" 200 5782 "-" "WordPress/6.9; https://www.canterasdemuro.es"
84.246.212.44 - - [28/Jul/2026:22:30:11 +0200] "POST /wp-cron.php?doing_wp_cron=1785270611.5938448905944824218750 HTTP/1.1" 200 5527 "-" "WordPress/6.9; https://www.canterasdemuro.es"
51.89.129.149 - - [28/Jul/2026:22:30:11 +0200] "GET /wp-sitemap.xml HTTP/1.1" 200 6234 "-" "Mozilla/5.0 (compatible; AhrefsBot/7.0; +http://ahrefs.com/robot/)"
84.246.212.44 - - [28/Jul/2026:22:30:12 +0200] "POST /wp-admin/admin-ajax.php?action=async_litespeed&nonce=dLrWF7fGwqqgjoLXBw0Wj3mHZkxLZJPh&litespeed_type=imgoptm HTTP/1.1" 200 5782 "-" "WordPress/6.9; https://www.canterasdemuro.es"
84.246.212.44 - - [28/Jul/2026:22:30:13 +0200] "POST /wp-cron.php?doing_wp_cron=1785270613.6697208881378173828125 HTTP/1.1" 200 5527 "-" "WordPress/6.9; https://www.canterasdemuro.es"
51.195.183.39 - - [28/Jul/2026:22:30:13 +0200] "GET /wp-sitemap-posts-post-1.xml HTTP/1.1" 200 5797 "-" "Mozilla/5.0 (compatible; AhrefsBot/7.0; +http://ahrefs.com/robot/)"
84.246.212.44 - - [28/Jul/2026:22:30:14 +0200] "POST /wp-admin/admin-ajax.php?action=async_litespeed&nonce=U5pVDIZIedvLMj2WwxIsJ8KHwmqqZAVt&litespeed_type=imgoptm HTTP/1.1" 200 5782 "-" "WordPress/6.9; https://www.canterasdemuro.es"
51.195.244.104 - - [28/Jul/2026:22:30:15 +0200] "GET /wp-sitemap-posts-page-1.xml HTTP/1.1" 200 6783 "-" "Mozilla/5.0 (compatible; AhrefsBot/7.0; +http://ahrefs.com/robot/)"
84.246.212.44 - - [28/Jul/2026:22:30:17 +0200] "POST /wp-cron.php?doing_wp_cron=1785270617.3460841178894042968750 HTTP/1.1" 200 5527 "-" "WordPress/6.9; https://www.canterasdemuro.es"
51.195.183.203 - - [28/Jul/2026:22:30:16 +0200] "GET /gl/wp-sitemap-posts-page-1.xml HTTP/1.1" 200 6810 "-" "Mozilla/5.0 (compatible; AhrefsBot/7.0; +http://ahrefs.com/robot/)"
51.195.215.165 - - [28/Jul/2026:22:30:18 +0200] "GET /wp-sitemap-taxonomies-category-1.xml HTTP/1.1" 200 5764 "-" "Mozilla/5.0 (compatible; AhrefsBot/7.0; +http://ahrefs.com/robot/)"
198.244.242.33 - - [28/Jul/2026:22:30:20 +0200] "GET /wp-sitemap-users-1.xml HTTP/1.1" 200 5754 "-" "Mozilla/5.0 (compatible; AhrefsBot/7.0; +http://ahrefs.com/robot/)"
51.89.129.32 - - [28/Jul/2026:22:30:22 +0200] "GET /gl/wp-sitemap-users-1.xml HTTP/1.1" 200 5757 "-" "Mozilla/5.0 (compatible; AhrefsBot/7.0; +http://ahrefs.com/robot/)"
84.246.212.44 - - [28/Jul/2026:22:51:59 +0200] "POST /wp-cron.php?doing_wp_cron=1785271919.1281430721282958984375 HTTP/1.1" 200 5527 "-" "WordPress/6.9; https://www.canterasdemuro.es"
2.58.56.101 - - [28/Jul/2026:22:51:58 +0200] "GET / HTTP/1.1" 301 5569 "-" "Mozilla/5.0 (Windows NT 10.0; Win64; x64) AppleWebKit/537.36 (KHTML, like Gecko) Chrome/78.0.3904.108 Safari/537.36"
2.58.56.101 - - [28/Jul/2026:22:51:59 +0200] "GET //wp-includes/wlwmanifest.xml HTTP/1.1" 301 5700 "-" "Mozilla/5.0 (Windows NT 10.0; Win64; x64) AppleWebKit/537.36 (KHTML, like Gecko) Chrome/78.0.3904.108 Safari/537.36"
84.246.212.44 - - [28/Jul/2026:22:51:59 +0200] "POST /wp-admin/admin-ajax.php?action=async_litespeed&nonce=Ret2PSiZfxhpg69azBWUxSYXBv60QBlR&litespeed_type=imgoptm HTTP/1.1" 200 5782 "-" "WordPress/6.9; https://www.canterasdemuro.es"
2.58.56.101 - - [28/Jul/2026:22:51:59 +0200] "GET //xmlrpc.php?rsd HTTP/1.1" 200 6294 "-" "Mozilla/5.0 (Windows NT 10.0; Win64; x64) AppleWebKit/537.36 (KHTML, like Gecko) Chrome/78.0.3904.108 Safari/537.36"
2.58.56.101 - - [28/Jul/2026:22:52:00 +0200] "GET //?author=1 HTTP/1.1" 301 5702 "-" "Mozilla/5.0 (Windows NT 10.0; Win64; x64) AppleWebKit/537.36 (KHTML, like Gecko) Chrome/78.0.3904.108 Safari/537.36"
2.58.56.101 - - [28/Jul/2026:22:52:00 +0200] "GET //?author=2 HTTP/1.1" 301 5570 "-" "Mozilla/5.0 (Windows NT 10.0; Win64; x64) AppleWebKit/537.36 (KHTML, like Gecko) Chrome/78.0.3904.108 Safari/537.36"
2.58.56.101 - - [28/Jul/2026:22:52:01 +0200] "GET //wp-json/wp/v2/users/ HTTP/1.1" 403 6292 "-" "Mozilla/5.0 (Windows NT 10.0; Win64; x64) AppleWebKit/537.36 (KHTML, like Gecko) Chrome/78.0.3904.108 Safari/537.36"
