183.83.196.35 - - [29/Jul/2026:11:20:48 +0200] "POST /xmlrpc.php HTTP/1.1" 200 5891 "-" "Jetpack/12.1; WordPress/6.1; http://site48449137.com"
183.83.196.35 - - [29/Jul/2026:11:20:58 +0200] "POST /xmlrpc.php HTTP/1.1" 200 5891 "-" "WordPress.com; https://wordpress.com"
183.83.196.35 - - [29/Jul/2026:11:21:09 +0200] "POST /xmlrpc.php HTTP/1.1" 200 5891 "-" "Jetpack by WordPress.com"
84.246.212.44 - - [29/Jul/2026:11:21:20 +0200] "POST /wp-cron.php?doing_wp_cron=1785316880.6047499179840087890625 HTTP/1.1" 200 5527 "-" "WordPress/6.9; https://www.canterasdemuro.es"
183.83.196.35 - - [29/Jul/2026:11:21:20 +0200] "POST /xmlrpc.php HTTP/1.1" 200 5891 "-" "Jetpack by WordPress.com (Jetpack 12.0; WordPress 6.2)"
84.246.212.44 - - [29/Jul/2026:11:21:21 +0200] "POST /wp-admin/admin-ajax.php?action=async_litespeed&nonce=HckxCARRwxkWgWz8LB8Idsn2pHm5jJS5&litespeed_type=imgoptm HTTP/1.1" 200 5782 "-" "WordPress/6.9; https://www.canterasdemuro.es"
183.83.196.35 - - [29/Jul/2026:11:21:30 +0200] "POST /xmlrpc.php HTTP/1.1" 200 5891 "-" "Jetpack by WordPress.com (Jetpack 12.5; WordPress 6.3)"
183.83.196.35 - - [29/Jul/2026:11:21:41 +0200] "POST /xmlrpc.php HTTP/1.1" 200 5891 "-" "Jetpack/12.5; WordPress/6.2; http://site29039015.com"
183.83.196.35 - - [29/Jul/2026:11:21:51 +0200] "POST /xmlrpc.php HTTP/1.1" 200 5891 "-" "Jetpack/12.1; WordPress/6.4; http://site53961389.com"
183.83.196.35 - - [29/Jul/2026:11:22:02 +0200] "POST /xmlrpc.php HTTP/1.1" 200 5891 "-" "Jetpack by WordPress.com (Jetpack 12.1; WordPress 6.4)"
84.246.212.44 - - [29/Jul/2026:11:22:13 +0200] "POST /wp-cron.php?doing_wp_cron=1785316933.4422299861907958984375 HTTP/1.1" 200 5527 "-" "WordPress/6.9; https://www.canterasdemuro.es"
183.83.196.35 - - [29/Jul/2026:11:22:12 +0200] "POST /xmlrpc.php HTTP/1.1" 200 5891 "-" "Jetpack/12.0; WordPress/6.4; http://site98566999.com"
84.246.212.44 - - [29/Jul/2026:11:22:14 +0200] "POST /wp-admin/admin-ajax.php?action=async_litespeed&nonce=VTnTLrwei3zMWzCl6yo50isu7KXYAKJl&litespeed_type=imgoptm HTTP/1.1" 200 5782 "-" "WordPress/6.9; https://www.canterasdemuro.es"
84.246.212.44 - - [29/Jul/2026:11:22:24 +0200] "POST /wp-cron.php?doing_wp_cron=1785316944.0285079479217529296875 HTTP/1.1" 200 5527 "-" "WordPress/6.9; https://www.canterasdemuro.es"
183.83.196.35 - - [29/Jul/2026:11:22:23 +0200] "POST /xmlrpc.php HTTP/1.1" 200 5891 "-" "Jetpack by WordPress.com"
183.83.196.35 - - [29/Jul/2026:11:22:34 +0200] "POST /xmlrpc.php HTTP/1.1" 200 5891 "-" "Jetpack by WordPress.com"
183.83.196.35 - - [29/Jul/2026:11:22:44 +0200] "POST /xmlrpc.php HTTP/1.1" 200 5891 "-" "WordPress.com; https://wordpress.com"
183.83.196.35 - - [29/Jul/2026:11:22:55 +0200] "POST /xmlrpc.php HTTP/1.1" 403 6292 "-" "Jetpack by WordPress.com"
183.83.196.35 - - [29/Jul/2026:11:23:06 +0200] "POST /xmlrpc.php HTTP/1.1" 200 5891 "-" "Jetpack/12.0; WordPress/6.1; http://site84099453.com"
183.83.196.35 - - [29/Jul/2026:11:23:16 +0200] "POST /xmlrpc.php HTTP/1.1" 403 6292 "-" "Jetpack by WordPress.com"
84.246.212.44 - - [29/Jul/2026:11:23:27 +0200] "POST /wp-cron.php?doing_wp_cron=1785317007.5743510723114013671875 HTTP/1.1" 200 5527 "-" "WordPress/6.9; https://www.canterasdemuro.es"
183.83.196.35 - - [29/Jul/2026:11:23:27 +0200] "POST /xmlrpc.php HTTP/1.1" 200 5891 "-" "Jetpack/12.5; WordPress/6.3; http://site20680522.com"
84.246.212.44 - - [29/Jul/2026:11:23:28 +0200] "POST /wp-admin/admin-ajax.php?action=async_litespeed&nonce=oH6XzQnEfKIEuwCXT7sSiDveFhZz6lmj&litespeed_type=imgoptm HTTP/1.1" 200 5782 "-" "WordPress/6.9; https://www.canterasdemuro.es"
183.83.196.35 - - [29/Jul/2026:11:23:37 +0200] "POST /xmlrpc.php HTTP/1.1" 200 5891 "-" "Jetpack by WordPress.com (Jetpack 13.0; WordPress 6.3)"
183.83.196.35 - - [29/Jul/2026:11:23:48 +0200] "POST /xmlrpc.php HTTP/1.1" 200 5891 "-" "Jetpack/12.0; WordPress/6.1; http://site11428276.com"
183.83.196.35 - - [29/Jul/2026:11:23:58 +0200] "POST /xmlrpc.php HTTP/1.1" 200 5891 "-" "Jetpack/12.1; WordPress/6.2; http://site72304111.com"
183.83.196.35 - - [29/Jul/2026:11:24:09 +0200] "POST /xmlrpc.php HTTP/1.1" 200 5891 "-" "Jetpack/13.0; WordPress/6.3; http://site99199256.com"
183.83.196.35 - - [29/Jul/2026:11:24:19 +0200] "POST /xmlrpc.php HTTP/1.1" 403 6292 "-" "Jetpack by WordPress.com"
84.246.212.44 - - [29/Jul/2026:11:24:31 +0200] "POST /wp-cron.php?doing_wp_cron=1785317070.8700249195098876953125 HTTP/1.1" 200 5527 "-" "WordPress/6.9; https://www.canterasdemuro.es"
183.83.196.35 - - [29/Jul/2026:11:24:30 +0200] "POST /xmlrpc.php HTTP/1.1" 200 5891 "-" "Jetpack by WordPress.com (Jetpack 12.1; WordPress 6.4)"
84.246.212.44 - - [29/Jul/2026:11:24:31 +0200] "POST /wp-admin/admin-ajax.php?action=async_litespeed&nonce=cpyvMu7VoWfPHZU8dUiBWYwJ0qjgXD3V&litespeed_type=imgoptm HTTP/1.1" 200 5782 "-" "WordPress/6.9; https://www.canterasdemuro.es"
183.83.196.35 - - [29/Jul/2026:11:24:40 +0200] "POST /xmlrpc.php HTTP/1.1" 200 5891 "-" "Jetpack/12.5; WordPress/6.4; http://site54386539.com"
183.83.196.35 - - [29/Jul/2026:11:24:51 +0200] "POST /xmlrpc.php HTTP/1.1" 200 5891 "-" "Jetpack by WordPress.com (Jetpack 13.0; WordPress 6.4)"
183.83.196.35 - - [29/Jul/2026:11:25:02 +0200] "POST /xmlrpc.php HTTP/1.1" 200 5891 "-" "Jetpack/12.0; WordPress/6.2; http://site14408967.com"
183.83.196.35 - - [29/Jul/2026:11:25:12 +0200] "POST /xmlrpc.php HTTP/1.1" 403 6292 "-" "WordPress.com; https://wordpress.com"
183.83.196.35 - - [29/Jul/2026:11:25:23 +0200] "POST /xmlrpc.php HTTP/1.1" 403 6292 "-" "Jetpack by WordPress.com"
84.246.212.44 - - [29/Jul/2026:11:25:34 +0200] "POST /wp-cron.php?doing_wp_cron=1785317134.4691269397735595703125 HTTP/1.1" 200 5527 "-" "WordPress/6.9; https://www.canterasdemuro.es"
183.83.196.35 - - [29/Jul/2026:11:25:33 +0200] "POST /xmlrpc.php HTTP/1.1" 200 5891 "-" "Jetpack by WordPress.com (Jetpack 12.1; WordPress 6.1)"
84.246.212.44 - - [29/Jul/2026:11:25:35 +0200] "POST /wp-admin/admin-ajax.php?action=async_litespeed&nonce=AXcY5a86v7ZgrQ28SgPkbpmvEU7fnpFh&litespeed_type=imgoptm HTTP/1.1" 200 5782 "-" "WordPress/6.9; https://www.canterasdemuro.es"
183.83.196.35 - - [29/Jul/2026:11:25:44 +0200] "POST /xmlrpc.php HTTP/1.1" 403 6292 "-" "WordPress.com; https://wordpress.com"
183.83.196.35 - - [29/Jul/2026:11:25:54 +0200] "POST /xmlrpc.php HTTP/1.1" 403 6292 "-" "WordPress.com; https://wordpress.com"
183.83.196.35 - - [29/Jul/2026:11:26:05 +0200] "POST /xmlrpc.php HTTP/1.1" 403 6292 "-" "WordPress.com; https://wordpress.com"
183.83.196.35 - - [29/Jul/2026:11:26:16 +0200] "POST /xmlrpc.php HTTP/1.1" 200 5891 "-" "Jetpack/12.1; WordPress/6.3; http://site72535521.com"
84.246.212.44 - - [29/Jul/2026:11:26:16 +0200] "POST /wp-cron.php?doing_wp_cron=1785317176.5199298858642578125000 HTTP/1.1" 200 5527 "-" "WordPress/6.9; https://www.canterasdemuro.es"
84.246.212.44 - - [29/Jul/2026:11:26:16 +0200] "POST /wp-admin/admin-ajax.php?action=async_litespeed&nonce=vumN2mpeTYMcg2KH9qlEWLgLuEQ3hZnp&litespeed_type=imgoptm HTTP/1.1" 200 5782 "-" "WordPress/6.9; https://www.canterasdemuro.es"
84.246.212.44 - - [29/Jul/2026:11:26:27 +0200] "POST /wp-cron.php?doing_wp_cron=1785317186.9685239791870117187500 HTTP/1.1" 200 5527 "-" "WordPress/6.9; https://www.canterasdemuro.es"
183.83.196.35 - - [29/Jul/2026:11:26:26 +0200] "POST /xmlrpc.php HTTP/1.1" 200 5891 "-" "Jetpack by WordPress.com (Jetpack 12.5; WordPress 6.4)"
183.83.196.35 - - [29/Jul/2026:11:26:37 +0200] "POST /xmlrpc.php HTTP/1.1" 200 5891 "-" "Jetpack/12.5; WordPress/6.3; http://site61322096.com"
183.83.196.35 - - [29/Jul/2026:11:26:47 +0200] "POST /xmlrpc.php HTTP/1.1" 403 6292 "-" "Jetpack by WordPress.com"
84.246.212.44 - - [29/Jul/2026:11:34:25 +0200] "POST /wp-cron.php?doing_wp_cron=1785317665.8059649467468261718750 HTTP/1.1" 200 5527 "-" "WordPress/6.9; https://www.canterasdemuro.es"
57.141.0.8 - - [29/Jul/2026:11:34:25 +0200] "GET /news-sitemap.xml HTTP/1.1" 301 5697 "-" "Mozilla/5.0 (Windows NT 10.0; Win64; x64) AppleWebKit/537.36 (KHTML, like Gecko) Chrome/145.0.0.0 Safari/537.36 (compatible; meta-externalagent/1.1 (+https://developers.facebook.com/docs/sharing/webmasters/crawler))"
84.246.212.44 - - [29/Jul/2026:11:34:26 +0200] "POST /wp-admin/admin-ajax.php?action=async_litespeed&nonce=0svvN5bKKlItQQYfPxXM1FDvzQaD3TnW&litespeed_type=imgoptm HTTP/1.1" 200 5782 "-" "WordPress/6.9; https://www.canterasdemuro.es"
84.246.212.44 - - [29/Jul/2026:11:35:37 +0200] "POST /wp-cron.php?doing_wp_cron=1785317737.7990660667419433593750 HTTP/1.1" 200 5527 "-" "WordPress/6.9; https://www.canterasdemuro.es"
216.73.163.34 - - [29/Jul/2026:11:35:37 +0200] "GET // HTTP/1.1" 301 5569 "-" "Mozilla/5.0 (iPhone; CPU iPhone OS 17_5 like Mac OS X) Mobile/15E148 Safari/604.1"
84.246.212.44 - - [29/Jul/2026:11:35:38 +0200] "POST /wp-admin/admin-ajax.php?action=async_litespeed&nonce=oSkfrBGFpXmA97rEJBnaS31TuC6z5uet&litespeed_type=imgoptm HTTP/1.1" 200 5782 "-" "WordPress/6.9; https://www.canterasdemuro.es"
216.73.163.25 - - [29/Jul/2026:11:35:39 +0200] "GET / HTTP/1.1" 200 100542 "-" "Mozilla/5.0 (iPhone; CPU iPhone OS 17_5 like Mac OS X) Mobile/15E148 Safari/604.1"
216.73.163.34 - - [29/Jul/2026:11:35:41 +0200] "GET //wp-json/batch/v1 HTTP/1.1" 404 5963 "-" "Mozilla/5.0 (X11; Linux x86_64) AppleWebKit/537.36 (KHTML, like Gecko) Chrome/125.0.0.0 Safari/537.36"
216.73.163.34 - - [29/Jul/2026:11:35:43 +0200] "GET //?rest_route=/batch/v1 HTTP/1.1" 404 5963 "-" "Mozilla/5.0 (Windows NT 10.0; Win64; x64) AppleWebKit/537.36 (KHTML, like Gecko) Chrome/125.0.0.0 Safari/537.36"
84.246.212.44 - - [29/Jul/2026:11:36:52 +0200] "POST /wp-cron.php?doing_wp_cron=1785317812.1084909439086914062500 HTTP/1.1" 200 5527 "-" "WordPress/6.9; https://www.canterasdemuro.es"
183.83.196.35 - - [29/Jul/2026:11:36:51 +0200] "POST /xmlrpc.php HTTP/1.1" 200 5891 "-" "Jetpack by WordPress.com (Jetpack 12.5; WordPress 6.3)"
84.246.212.44 - - [29/Jul/2026:11:36:52 +0200] "POST /wp-admin/admin-ajax.php?action=async_litespeed&nonce=CppZJnrCMIk2ZLFT1qUEskeVctNjeMS9&litespeed_type=imgoptm HTTP/1.1" 200 5782 "-" "WordPress/6.9; https://www.canterasdemuro.es"
183.83.196.35 - - [29/Jul/2026:11:37:01 +0200] "POST /xmlrpc.php HTTP/1.1" 200 5891 "-" "Jetpack by WordPress.com"
198.244.183.36 - - [29/Jul/2026:11:37:01 +0200] "GET / HTTP/1.1" 200 100542 "-" "Mozilla/5.0 (compatible; AhrefsBot/7.0; +http://ahrefs.com/robot/)"
168.100.149.14 - - [29/Jul/2026:11:37:03 +0200] "GET /robots.txt HTTP/1.1" 200 5682 "-" "Mozilla/5.0 (compatible; AhrefsBot/7.0; +http://ahrefs.com/robot/)"
202.8.41.177 - - [29/Jul/2026:11:37:04 +0200] "GET /wp-content/plugins/elementor-pro/assets/css/modules/sticky.min.css?ver=3.28.1 HTTP/1.1" 200 5673 "https://www.canterasdemuro.es/" "Mozilla/5.0 (compatible; AhrefsBot/7.0; +http://ahrefs.com/robot/)"
202.8.41.177 - - [29/Jul/2026:11:37:04 +0200] "GET /wp-content/uploads/elementor/css/post-8.css?ver=1733139880 HTTP/1.1" 200 5510 "https://www.canterasdemuro.es/" "Mozilla/5.0 (compatible; AhrefsBot/7.0; +http://ahrefs.com/robot/)"
202.8.41.177 - - [29/Jul/2026:11:37:04 +0200] "GET /wp-content/plugins/elementor/assets/css/widget-heading.min.css?ver=3.28.1 HTTP/1.1" 200 6112 "https://www.canterasdemuro.es/" "Mozilla/5.0 (compatible; AhrefsBot/7.0; +http://ahrefs.com/robot/)"
202.8.41.177 - - [29/Jul/2026:11:37:04 +0200] "GET /wp-content/uploads/elementor/google-fonts/css/plusjakartasans.css?ver=1742899034 HTTP/1.1" 200 5532 "https://www.canterasdemuro.es/" "Mozilla/5.0 (compatible; AhrefsBot/7.0; +http://ahrefs.com/robot/)"
202.8.41.177 - - [29/Jul/2026:11:37:04 +0200] "GET /wp-content/plugins/elementor/assets/css/widget-image.min.css?ver=3.28.1 HTTP/1.1" 200 5765 "https://www.canterasdemuro.es/" "Mozilla/5.0 (compatible; AhrefsBot/7.0; +http://ahrefs.com/robot/)"
202.8.41.177 - - [29/Jul/2026:11:37:04 +0200] "GET /wp-content/uploads/elementor/css/custom-pro-widget-nav-menu.min.css?ver=1733139880 HTTP/1.1" 200 5534 "https://www.canterasdemuro.es/" "Mozilla/5.0 (compatible; AhrefsBot/7.0; +http://ahrefs.com/robot/)"
202.8.41.177 - - [29/Jul/2026:11:37:04 +0200] "GET /wp-content/themes/hello-elementor/header-footer.min.css?ver=3.3.0 HTTP/1.1" 200 5522 "https://www.canterasdemuro.es/" "Mozilla/5.0 (compatible; AhrefsBot/7.0; +http://ahrefs.com/robot/)"
202.8.41.177 - - [29/Jul/2026:11:37:04 +0200] "GET /wp-content/uploads/elementor/css/post-72.css?ver=1751037830 HTTP/1.1" 200 5511 "https://www.canterasdemuro.es/" "Mozilla/5.0 (compatible; AhrefsBot/7.0; +http://ahrefs.com/robot/)"
202.8.41.177 - - [29/Jul/2026:11:37:04 +0200] "GET /wp-content/uploads/elementor/css/post-33.css?ver=1733139880 HTTP/1.1" 200 5511 "https://www.canterasdemuro.es/" "Mozilla/5.0 (compatible; AhrefsBot/7.0; +http://ahrefs.com/robot/)"
202.8.41.177 - - [29/Jul/2026:11:37:04 +0200] "GET /wp-content/themes/hello-elementor/style.min.css?ver=3.3.0 HTTP/1.1" 200 5514 "https://www.canterasdemuro.es/" "Mozilla/5.0 (compatible; AhrefsBot/7.0; +http://ahrefs.com/robot/)"
202.8.41.177 - - [29/Jul/2026:11:37:04 +0200] "GET /wp-content/plugins/elementor/assets/css/widget-text-editor.min.css?ver=3.28.1 HTTP/1.1" 200 6232 "https://www.canterasdemuro.es/" "Mozilla/5.0 (compatible; AhrefsBot/7.0; +http://ahrefs.com/robot/)"
202.8.41.177 - - [29/Jul/2026:11:37:04 +0200] "GET /wp-content/uploads/elementor/css/custom-apple-webkit.min.css?ver=1733139880 HTTP/1.1" 200 5527 "https://www.canterasdemuro.es/" "Mozilla/5.0 (compatible; AhrefsBot/7.0; +http://ahrefs.com/robot/)"
202.8.41.177 - - [29/Jul/2026:11:37:04 +0200] "GET /wp-content/themes/hello-elementor/theme.min.css?ver=3.3.0 HTTP/1.1" 200 5514 "https://www.canterasdemuro.es/" "Mozilla/5.0 (compatible; AhrefsBot/7.0; +http://ahrefs.com/robot/)"
202.8.41.177 - - [29/Jul/2026:11:37:04 +0200] "GET /wp-content/plugins/gdpr-cookie-compliance/dist/styles/gdpr-main-nf.css?ver=4.16.1 HTTP/1.1" 200 5537 "https://www.canterasdemuro.es/" "Mozilla/5.0 (compatible; AhrefsBot/7.0; +http://ahrefs.com/robot/)"
202.8.41.177 - - [29/Jul/2026:11:37:04 +0200] "GET /wp-content/uploads/elementor/css/post-459.css?ver=1733139881 HTTP/1.1" 200 5512 "https://www.canterasdemuro.es/" "Mozilla/5.0 (compatible; AhrefsBot/7.0; +http://ahrefs.com/robot/)"
202.8.41.177 - - [29/Jul/2026:11:37:04 +0200] "GET /wp-content/uploads/elementor/css/post-609.css?ver=1733146676 HTTP/1.1" 200 5512 "https://www.canterasdemuro.es/" "Mozilla/5.0 (compatible; AhrefsBot/7.0; +http://ahrefs.com/robot/)"
202.8.41.177 - - [29/Jul/2026:11:37:04 +0200] "GET /wp-content/plugins/elementor/assets/css/widget-social-icons.min.css?ver=3.28.1 HTTP/1.1" 200 5534 "https://www.canterasdemuro.es/" "Mozilla/5.0 (compatible; AhrefsBot/7.0; +http://ahrefs.com/robot/)"
202.8.41.177 - - [29/Jul/2026:11:37:05 +0200] "GET /wp-content/themes/hello-elementor-child/style.css?ver=6.9 HTTP/1.1" 200 5516 "https://www.canterasdemuro.es/" "Mozilla/5.0 (compatible; AhrefsBot/7.0; +http://ahrefs.com/robot/)"
202.8.41.177 - - [29/Jul/2026:11:37:05 +0200] "GET /wp-content/uploads/elementor/css/custom-widget-icon-list.min.css?ver=1733139880 HTTP/1.1" 200 5531 "https://www.canterasdemuro.es/" "Mozilla/5.0 (compatible; AhrefsBot/7.0; +http://ahrefs.com/robot/)"
202.8.41.177 - - [29/Jul/2026:11:37:05 +0200] "GET /wp-content/plugins/elementor/assets/lib/animations/styles/e-animation-float.min.css?ver=3.28.1 HTTP/1.1" 200 5755 "https://www.canterasdemuro.es/" "Mozilla/5.0 (compatible; AhrefsBot/7.0; +http://ahrefs.com/robot/)"
202.8.41.177 - - [29/Jul/2026:11:37:05 +0200] "GET /wp-content/plugins/elementor/assets/css/widget-spacer.min.css?ver=3.28.1 HTTP/1.1" 200 5528 "https://www.canterasdemuro.es/" "Mozilla/5.0 (compatible; AhrefsBot/7.0; +http://ahrefs.com/robot/)"
202.8.41.177 - - [29/Jul/2026:11:37:05 +0200] "GET /wp-content/uploads/elementor/css/custom-frontend.min.css?ver=1733139880 HTTP/1.1" 200 5523 "https://www.canterasdemuro.es/" "Mozilla/5.0 (compatible; AhrefsBot/7.0; +http://ahrefs.com/robot/)"
202.8.41.177 - - [29/Jul/2026:11:37:04 +0200] "GET /wp-content/uploads/elementor/google-fonts/css/nunitosans.css?ver=1742899037 HTTP/1.1" 200 5527 "https://www.canterasdemuro.es/" "Mozilla/5.0 (compatible; AhrefsBot/7.0; +http://ahrefs.com/robot/)"
202.8.41.177 - - [29/Jul/2026:11:37:05 +0200] "GET /wp-includes/js/jquery/jquery.min.js?ver=3.7.1 HTTP/1.1" 200 5516 "https://www.canterasdemuro.es/" "Mozilla/5.0 (compatible; AhrefsBot/7.0; +http://ahrefs.com/robot/)"
202.8.41.177 - - [29/Jul/2026:11:37:05 +0200] "GET /wp-includes/js/jquery/jquery-migrate.min.js?ver=3.4.1 HTTP/1.1" 200 5524 "https://www.canterasdemuro.es/" "Mozilla/5.0 (compatible; AhrefsBot/7.0; +http://ahrefs.com/robot/)"
202.8.41.177 - - [29/Jul/2026:11:37:05 +0200] "GET /wp-content/plugins/elementor-pro/assets/lib/smartmenus/jquery.smartmenus.min.js?ver=1.2.1 HTTP/1.1" 200 5560 "https://www.canterasdemuro.es/" "Mozilla/5.0 (compatible; AhrefsBot/7.0; +http://ahrefs.com/robot/)"
202.8.41.177 - - [29/Jul/2026:11:37:05 +0200] "GET /wp-content/themes/hello-elementor/assets/js/hello-frontend.min.js?ver=3.3.0 HTTP/1.1" 200 5546 "https://www.canterasdemuro.es/" "Mozilla/5.0 (compatible; AhrefsBot/7.0; +http://ahrefs.com/robot/)"
202.8.41.177 - - [29/Jul/2026:11:37:05 +0200] "GET /wp-includes/js/dist/hooks.min.js?ver=dd5603f07f9220ed27f1 HTTP/1.1" 200 5513 "https://www.canterasdemuro.es/" "Mozilla/5.0 (compatible; AhrefsBot/7.0; +http://ahrefs.com/robot/)"
202.8.41.177 - - [29/Jul/2026:11:37:05 +0200] "GET /wp-includes/js/jquery/ui/core.min.js?ver=1.13.3 HTTP/1.1" 200 5517 "https://www.canterasdemuro.es/" "Mozilla/5.0 (compatible; AhrefsBot/7.0; +http://ahrefs.com/robot/)"
202.8.41.177 - - [29/Jul/2026:11:37:05 +0200] "GET /wp-content/plugins/elementor/assets/js/webpack.runtime.min.js?ver=3.28.1 HTTP/1.1" 200 5542 "https://www.canterasdemuro.es/" "Mozilla/5.0 (compatible; AhrefsBot/7.0; +http://ahrefs.com/robot/)"
202.8.41.177 - - [29/Jul/2026:11:37:05 +0200] "GET /wp-content/plugins/elementor/assets/js/frontend-modules.min.js?ver=3.28.1 HTTP/1.1" 200 5543 "https://www.canterasdemuro.es/" "Mozilla/5.0 (compatible; AhrefsBot/7.0; +http://ahrefs.com/robot/)"
202.8.41.177 - - [29/Jul/2026:11:37:05 +0200] "GET /wp-content/plugins/elementor-pro/assets/js/webpack-pro.runtime.min.js?ver=3.28.1 HTTP/1.1" 200 5550 "https://www.canterasdemuro.es/" "Mozilla/5.0 (compatible; AhrefsBot/7.0; +http://ahrefs.com/robot/)"
202.8.41.177 - - [29/Jul/2026:11:37:05 +0200] "GET /wp-content/plugins/elementor-pro/assets/lib/sticky/jquery.sticky.min.js?ver=3.28.1 HTTP/1.1" 200 5552 "https://www.canterasdemuro.es/" "Mozilla/5.0 (compatible; AhrefsBot/7.0; +http://ahrefs.com/robot/)"
202.8.41.177 - - [29/Jul/2026:11:37:05 +0200] "GET /wp-content/uploads/elementor/google-fonts/fonts/nunitosans-pe0tmimslybiv1o4x1m8ce2xcx3yop4tqpf_metm0lfgwvpnn64cl7u8uphzibmv51q42ptcp7t1r-s.woff2 HTTP/1.1" 200 5613 "https://www.canterasdemuro.es/wp-content/uploads/elementor/google-fonts/css/nunitosans.css?ver=1742899037" "Mozilla/5.0 (compatible; AhrefsBot/7.0; +http://ahrefs.com/robot/)"
202.8.41.177 - - [29/Jul/2026:11:37:05 +0200] "GET /wp-content/uploads/elementor/google-fonts/fonts/plusjakartasans-ldioaomqnqcsa88c7o9yz4kmcoog4ko20yw.woff2 HTTP/1.1" 200 5574 "https://www.canterasdemuro.es/wp-content/uploads/elementor/google-fonts/css/plusjakartasans.css?ver=1742899034" "Mozilla/5.0 (compatible; AhrefsBot/7.0; +http://ahrefs.com/robot/)"
202.8.41.177 - - [29/Jul/2026:11:37:05 +0200] "GET /wp-includes/js/dist/i18n.min.js?ver=c26c3dc7bed366793375 HTTP/1.1" 200 5512 "https://www.canterasdemuro.es/" "Mozilla/5.0 (compatible; AhrefsBot/7.0; +http://ahrefs.com/robot/)"
202.8.41.177 - - [29/Jul/2026:11:37:05 +0200] "GET /wp-content/plugins/elementor-pro/assets/js/elements-handlers.min.js?ver=3.28.1 HTTP/1.1" 200 5548 "https://www.canterasdemuro.es/" "Mozilla/5.0 (compatible; AhrefsBot/7.0; +http://ahrefs.com/robot/)"
202.8.41.177 - - [29/Jul/2026:11:37:05 +0200] "GET /wp-content/plugins/elementor-pro/assets/js/frontend.min.js?ver=3.28.1 HTTP/1.1" 200 5539 "https://www.canterasdemuro.es/" "Mozilla/5.0 (compatible; AhrefsBot/7.0; +http://ahrefs.com/robot/)"
202.8.41.177 - - [29/Jul/2026:11:37:05 +0200] "GET /wp-content/plugins/elementor/assets/js/frontend.min.js?ver=3.28.1 HTTP/1.1" 200 5535 "https://www.canterasdemuro.es/" "Mozilla/5.0 (compatible; AhrefsBot/7.0; +http://ahrefs.com/robot/)"
202.8.41.177 - - [29/Jul/2026:11:37:05 +0200] "GET /wp-content/plugins/elementor/assets/lib/dialog/dialog.min.js?ver=4.9.3 HTTP/1.1" 200 5541 "https://www.canterasdemuro.es/" "Mozilla/5.0 (compatible; AhrefsBot/7.0; +http://ahrefs.com/robot/)"
202.8.41.177 - - [29/Jul/2026:11:37:05 +0200] "GET /wp-content/plugins/elementor-pro/assets/js/nav-menu.a23fbd67486c5bedf26c.bundle.min.js HTTP/1.1" 200 5567 "https://www.canterasdemuro.es/" "Mozilla/5.0 (compatible; AhrefsBot/7.0; +http://ahrefs.com/robot/)"
202.8.41.177 - - [29/Jul/2026:11:37:05 +0200] "GET /wp-content/plugins/elementor/assets/js/text-editor.c084ef86600b6f11690d.bundle.min.js HTTP/1.1" 200 5566 "https://www.canterasdemuro.es/" "Mozilla/5.0 (compatible; AhrefsBot/7.0; +http://ahrefs.com/robot/)"
202.8.41.177 - - [29/Jul/2026:11:37:05 +0200] "GET /wp-includes/js/wp-emoji-release.min.js?ver=6.9 HTTP/1.1" 200 5519 "https://www.canterasdemuro.es/" "Mozilla/5.0 (compatible; AhrefsBot/7.0; +http://ahrefs.com/robot/)"
84.246.212.44 - - [29/Jul/2026:11:37:12 +0200] "POST /wp-cron.php?doing_wp_cron=1785317832.7086501121520996093750 HTTP/1.1" 200 5527 "-" "WordPress/6.9; https://www.canterasdemuro.es"
183.83.196.35 - - [29/Jul/2026:11:37:12 +0200] "POST /xmlrpc.php HTTP/1.1" 200 5891 "-" "Jetpack by WordPress.com (Jetpack 13.0; WordPress 6.2)"
84.246.212.44 - - [29/Jul/2026:11:37:13 +0200] "POST /wp-admin/admin-ajax.php?action=async_litespeed&nonce=KhqwbJ9cJJezg02AsHfaN5XcGxHlIXyf&litespeed_type=imgoptm HTTP/1.1" 200 5782 "-" "WordPress/6.9; https://www.canterasdemuro.es"
84.246.212.44 - - [29/Jul/2026:11:37:23 +0200] "POST /wp-cron.php?doing_wp_cron=1785317843.3591940402984619140625 HTTP/1.1" 200 5527 "-" "WordPress/6.9; https://www.canterasdemuro.es"
183.83.196.35 - - [29/Jul/2026:11:37:22 +0200] "POST /xmlrpc.php HTTP/1.1" 200 5891 "-" "Jetpack/12.1; WordPress/6.1; http://site51234928.com"
183.83.196.35 - - [29/Jul/2026:11:37:33 +0200] "POST /xmlrpc.php HTTP/1.1" 200 5891 "-" "WordPress.com; https://wordpress.com"
183.83.196.35 - - [29/Jul/2026:11:37:44 +0200] "POST /xmlrpc.php HTTP/1.1" 200 5891 "-" "WordPress.com; https://wordpress.com"
183.83.196.35 - - [29/Jul/2026:11:37:54 +0200] "POST /xmlrpc.php HTTP/1.1" 200 5891 "-" "WordPress.com; https://wordpress.com"
183.83.196.35 - - [29/Jul/2026:11:38:05 +0200] "POST /xmlrpc.php HTTP/1.1" 200 5891 "-" "Jetpack by WordPress.com"
84.246.212.44 - - [29/Jul/2026:11:38:16 +0200] "POST /wp-cron.php?doing_wp_cron=1785317896.2797501087188720703125 HTTP/1.1" 200 5527 "-" "WordPress/6.9; https://www.canterasdemuro.es"
183.83.196.35 - - [29/Jul/2026:11:38:15 +0200] "POST /xmlrpc.php HTTP/1.1" 200 5891 "-" "Jetpack/12.0; WordPress/6.3; http://site43351323.com"
84.246.212.44 - - [29/Jul/2026:11:38:16 +0200] "POST /wp-admin/admin-ajax.php?action=async_litespeed&nonce=aLcbfJyZNjqGu0WMe1oq4fZTT1koDpMo&litespeed_type=imgoptm HTTP/1.1" 200 5782 "-" "WordPress/6.9; https://www.canterasdemuro.es"
84.246.212.44 - - [29/Jul/2026:11:38:26 +0200] "POST /wp-cron.php?doing_wp_cron=1785317906.8470680713653564453125 HTTP/1.1" 200 5527 "-" "WordPress/6.9; https://www.canterasdemuro.es"
183.83.196.35 - - [29/Jul/2026:11:38:26 +0200] "POST /xmlrpc.php HTTP/1.1" 200 5891 "-" "Jetpack/12.1; WordPress/6.1; http://site81204787.com"
183.83.196.35 - - [29/Jul/2026:11:38:37 +0200] "POST /xmlrpc.php HTTP/1.1" 200 5891 "-" "Jetpack by WordPress.com"
183.83.196.35 - - [29/Jul/2026:11:38:47 +0200] "POST /xmlrpc.php HTTP/1.1" 200 5891 "-" "Jetpack by WordPress.com"
183.83.196.35 - - [29/Jul/2026:11:38:58 +0200] "POST /xmlrpc.php HTTP/1.1" 200 5891 "-" "WordPress.com; https://wordpress.com"
183.83.196.35 - - [29/Jul/2026:11:39:09 +0200] "POST /xmlrpc.php HTTP/1.1" 200 5891 "-" "WordPress.com; https://wordpress.com"
84.246.212.44 - - [29/Jul/2026:11:39:20 +0200] "POST /wp-cron.php?doing_wp_cron=1785317960.0870990753173828125000 HTTP/1.1" 200 5527 "-" "WordPress/6.9; https://www.canterasdemuro.es"
183.83.196.35 - - [29/Jul/2026:11:39:19 +0200] "POST /xmlrpc.php HTTP/1.1" 200 5891 "-" "Jetpack/12.5; WordPress/6.3; http://site62671326.com"
84.246.212.44 - - [29/Jul/2026:11:39:20 +0200] "POST /wp-admin/admin-ajax.php?action=async_litespeed&nonce=qP0HtalKvFLgqVagI3C1QpfV47BjIsml&litespeed_type=imgoptm HTTP/1.1" 200 5782 "-" "WordPress/6.9; https://www.canterasdemuro.es"
183.83.196.35 - - [29/Jul/2026:11:39:30 +0200] "POST /xmlrpc.php HTTP/1.1" 403 6292 "-" "WordPress.com; https://wordpress.com"
183.83.196.35 - - [29/Jul/2026:11:39:40 +0200] "POST /xmlrpc.php HTTP/1.1" 200 5891 "-" "Jetpack by WordPress.com"
183.83.196.35 - - [29/Jul/2026:11:39:51 +0200] "POST /xmlrpc.php HTTP/1.1" 403 6292 "-" "Jetpack by WordPress.com"
183.83.196.35 - - [29/Jul/2026:11:40:02 +0200] "POST /xmlrpc.php HTTP/1.1" 403 6292 "-" "Jetpack by WordPress.com"
84.246.212.44 - - [29/Jul/2026:11:40:13 +0200] "POST /wp-cron.php?doing_wp_cron=1785318013.2423200607299804687500 HTTP/1.1" 200 5527 "-" "WordPress/6.9; https://www.canterasdemuro.es"
183.83.196.35 - - [29/Jul/2026:11:40:12 +0200] "POST /xmlrpc.php HTTP/1.1" 200 5891 "-" "Jetpack by WordPress.com (Jetpack 12.0; WordPress 6.3)"
84.246.212.44 - - [29/Jul/2026:11:40:13 +0200] "POST /wp-admin/admin-ajax.php?action=async_litespeed&nonce=eKSLY8LWA3LlYkHVJp2We4EbNyOrqq4C&litespeed_type=imgoptm HTTP/1.1" 200 5782 "-" "WordPress/6.9; https://www.canterasdemuro.es"
84.246.212.44 - - [29/Jul/2026:11:40:23 +0200] "POST /wp-cron.php?doing_wp_cron=1785318023.7578070163726806640625 HTTP/1.1" 200 5527 "-" "WordPress/6.9; https://www.canterasdemuro.es"
183.83.196.35 - - [29/Jul/2026:11:40:23 +0200] "POST /xmlrpc.php HTTP/1.1" 200 5891 "-" "Jetpack by WordPress.com (Jetpack 12.0; WordPress 6.2)"
183.83.196.35 - - [29/Jul/2026:11:40:33 +0200] "POST /xmlrpc.php HTTP/1.1" 403 6292 "-" "Jetpack by WordPress.com"
183.83.196.35 - - [29/Jul/2026:11:40:44 +0200] "POST /xmlrpc.php HTTP/1.1" 403 6292 "-" "WordPress.com; https://wordpress.com"
183.83.196.35 - - [29/Jul/2026:11:40:55 +0200] "POST /xmlrpc.php HTTP/1.1" 200 5891 "-" "Jetpack/13.0; WordPress/6.1; http://site15001431.com"
183.83.196.35 - - [29/Jul/2026:11:41:05 +0200] "POST /xmlrpc.php HTTP/1.1" 403 6292 "-" "Jetpack by WordPress.com"
183.83.196.35 - - [29/Jul/2026:11:41:16 +0200] "POST /xmlrpc.php HTTP/1.1" 403 6292 "-" "WordPress.com; https://wordpress.com"
183.83.196.35 - - [29/Jul/2026:11:41:26 +0200] "POST /xmlrpc.php HTTP/1.1" 403 6292 "-" "Jetpack by WordPress.com"
183.83.196.35 - - [29/Jul/2026:11:41:37 +0200] "POST /xmlrpc.php HTTP/1.1" 403 6292 "-" "WordPress.com; https://wordpress.com"
183.83.196.35 - - [29/Jul/2026:11:41:47 +0200] "POST /xmlrpc.php HTTP/1.1" 403 6292 "-" "Jetpack by WordPress.com"
183.83.196.35 - - [29/Jul/2026:11:41:58 +0200] "POST /xmlrpc.php HTTP/1.1" 403 6292 "-" "WordPress.com; https://wordpress.com"
84.246.212.44 - - [29/Jul/2026:11:48:21 +0200] "POST /wp-cron.php?doing_wp_cron=1785318501.6093161106109619140625 HTTP/1.1" 200 5527 "-" "WordPress/6.9; https://www.canterasdemuro.es"
114.119.132.59 - - [29/Jul/2026:11:48:20 +0200] "GET /instalaciones/ HTTP/1.1" 200 105873 "https://www.canterasdemuro.es/politica-de-privacidad/" "Mozilla/5.0 (Linux; Android 7.0;) AppleWebKit/537.36 (HTML, like Gecko) Mobile Safari/537.36 (compatible; PetalBot;+https://webmaster.petalsearch.com/site/petalbot)"
84.246.212.44 - - [29/Jul/2026:11:48:22 +0200] "POST /wp-admin/admin-ajax.php?action=async_litespeed&nonce=XZiaS9LQu0PwbFJmYc8S4AmkB5LpodZv&litespeed_type=imgoptm HTTP/1.1" 200 5782 "-" "WordPress/6.9; https://www.canterasdemuro.es"
84.246.212.44 - - [29/Jul/2026:11:48:26 +0200] "GET /?wp_scrape_key=bb33e7429d17218ecabcba21fde746b4&wp_scrape_nonce=1785318504 HTTP/1.1" 200 100654 "-" "WordPress/6.9; https://www.canterasdemuro.es"
84.246.212.44 - - [29/Jul/2026:11:48:30 +0200] "GET /?wp_scrape_key=a284b622b3bc77d0f781d798b82ce5b9&wp_scrape_nonce=1785318508 HTTP/1.1" 200 100654 "-" "WordPress/6.9; https://www.canterasdemuro.es"
84.246.212.44 - - [29/Jul/2026:11:48:35 +0200] "GET /?wp_scrape_key=f5ac7e13679098e028810da19c68ddcc&wp_scrape_nonce=1785318512 HTTP/1.1" 200 100654 "-" "WordPress/6.9; https://www.canterasdemuro.es"
84.246.212.44 - - [29/Jul/2026:11:48:40 +0200] "GET /?wp_scrape_key=770af2b29ebc4437e68f1789df6f05ae&wp_scrape_nonce=1785318518 HTTP/1.1" 200 100654 "-" "WordPress/6.9; https://www.canterasdemuro.es"
84.246.212.44 - - [29/Jul/2026:11:48:44 +0200] "GET /?wp_scrape_key=bdd5a19645e52f2cdc4a2dc4b4e6f0e6&wp_scrape_nonce=1785318522 HTTP/1.1" 200 100654 "-" "WordPress/6.9; https://www.canterasdemuro.es"
84.246.212.44 - - [29/Jul/2026:11:48:48 +0200] "GET /?wp_scrape_key=2295ae8195bbb904bf538389303cad77&wp_scrape_nonce=1785318526 HTTP/1.1" 200 100654 "-" "WordPress/6.9; https://www.canterasdemuro.es"
84.246.212.44 - - [29/Jul/2026:11:48:52 +0200] "GET /?wp_scrape_key=187f88cfabba5b14783e179cf007397a&wp_scrape_nonce=1785318530 HTTP/1.1" 200 100654 "-" "WordPress/6.9; https://www.canterasdemuro.es"
84.246.212.44 - - [29/Jul/2026:11:48:57 +0200] "GET /?wp_scrape_key=d738e2839b93af2773f86ab9231fe8fe&wp_scrape_nonce=1785318535 HTTP/1.1" 200 100654 "-" "WordPress/6.9; https://www.canterasdemuro.es"
84.246.212.44 - - [29/Jul/2026:11:49:01 +0200] "GET /?wp_scrape_key=a52573a14754fc7944a1dcad8ccb1522&wp_scrape_nonce=1785318539 HTTP/1.1" 200 100654 "-" "WordPress/6.9; https://www.canterasdemuro.es"
84.246.212.44 - - [29/Jul/2026:11:53:34 +0200] "POST /wp-cron.php?doing_wp_cron=1785318814.3511250019073486328125 HTTP/1.1" 200 5527 "-" "WordPress/6.9; https://www.canterasdemuro.es"
103.174.152.87 - - [29/Jul/2026:11:53:33 +0200] "POST /xmlrpc.php HTTP/1.1" 200 5889 "-" "Mozilla/5.0 (Windows NT 10.0; Win64; x64) AppleWebKit/537.36 (KHTML, like Gecko) Chrome/120.0.0.0 Safari/537.36"
84.246.212.44 - - [29/Jul/2026:11:53:34 +0200] "POST /wp-admin/admin-ajax.php?action=async_litespeed&nonce=AvldqzHS83yJJnCIIC9l48dm32kKWDTU&litespeed_type=imgoptm HTTP/1.1" 200 5782 "-" "WordPress/6.9; https://www.canterasdemuro.es"
84.246.212.44 - - [29/Jul/2026:12:01:07 +0200] "POST /wp-cron.php?doing_wp_cron=1785319266.9271240234375000000000 HTTP/1.1" 200 5527 "-" "WordPress/6.9; https://www.canterasdemuro.es"
198.244.226.42 - - [29/Jul/2026:12:01:06 +0200] "GET /wp-sitemap.xml HTTP/1.1" 200 6234 "-" "Mozilla/5.0 (compatible; AhrefsBot/7.0; +http://ahrefs.com/robot/)"
84.246.212.44 - - [29/Jul/2026:12:01:07 +0200] "POST /wp-admin/admin-ajax.php?action=async_litespeed&nonce=Y94CRlvqBuKDLSdz71gj01sIil7zig17&litespeed_type=imgoptm HTTP/1.1" 200 5782 "-" "WordPress/6.9; https://www.canterasdemuro.es"
159.195.196.97 - - [29/Jul/2026:12:01:08 +0200] "GET / HTTP/1.1" 301 5569 "-" "Mozilla/5.0 (Windows NT 10.0; Win64; x64) AppleWebKit/537.36 (KHTML, like Gecko) Chrome/124.0.0.0 Safari/537.36"
198.244.240.126 - - [29/Jul/2026:12:01:09 +0200] "GET /wp-sitemap-posts-post-1.xml HTTP/1.1" 200 5797 "-" "Mozilla/5.0 (compatible; AhrefsBot/7.0; +http://ahrefs.com/robot/)"
159.195.196.97 - - [29/Jul/2026:12:01:09 +0200] "GET / HTTP/1.1" 200 100542 "-" "Mozilla/5.0 (Windows NT 10.0; Win64; x64) AppleWebKit/537.36 (KHTML, like Gecko) Chrome/124.0.0.0 Safari/537.36"
84.246.212.44 - - [29/Jul/2026:12:01:11 +0200] "POST /wp-cron.php?doing_wp_cron=1785319271.1971409320831298828125 HTTP/1.1" 200 5527 "-" "WordPress/6.9; https://www.canterasdemuro.es"
51.195.215.25 - - [29/Jul/2026:12:01:10 +0200] "GET /wp-sitemap-posts-page-1.xml HTTP/1.1" 200 6783 "-" "Mozilla/5.0 (compatible; AhrefsBot/7.0; +http://ahrefs.com/robot/)"
84.246.212.44 - - [29/Jul/2026:12:01:13 +0200] "POST /wp-cron.php?doing_wp_cron=1785319273.1001050472259521484375 HTTP/1.1" 200 5527 "-" "WordPress/6.9; https://www.canterasdemuro.es"
198.244.242.187 - - [29/Jul/2026:12:01:12 +0200] "GET /gl/wp-sitemap-posts-page-1.xml HTTP/1.1" 200 6810 "-" "Mozilla/5.0 (compatible; AhrefsBot/7.0; +http://ahrefs.com/robot/)"
84.246.212.44 - - [29/Jul/2026:12:01:13 +0200] "POST /wp-admin/admin-ajax.php?action=async_litespeed&nonce=tclZ5UkIdTSuIYA5tjmJofkofO2gSgF7&litespeed_type=imgoptm HTTP/1.1" 200 5782 "-" "WordPress/6.9; https://www.canterasdemuro.es"
51.89.129.28 - - [29/Jul/2026:12:01:14 +0200] "GET /wp-sitemap-taxonomies-category-1.xml HTTP/1.1" 200 5764 "-" "Mozilla/5.0 (compatible; AhrefsBot/7.0; +http://ahrefs.com/robot/)"
84.246.212.44 - - [29/Jul/2026:12:01:18 +0200] "POST /wp-cron.php?doing_wp_cron=1785319278.0506329536437988281250 HTTP/1.1" 200 5527 "-" "WordPress/6.9; https://www.canterasdemuro.es"
51.195.183.22 - - [29/Jul/2026:12:01:17 +0200] "GET /wp-sitemap-users-1.xml HTTP/1.1" 200 5754 "-" "Mozilla/5.0 (compatible; AhrefsBot/7.0; +http://ahrefs.com/robot/)"
51.195.183.178 - - [29/Jul/2026:12:01:20 +0200] "GET /gl/wp-sitemap-users-1.xml HTTP/1.1" 200 5757 "-" "Mozilla/5.0 (compatible; AhrefsBot/7.0; +http://ahrefs.com/robot/)"
84.246.212.44 - - [29/Jul/2026:12:02:57 +0200] "POST /wp-cron.php?doing_wp_cron=1785319377.7467288970947265625000 HTTP/1.1" 200 5527 "-" "WordPress/6.9; https://www.canterasdemuro.es"
43.153.73.200 - - [29/Jul/2026:12:02:57 +0200] "GET / HTTP/1.1" 301 5569 "http://canterasdemuro.es" "Mozilla/5.0 (iPhone; CPU iPhone OS 13_2_3 like Mac OS X) AppleWebKit/605.1.15 (KHTML, like Gecko) Version/13.0.3 Mobile/15E148 Safari/604.1"
84.246.212.44 - - [29/Jul/2026:12:02:58 +0200] "POST /wp-admin/admin-ajax.php?action=async_litespeed&nonce=Qwuq2rZw8xOjsMh7xnRfFLJbePCEQWzZ&litespeed_type=imgoptm HTTP/1.1" 200 5782 "-" "WordPress/6.9; https://www.canterasdemuro.es"
43.153.73.200 - - [29/Jul/2026:12:02:59 +0200] "GET / HTTP/1.1" 200 100542 "https://canterasdemuro.es/" "Mozilla/5.0 (iPhone; CPU iPhone OS 13_2_3 like Mac OS X) AppleWebKit/605.1.15 (KHTML, like Gecko) Version/13.0.3 Mobile/15E148 Safari/604.1"
84.246.212.44 - - [29/Jul/2026:12:15:05 +0200] "POST /wp-cron.php?doing_wp_cron=1785320105.2235078811645507812500 HTTP/1.1" 200 5527 "-" "WordPress/6.9; https://www.canterasdemuro.es"
217.160.2.254 - - [29/Jul/2026:12:15:04 +0200] "POST /xmlrpc.php HTTP/1.1" 200 5891 "-" "Mozilla/5.0 (Windows NT 10.0; Win64; x64) AppleWebKit/537.36 (KHTML, like Gecko) Chrome/141.0.0.0 Safari/537.36 Edg/141.0.0.0"
84.246.212.44 - - [29/Jul/2026:12:15:05 +0200] "POST /wp-admin/admin-ajax.php?action=async_litespeed&nonce=XpD1XbbI8NGbNZP3PLQt1xPkvF8Hn2yW&litespeed_type=imgoptm HTTP/1.1" 200 5782 "-" "WordPress/6.9; https://www.canterasdemuro.es"
84.246.212.44 - - [29/Jul/2026:12:16:14 +0200] "POST /wp-cron.php?doing_wp_cron=1785320174.5918719768524169921875 HTTP/1.1" 200 5527 "-" "WordPress/6.9; https://www.canterasdemuro.es"
114.119.141.69 - - [29/Jul/2026:12:16:14 +0200] "GET /wp-sitemap-users-1.xml HTTP/1.1" 200 5754 "https://www.canterasdemuro.es/wp-sitemap-users-1.xml" "Mozilla/5.0 (Linux; Android 7.0;) AppleWebKit/537.36 (HTML, like Gecko) Mobile Safari/537.36 (compatible; PetalBot;+https://webmaster.petalsearch.com/site/petalbot)"
84.246.212.44 - - [29/Jul/2026:12:16:15 +0200] "POST /wp-admin/admin-ajax.php?action=async_litespeed&nonce=u6NQeh0JUw91WDFEYLySaSul3MjyRPhc&litespeed_type=imgoptm HTTP/1.1" 200 5782 "-" "WordPress/6.9; https://www.canterasdemuro.es"
84.246.212.44 - - [29/Jul/2026:12:17:38 +0200] "POST /wp-cron.php?doing_wp_cron=1785320258.8216919898986816406250 HTTP/1.1" 200 5527 "-" "WordPress/6.9; https://www.canterasdemuro.es"
114.119.129.25 - - [29/Jul/2026:12:17:37 +0200] "GET / HTTP/1.1" 200 100542 "https://grupogestinver.com/en/politica-de-privacidad/" "Mozilla/5.0 (Linux; Android 7.0;) AppleWebKit/537.36 (HTML, like Gecko) Mobile Safari/537.36 (compatible; PetalBot;+https://webmaster.petalsearch.com/site/petalbot)"
84.246.212.44 - - [29/Jul/2026:12:17:39 +0200] "POST /wp-admin/admin-ajax.php?action=async_litespeed&nonce=oargGqlzVYVGnBn8Ha0faIzgucPstwei&litespeed_type=imgoptm HTTP/1.1" 200 5782 "-" "WordPress/6.9; https://www.canterasdemuro.es"
84.246.212.44 - - [29/Jul/2026:12:19:22 +0200] "POST /wp-cron.php?doing_wp_cron=1785320362.1450860500335693359375 HTTP/1.1" 200 5527 "-" "WordPress/6.9; https://www.canterasdemuro.es"
192.250.239.237 - - [29/Jul/2026:12:19:21 +0200] "POST /xmlrpc.php HTTP/1.1" 200 5891 "-" "Mozilla/5.0 (Windows NT 10.0; Win64; x64) AppleWebKit/537.36 (KHTML, like Gecko) Chrome/138.0.0.0 Safari/537.36"
84.246.212.44 - - [29/Jul/2026:12:19:22 +0200] "POST /wp-admin/admin-ajax.php?action=async_litespeed&nonce=PZffbprKPQNAFWaKSnJI7d0hUw9sDObx&litespeed_type=imgoptm HTTP/1.1" 200 5782 "-" "WordPress/6.9; https://www.canterasdemuro.es"
84.246.212.44 - - [29/Jul/2026:12:31:14 +0200] "POST /wp-cron.php?doing_wp_cron=1785321074.2029850482940673828125 HTTP/1.1" 200 5527 "-" "WordPress/6.9; https://www.canterasdemuro.es"
114.119.128.22 - - [29/Jul/2026:12:31:13 +0200] "GET /politica-de-privacidad HTTP/1.1" 301 5583 "https://www.canterasdemuro.es/hello-world" "Mozilla/5.0 (Linux; Android 7.0;) AppleWebKit/537.36 (HTML, like Gecko) Mobile Safari/537.36 (compatible; PetalBot;+https://webmaster.petalsearch.com/site/petalbot)"
84.246.212.44 - - [29/Jul/2026:12:31:14 +0200] "POST /wp-admin/admin-ajax.php?action=async_litespeed&nonce=6CnjfiwVP6C9NhVCsdKV7xDKLiVSU8RS&litespeed_type=imgoptm HTTP/1.1" 200 5782 "-" "WordPress/6.9; https://www.canterasdemuro.es"
114.119.128.22 - - [29/Jul/2026:12:31:14 +0200] "GET /politica-de-privacidad/ HTTP/1.1" 200 119696 "https://www.canterasdemuro.es/hello-world" "Mozilla/5.0 (Linux; Android 7.0;) AppleWebKit/537.36 (HTML, like Gecko) Mobile Safari/537.36 (compatible; PetalBot;+https://webmaster.petalsearch.com/site/petalbot)"
84.246.212.44 - - [29/Jul/2026:12:32:46 +0200] "POST /wp-cron.php?doing_wp_cron=1785321166.6894609928131103515625 HTTP/1.1" 200 5527 "-" "WordPress/6.9; https://www.canterasdemuro.es"
66.249.74.163 - - [29/Jul/2026:12:32:46 +0200] "GET /robots.txt HTTP/1.1" 301 5579 "-" "Mozilla/5.0 (compatible; Googlebot/2.1; +http://www.google.com/bot.html)"
84.246.212.44 - - [29/Jul/2026:12:32:47 +0200] "POST /wp-admin/admin-ajax.php?action=async_litespeed&nonce=p5RL9MemFaGt38Ug3qDeAbKBkh91LEmS&litespeed_type=imgoptm HTTP/1.1" 200 5782 "-" "WordPress/6.9; https://www.canterasdemuro.es"
66.249.66.198 - - [29/Jul/2026:12:32:47 +0200] "GET /robots.txt HTTP/1.1" 200 5682 "-" "Mozilla/5.0 (compatible; Googlebot/2.1; +http://www.google.com/bot.html)"
66.249.74.165 - - [29/Jul/2026:12:32:48 +0200] "GET / HTTP/1.1" 301 5569 "-" "Mozilla/5.0 (Linux; Android 6.0.1; Nexus 5X Build/MMB29P) AppleWebKit/537.36 (KHTML, like Gecko) Chrome/150.0.7871.128 Mobile Safari/537.36 (compatible; Googlebot/2.1; +http://www.google.com/bot.html)"
84.246.212.44 - - [29/Jul/2026:12:34:33 +0200] "POST /wp-cron.php?doing_wp_cron=1785321273.2082660198211669921875 HTTP/1.1" 200 5527 "-" "WordPress/6.9; https://www.canterasdemuro.es"
47.128.53.238 - - [29/Jul/2026:12:34:32 +0200] "GET /robots.txt HTTP/1.1" 200 5682 "-" "Mozilla/5.0 (Linux; Android 5.0) AppleWebKit/537.36 (KHTML, like Gecko) Mobile Safari/537.36 (compatible; Bytespider; spider-feedback@bytedance.com)"
84.246.212.44 - - [29/Jul/2026:12:34:33 +0200] "POST /wp-admin/admin-ajax.php?action=async_litespeed&nonce=fh44bZatjec7xTlqHa5IXfgqWDAwGKda&litespeed_type=imgoptm HTTP/1.1" 200 5782 "-" "WordPress/6.9; https://www.canterasdemuro.es"
84.246.212.44 - - [29/Jul/2026:12:36:39 +0200] "POST /wp-cron.php?doing_wp_cron=1785321399.6073319911956787109375 HTTP/1.1" 200 5527 "-" "WordPress/6.9; https://www.canterasdemuro.es"
213.132.222.51 - - [29/Jul/2026:12:36:39 +0200] "POST /xmlrpc.php HTTP/1.1" 200 5891 "-" "Mozilla/5.0 (Windows NT 10.0) AppleWebKit/537.43 (KHTML, like Gecko) Chrome/135.0.0.0 Safari/537.36 OPR/120.0.0.0"
84.246.212.44 - - [29/Jul/2026:12:36:40 +0200] "POST /wp-admin/admin-ajax.php?action=async_litespeed&nonce=jPmxjo7eGUO40EvZR1TMuJQHhvTCoorc&litespeed_type=imgoptm HTTP/1.1" 200 5782 "-" "WordPress/6.9; https://www.canterasdemuro.es"
84.246.212.44 - - [29/Jul/2026:12:40:46 +0200] "POST /wp-cron.php?doing_wp_cron=1785321646.7258388996124267578125 HTTP/1.1" 200 5527 "-" "WordPress/6.9; https://www.canterasdemuro.es"
160.191.139.115 - - [29/Jul/2026:12:40:46 +0200] "POST /xmlrpc.php HTTP/1.1" 200 5889 "-" "Mozilla/5.0 (Windows NT 10.0; Win64; x64) AppleWebKit/537.36 (KHTML, like Gecko) Chrome/120.0.0.0 Safari/537.36"
84.246.212.44 - - [29/Jul/2026:12:40:47 +0200] "POST /wp-admin/admin-ajax.php?action=async_litespeed&nonce=k5Ae18XVhGGUpeYT9fiKH5a35katoAzG&litespeed_type=imgoptm HTTP/1.1" 200 5782 "-" "WordPress/6.9; https://www.canterasdemuro.es"
84.246.212.44 - - [29/Jul/2026:12:47:40 +0200] "POST /wp-cron.php?doing_wp_cron=1785322060.3348960876464843750000 HTTP/1.1" 200 5527 "-" "WordPress/6.9; https://www.canterasdemuro.es"
20.226.5.174 - - [29/Jul/2026:12:47:40 +0200] "GET /geju.php HTTP/1.1" 301 5689 "-" "Mozilla/5.0 (Windows NT 10.0; Win64; x64) AppleWebKit/537.36 (KHTML, like Gecko) Chrome/120.0.0.0 Safari/537.36"
20.226.5.174 - - [29/Jul/2026:12:47:40 +0200] "GET /wp-content/plugins/about.php HTTP/1.1" 301 5701 "-" "Mozilla/5.0 (Windows NT 10.0; Win64; x64) AppleWebKit/537.36 (KHTML, like Gecko) Chrome/120.0.0.0 Safari/537.36"
84.246.212.44 - - [29/Jul/2026:12:47:40 +0200] "POST /wp-admin/admin-ajax.php?action=async_litespeed&nonce=BHTP7XCmGotI5hjkqKpckJyaUzOS662v&litespeed_type=imgoptm HTTP/1.1" 200 5782 "-" "WordPress/6.9; https://www.canterasdemuro.es"
20.226.5.174 - - [29/Jul/2026:12:47:41 +0200] "GET /wp.php HTTP/1.1" 301 5687 "-" "Mozilla/5.0 (Windows NT 10.0; Win64; x64) AppleWebKit/537.36 (KHTML, like Gecko) Chrome/120.0.0.0 Safari/537.36"
20.226.5.174 - - [29/Jul/2026:12:47:41 +0200] "GET /aaa.php HTTP/1.1" 301 5688 "-" "Mozilla/5.0 (Windows NT 10.0; Win64; x64) AppleWebKit/537.36 (KHTML, like Gecko) Chrome/120.0.0.0 Safari/537.36"
20.226.5.174 - - [29/Jul/2026:12:47:42 +0200] "GET /hoot.php HTTP/1.1" 301 5689 "-" "Mozilla/5.0 (Windows NT 10.0; Win64; x64) AppleWebKit/537.36 (KHTML, like Gecko) Chrome/120.0.0.0 Safari/537.36"
20.226.5.174 - - [29/Jul/2026:12:47:43 +0200] "GET /about.php HTTP/1.1" 301 5690 "-" "Mozilla/5.0 (Windows NT 10.0; Win64; x64) AppleWebKit/537.36 (KHTML, like Gecko) Chrome/120.0.0.0 Safari/537.36"
20.226.5.174 - - [29/Jul/2026:12:47:43 +0200] "GET /admin.php HTTP/1.1" 301 5690 "-" "Mozilla/5.0 (Windows NT 10.0; Win64; x64) AppleWebKit/537.36 (KHTML, like Gecko) Chrome/120.0.0.0 Safari/537.36"
20.226.5.174 - - [29/Jul/2026:12:47:44 +0200] "GET /wp-content/plugins/admin.php HTTP/1.1" 301 5701 "-" "Mozilla/5.0 (Windows NT 10.0; Win64; x64) AppleWebKit/537.36 (KHTML, like Gecko) Chrome/120.0.0.0 Safari/537.36"
20.226.5.174 - - [29/Jul/2026:12:47:45 +0200] "GET /wp-content/db-cache.php HTTP/1.1" 301 5696 "-" "Mozilla/5.0 (Windows NT 10.0; Win64; x64) AppleWebKit/537.36 (KHTML, like Gecko) Chrome/120.0.0.0 Safari/537.36"
172.213.225.181 - - [29/Jul/2026:12:47:45 +0200] "GET /wp-content/plugins/hellopress/wp_filemanager.php HTTP/1.1" 301 5721 "-" "-"
20.226.5.174 - - [29/Jul/2026:12:47:45 +0200] "GET /wp-content/themes/twentyeleven/functions.php HTTP/1.1" 301 5717 "-" "Mozilla/5.0 (Windows NT 10.0; Win64; x64) AppleWebKit/537.36 (KHTML, like Gecko) Chrome/120.0.0.0 Safari/537.36"
20.226.5.174 - - [29/Jul/2026:12:47:46 +0200] "GET /wp-content/themes/oceanwp/functions.php HTTP/1.1" 301 5712 "-" "Mozilla/5.0 (Windows NT 10.0; Win64; x64) AppleWebKit/537.36 (KHTML, like Gecko) Chrome/120.0.0.0 Safari/537.36"
20.226.5.174 - - [29/Jul/2026:12:47:47 +0200] "GET /wp-content/themes/twentythirteen/functions.php HTTP/1.1" 301 5719 "-" "Mozilla/5.0 (Windows NT 10.0; Win64; x64) AppleWebKit/537.36 (KHTML, like Gecko) Chrome/120.0.0.0 Safari/537.36"
20.226.5.174 - - [29/Jul/2026:12:47:47 +0200] "GET /wp-content/themes/kadence/functions.php HTTP/1.1" 301 5712 "-" "Mozilla/5.0 (Windows NT 10.0; Win64; x64) AppleWebKit/537.36 (KHTML, like Gecko) Chrome/120.0.0.0 Safari/537.36"
20.226.5.174 - - [29/Jul/2026:12:47:48 +0200] "GET /wp-content/themes/twentytwenty/functions.php HTTP/1.1" 301 5717 "-" "Mozilla/5.0 (Windows NT 10.0; Win64; x64) AppleWebKit/537.36 (KHTML, like Gecko) Chrome/120.0.0.0 Safari/537.36"
20.226.5.174 - - [29/Jul/2026:12:47:48 +0200] "GET /content.php HTTP/1.1" 301 5692 "-" "Mozilla/5.0 (Windows NT 10.0; Win64; x64) AppleWebKit/537.36 (KHTML, like Gecko) Chrome/120.0.0.0 Safari/537.36"
172.213.225.181 - - [29/Jul/2026:12:47:48 +0200] "GET /wp-content/plugins/hellopress/wp_filemanager.php HTTP/1.1" 404 89435 "-" "-"
20.226.5.174 - - [29/Jul/2026:12:47:49 +0200] "GET /wp-content/plugins/not/includes/about.php HTTP/1.1" 301 5714 "-" "Mozilla/5.0 (Windows NT 10.0; Win64; x64) AppleWebKit/537.36 (KHTML, like Gecko) Chrome/120.0.0.0 Safari/537.36"
172.213.225.181 - - [29/Jul/2026:12:47:49 +0200] "GET /this_is_a_new_hello_world.php HTTP/1.1" 301 5710 "-" "-"
20.226.5.174 - - [29/Jul/2026:12:47:49 +0200] "GET /wp-content/plugins/simple/simple.php HTTP/1.1" 301 5709 "-" "Mozilla/5.0 (Windows NT 10.0; Win64; x64) AppleWebKit/537.36 (KHTML, like Gecko) Chrome/120.0.0.0 Safari/537.36"
20.226.5.174 - - [29/Jul/2026:12:47:50 +0200] "GET /wp-content/plugins/wp-theme-editor/include.php HTTP/1.1" 301 5719 "-" "Mozilla/5.0 (Windows NT 10.0; Win64; x64) AppleWebKit/537.36 (KHTML, like Gecko) Chrome/120.0.0.0 Safari/537.36"
172.213.225.181 - - [29/Jul/2026:12:47:49 +0200] "GET /this_is_a_new_hello_world.php HTTP/1.1" 404 89434 "-" "-"
20.226.5.174 - - [29/Jul/2026:12:47:50 +0200] "GET /wp-content/themes/aahana/json.php HTTP/1.1" 301 5706 "-" "Mozilla/5.0 (Windows NT 10.0; Win64; x64) AppleWebKit/537.36 (KHTML, like Gecko) Chrome/120.0.0.0 Safari/537.36"
20.226.5.174 - - [29/Jul/2026:12:47:51 +0200] "GET /wp-content/plugins/awesome-coming-soon/come.php HTTP/1.1" 301 5720 "-" "Mozilla/5.0 (Windows NT 10.0; Win64; x64) AppleWebKit/537.36 (KHTML, like Gecko) Chrome/120.0.0.0 Safari/537.36"
172.213.225.181 - - [29/Jul/2026:12:47:51 +0200] "GET //aa.php HTTP/1.1" 301 5687 "-" "-"
20.226.5.174 - - [29/Jul/2026:12:47:51 +0200] "GET /wp-content/plugins/wp-conflg.php HTTP/1.1" 301 5705 "-" "Mozilla/5.0 (Windows NT 10.0; Win64; x64) AppleWebKit/537.36 (KHTML, like Gecko) Chrome/120.0.0.0 Safari/537.36"
20.226.5.174 - - [29/Jul/2026:12:47:52 +0200] "GET /wp-includes/Requests/about.php HTTP/1.1" 301 5711 "-" "Mozilla/5.0 (Windows NT 10.0; Win64; x64) AppleWebKit/537.36 (KHTML, like Gecko) Chrome/120.0.0.0 Safari/537.36"
172.213.225.181 - - [29/Jul/2026:12:47:52 +0200] "GET /aa.php HTTP/1.1" 404 89434 "-" "-"
172.213.225.181 - - [29/Jul/2026:12:47:53 +0200] "GET /3PJcpMFsD8B.php HTTP/1.1" 301 5696 "-" "-"
20.226.5.174 - - [29/Jul/2026:12:47:53 +0200] "GET /wp-includes/style-engine/about.php HTTP/1.1" 301 5715 "-" "Mozilla/5.0 (Windows NT 10.0; Win64; x64) AppleWebKit/537.36 (KHTML, like Gecko) Chrome/120.0.0.0 Safari/537.36"
20.226.5.174 - - [29/Jul/2026:12:47:54 +0200] "GET /wp-includes/rest-api/about.php HTTP/1.1" 301 5711 "-" "Mozilla/5.0 (Windows NT 10.0; Win64; x64) AppleWebKit/537.36 (KHTML, like Gecko) Chrome/120.0.0.0 Safari/537.36"
172.213.225.181 - - [29/Jul/2026:12:47:53 +0200] "GET /3PJcpMFsD8B.php HTTP/1.1" 404 89434 "-" "-"
20.226.5.174 - - [29/Jul/2026:12:47:54 +0200] "GET /wp-includes/SimplePie/about.php HTTP/1.1" 301 5712 "-" "Mozilla/5.0 (Windows NT 10.0; Win64; x64) AppleWebKit/537.36 (KHTML, like Gecko) Chrome/120.0.0.0 Safari/537.36"
172.213.225.181 - - [29/Jul/2026:12:47:55 +0200] "GET /media.php HTTP/1.1" 301 5690 "-" "-"
20.226.5.174 - - [29/Jul/2026:12:47:55 +0200] "GET /wp-content/banners/about.php HTTP/1.1" 301 5701 "-" "Mozilla/5.0 (Windows NT 10.0; Win64; x64) AppleWebKit/537.36 (KHTML, like Gecko) Chrome/120.0.0.0 Safari/537.36"
20.226.5.174 - - [29/Jul/2026:12:47:55 +0200] "GET /wp-content/about.php HTTP/1.1" 301 5693 "-" "Mozilla/5.0 (Windows NT 10.0; Win64; x64) AppleWebKit/537.36 (KHTML, like Gecko) Chrome/120.0.0.0 Safari/537.36"
172.213.225.181 - - [29/Jul/2026:12:47:55 +0200] "GET /media.php HTTP/1.1" 404 89419 "-" "-"
20.226.5.174 - - [29/Jul/2026:12:47:56 +0200] "GET /.well-known/about.php HTTP/1.1" 301 5702 "-" "Mozilla/5.0 (Windows NT 10.0; Win64; x64) AppleWebKit/537.36 (KHTML, like Gecko) Chrome/120.0.0.0 Safari/537.36"
172.213.225.181 - - [29/Jul/2026:12:47:56 +0200] "GET /images.php HTTP/1.1" 301 5691 "-" "-"
20.226.5.174 - - [29/Jul/2026:12:47:56 +0200] "GET /wp-includes/Text/about.php HTTP/1.1" 301 5707 "-" "Mozilla/5.0 (Windows NT 10.0; Win64; x64) AppleWebKit/537.36 (KHTML, like Gecko) Chrome/120.0.0.0 Safari/537.36"
20.226.5.174 - - [29/Jul/2026:12:47:57 +0200] "GET /wp-includes/ID3/about.php HTTP/1.1" 301 5706 "-" "Mozilla/5.0 (Windows NT 10.0; Win64; x64) AppleWebKit/537.36 (KHTML, like Gecko) Chrome/120.0.0.0 Safari/537.36"
172.213.225.181 - - [29/Jul/2026:12:47:57 +0200] "GET /images.php HTTP/1.1" 404 89434 "-" "-"
20.226.5.174 - - [29/Jul/2026:12:47:58 +0200] "GET /img/about.php HTTP/1.1" 301 5694 "-" "Mozilla/5.0 (Windows NT 10.0; Win64; x64) AppleWebKit/537.36 (KHTML, like Gecko) Chrome/120.0.0.0 Safari/537.36"
172.213.225.181 - - [29/Jul/2026:12:47:58 +0200] "GET /gecko.php HTTP/1.1" 301 5690 "-" "-"
20.226.5.174 - - [29/Jul/2026:12:47:58 +0200] "GET /wp-content/languages/about.php HTTP/1.1" 301 5703 "-" "Mozilla/5.0 (Windows NT 10.0; Win64; x64) AppleWebKit/537.36 (KHTML, like Gecko) Chrome/120.0.0.0 Safari/537.36"
172.213.225.181 - - [29/Jul/2026:12:47:58 +0200] "GET /gecko.php HTTP/1.1" 404 89434 "-" "-"
20.226.5.174 - - [29/Jul/2026:12:47:59 +0200] "GET /wp-includes/customize/about.php HTTP/1.1" 301 5712 "-" "Mozilla/5.0 (Windows NT 10.0; Win64; x64) AppleWebKit/537.36 (KHTML, like Gecko) Chrome/120.0.0.0 Safari/537.36"
20.226.5.174 - - [29/Jul/2026:12:47:59 +0200] "GET /wp-includes.bak/html-api/about.php HTTP/1.1" 301 5715 "-" "Mozilla/5.0 (Windows NT 10.0; Win64; x64) AppleWebKit/537.36 (KHTML, like Gecko) Chrome/120.0.0.0 Safari/537.36"
20.226.5.174 - - [29/Jul/2026:12:48:00 +0200] "GET /wp-includes/widgets/about.php HTTP/1.1" 301 5710 "-" "Mozilla/5.0 (Windows NT 10.0; Win64; x64) AppleWebKit/537.36 (KHTML, like Gecko) Chrome/120.0.0.0 Safari/537.36"
