167.99.182.39 - - [29/Jul/2026:23:06:48 +0200] "GET /server HTTP/1.1" 404 89434 "-" "Mozilla/5.0 (l9scan/2.0.4343e2231323e2634323e24383; +https://leakix.net)"
167.99.182.39 - - [29/Jul/2026:23:06:50 +0200] "GET /server-status HTTP/1.1" 404 89434 "-" "Mozilla/5.0 (l9scan/2.0.4343e2231323e2634323e24383; +https://leakix.net)"
167.99.182.39 - - [29/Jul/2026:23:06:52 +0200] "GET /about HTTP/1.1" 404 89434 "-" "Mozilla/5.0 (l9scan/2.0.4343e2231323e2634323e24383; +https://leakix.net)"
167.99.182.39 - - [29/Jul/2026:23:06:53 +0200] "GET /login.action HTTP/1.1" 404 89434 "-" "Mozilla/5.0 (l9scan/2.0.4343e2231323e2634323e24383; +https://leakix.net)"
167.99.182.39 - - [29/Jul/2026:23:06:55 +0200] "GET / HTTP/1.1" 200 100542 "-" "Mozilla/5.0 (l9scan/2.0.4343e2231323e2634323e24383; +https://leakix.net)"
167.99.182.39 - - [29/Jul/2026:23:06:58 +0200] "GET /___proxy_subdomain_whm/login HTTP/1.1" 404 89434 "-" "Mozilla/5.0 (l9scan/2.0.4343e2231323e2634323e24383; +https://leakix.net)"
167.99.182.39 - - [29/Jul/2026:23:07:00 +0200] "GET /___proxy_subdomain_cpanel HTTP/1.1" 404 89434 "-" "Mozilla/5.0 (l9scan/2.0.4343e2231323e2634323e24383; +https://leakix.net)"
167.99.182.39 - - [29/Jul/2026:23:07:01 +0200] "GET /v2/_catalog HTTP/1.1" 404 89434 "-" "Mozilla/5.0 (l9scan/2.0.4343e2231323e2634323e24383; +https://leakix.net)"
167.99.182.39 - - [29/Jul/2026:23:07:04 +0200] "GET /.DS_Store HTTP/1.1" 404 89434 "-" "Mozilla/5.0 (l9scan/2.0.4343e2231323e2634323e24383; +https://leakix.net)"
167.99.182.39 - - [29/Jul/2026:23:07:07 +0200] "GET /.env HTTP/1.1" 403 6292 "-" "Mozilla/5.0 (l9scan/2.0.4343e2231323e2634323e24383; +https://leakix.net)"
167.99.182.39 - - [29/Jul/2026:23:07:09 +0200] "GET /ecp/Current/exporttool/microsoft.exchange.ediscovery.exporttool.application HTTP/1.1" 404 89435 "-" "Mozilla/5.0 (l9scan/2.0.4343e2231323e2634323e24383; +https://leakix.net)"
167.99.182.39 - - [29/Jul/2026:23:07:12 +0200] "GET /.git/config HTTP/1.1" 403 6292 "-" "Mozilla/5.0 (l9scan/2.0.4343e2231323e2634323e24383; +https://leakix.net)"
84.246.212.44 - - [29/Jul/2026:23:07:14 +0200] "POST /wp-cron.php?doing_wp_cron=1785359234.5196199417114257812500 HTTP/1.1" 200 5527 "-" "WordPress/6.9; https://www.canterasdemuro.es"
167.99.182.39 - - [29/Jul/2026:23:07:13 +0200] "POST /graphql HTTP/1.1" 404 89361 "-" "Mozilla/5.0 (l9scan/2.0.4343e2231323e2634323e24383; +https://leakix.net)"
84.246.212.44 - - [29/Jul/2026:23:07:14 +0200] "POST /wp-admin/admin-ajax.php?action=async_litespeed&nonce=JdtePjcK2TwhfMISUg2eFg41k7FschO9&litespeed_type=imgoptm HTTP/1.1" 200 5782 "-" "WordPress/6.9; https://www.canterasdemuro.es"
167.99.182.39 - - [29/Jul/2026:23:07:15 +0200] "POST /api HTTP/1.1" 404 89361 "-" "Mozilla/5.0 (l9scan/2.0.4343e2231323e2634323e24383; +https://leakix.net)"
84.246.212.44 - - [29/Jul/2026:23:07:18 +0200] "POST /wp-cron.php?doing_wp_cron=1785359238.5493869781494140625000 HTTP/1.1" 200 5527 "-" "WordPress/6.9; https://www.canterasdemuro.es"
167.99.182.39 - - [29/Jul/2026:23:07:17 +0200] "POST /api/graphql HTTP/1.1" 404 89361 "-" "Mozilla/5.0 (l9scan/2.0.4343e2231323e2634323e24383; +https://leakix.net)"
167.99.182.39 - - [29/Jul/2026:23:07:19 +0200] "POST /graphql/api HTTP/1.1" 404 89361 "-" "Mozilla/5.0 (l9scan/2.0.4343e2231323e2634323e24383; +https://leakix.net)"
167.99.182.39 - - [29/Jul/2026:23:07:21 +0200] "POST /api/gql HTTP/1.1" 404 89361 "-" "Mozilla/5.0 (l9scan/2.0.4343e2231323e2634323e24383; +https://leakix.net)"
167.99.182.39 - - [29/Jul/2026:23:07:22 +0200] "GET /s/4343e2231323e2634323e24383/_/;/META-INF/maven/com.atlassian.jira/jira-webapp-dist/pom.properties HTTP/1.1" 404 89435 "-" "Mozilla/5.0 (l9scan/2.0.4343e2231323e2634323e24383; +https://leakix.net)"
167.99.182.39 - - [29/Jul/2026:23:07:24 +0200] "GET /config.json HTTP/1.1" 404 89434 "-" "Mozilla/5.0 (l9scan/2.0.4343e2231323e2634323e24383; +https://leakix.net)"
167.99.182.39 - - [29/Jul/2026:23:07:26 +0200] "GET /telescope/requests HTTP/1.1" 404 89434 "-" "Mozilla/5.0 (l9scan/2.0.4343e2231323e2634323e24383; +https://leakix.net)"
167.99.182.39 - - [29/Jul/2026:23:07:29 +0200] "POST /php-cgi/php-cgi.exe?%ADd+cgi.force_redirect%3D0+%ADd+disable_functions%3D\"\"+%ADd+allow_url_include%3D1+%ADd+auto_prepend_file%3Dphp://input HTTP/1.1" 403 6292 "-" "Mozilla/5.0 (l9scan/2.0.4343e2231323e2634323e24383; +https://leakix.net)"
167.99.182.39 - - [29/Jul/2026:23:07:30 +0200] "GET /info.php HTTP/1.1" 404 89434 "-" "Mozilla/5.0 (l9scan/2.0.4343e2231323e2634323e24383; +https://leakix.net)"
167.99.182.39 - - [29/Jul/2026:23:07:32 +0200] "GET /.well-known/security.txt HTTP/1.1" 404 89434 "-" "Mozilla/5.0 (l9scan/2.0.4343e2231323e2634323e24383; +https://leakix.net)"
167.99.182.39 - - [29/Jul/2026:23:07:34 +0200] "GET /actuator/env HTTP/1.1" 404 89434 "-" "Mozilla/5.0 (l9scan/2.0.4343e2231323e2634323e24383; +https://leakix.net)"
167.99.182.39 - - [29/Jul/2026:23:07:36 +0200] "GET /trace.axd HTTP/1.1" 403 6292 "-" "Mozilla/5.0 (l9scan/2.0.4343e2231323e2634323e24383; +https://leakix.net)"
167.99.182.39 - - [29/Jul/2026:23:07:37 +0200] "GET /@vite/env HTTP/1.1" 404 89434 "-" "Mozilla/5.0 (l9scan/2.0.4343e2231323e2634323e24383; +https://leakix.net)"
167.99.182.39 - - [29/Jul/2026:23:07:40 +0200] "GET /.vscode/sftp.json HTTP/1.1" 404 89434 "-" "Mozilla/5.0 (l9scan/2.0.4343e2231323e2634323e24383; +https://leakix.net)"
167.99.182.39 - - [29/Jul/2026:23:07:42 +0200] "OPTIONS / HTTP/1.1" 200 100469 "-" "Mozilla/5.0 (l9scan/2.0.4343e2231323e2634323e24383; +https://leakix.net)"
167.99.182.39 - - [29/Jul/2026:23:07:45 +0200] "POST /?rest_route=/batch/v1 HTTP/1.1" 207 6733 "-" "Mozilla/5.0 (l9scan/2.0.4343e2231323e2634323e24383; +https://leakix.net)"
167.99.182.39 - - [29/Jul/2026:23:07:46 +0200] "POST /?rest_route=/batch/v1 HTTP/1.1" 207 8399 "-" "Mozilla/5.0 (l9scan/2.0.4343e2231323e2634323e24383; +https://leakix.net)"
167.99.182.39 - - [29/Jul/2026:23:07:47 +0200] "POST /?rest_route=/batch/v1 HTTP/1.1" 207 6733 "-" "Mozilla/5.0 (l9scan/2.0.4343e2231323e2634323e24383; +https://leakix.net)"
167.99.182.39 - - [29/Jul/2026:23:07:48 +0200] "POST /?rest_route=/batch/v1 HTTP/1.1" 207 8399 "-" "Mozilla/5.0 (l9scan/2.0.4343e2231323e2634323e24383; +https://leakix.net)"
167.99.182.39 - - [29/Jul/2026:23:07:50 +0200] "GET /?rest_route=/wp/v2/users/ HTTP/1.1" 200 7522 "-" "Mozilla/5.0 (l9scan/2.0.4343e2231323e2634323e24383; +https://leakix.net)"
167.99.182.39 - - [29/Jul/2026:23:07:51 +0200] "GET /debug/default/view?panel=config HTTP/1.1" 404 89435 "-" "Mozilla/5.0 (l9scan/2.0.4343e2231323e2634323e24383; +https://leakix.net)"
84.246.212.44 - - [29/Jul/2026:23:09:17 +0200] "POST /wp-cron.php?doing_wp_cron=1785359357.8560628890991210937500 HTTP/1.1" 200 5527 "-" "WordPress/6.9; https://www.canterasdemuro.es"
34.198.2.0 - - [29/Jul/2026:23:09:17 +0200] "GET /robots.txt HTTP/1.1" 301 5579 "-" "Mozilla/5.0 (Macintosh; Intel Mac OS X 10_10_1) AppleWebKit/600.2.5 (KHTML, like Gecko) Version/8.0.2 Safari/600.2.5 (Gort)"
84.246.212.44 - - [29/Jul/2026:23:09:18 +0200] "POST /wp-admin/admin-ajax.php?action=async_litespeed&nonce=0v4WRs6yrRsUaEQxVdixJgvWdVIuM8Gy&litespeed_type=imgoptm HTTP/1.1" 200 5782 "-" "WordPress/6.9; https://www.canterasdemuro.es"
3.226.202.248 - - [29/Jul/2026:23:09:18 +0200] "GET /robots.txt HTTP/1.1" 200 5682 "-" "Mozilla/5.0 (Macintosh; Intel Mac OS X 10_10_1) AppleWebKit/600.2.5 (KHTML, like Gecko) Version/8.0.2 Safari/600.2.5 (Gort)"
84.246.212.44 - - [29/Jul/2026:23:13:04 +0200] "POST /wp-cron.php?doing_wp_cron=1785359584.2683079242706298828125 HTTP/1.1" 200 5527 "-" "WordPress/6.9; https://www.canterasdemuro.es"
88.184.23.62 - - [29/Jul/2026:23:13:02 +0200] "GET /instalaciones/ HTTP/1.1" 200 105873 "-" "Mozilla/5.0 (Macintosh; Intel Mac OS X 10_15_7) AppleWebKit/537.36 (KHTML, like Gecko) Chrome/146.0.0.0 Safari/537.36"
186.154.65.243 - - [29/Jul/2026:23:13:03 +0200] "GET /nuestra-empresa/ HTTP/1.1" 200 96807 "-" "Mozilla/5.0 (Macintosh; Intel Mac OS X 10_15_7) AppleWebKit/537.36 (KHTML, like Gecko) Chrome/146.0.0.0 Safari/537.36"
170.82.152.246 - - [29/Jul/2026:23:13:03 +0200] "GET /politica-de-cookies/ HTTP/1.1" 200 108045 "-" "Mozilla/5.0 (Macintosh; Intel Mac OS X 10_15_7) AppleWebKit/537.36 (KHTML, like Gecko) Chrome/146.0.0.0 Safari/537.36"
84.246.212.44 - - [29/Jul/2026:23:13:04 +0200] "POST /wp-admin/admin-ajax.php?action=async_litespeed&nonce=SAjgdEaZzYfhi1cb64nmqGwjfOk6ATWb&litespeed_type=imgoptm HTTP/1.1" 200 5782 "-" "WordPress/6.9; https://www.canterasdemuro.es"
84.246.212.44 - - [29/Jul/2026:23:13:05 +0200] "POST /wp-cron.php?doing_wp_cron=1785359585.1676259040832519531250 HTTP/1.1" 200 5527 "-" "WordPress/6.9; https://www.canterasdemuro.es"
78.241.11.107 - - [29/Jul/2026:23:13:03 +0200] "GET /politica-de-privacidad/ HTTP/1.1" 200 119696 "-" "Mozilla/5.0 (Macintosh; Intel Mac OS X 10_15_7) AppleWebKit/537.36 (KHTML, like Gecko) Chrome/146.0.0.0 Safari/537.36"
84.246.212.44 - - [29/Jul/2026:23:19:05 +0200] "POST /wp-cron.php?doing_wp_cron=1785359945.0534820556640625000000 HTTP/1.1" 200 5527 "-" "WordPress/6.9; https://www.canterasdemuro.es"
207.46.13.157 - - [29/Jul/2026:23:19:03 +0200] "GET / HTTP/1.1" 200 100542 "-" "Mozilla/5.0 AppleWebKit/537.36 (KHTML, like Gecko; compatible; bingbot/2.0; +http://www.bing.com/bingbot.htm) Chrome/116.0.1938.76 Safari/537.36"
84.246.212.44 - - [29/Jul/2026:23:19:05 +0200] "POST /wp-admin/admin-ajax.php?action=async_litespeed&nonce=lZLuoH38P44aJpRBoTdFjzEc15E7CwdT&litespeed_type=imgoptm HTTP/1.1" 200 5782 "-" "WordPress/6.9; https://www.canterasdemuro.es"
84.246.212.44 - - [29/Jul/2026:23:21:45 +0200] "POST /wp-cron.php?doing_wp_cron=1785360105.3497130870819091796875 HTTP/1.1" 200 5527 "-" "WordPress/6.9; https://www.canterasdemuro.es"
76.13.78.252 - - [29/Jul/2026:23:21:44 +0200] "POST /xmlrpc.php HTTP/1.1" 200 5891 "-" "Mozilla/5.0 (Windows NT 10.0) AppleWebKit/537.36 (KHTML, like Gecko) Chrome/139.0.0.0 Safari/537.36"
84.246.212.44 - - [29/Jul/2026:23:21:45 +0200] "POST /wp-admin/admin-ajax.php?action=async_litespeed&nonce=pZvUkZHCqTyCSrYnqSXH6pET1H8n1Zfm&litespeed_type=imgoptm HTTP/1.1" 200 5782 "-" "WordPress/6.9; https://www.canterasdemuro.es"
84.246.212.44 - - [29/Jul/2026:23:27:23 +0200] "POST /wp-cron.php?doing_wp_cron=1785360443.8321371078491210937500 HTTP/1.1" 200 5527 "-" "WordPress/6.9; https://www.canterasdemuro.es"
160.25.6.18 - - [29/Jul/2026:23:27:22 +0200] "POST /wp-login.php HTTP/1.1" 200 17358 "https://www.canterasdemuro.es/wp-admin/" "Mozilla/5.0 (Windows NT 10.0; Win64; x64) AppleWebKit/537.36 (KHTML, like Gecko) Chrome/122.0.0.0 Safari/537.36"
84.246.212.44 - - [29/Jul/2026:23:27:24 +0200] "POST /wp-admin/admin-ajax.php?action=async_litespeed&nonce=rU7VAsTpzOxPrxQ8ikdYOCOCU4TbHgeY&litespeed_type=imgoptm HTTP/1.1" 200 5782 "-" "WordPress/6.9; https://www.canterasdemuro.es"
160.25.6.18 - - [29/Jul/2026:23:27:24 +0200] "GET /wp-admin/ HTTP/1.1" 200 293555 "-" "Mozilla/5.0 (Windows NT 10.0; Win64; x64) AppleWebKit/537.36 (KHTML, like Gecko) Chrome/122.0.0.0 Safari/537.36"
160.25.6.18 - - [29/Jul/2026:23:27:27 +0200] "GET /wp-admin/plugin-install.php?tab=upload HTTP/1.1" 503 7331 "-" "Mozilla/5.0 (Windows NT 10.0; Win64; x64) AppleWebKit/537.36 (KHTML, like Gecko) Chrome/122.0.0.0 Safari/537.36"
160.25.6.18 - - [29/Jul/2026:23:27:27 +0200] "GET /wp-admin/plugin-install.php?s=File+Manager&tab=search&type=term HTTP/1.1" 503 7331 "-" "Mozilla/5.0 (Windows NT 10.0; Win64; x64) AppleWebKit/537.36 (KHTML, like Gecko) Chrome/122.0.0.0 Safari/537.36"
160.25.6.18 - - [29/Jul/2026:23:27:27 +0200] "GET /wp-admin/theme-install.php?tab=upload HTTP/1.1" 503 7331 "-" "Mozilla/5.0 (Windows NT 10.0; Win64; x64) AppleWebKit/537.36 (KHTML, like Gecko) Chrome/122.0.0.0 Safari/537.36"
160.25.6.18 - - [29/Jul/2026:23:27:28 +0200] "GET /wp-admin/theme-editor.php HTTP/1.1" 503 7331 "-" "Mozilla/5.0 (Windows NT 10.0; Win64; x64) AppleWebKit/537.36 (KHTML, like Gecko) Chrome/122.0.0.0 Safari/537.36"
160.25.6.18 - - [29/Jul/2026:23:27:28 +0200] "GET /wp-admin/themes.php HTTP/1.1" 503 7331 "-" "Mozilla/5.0 (Windows NT 10.0; Win64; x64) AppleWebKit/537.36 (KHTML, like Gecko) Chrome/122.0.0.0 Safari/537.36"
84.246.212.44 - - [29/Jul/2026:23:27:28 +0200] "GET /?wp_scrape_key=99dccca015b3dbc811aea8e0c110d1b9&wp_scrape_nonce=1785360446 HTTP/1.1" 200 100654 "-" "WordPress/6.9; https://www.canterasdemuro.es"
94.154.43.179 - - [29/Jul/2026:23:27:32 +0200] "GET /wp-content/plugins/gdpr-cookie-compliance/dist/scripts/main.js HTTP/1.1" 200 5543 "-" "Mozilla/5.0 (Windows NT 10.0; Win64; x64) AppleWebKit/537.36 (KHTML, like Gecko) Chrome/147.0.0.0 Safari/537.36"
84.246.212.44 - - [29/Jul/2026:23:27:33 +0200] "GET /?wp_scrape_key=5655d986a5497b99e891c678df887738&wp_scrape_nonce=1785360451 HTTP/1.1" 200 100654 "-" "WordPress/6.9; https://www.canterasdemuro.es"
84.246.212.44 - - [29/Jul/2026:23:27:37 +0200] "GET /?wp_scrape_key=070c0a6834bf521509a8c9adf28cae5b&wp_scrape_nonce=1785360455 HTTP/1.1" 200 100654 "-" "WordPress/6.9; https://www.canterasdemuro.es"
84.246.212.44 - - [29/Jul/2026:23:27:42 +0200] "GET /?wp_scrape_key=a6ec843df7267c918b88f622f14f090e&wp_scrape_nonce=1785360460 HTTP/1.1" 200 100654 "-" "WordPress/6.9; https://www.canterasdemuro.es"
84.246.212.44 - - [29/Jul/2026:23:27:47 +0200] "GET /?wp_scrape_key=e095d46c3b35f391f118ca4d1bfc3d4e&wp_scrape_nonce=1785360465 HTTP/1.1" 200 100654 "-" "WordPress/6.9; https://www.canterasdemuro.es"
84.246.212.44 - - [29/Jul/2026:23:27:51 +0200] "GET /?wp_scrape_key=58c57477f10f262dd634603f691bbaa8&wp_scrape_nonce=1785360469 HTTP/1.1" 200 100654 "-" "WordPress/6.9; https://www.canterasdemuro.es"
84.246.212.44 - - [29/Jul/2026:23:27:55 +0200] "GET /?wp_scrape_key=05899ed461de10978e66c0ab1b433b24&wp_scrape_nonce=1785360473 HTTP/1.1" 200 100654 "-" "WordPress/6.9; https://www.canterasdemuro.es"
84.246.212.44 - - [29/Jul/2026:23:28:00 +0200] "GET /?wp_scrape_key=00b93ff364ed938167a1158cf87d5aa5&wp_scrape_nonce=1785360478 HTTP/1.1" 200 100654 "-" "WordPress/6.9; https://www.canterasdemuro.es"
84.246.212.44 - - [29/Jul/2026:23:28:04 +0200] "GET /?wp_scrape_key=40ad15601e72ea20a3a8e4e20322daac&wp_scrape_nonce=1785360482 HTTP/1.1" 200 100654 "-" "WordPress/6.9; https://www.canterasdemuro.es"
84.246.212.44 - - [29/Jul/2026:23:38:32 +0200] "POST /wp-cron.php?doing_wp_cron=1785361112.5735330581665039062500 HTTP/1.1" 200 5527 "-" "WordPress/6.9; https://www.canterasdemuro.es"
148.113.180.195 - - [29/Jul/2026:23:38:32 +0200] "POST /xmlrpc.php HTTP/1.1" 200 5891 "-" "Mozilla/5.0 (Windows NT 10.0; WOW64) AppleWebKit/537.43 (KHTML, like Gecko) Chrome/139.0.0.0 Safari/537.36 OPR/123.0.0.0"
84.246.212.44 - - [29/Jul/2026:23:38:33 +0200] "POST /wp-admin/admin-ajax.php?action=async_litespeed&nonce=mFmIiIYYPScFWi163jjIA5ad5Lnc5BMb&litespeed_type=imgoptm HTTP/1.1" 200 5782 "-" "WordPress/6.9; https://www.canterasdemuro.es"
84.246.212.44 - - [29/Jul/2026:23:41:59 +0200] "POST /wp-cron.php?doing_wp_cron=1785361319.0000491142272949218750 HTTP/1.1" 200 5527 "-" "WordPress/6.9; https://www.canterasdemuro.es"
45.148.10.120 - - [29/Jul/2026:23:41:58 +0200] "GET / HTTP/1.1" 301 5569 "-" "Mozilla/5.0 (Macintosh; Intel Mac OS X 10_15_7) AppleWebKit/605.1.15 (KHTML, like Gecko) Version/17.0 Safari/605.4.21"
84.246.212.44 - - [29/Jul/2026:23:41:59 +0200] "POST /wp-admin/admin-ajax.php?action=async_litespeed&nonce=aIBYfg4JC4lLCsiCKKU7j12L3kkUNcPN&litespeed_type=imgoptm HTTP/1.1" 200 5782 "-" "WordPress/6.9; https://www.canterasdemuro.es"
84.246.212.44 - - [29/Jul/2026:23:52:06 +0200] "POST /wp-cron.php?doing_wp_cron=1785361926.7499489784240722656250 HTTP/1.1" 200 5527 "-" "WordPress/6.9; https://www.canterasdemuro.es"
142.44.220.194 - - [29/Jul/2026:23:52:06 +0200] "GET /robots.txt HTTP/1.1" 200 5682 "-" "Mozilla/5.0 (compatible; AhrefsBot/7.0; +http://ahrefs.com/robot/)"
84.246.212.44 - - [29/Jul/2026:23:52:07 +0200] "POST /wp-admin/admin-ajax.php?action=async_litespeed&nonce=G1pKomB1eIQrm8Vdf47T6zkTAb7Vfrul&litespeed_type=imgoptm HTTP/1.1" 200 5782 "-" "WordPress/6.9; https://www.canterasdemuro.es"
198.244.240.175 - - [29/Jul/2026:23:52:08 +0200] "GET /wp-sitemap.xml HTTP/1.1" 200 6234 "-" "Mozilla/5.0 (compatible; AhrefsBot/7.0; +http://ahrefs.com/robot/)"
198.244.183.174 - - [29/Jul/2026:23:52:10 +0200] "GET /wp-sitemap-posts-post-1.xml HTTP/1.1" 200 5797 "-" "Mozilla/5.0 (compatible; AhrefsBot/7.0; +http://ahrefs.com/robot/)"
84.246.212.44 - - [29/Jul/2026:23:52:12 +0200] "POST /wp-cron.php?doing_wp_cron=1785361932.3887660503387451171875 HTTP/1.1" 200 5527 "-" "WordPress/6.9; https://www.canterasdemuro.es"
51.195.183.215 - - [29/Jul/2026:23:52:11 +0200] "GET /wp-sitemap-posts-page-1.xml HTTP/1.1" 200 6783 "-" "Mozilla/5.0 (compatible; AhrefsBot/7.0; +http://ahrefs.com/robot/)"
84.246.212.44 - - [29/Jul/2026:23:52:13 +0200] "POST /wp-cron.php?doing_wp_cron=1785361933.9179840087890625000000 HTTP/1.1" 200 5527 "-" "WordPress/6.9; https://www.canterasdemuro.es"
198.244.226.84 - - [29/Jul/2026:23:52:13 +0200] "GET /gl/wp-sitemap-posts-page-1.xml HTTP/1.1" 200 6810 "-" "Mozilla/5.0 (compatible; AhrefsBot/7.0; +http://ahrefs.com/robot/)"
84.246.212.44 - - [29/Jul/2026:23:52:14 +0200] "POST /wp-admin/admin-ajax.php?action=async_litespeed&nonce=8VL2As86VYKrV4KNfrYrtPctKbB0GfCt&litespeed_type=imgoptm HTTP/1.1" 200 5782 "-" "WordPress/6.9; https://www.canterasdemuro.es"
51.195.183.180 - - [29/Jul/2026:23:52:15 +0200] "GET /wp-sitemap-taxonomies-category-1.xml HTTP/1.1" 200 5764 "-" "Mozilla/5.0 (compatible; AhrefsBot/7.0; +http://ahrefs.com/robot/)"
84.246.212.44 - - [29/Jul/2026:23:52:17 +0200] "POST /wp-cron.php?doing_wp_cron=1785361937.4646821022033691406250 HTTP/1.1" 200 5527 "-" "WordPress/6.9; https://www.canterasdemuro.es"
51.195.183.133 - - [29/Jul/2026:23:52:17 +0200] "GET /wp-sitemap-users-1.xml HTTP/1.1" 200 5754 "-" "Mozilla/5.0 (compatible; AhrefsBot/7.0; +http://ahrefs.com/robot/)"
51.195.215.120 - - [29/Jul/2026:23:52:18 +0200] "GET /gl/wp-sitemap-users-1.xml HTTP/1.1" 200 5757 "-" "Mozilla/5.0 (compatible; AhrefsBot/7.0; +http://ahrefs.com/robot/)"
84.246.212.44 - - [29/Jul/2026:23:53:34 +0200] "POST /wp-cron.php?doing_wp_cron=1785362014.0392899513244628906250 HTTP/1.1" 200 5527 "-" "WordPress/6.9; https://www.canterasdemuro.es"
138.68.82.23 - - [29/Jul/2026:23:53:33 +0200] "GET / HTTP/1.1" 301 5569 "-" "Mozilla/5.0 (l9scan/2.0.4343e2231323e2634323e24383; +https://leakix.net)"
84.246.212.44 - - [29/Jul/2026:23:53:34 +0200] "POST /wp-admin/admin-ajax.php?action=async_litespeed&nonce=jApbSYKYfXWzQsF6YEBJYDk78AGZRDXm&litespeed_type=imgoptm HTTP/1.1" 200 5782 "-" "WordPress/6.9; https://www.canterasdemuro.es"
138.68.82.23 - - [29/Jul/2026:23:53:35 +0200] "GET /console/ HTTP/1.1" 301 5689 "-" "Mozilla/5.0 (l9scan/2.0.4343e2231323e2634323e24383; +https://leakix.net)"
138.68.82.23 - - [29/Jul/2026:23:53:37 +0200] "GET /server HTTP/1.1" 301 5688 "-" "Mozilla/5.0 (l9scan/2.0.4343e2231323e2634323e24383; +https://leakix.net)"
138.68.82.23 - - [29/Jul/2026:23:53:38 +0200] "GET /server-status HTTP/1.1" 301 5695 "-" "Mozilla/5.0 (l9scan/2.0.4343e2231323e2634323e24383; +https://leakix.net)"
138.68.82.23 - - [29/Jul/2026:23:53:40 +0200] "GET /about HTTP/1.1" 301 5687 "-" "Mozilla/5.0 (l9scan/2.0.4343e2231323e2634323e24383; +https://leakix.net)"
138.68.82.23 - - [29/Jul/2026:23:53:42 +0200] "GET /login.action HTTP/1.1" 301 5694 "-" "Mozilla/5.0 (l9scan/2.0.4343e2231323e2634323e24383; +https://leakix.net)"
138.68.82.23 - - [29/Jul/2026:23:53:43 +0200] "GET / HTTP/1.1" 301 5569 "-" "Mozilla/5.0 (l9scan/2.0.4343e2231323e2634323e24383; +https://leakix.net)"
138.68.82.23 - - [29/Jul/2026:23:53:45 +0200] "GET /___proxy_subdomain_whm/login HTTP/1.1" 301 5710 "-" "Mozilla/5.0 (l9scan/2.0.4343e2231323e2634323e24383; +https://leakix.net)"
138.68.82.23 - - [29/Jul/2026:23:53:46 +0200] "GET /___proxy_subdomain_cpanel HTTP/1.1" 301 5707 "-" "Mozilla/5.0 (l9scan/2.0.4343e2231323e2634323e24383; +https://leakix.net)"
138.68.82.23 - - [29/Jul/2026:23:53:47 +0200] "GET /v2/_catalog HTTP/1.1" 301 5693 "-" "Mozilla/5.0 (l9scan/2.0.4343e2231323e2634323e24383; +https://leakix.net)"
138.68.82.23 - - [29/Jul/2026:23:53:49 +0200] "GET /.DS_Store HTTP/1.1" 301 5691 "-" "Mozilla/5.0 (l9scan/2.0.4343e2231323e2634323e24383; +https://leakix.net)"
138.68.82.23 - - [29/Jul/2026:23:53:50 +0200] "GET /.env HTTP/1.1" 403 6292 "-" "Mozilla/5.0 (l9scan/2.0.4343e2231323e2634323e24383; +https://leakix.net)"
138.68.82.23 - - [29/Jul/2026:23:53:52 +0200] "GET /ecp/Current/exporttool/microsoft.exchange.ediscovery.exporttool.application HTTP/1.1" 301 5757 "-" "Mozilla/5.0 (l9scan/2.0.4343e2231323e2634323e24383; +https://leakix.net)"
138.68.82.23 - - [29/Jul/2026:23:53:55 +0200] "GET /.git/config HTTP/1.1" 403 6292 "-" "Mozilla/5.0 (l9scan/2.0.4343e2231323e2634323e24383; +https://leakix.net)"
138.68.82.23 - - [29/Jul/2026:23:53:56 +0200] "POST /graphql HTTP/1.1" 301 5689 "-" "Mozilla/5.0 (l9scan/2.0.4343e2231323e2634323e24383; +https://leakix.net)"
138.68.82.23 - - [29/Jul/2026:23:53:58 +0200] "POST /api HTTP/1.1" 301 5685 "-" "Mozilla/5.0 (l9scan/2.0.4343e2231323e2634323e24383; +https://leakix.net)"
138.68.82.23 - - [29/Jul/2026:23:53:59 +0200] "POST /api/graphql HTTP/1.1" 301 5693 "-" "Mozilla/5.0 (l9scan/2.0.4343e2231323e2634323e24383; +https://leakix.net)"
138.68.82.23 - - [29/Jul/2026:23:54:01 +0200] "POST /graphql/api HTTP/1.1" 301 5693 "-" "Mozilla/5.0 (l9scan/2.0.4343e2231323e2634323e24383; +https://leakix.net)"
138.68.82.23 - - [29/Jul/2026:23:54:03 +0200] "POST /api/gql HTTP/1.1" 301 5689 "-" "Mozilla/5.0 (l9scan/2.0.4343e2231323e2634323e24383; +https://leakix.net)"
138.68.82.23 - - [29/Jul/2026:23:54:05 +0200] "GET /s/4343e2231323e2634323e24383/_/;/META-INF/maven/com.atlassian.jira/jira-webapp-dist/pom.properties HTTP/1.1" 301 5780 "-" "Mozilla/5.0 (l9scan/2.0.4343e2231323e2634323e24383; +https://leakix.net)"
138.68.82.23 - - [29/Jul/2026:23:54:07 +0200] "GET /config.json HTTP/1.1" 301 5692 "-" "Mozilla/5.0 (l9scan/2.0.4343e2231323e2634323e24383; +https://leakix.net)"
138.68.82.23 - - [29/Jul/2026:23:54:08 +0200] "GET /telescope/requests HTTP/1.1" 301 5700 "-" "Mozilla/5.0 (l9scan/2.0.4343e2231323e2634323e24383; +https://leakix.net)"
138.68.82.23 - - [29/Jul/2026:23:54:10 +0200] "POST /php-cgi/php-cgi.exe?%ADd+cgi.force_redirect%3D0+%ADd+disable_functions%3D\"\"+%ADd+allow_url_include%3D1+%ADd+auto_prepend_file%3Dphp://input HTTP/1.1" 403 6292 "-" "Mozilla/5.0 (l9scan/2.0.4343e2231323e2634323e24383; +https://leakix.net)"
84.246.212.44 - - [29/Jul/2026:23:54:12 +0200] "POST /wp-cron.php?doing_wp_cron=1785362052.3329370021820068359375 HTTP/1.1" 200 5527 "-" "WordPress/6.9; https://www.canterasdemuro.es"
138.68.82.23 - - [29/Jul/2026:23:54:11 +0200] "GET /info.php HTTP/1.1" 301 5689 "-" "Mozilla/5.0 (l9scan/2.0.4343e2231323e2634323e24383; +https://leakix.net)"
84.246.212.44 - - [29/Jul/2026:23:54:13 +0200] "POST /wp-cron.php?doing_wp_cron=1785362053.4909029006958007812500 HTTP/1.1" 200 5527 "-" "WordPress/6.9; https://www.canterasdemuro.es"
138.68.82.23 - - [29/Jul/2026:23:54:13 +0200] "GET /.well-known/security.txt HTTP/1.1" 301 5705 "-" "Mozilla/5.0 (l9scan/2.0.4343e2231323e2634323e24383; +https://leakix.net)"
84.246.212.44 - - [29/Jul/2026:23:54:14 +0200] "POST /wp-admin/admin-ajax.php?action=async_litespeed&nonce=DlY24vb2XksZqOZGbSiXqsCHtIlJXnEt&litespeed_type=imgoptm HTTP/1.1" 200 5782 "-" "WordPress/6.9; https://www.canterasdemuro.es"
138.68.82.23 - - [29/Jul/2026:23:54:14 +0200] "GET /actuator/env HTTP/1.1" 301 5694 "-" "Mozilla/5.0 (l9scan/2.0.4343e2231323e2634323e24383; +https://leakix.net)"
138.68.82.23 - - [29/Jul/2026:23:54:15 +0200] "GET /trace.axd HTTP/1.1" 403 6292 "-" "Mozilla/5.0 (l9scan/2.0.4343e2231323e2634323e24383; +https://leakix.net)"
84.246.212.44 - - [29/Jul/2026:23:54:17 +0200] "POST /wp-cron.php?doing_wp_cron=1785362057.4858229160308837890625 HTTP/1.1" 200 5527 "-" "WordPress/6.9; https://www.canterasdemuro.es"
138.68.82.23 - - [29/Jul/2026:23:54:17 +0200] "GET /@vite/env HTTP/1.1" 301 5691 "-" "Mozilla/5.0 (l9scan/2.0.4343e2231323e2634323e24383; +https://leakix.net)"
138.68.82.23 - - [29/Jul/2026:23:54:18 +0200] "GET /.vscode/sftp.json HTTP/1.1" 301 5698 "-" "Mozilla/5.0 (l9scan/2.0.4343e2231323e2634323e24383; +https://leakix.net)"
138.68.82.23 - - [29/Jul/2026:23:54:19 +0200] "OPTIONS / HTTP/1.1" 301 5569 "-" "Mozilla/5.0 (l9scan/2.0.4343e2231323e2634323e24383; +https://leakix.net)"
138.68.82.23 - - [29/Jul/2026:23:54:21 +0200] "GET /?rest_route=/wp/v2/users/ HTTP/1.1" 200 7522 "-" "Mozilla/5.0 (l9scan/2.0.4343e2231323e2634323e24383; +https://leakix.net)"
138.68.82.23 - - [29/Jul/2026:23:54:22 +0200] "GET /debug/default/view?panel=config HTTP/1.1" 301 5713 "-" "Mozilla/5.0 (l9scan/2.0.4343e2231323e2634323e24383; +https://leakix.net)"
84.246.212.44 - - [30/Jul/2026:00:01:25 +0200] "POST /wp-cron.php?doing_wp_cron=1785362485.5237629413604736328125 HTTP/1.1" 200 5527 "-" "WordPress/6.9; https://www.canterasdemuro.es"
138.246.253.24 - - [30/Jul/2026:00:01:24 +0200] "GET /robots.txt HTTP/1.1" 200 5682 "-" "Mozilla/5.0 (Windows NT 10.0; Win64; x64) AppleWebKit/537.36 (KHTML, like Gecko) Chrome/103.0.5060.134 Safari/537.36"
84.246.212.44 - - [30/Jul/2026:00:01:26 +0200] "POST /wp-admin/admin-ajax.php?action=async_litespeed&nonce=1tjuIOCvbYtSPewezXbhDm5E96e2FzhY&litespeed_type=imgoptm HTTP/1.1" 200 5782 "-" "WordPress/6.9; https://www.canterasdemuro.es"
43.228.157.166 - - [30/Jul/2026:00:02:03 +0200] "POST /ALFA_DATA/alfacgiapi/perl.alfa HTTP/1.1" 404 89347 "www.google.com" "Mozlila/5.0 (Linux; Android 7.0; SM-G892A Bulid/NRD90M; wv) AppleWebKit/537.36 (KHTML, like Gecko) Version/4.0 Chrome/60.0.3112.107 Moblie Safari/537.36"
43.228.157.166 - - [30/Jul/2026:00:02:03 +0200] "GET /wp-content/plugins/fix/up.php HTTP/1.1" 404 89420 "-" "Mozilla/5.0 (Windows NT 10.0; Win64; x64) AppleWebKit/537.36 (KHTML, like Gecko) Chrome/85.0.4183.102 Safari/537.36"
43.228.157.166 - - [30/Jul/2026:00:02:03 +0200] "GET /wp-content/themes/seotheme/db.php?u HTTP/1.1" 404 89420 "www.google.com" "Mozlila/5.0 (Linux; Android 7.0; SM-G892A Bulid/NRD90M; wv) AppleWebKit/537.36 (KHTML, like Gecko) Version/4.0 Chrome/60.0.3112.107 Moblie Safari/537.36"
43.228.157.166 - - [30/Jul/2026:00:02:07 +0200] "POST /alfacgiapi/perl.alfa HTTP/1.1" 404 89361 "www.google.com" "Mozlila/5.0 (Linux; Android 7.0; SM-G892A Bulid/NRD90M; wv) AppleWebKit/537.36 (KHTML, like Gecko) Version/4.0 Chrome/60.0.3112.107 Moblie Safari/537.36"
84.246.212.44 - - [30/Jul/2026:00:02:11 +0200] "POST /wp-cron.php?doing_wp_cron=1785362531.7186629772186279296875 HTTP/1.1" 200 5527 "-" "WordPress/6.9; https://www.canterasdemuro.es"
43.228.157.166 - - [30/Jul/2026:00:02:03 +0200] "POST /wp-plain.php HTTP/1.1" 404 13469 "www.google.com" "Mozilla/5.0 (Linux; Android 7.0; SM-G892A Bulid/NRD90M; wv) AppleWebKit/537.36 (KHTML, like Gecko) Version/4.0 Chrome/60.0.3112.107 Moblie Safari/537.36"
43.228.157.166 - - [30/Jul/2026:00:02:08 +0200] "GET /wp-content/themes/seotheme/db.php?u HTTP/1.1" 404 89435 "www.google.com" "Mozlila/5.0 (Linux; Android 7.0; SM-G892A Bulid/NRD90M; wv) AppleWebKit/537.36 (KHTML, like Gecko) Version/4.0 Chrome/60.0.3112.107 Moblie Safari/537.36"
43.228.157.166 - - [30/Jul/2026:00:02:03 +0200] "GET / HTTP/1.1" 200 13469 "-" "Mozlila/5.0 (Linux; Android 7.0; SM-G892A Bulid/NRD90M; wv) AppleWebKit/537.36 (KHTML, like Gecko) Version/4.0 Chrome/60.0.3112.107 Moblie Safari/537.36"
84.246.212.44 - - [30/Jul/2026:00:02:13 +0200] "POST /wp-admin/admin-ajax.php?action=async_litespeed&nonce=hVM7o8Negz0nsHWHBxjSCQpgaUvslpgI&litespeed_type=imgoptm HTTP/1.1" 200 5782 "-" "WordPress/6.9; https://www.canterasdemuro.es"
84.246.212.44 - - [30/Jul/2026:00:02:14 +0200] "POST /wp-cron.php?doing_wp_cron=1785362534.9578471183776855468750 HTTP/1.1" 200 5527 "-" "WordPress/6.9; https://www.canterasdemuro.es"
43.228.157.166 - - [30/Jul/2026:00:02:11 +0200] "GET / HTTP/1.1" 200 100542 "-" "Mozlila/5.0 (Linux; Android 7.0; SM-G892A Bulid/NRD90M; wv) AppleWebKit/537.36 (KHTML, like Gecko) Version/4.0 Chrome/60.0.3112.107 Moblie Safari/537.36"
43.228.157.166 - - [30/Jul/2026:00:02:15 +0200] "GET /wp-content/plugins/apikey/apikey.php?test=hello HTTP/1.1" 404 89435 "-" "Mozlila/5.0 (Linux; Android 7.0; SM-G892A Bulid/NRD90M; wv) AppleWebKit/537.36 (KHTML, like Gecko) Version/4.0 Chrome/60.0.3112.107 Moblie Safari/537.36"
43.228.157.166 - - [30/Jul/2026:00:02:18 +0200] "GET /plugins/content/apismtp/apismtp.php?test=hello HTTP/1.1" 404 89435 "-" "Mozlila/5.0 (Linux; Android 7.0; SM-G892A Bulid/NRD90M; wv) AppleWebKit/537.36 (KHTML, like Gecko) Version/4.0 Chrome/60.0.3112.107 Moblie Safari/537.36"
43.228.157.166 - - [30/Jul/2026:00:02:20 +0200] "GET /wp-content/plugins/apikey/apikey.php.suspected?test=hello HTTP/1.1" 404 89420 "-" "Mozlila/5.0 (Linux; Android 7.0; SM-G892A Bulid/NRD90M; wv) AppleWebKit/537.36 (KHTML, like Gecko) Version/4.0 Chrome/60.0.3112.107 Moblie Safari/537.36"
43.228.157.166 - - [30/Jul/2026:00:02:21 +0200] "GET /plugins/content/apismtp/apismtp.php.suspected?test=hello HTTP/1.1" 404 89435 "-" "Mozlila/5.0 (Linux; Android 7.0; SM-G892A Bulid/NRD90M; wv) AppleWebKit/537.36 (KHTML, like Gecko) Version/4.0 Chrome/60.0.3112.107 Moblie Safari/537.36"
84.246.212.44 - - [30/Jul/2026:00:14:43 +0200] "POST /wp-cron.php?doing_wp_cron=1785363283.3750009536743164062500 HTTP/1.1" 200 5527 "-" "WordPress/6.9; https://www.canterasdemuro.es"
172.202.95.21 - - [30/Jul/2026:00:14:42 +0200] "GET /wp-content/plugins/hellopress/wp_filemanager.php HTTP/1.1" 301 5721 "-" "-"
84.246.212.44 - - [30/Jul/2026:00:14:44 +0200] "POST /wp-admin/admin-ajax.php?action=async_litespeed&nonce=7mAlQ28lnhiLRJja96QToatv34IMkwk3&litespeed_type=imgoptm HTTP/1.1" 200 5782 "-" "WordPress/6.9; https://www.canterasdemuro.es"
84.246.212.44 - - [30/Jul/2026:00:16:33 +0200] "POST /wp-cron.php?doing_wp_cron=1785363393.6223978996276855468750 HTTP/1.1" 200 5527 "-" "WordPress/6.9; https://www.canterasdemuro.es"
179.43.112.94 - - [30/Jul/2026:00:16:32 +0200] "POST /xmlrpc.php HTTP/1.1" 200 5889 "-" "Mozilla/5.0 (Windows NT 10.0; Win64; x64) AppleWebKit/537.36 (KHTML, like Gecko) Chrome/120.0.0.0 Safari/537.36"
84.246.212.44 - - [30/Jul/2026:00:16:34 +0200] "POST /wp-admin/admin-ajax.php?action=async_litespeed&nonce=Rzp0Tv78D1oIoh4PTRI5RgqtqijgpVBZ&litespeed_type=imgoptm HTTP/1.1" 200 5782 "-" "WordPress/6.9; https://www.canterasdemuro.es"
84.246.212.44 - - [30/Jul/2026:00:19:17 +0200] "POST /wp-cron.php?doing_wp_cron=1785363557.7168910503387451171875 HTTP/1.1" 200 5527 "-" "WordPress/6.9; https://www.canterasdemuro.es"
216.24.210.79 - - [30/Jul/2026:00:19:17 +0200] "GET /wp-login.php HTTP/1.1" 200 15900 "-" "Mozilla/5.0 (Macintosh; Intel Mac OS X 10_15_7) AppleWebKit/605.1.15 Version/17.0 Safari/605.1.15"
216.24.210.79 - - [30/Jul/2026:00:19:18 +0200] "GET /?author=1 HTTP/1.1" 301 5578 "-" "Mozilla/5.0 (Macintosh; Intel Mac OS X 10_15_7) AppleWebKit/605.1.15 Version/17.0 Safari/605.1.15"
84.246.212.44 - - [30/Jul/2026:00:19:18 +0200] "POST /wp-admin/admin-ajax.php?action=async_litespeed&nonce=UmXL4MIRAAYP3Lcn0l66KcloG6zPZ4X1&litespeed_type=imgoptm HTTP/1.1" 200 5782 "-" "WordPress/6.9; https://www.canterasdemuro.es"
216.24.210.79 - - [30/Jul/2026:00:19:19 +0200] "GET /?rest_route=/wp/v2/users HTTP/1.1" 200 7522 "-" "Mozilla/5.0 (Windows NT 10.0; Win64; rv:143.0) Gecko/20100101 Firefox/143.0"
195.178.110.135 - - [30/Jul/2026:00:19:59 +0200] "POST /?rest_route=/batch/v1 HTTP/1.1" 207 6012 "https://canterasdemuro.es/" "Mozilla/5.0 (Windows NT 10.0; Win64; x64) AppleWebKit/537.36 Chrome/120.0.0.0 Safari/537.36"
195.178.110.135 - - [30/Jul/2026:00:20:00 +0200] "POST /?rest_route=/batch/v1 HTTP/1.1" 207 648226 "https://canterasdemuro.es/" "Mozilla/5.0 (Windows NT 10.0; Win64; x64) AppleWebKit/537.36 Chrome/120.0.0.0 Safari/537.36"
195.178.110.135 - - [30/Jul/2026:00:20:05 +0200] "POST /wp-json/batch/v1 HTTP/1.1" 207 6012 "https://canterasdemuro.es/" "Mozilla/5.0 (Windows NT 10.0; Win64; x64) AppleWebKit/537.36 Chrome/120.0.0.0 Safari/537.36"
84.246.212.44 - - [30/Jul/2026:00:20:09 +0200] "POST /wp-cron.php?doing_wp_cron=1785363609.5688550472259521484375 HTTP/1.1" 200 5527 "-" "WordPress/6.9; https://www.canterasdemuro.es"
195.178.110.135 - - [30/Jul/2026:00:20:05 +0200] "POST /wp-json/batch/v1 HTTP/1.1" 207 648226 "https://canterasdemuro.es/" "Mozilla/5.0 (Windows NT 10.0; Win64; x64) AppleWebKit/537.36 Chrome/120.0.0.0 Safari/537.36"
84.246.212.44 - - [30/Jul/2026:00:21:02 +0200] "POST /wp-cron.php?doing_wp_cron=1785363662.1967539787292480468750 HTTP/1.1" 200 5527 "-" "WordPress/6.9; https://www.canterasdemuro.es"
195.178.110.135 - - [30/Jul/2026:00:21:01 +0200] "POST /wp/?rest_route=/batch/v1 HTTP/1.1" 207 6015 "https://canterasdemuro.es/wp/" "Mozilla/5.0 (Windows NT 10.0; Win64; x64) AppleWebKit/537.36 Chrome/120.0.0.0 Safari/537.36"
84.246.212.44 - - [30/Jul/2026:00:21:02 +0200] "POST /wp-admin/admin-ajax.php?action=async_litespeed&nonce=NLgDwc4CXPeA6jNeyzUrdhzXc4jeoxVE&litespeed_type=imgoptm HTTP/1.1" 200 5782 "-" "WordPress/6.9; https://www.canterasdemuro.es"
195.178.110.135 - - [30/Jul/2026:00:21:02 +0200] "POST /wp/?rest_route=/batch/v1 HTTP/1.1" 207 648229 "https://canterasdemuro.es/wp/" "Mozilla/5.0 (Windows NT 10.0; Win64; x64) AppleWebKit/537.36 Chrome/120.0.0.0 Safari/537.36"
195.178.110.135 - - [30/Jul/2026:00:21:09 +0200] "POST /wp/wp-json/batch/v1 HTTP/1.1" 301 5701 "https://canterasdemuro.es/wp/" "Mozilla/5.0 (Windows NT 10.0; Win64; x64) AppleWebKit/537.36 Chrome/120.0.0.0 Safari/537.36"
84.246.212.44 - - [30/Jul/2026:00:21:11 +0200] "POST /wp-cron.php?doing_wp_cron=1785363671.8971149921417236328125 HTTP/1.1" 200 5527 "-" "WordPress/6.9; https://www.canterasdemuro.es"
195.178.110.135 - - [30/Jul/2026:00:21:10 +0200] "GET /wp/wp-json/batch/v1/ HTTP/1.1" 404 89435 "https://canterasdemuro.es/wp/" "Mozilla/5.0 (Windows NT 10.0; Win64; x64) AppleWebKit/537.36 Chrome/120.0.0.0 Safari/537.36"
195.178.110.135 - - [30/Jul/2026:00:21:12 +0200] "POST /wordpress/?rest_route=/batch/v1 HTTP/1.1" 207 6022 "https://canterasdemuro.es/wordpress/" "Mozilla/5.0 (Windows NT 10.0; Win64; x64) AppleWebKit/537.36 Chrome/120.0.0.0 Safari/537.36"
84.246.212.44 - - [30/Jul/2026:00:21:17 +0200] "POST /wp-cron.php?doing_wp_cron=1785363677.2843029499053955078125 HTTP/1.1" 200 5527 "-" "WordPress/6.9; https://www.canterasdemuro.es"
195.178.110.135 - - [30/Jul/2026:00:21:12 +0200] "POST /wordpress/?rest_route=/batch/v1 HTTP/1.1" 207 648236 "https://canterasdemuro.es/wordpress/" "Mozilla/5.0 (Windows NT 10.0; Win64; x64) AppleWebKit/537.36 Chrome/120.0.0.0 Safari/537.36"
84.246.212.44 - - [30/Jul/2026:00:21:17 +0200] "POST /wp-admin/admin-ajax.php?action=async_litespeed&nonce=WwYDAWWkvyctkfgmrApUmXYVDD6oYj93&litespeed_type=imgoptm HTTP/1.1" 200 5782 "-" "WordPress/6.9; https://www.canterasdemuro.es"
195.178.110.135 - - [30/Jul/2026:00:21:17 +0200] "POST /wordpress/wp-json/batch/v1 HTTP/1.1" 301 5708 "https://canterasdemuro.es/wordpress/" "Mozilla/5.0 (Windows NT 10.0; Win64; x64) AppleWebKit/537.36 Chrome/120.0.0.0 Safari/537.36"
195.178.110.135 - - [30/Jul/2026:00:21:18 +0200] "GET /wordpress/wp-json/batch/v1/ HTTP/1.1" 404 89435 "https://canterasdemuro.es/wordpress/" "Mozilla/5.0 (Windows NT 10.0; Win64; x64) AppleWebKit/537.36 Chrome/120.0.0.0 Safari/537.36"
195.178.110.135 - - [30/Jul/2026:00:21:19 +0200] "POST /blog/?rest_route=/batch/v1 HTTP/1.1" 207 6017 "https://canterasdemuro.es/blog/" "Mozilla/5.0 (Windows NT 10.0; Win64; x64) AppleWebKit/537.36 Chrome/120.0.0.0 Safari/537.36"
195.178.110.135 - - [30/Jul/2026:00:21:20 +0200] "POST /blog/?rest_route=/batch/v1 HTTP/1.1" 207 648231 "https://canterasdemuro.es/blog/" "Mozilla/5.0 (Windows NT 10.0; Win64; x64) AppleWebKit/537.36 Chrome/120.0.0.0 Safari/537.36"
195.178.110.135 - - [30/Jul/2026:00:21:24 +0200] "POST /blog/wp-json/batch/v1 HTTP/1.1" 301 5703 "https://canterasdemuro.es/blog/" "Mozilla/5.0 (Windows NT 10.0; Win64; x64) AppleWebKit/537.36 Chrome/120.0.0.0 Safari/537.36"
195.178.110.135 - - [30/Jul/2026:00:21:25 +0200] "GET /blog/wp-json/batch/v1/ HTTP/1.1" 404 89435 "https://canterasdemuro.es/blog/" "Mozilla/5.0 (Windows NT 10.0; Win64; x64) AppleWebKit/537.36 Chrome/120.0.0.0 Safari/537.36"
195.178.110.135 - - [30/Jul/2026:00:21:26 +0200] "POST /old/?rest_route=/batch/v1 HTTP/1.1" 207 6016 "https://canterasdemuro.es/old/" "Mozilla/5.0 (Windows NT 10.0; Win64; x64) AppleWebKit/537.36 Chrome/120.0.0.0 Safari/537.36"
195.178.110.135 - - [30/Jul/2026:00:21:27 +0200] "POST /old/?rest_route=/batch/v1 HTTP/1.1" 207 648230 "https://canterasdemuro.es/old/" "Mozilla/5.0 (Windows NT 10.0; Win64; x64) AppleWebKit/537.36 Chrome/120.0.0.0 Safari/537.36"
195.178.110.135 - - [30/Jul/2026:00:21:30 +0200] "POST /old/wp-json/batch/v1 HTTP/1.1" 301 5702 "https://canterasdemuro.es/old/" "Mozilla/5.0 (Windows NT 10.0; Win64; x64) AppleWebKit/537.36 Chrome/120.0.0.0 Safari/537.36"
195.178.110.135 - - [30/Jul/2026:00:21:31 +0200] "GET /old/wp-json/batch/v1/ HTTP/1.1" 404 89435 "https://canterasdemuro.es/old/" "Mozilla/5.0 (Windows NT 10.0; Win64; x64) AppleWebKit/537.36 Chrome/120.0.0.0 Safari/537.36"
195.178.110.135 - - [30/Jul/2026:00:21:32 +0200] "POST /test/?rest_route=/batch/v1 HTTP/1.1" 207 6017 "https://canterasdemuro.es/test/" "Mozilla/5.0 (Windows NT 10.0; Win64; x64) AppleWebKit/537.36 Chrome/120.0.0.0 Safari/537.36"
195.178.110.135 - - [30/Jul/2026:00:21:33 +0200] "POST /test/?rest_route=/batch/v1 HTTP/1.1" 207 648231 "https://canterasdemuro.es/test/" "Mozilla/5.0 (Windows NT 10.0; Win64; x64) AppleWebKit/537.36 Chrome/120.0.0.0 Safari/537.36"
195.178.110.135 - - [30/Jul/2026:00:21:37 +0200] "POST /test/wp-json/batch/v1 HTTP/1.1" 301 5703 "https://canterasdemuro.es/test/" "Mozilla/5.0 (Windows NT 10.0; Win64; x64) AppleWebKit/537.36 Chrome/120.0.0.0 Safari/537.36"
195.178.110.135 - - [30/Jul/2026:00:21:38 +0200] "GET /test/wp-json/batch/v1/ HTTP/1.1" 404 89435 "https://canterasdemuro.es/test/" "Mozilla/5.0 (Windows NT 10.0; Win64; x64) AppleWebKit/537.36 Chrome/120.0.0.0 Safari/537.36"
195.178.110.135 - - [30/Jul/2026:00:21:39 +0200] "POST /dev/?rest_route=/batch/v1 HTTP/1.1" 207 6016 "https://canterasdemuro.es/dev/" "Mozilla/5.0 (Windows NT 10.0; Win64; x64) AppleWebKit/537.36 Chrome/120.0.0.0 Safari/537.36"
195.178.110.135 - - [30/Jul/2026:00:21:40 +0200] "POST /dev/?rest_route=/batch/v1 HTTP/1.1" 207 648230 "https://canterasdemuro.es/dev/" "Mozilla/5.0 (Windows NT 10.0; Win64; x64) AppleWebKit/537.36 Chrome/120.0.0.0 Safari/537.36"
195.178.110.135 - - [30/Jul/2026:00:21:44 +0200] "POST /dev/wp-json/batch/v1 HTTP/1.1" 301 5702 "https://canterasdemuro.es/dev/" "Mozilla/5.0 (Windows NT 10.0; Win64; x64) AppleWebKit/537.36 Chrome/120.0.0.0 Safari/537.36"
195.178.110.135 - - [30/Jul/2026:00:21:45 +0200] "GET /dev/wp-json/batch/v1/ HTTP/1.1" 404 89435 "https://canterasdemuro.es/dev/" "Mozilla/5.0 (Windows NT 10.0; Win64; x64) AppleWebKit/537.36 Chrome/120.0.0.0 Safari/537.36"
195.178.110.135 - - [30/Jul/2026:00:21:46 +0200] "POST /backup/?rest_route=/batch/v1 HTTP/1.1" 207 6019 "https://canterasdemuro.es/backup/" "Mozilla/5.0 (Windows NT 10.0; Win64; x64) AppleWebKit/537.36 Chrome/120.0.0.0 Safari/537.36"
195.178.110.135 - - [30/Jul/2026:00:21:47 +0200] "POST /backup/?rest_route=/batch/v1 HTTP/1.1" 207 648233 "https://canterasdemuro.es/backup/" "Mozilla/5.0 (Windows NT 10.0; Win64; x64) AppleWebKit/537.36 Chrome/120.0.0.0 Safari/537.36"
195.178.110.135 - - [30/Jul/2026:00:21:54 +0200] "POST /backup/wp-json/batch/v1 HTTP/1.1" 301 5705 "https://canterasdemuro.es/backup/" "Mozilla/5.0 (Windows NT 10.0; Win64; x64) AppleWebKit/537.36 Chrome/120.0.0.0 Safari/537.36"
195.178.110.135 - - [30/Jul/2026:00:21:55 +0200] "GET /backup/wp-json/batch/v1/ HTTP/1.1" 404 89435 "https://canterasdemuro.es/backup/" "Mozilla/5.0 (Windows NT 10.0; Win64; x64) AppleWebKit/537.36 Chrome/120.0.0.0 Safari/537.36"
195.178.110.135 - - [30/Jul/2026:00:21:57 +0200] "POST /staging/?rest_route=/batch/v1 HTTP/1.1" 207 6020 "https://canterasdemuro.es/staging/" "Mozilla/5.0 (Windows NT 10.0; Win64; x64) AppleWebKit/537.36 Chrome/120.0.0.0 Safari/537.36"
195.178.110.135 - - [30/Jul/2026:00:21:57 +0200] "POST /staging/?rest_route=/batch/v1 HTTP/1.1" 207 648234 "https://canterasdemuro.es/staging/" "Mozilla/5.0 (Windows NT 10.0; Win64; x64) AppleWebKit/537.36 Chrome/120.0.0.0 Safari/537.36"
195.178.110.135 - - [30/Jul/2026:00:22:05 +0200] "POST /staging/wp-json/batch/v1 HTTP/1.1" 301 5706 "https://canterasdemuro.es/staging/" "Mozilla/5.0 (Windows NT 10.0; Win64; x64) AppleWebKit/537.36 Chrome/120.0.0.0 Safari/537.36"
195.178.110.135 - - [30/Jul/2026:00:22:06 +0200] "GET /staging/wp-json/batch/v1/ HTTP/1.1" 404 89435 "https://canterasdemuro.es/staging/" "Mozilla/5.0 (Windows NT 10.0; Win64; x64) AppleWebKit/537.36 Chrome/120.0.0.0 Safari/537.36"
195.178.110.135 - - [30/Jul/2026:00:22:07 +0200] "POST /?rest_route=/batch/v1 HTTP/1.1" 207 6012 "https://canterasdemuro.es/" "Mozilla/5.0 (Windows NT 10.0; Win64; x64) AppleWebKit/537.36 Chrome/120.0.0.0 Safari/537.36"
84.246.212.44 - - [30/Jul/2026:00:22:12 +0200] "POST /wp-cron.php?doing_wp_cron=1785363732.3004269599914550781250 HTTP/1.1" 200 5527 "-" "WordPress/6.9; https://www.canterasdemuro.es"
195.178.110.135 - - [30/Jul/2026:00:22:08 +0200] "POST /?rest_route=/batch/v1 HTTP/1.1" 207 648226 "https://canterasdemuro.es/" "Mozilla/5.0 (Windows NT 10.0; Win64; x64) AppleWebKit/537.36 Chrome/120.0.0.0 Safari/537.36"
84.246.212.44 - - [30/Jul/2026:00:22:16 +0200] "POST /wp-cron.php?doing_wp_cron=1785363736.5072419643402099609375 HTTP/1.1" 200 5527 "-" "WordPress/6.9; https://www.canterasdemuro.es"
195.178.110.135 - - [30/Jul/2026:00:22:15 +0200] "POST /wp-json/batch/v1 HTTP/1.1" 207 6012 "https://canterasdemuro.es/" "Mozilla/5.0 (Windows NT 10.0; Win64; x64) AppleWebKit/537.36 Chrome/120.0.0.0 Safari/537.36"
84.246.212.44 - - [30/Jul/2026:00:22:17 +0200] "POST /wp-admin/admin-ajax.php?action=async_litespeed&nonce=APFz64JQEC17oJ0SA2xxsRWq5T2eYOd6&litespeed_type=imgoptm HTTP/1.1" 200 5782 "-" "WordPress/6.9; https://www.canterasdemuro.es"
195.178.110.135 - - [30/Jul/2026:00:22:16 +0200] "POST /wp-json/batch/v1 HTTP/1.1" 207 648226 "https://canterasdemuro.es/" "Mozilla/5.0 (Windows NT 10.0; Win64; x64) AppleWebKit/537.36 Chrome/120.0.0.0 Safari/537.36"
84.246.212.44 - - [30/Jul/2026:00:24:36 +0200] "POST /wp-cron.php?doing_wp_cron=1785363876.7458670139312744140625 HTTP/1.1" 200 5527 "-" "WordPress/6.9; https://www.canterasdemuro.es"
57.141.0.55 - - [30/Jul/2026:00:24:36 +0200] "GET /gl/wp-sitemap-users-1.xml HTTP/1.1" 200 5757 "-" "Mozilla/5.0 (Windows NT 10.0; Win64; x64) AppleWebKit/537.36 (KHTML, like Gecko) Chrome/145.0.0.0 Safari/537.36 (compatible; meta-externalagent/1.1 (+https://developers.facebook.com/docs/sharing/webmasters/crawler))"
84.246.212.44 - - [30/Jul/2026:00:24:37 +0200] "POST /wp-admin/admin-ajax.php?action=async_litespeed&nonce=fuWuo5InTpcSKl3Je4mjA8o8d45V3bW9&litespeed_type=imgoptm HTTP/1.1" 200 5782 "-" "WordPress/6.9; https://www.canterasdemuro.es"
84.246.212.44 - - [30/Jul/2026:00:32:20 +0200] "POST /wp-cron.php?doing_wp_cron=1785364340.3850030899047851562500 HTTP/1.1" 200 5527 "-" "WordPress/6.9; https://www.canterasdemuro.es"
216.24.210.84 - - [30/Jul/2026:00:32:19 +0200] "POST /wp-login.php HTTP/1.1" 200 16316 "-" "Mozilla/5.0 (Windows NT 10.0; Win64; x64) AppleWebKit/537.36 Chrome/129.0.0.0 Safari/537.36"
84.246.212.44 - - [30/Jul/2026:00:32:21 +0200] "POST /wp-admin/admin-ajax.php?action=async_litespeed&nonce=wFRQB4HuaNWmeaPcviuOeO4728xaL11m&litespeed_type=imgoptm HTTP/1.1" 200 5782 "-" "WordPress/6.9; https://www.canterasdemuro.es"
84.246.212.44 - - [30/Jul/2026:00:32:25 +0200] "GET /?wp_scrape_key=4e158e39508072e59fa955d45e8dcd38&wp_scrape_nonce=1785364343 HTTP/1.1" 200 100654 "-" "WordPress/6.9; https://www.canterasdemuro.es"
84.246.212.44 - - [30/Jul/2026:00:32:29 +0200] "GET /?wp_scrape_key=e6e3256fb0ae3bbcb8e4e5ff80359b6f&wp_scrape_nonce=1785364347 HTTP/1.1" 200 100654 "-" "WordPress/6.9; https://www.canterasdemuro.es"
84.246.212.44 - - [30/Jul/2026:00:32:34 +0200] "GET /?wp_scrape_key=777b0010db5f73b11974ce08d36f5642&wp_scrape_nonce=1785364351 HTTP/1.1" 200 100654 "-" "WordPress/6.9; https://www.canterasdemuro.es"
84.246.212.44 - - [30/Jul/2026:00:32:39 +0200] "GET /?wp_scrape_key=70323a777957d2583ca4455dfae89484&wp_scrape_nonce=1785364357 HTTP/1.1" 200 100654 "-" "WordPress/6.9; https://www.canterasdemuro.es"
84.246.212.44 - - [30/Jul/2026:00:32:43 +0200] "GET /?wp_scrape_key=51a13710de1ab6b8ef18ea037b29f59a&wp_scrape_nonce=1785364361 HTTP/1.1" 200 100654 "-" "WordPress/6.9; https://www.canterasdemuro.es"
84.246.212.44 - - [30/Jul/2026:00:32:47 +0200] "GET /?wp_scrape_key=93e9cf1b0c55b1deac96038ec0de7355&wp_scrape_nonce=1785364365 HTTP/1.1" 200 100654 "-" "WordPress/6.9; https://www.canterasdemuro.es"
84.246.212.44 - - [30/Jul/2026:00:32:51 +0200] "GET /?wp_scrape_key=ea0e56138619eb3f3261f405cd511a80&wp_scrape_nonce=1785364369 HTTP/1.1" 200 100654 "-" "WordPress/6.9; https://www.canterasdemuro.es"
84.246.212.44 - - [30/Jul/2026:00:32:56 +0200] "GET /?wp_scrape_key=486478094bae34a91f5b0527d20aa81f&wp_scrape_nonce=1785364374 HTTP/1.1" 200 100654 "-" "WordPress/6.9; https://www.canterasdemuro.es"
84.246.212.44 - - [30/Jul/2026:00:33:00 +0200] "GET /?wp_scrape_key=28097a825b334d1dab0870db64074a60&wp_scrape_nonce=1785364378 HTTP/1.1" 200 100654 "-" "WordPress/6.9; https://www.canterasdemuro.es"
84.246.212.44 - - [30/Jul/2026:00:38:03 +0200] "POST /wp-cron.php?doing_wp_cron=1785364683.6165199279785156250000 HTTP/1.1" 200 5527 "-" "WordPress/6.9; https://www.canterasdemuro.es"
192.42.116.111 - - [30/Jul/2026:00:38:03 +0200] "GET / HTTP/1.1" 301 5569 "-" "Mozilla/5.0 (iPhone; CPU iPhone OS 18_7 like Mac OS X) AppleWebKit/605.1.15 (KHTML, like Gecko) Version/26.5 Mobile/15E148 Safari/604.1"
84.246.212.44 - - [30/Jul/2026:00:38:04 +0200] "POST /wp-admin/admin-ajax.php?action=async_litespeed&nonce=i472A3YHHRmdoPN1hBo4RcLIds4xBkD4&litespeed_type=imgoptm HTTP/1.1" 200 5782 "-" "WordPress/6.9; https://www.canterasdemuro.es"
84.246.212.44 - - [30/Jul/2026:00:41:23 +0200] "POST /wp-cron.php?doing_wp_cron=1785364883.3221790790557861328125 HTTP/1.1" 200 5527 "-" "WordPress/6.9; https://www.canterasdemuro.es"
216.24.210.47 - - [30/Jul/2026:00:41:22 +0200] "POST /wp-login.php HTTP/1.1" 200 16316 "-" "Mozilla/5.0 (Macintosh; Intel Mac OS X 10_15_7) AppleWebKit/605.1.15 Version/17.0 Safari/605.1.15"
84.246.212.44 - - [30/Jul/2026:00:41:23 +0200] "POST /wp-admin/admin-ajax.php?action=async_litespeed&nonce=WdujVYA0LOnVjycvBFDJkVRurnkbbZB6&litespeed_type=imgoptm HTTP/1.1" 200 5782 "-" "WordPress/6.9; https://www.canterasdemuro.es"
84.246.212.44 - - [30/Jul/2026:00:42:55 +0200] "POST /wp-cron.php?doing_wp_cron=1785364975.3471479415893554687500 HTTP/1.1" 200 5527 "-" "WordPress/6.9; https://www.canterasdemuro.es"
74.114.151.67 - - [30/Jul/2026:00:42:54 +0200] "GET /hello-world/ HTTP/1.1" 200 93785 "https://www.canterasdemuro.es/hello-world/" "Mozilla/5.0 (Windows NT 10.0; Win64; x64) AppleWebKit/537.36 (KHTML, like Gecko) Chrome/131.0.0.0 Safari/537.36 Avast/131.0.0.0"
84.246.212.44 - - [30/Jul/2026:00:42:55 +0200] "POST /wp-admin/admin-ajax.php?action=async_litespeed&nonce=LtgW4e5UcJ1PRnyrspq0gk2J3iJtM9yb&litespeed_type=imgoptm HTTP/1.1" 200 5782 "-" "WordPress/6.9; https://www.canterasdemuro.es"
74.114.151.67 - - [30/Jul/2026:00:42:57 +0200] "POST /wp-comments-post.php HTTP/1.1" 302 6290 "https://www.canterasdemuro.es/hello-world/" "Mozilla/5.0 (Windows NT 10.0; Win64; x64) AppleWebKit/537.36 (KHTML, like Gecko) Chrome/131.0.0.0 Safari/537.36 Avast/131.0.0.0"
84.246.212.44 - - [30/Jul/2026:00:43:13 +0200] "POST /wp-cron.php?doing_wp_cron=1785364993.6829459667205810546875 HTTP/1.1" 200 5527 "-" "WordPress/6.9; https://www.canterasdemuro.es"
74.114.151.67 - - [30/Jul/2026:00:43:12 +0200] "GET /hello-world/ HTTP/1.1" 200 98744 "https://www.canterasdemuro.es/hello-world/#comment-627" "Mozilla/5.0 (Windows NT 10.0; Win64; x64) AppleWebKit/537.36 (KHTML, like Gecko) Chrome/131.0.0.0 Safari/537.36 Avast/131.0.0.0"
84.246.212.44 - - [30/Jul/2026:00:43:14 +0200] "POST /wp-admin/admin-ajax.php?action=async_litespeed&nonce=KTEdIhlcekKB4cfid3l0SD1gaVkjbtrX&litespeed_type=imgoptm HTTP/1.1" 200 5782 "-" "WordPress/6.9; https://www.canterasdemuro.es"
18.214.251.19 - - [30/Jul/2026:00:44:10 +0200] "GET /wp-content/uploads/2024/06/FAVICON-1-CANTERAS-DE-MURO-150x150.png HTTP/1.1" 200 5533 "-" "Mozilla/5.0 AppleWebKit/537.36 (KHTML, like Gecko; compatible; Amazonbot/0.1; +https://developer.amazon.com/support/amazonbot) Chrome/119.0.6045.214 Safari/537.36"
84.246.212.44 - - [30/Jul/2026:00:50:26 +0200] "POST /wp-cron.php?doing_wp_cron=1785365426.1463580131530761718750 HTTP/1.1" 200 5527 "-" "WordPress/6.9; https://www.canterasdemuro.es"
173.239.218.12 - - [30/Jul/2026:00:50:25 +0200] "POST /wp-login.php HTTP/1.1" 200 16316 "-" "Mozilla/5.0 (Macintosh; Intel Mac OS X 10_15_7) AppleWebKit/605.1.15 Version/17.0 Safari/605.1.15"
84.246.212.44 - - [30/Jul/2026:00:50:26 +0200] "POST /wp-admin/admin-ajax.php?action=async_litespeed&nonce=Cpw7C5P4aEsZuyRexomz3HGaMAXuIFnU&litespeed_type=imgoptm HTTP/1.1" 200 5782 "-" "WordPress/6.9; https://www.canterasdemuro.es"
84.246.212.44 - - [30/Jul/2026:00:51:13 +0200] "POST /wp-cron.php?doing_wp_cron=1785365473.6055400371551513671875 HTTP/1.1" 200 5527 "-" "WordPress/6.9; https://www.canterasdemuro.es"
216.73.217.86 - - [30/Jul/2026:00:51:13 +0200] "GET /robots.txt HTTP/1.1" 200 5682 "-" "Mozilla/5.0 AppleWebKit/537.36 (KHTML, like Gecko; compatible; ClaudeBot/1.0; +claudebot@anthropic.com)"
216.73.217.86 - - [30/Jul/2026:00:51:13 +0200] "GET /wp-sitemap.xml HTTP/1.1" 200 6234 "-" "Mozilla/5.0 AppleWebKit/537.36 (KHTML, like Gecko; compatible; ClaudeBot/1.0; +claudebot@anthropic.com)"
84.246.212.44 - - [30/Jul/2026:00:51:14 +0200] "POST /wp-admin/admin-ajax.php?action=async_litespeed&nonce=RWEsZPFbjDFiazkNzpa7SWU4HK4o9A07&litespeed_type=imgoptm HTTP/1.1" 200 5782 "-" "WordPress/6.9; https://www.canterasdemuro.es"
