34.7.147.58 - - [28/Jul/2026:17:18:48 +0200] "GET /wp-content/plugins/gdpr-cookie-compliance/dist/scripts/main.js HTTP/1.1" 200 5543 "-" "Mozilla/5.0 (Macintosh; Intel Mac OS X 13_3; rv:114.0.1) Gecko/20100101 Firefox/114.0.1"
34.7.147.58 - - [28/Jul/2026:17:18:48 +0200] "GET /wp-content/uploads/2024/06/canterasdemuro_negativo-300x163.png HTTP/1.1" 200 5530 "-" "Mozilla/5.0 (X11; Fedora; Linux x86_64; rv:115.7.0) Gecko/20100101 Firefox/115.7.0"
34.7.147.58 - - [28/Jul/2026:17:18:48 +0200] "GET /wp-content/themes/hello-elementor/header-footer.min.css HTTP/1.1" 200 5522 "-" "Mozilla/5.0 (Macintosh; Intel Mac OS X 14_1) AppleWebKit/605.1.15 (KHTML, like Gecko) Version/17.3 Safari/605.1.15"
34.7.147.58 - - [28/Jul/2026:17:18:48 +0200] "GET /wp-content/uploads/2024/06/canterasdemuro_blanco.png HTTP/1.1" 200 5520 "-" "Mozilla/5.0 (Windows NT 11.0; WOW64) AppleWebKit/537.36 (KHTML, like Gecko) Chrome/124.0.6367.202 Safari/537.36"
34.7.147.58 - - [28/Jul/2026:17:18:48 +0200] "GET /wp-content/uploads/2024/06/canterasdemuro_blanco-1024x557.png HTTP/1.1" 200 5529 "-" "Mozilla/5.0 (Macintosh; Intel Mac OS X 11_4) AppleWebKit/605.1.15 (KHTML, like Gecko) Version/16.6 Safari/605.1.15"
34.7.147.58 - - [28/Jul/2026:17:18:48 +0200] "GET /wp-includes/js/wp-emoji-release.min.js?ver=6.9 HTTP/1.1" 200 5519 "-" "Mozilla/5.0 (Windows NT 10.0; WOW64; rv:115.10.0) Gecko/20100101 Firefox/115.10.0"
34.7.147.58 - - [28/Jul/2026:17:18:48 +0200] "GET /wp-content/uploads/2024/06/Menu-minimalista.png HTTP/1.1" 200 6388 "-" "Mozilla/5.0 (X11; Debian; Linux x86_64) AppleWebKit/537.36 (KHTML, like Gecko) Chrome/127.0.6533.88 Safari/537.36"
34.7.147.58 - - [28/Jul/2026:17:18:48 +0200] "GET /wp-content/themes/hello-elementor/theme.min.css?ver=3.3.0 HTTP/1.1" 200 5514 "-" "Mozilla/5.0 (Macintosh; Intel Mac OS X 11_2) AppleWebKit/605.1.15 (KHTML, like Gecko) Version/16.2 Safari/605.1.15"
34.7.147.58 - - [28/Jul/2026:17:18:48 +0200] "GET /wp-content/uploads/elementor/css/post-33.css HTTP/1.1" 200 5511 "-" "Mozilla/5.0 (X11; openSUSE; Linux x86_64) AppleWebKit/537.36 (KHTML, like Gecko) Chrome/120.0.6099.109 Safari/537.36"
34.7.147.58 - - [28/Jul/2026:17:18:48 +0200] "GET /wp-content/themes/hello-elementor/assets/js/hello-frontend.min.js HTTP/1.1" 200 5546 "-" "Mozilla/5.0 (Windows NT 11.0; WOW64) AppleWebKit/537.36 (KHTML, like Gecko) Chrome/126.0.6478.126 Safari/537.36"
34.7.147.58 - - [28/Jul/2026:17:18:48 +0200] "GET /wp-content/plugins/elementor-pro/assets/js/webpack-pro.runtime.min.js HTTP/1.1" 200 5550 "-" "Mozilla/5.0 (Macintosh; Intel Mac OS X 11_2; rv:113.0.1) Gecko/20100101 Firefox/113.0.1"
34.7.147.58 - - [28/Jul/2026:17:18:48 +0200] "GET /wp-content/uploads/elementor/css/custom-apple-webkit.min.css HTTP/1.1" 200 5527 "-" "Mozilla/5.0 (Macintosh; Intel Mac OS X 11_3) AppleWebKit/605.1.15 (KHTML, like Gecko) Version/16.5 Safari/605.1.15"
34.7.147.58 - - [28/Jul/2026:17:18:48 +0200] "GET /wp-content/uploads/elementor/css/post-609.css?ver=1733146676 HTTP/1.1" 200 5512 "-" "Mozilla/5.0 (X11; Arch; Linux x86_64) AppleWebKit/537.36 (KHTML, like Gecko) Chrome/126.0.6478.126 Safari/537.36"
34.7.147.58 - - [28/Jul/2026:17:18:48 +0200] "GET /wp-content/uploads/elementor/css/custom-pro-widget-nav-menu.min.css?ver=1733139880 HTTP/1.1" 200 5534 "-" "Mozilla/5.0 (Macintosh; Intel Mac OS X 14_6; rv:115.10.0) Gecko/20100101 Firefox/115.10.0"
34.7.147.58 - - [28/Jul/2026:17:18:48 +0200] "GET /wp-includes/js/dist/hooks.min.js HTTP/1.1" 200 5513 "-" "Mozilla/5.0 (Macintosh; Intel Mac OS X 12_3; rv:125.0.1) Gecko/20100101 Firefox/125.0.1"
34.7.147.58 - - [28/Jul/2026:17:18:48 +0200] "GET /wp-content/plugins/gdpr-cookie-compliance/dist/styles/gdpr-main-nf.css?ver=4.16.1 HTTP/1.1" 200 5537 "-" "Mozilla/5.0 (Macintosh; Intel Mac OS X 13_3) AppleWebKit/537.36 (KHTML, like Gecko) Chrome/124.0.6367.203 Safari/537.36"
34.7.147.58 - - [28/Jul/2026:17:18:48 +0200] "GET /wp-content/plugins/elementor/assets/lib/animations/styles/e-animation-float.min.css HTTP/1.1" 200 5755 "-" "Mozilla/5.0 (X11; Fedora; Linux x86_64; rv:115.0.3) Gecko/20100101 Firefox/115.0.3"
34.7.147.58 - - [28/Jul/2026:17:18:48 +0200] "GET /wp-content/plugins/elementor-pro/assets/lib/smartmenus/jquery.smartmenus.min.js?ver=1.2.1 HTTP/1.1" 200 5560 "-" "Mozilla/5.0 (X11; Ubuntu; Linux x86_64) AppleWebKit/537.36 (KHTML, like Gecko) Chrome/126.0.6478.126 Safari/537.36"
34.7.147.58 - - [28/Jul/2026:17:18:48 +0200] "GET /wp-content/plugins/elementor/assets/js/webpack.runtime.min.js?ver=3.28.1 HTTP/1.1" 200 5542 "-" "Mozilla/5.0 (Macintosh; Intel Mac OS X 12_4; rv:115.9.0) Gecko/20100101 Firefox/115.9.0"
34.7.147.58 - - [28/Jul/2026:17:18:48 +0200] "GET /wp-includes/js/wp-emoji-release.min.js HTTP/1.1" 200 5519 "-" "Mozilla/5.0 (X11; Ubuntu; Linux x86_64; rv:125.0.3) Gecko/20100101 Firefox/125.0.3"
34.7.147.58 - - [28/Jul/2026:17:18:48 +0200] "GET /wp-content/plugins/elementor-pro/assets/js/nav-menu.a23fbd67486c5bedf26c.bundle.min.js HTTP/1.1" 200 5567 "-" "Mozilla/5.0 (Windows NT 10.0; WOW64) AppleWebKit/537.36 (KHTML, like Gecko) Chrome/124.0.6367.158 Safari/537.36"
34.7.147.58 - - [28/Jul/2026:17:18:48 +0200] "GET /wp-content/plugins/elementor/assets/css/widget-heading.min.css?ver=3.28.1 HTTP/1.1" 200 6112 "-" "Mozilla/5.0 (Macintosh; Intel Mac OS X 12_0_1) AppleWebKit/537.36 (KHTML, like Gecko) Chrome/126.0.6478.126 Safari/537.36"
34.7.147.58 - - [28/Jul/2026:17:18:48 +0200] "GET /wp-content/plugins/gdpr-cookie-compliance/dist/styles/gdpr-main-nf.css HTTP/1.1" 200 5537 "-" "Mozilla/5.0 (Macintosh; Intel Mac OS X 13_2) AppleWebKit/605.1.15 (KHTML, like Gecko) Version/17.3 Safari/605.1.15"
34.7.147.58 - - [28/Jul/2026:17:18:48 +0200] "GET /wp-content/plugins/elementor-pro/assets/lib/sticky/jquery.sticky.min.js HTTP/1.1" 200 5552 "-" "Mozilla/5.0 (Macintosh; Intel Mac OS X 12_3) AppleWebKit/537.36 (KHTML, like Gecko) Chrome/124.0.6367.210 Safari/537.36"
34.7.147.58 - - [28/Jul/2026:17:18:48 +0200] "GET /wp-content/plugins/elementor/assets/js/frontend.min.js HTTP/1.1" 200 5535 "-" "Mozilla/5.0 (Windows NT 11.0; Win64; x64; rv:121.0) Gecko/20100101 Firefox/121.0"
34.7.147.58 - - [28/Jul/2026:17:18:49 +0200] "GET /wp-content/plugins/elementor/assets/js/frontend-modules.min.js?ver=3.28.1 HTTP/1.1" 200 5543 "-" "Mozilla/5.0 (Macintosh; Intel Mac OS X 11_3) AppleWebKit/537.36 (KHTML, like Gecko) Chrome/126.0.6478.114 Safari/537.36"
34.7.147.58 - - [28/Jul/2026:17:18:49 +0200] "GET /wp-content/uploads/elementor/css/post-8.css?ver=1733139880 HTTP/1.1" 200 5510 "-" "Mozilla/5.0 (X11; Ubuntu; Linux x86_64; rv:125.0.3) Gecko/20100101 Firefox/125.0.3"
34.7.147.58 - - [28/Jul/2026:17:18:49 +0200] "GET /wp-content/uploads/elementor/css/custom-widget-icon-list.min.css HTTP/1.1" 200 5531 "-" "Mozilla/5.0 (Macintosh; Intel Mac OS X 13_2; rv:128.0.3) Gecko/20100101 Firefox/128.0.3"
34.7.147.58 - - [28/Jul/2026:17:18:49 +0200] "GET /wp-includes/js/jquery/jquery-migrate.min.js HTTP/1.1" 200 5524 "-" "Mozilla/5.0 (X11; Arch; Linux x86_64) AppleWebKit/537.36 (KHTML, like Gecko) Chrome/126.0.6478.55 Safari/537.36"
34.7.147.58 - - [28/Jul/2026:17:18:49 +0200] "GET /wp-content/uploads/elementor/google-fonts/css/plusjakartasans.css HTTP/1.1" 200 5532 "-" "Mozilla/5.0 (Macintosh; Intel Mac OS X 14_4) AppleWebKit/537.36 (KHTML, like Gecko) Chrome/126.0.6478.61 Safari/537.36"
34.7.147.58 - - [28/Jul/2026:17:18:49 +0200] "GET /wp-content/plugins/elementor/assets/js/frontend.min.js?ver=3.28.1 HTTP/1.1" 200 5535 "-" "Mozilla/5.0 (Macintosh; Intel Mac OS X 13_4) AppleWebKit/537.36 (KHTML, like Gecko) Chrome/126.0.6478.126 Safari/537.36"
34.7.147.58 - - [28/Jul/2026:17:18:49 +0200] "GET /wp-content/plugins/elementor/assets/js/text-editor.c084ef86600b6f11690d.bundle.min.js HTTP/1.1" 200 5566 "-" "Mozilla/5.0 (Windows NT 10.0; Win64; x64) AppleWebKit/537.36 (KHTML, like Gecko) Chrome/123.0.2420.10 Safari/537.36 Edg/123.0.2420.10"
34.7.147.58 - - [28/Jul/2026:17:18:49 +0200] "GET /wp-includes/js/jquery/jquery.min.js HTTP/1.1" 200 5516 "-" "Mozilla/5.0 (X11; openSUSE; Linux x86_64; rv:115.2.0) Gecko/20100101 Firefox/115.2.0"
34.7.147.58 - - [28/Jul/2026:17:18:49 +0200] "GET /wp-content/plugins/elementor/assets/lib/dialog/dialog.min.js?ver=4.9.3 HTTP/1.1" 200 5541 "-" "Mozilla/5.0 (Windows NT 11.0; WOW64) AppleWebKit/537.36 (KHTML, like Gecko) Chrome/126.0.6478.36 Safari/537.36"
34.7.147.58 - - [28/Jul/2026:17:18:49 +0200] "GET /wp-content/themes/hello-elementor/assets/js/hello-frontend.min.js?ver=3.3.0 HTTP/1.1" 200 5546 "-" "Mozilla/5.0 (Macintosh; Intel Mac OS X 14_2) AppleWebKit/537.36 (KHTML, like Gecko) Chrome/125.0.6422.176 Safari/537.36"
34.7.147.58 - - [28/Jul/2026:17:18:49 +0200] "GET /wp-content/plugins/elementor-pro/assets/js/webpack-pro.runtime.min.js?ver=3.28.1 HTTP/1.1" 200 5550 "-" "Mozilla/5.0 (Windows NT 10.0; Win64; x64) AppleWebKit/537.36 (KHTML, like Gecko) Chrome/124.0.6367.156 Safari/537.36"
34.7.147.58 - - [28/Jul/2026:17:18:49 +0200] "GET /wp-content/plugins/elementor-pro/assets/js/elements-handlers.min.js HTTP/1.1" 200 5548 "-" "Mozilla/5.0 (X11; openSUSE; Linux x86_64; rv:127.0) Gecko/20100101 Firefox/127.0"
34.7.147.58 - - [28/Jul/2026:17:18:49 +0200] "GET /wp-content/plugins/elementor-pro/assets/lib/sticky/jquery.sticky.min.js?ver=3.28.1 HTTP/1.1" 200 5552 "-" "Mozilla/5.0 (X11; Debian; Linux x86_64; rv:116.0) Gecko/20100101 Firefox/116.0"
34.7.147.58 - - [28/Jul/2026:17:18:49 +0200] "GET /wp-content/plugins/elementor-pro/assets/lib/smartmenus/jquery.smartmenus.min.js HTTP/1.1" 200 5560 "-" "Mozilla/5.0 (Macintosh; Intel Mac OS X 13_1) AppleWebKit/537.36 (KHTML, like Gecko) Chrome/126.0.6478.127 Safari/537.36"
34.7.147.58 - - [28/Jul/2026:17:18:49 +0200] "GET /wp-includes/js/dist/hooks.min.js?ver=dd5603f07f9220ed27f1 HTTP/1.1" 200 5513 "-" "Mozilla/5.0 (Macintosh; Intel Mac OS X 13_5) AppleWebKit/605.1.15 (KHTML, like Gecko) Version/17.3 Safari/605.1.15"
34.7.147.58 - - [28/Jul/2026:17:18:49 +0200] "GET /wp-content/plugins/elementor-pro/assets/js/frontend.min.js?ver=3.28.1 HTTP/1.1" 200 5539 "-" "Mozilla/5.0 (Windows NT 10.0; WOW64) AppleWebKit/537.36 (KHTML, like Gecko) Chrome/122.0.2365.8 Safari/537.36 Edg/122.0.2365.8"
34.7.147.58 - - [28/Jul/2026:17:18:49 +0200] "GET /wp-includes/js/dist/i18n.min.js?ver=c26c3dc7bed366793375 HTTP/1.1" 200 5512 "-" "Mozilla/5.0 (Macintosh; Intel Mac OS X 12_2) AppleWebKit/537.36 (KHTML, like Gecko) Chrome/127.0.6533.74 Safari/537.36"
34.7.147.58 - - [28/Jul/2026:17:18:49 +0200] "GET /wp-includes/js/jquery/ui/core.min.js HTTP/1.1" 200 5517 "-" "Mozilla/5.0 (Windows NT 11.0; Win64; x64) AppleWebKit/537.36 (KHTML, like Gecko) Chrome/119.0.2151.12 Safari/537.36 Edg/119.0.2151.12"
34.7.147.58 - - [28/Jul/2026:17:18:49 +0200] "GET /wp-content/plugins/elementor/assets/js/frontend-modules.min.js HTTP/1.1" 200 5543 "-" "Mozilla/5.0 (Macintosh; Intel Mac OS X 14_4) AppleWebKit/605.1.15 (KHTML, like Gecko) Version/15.2 Safari/605.1.15"
34.7.147.58 - - [28/Jul/2026:17:18:49 +0200] "GET /wp-includes/js/jquery/jquery-migrate.min.js?ver=3.4.1 HTTP/1.1" 200 5524 "-" "Mozilla/5.0 (X11; openSUSE; Linux x86_64) AppleWebKit/537.36 (KHTML, like Gecko) Chrome/121.0.6167.184 Safari/537.36"
154.28.229.146 - - [28/Jul/2026:17:18:49 +0200] "GET / HTTP/1.1" 200 100542 "-" "Mozilla/5.0 (Macintosh; Intel Mac OS X 10_15_7) AppleWebKit/537.36 (KHTML, like Gecko) Chrome/130.0.0.0 Safari/537.36"
31.98.22.142 - - [28/Jul/2026:17:19:04 +0200] "GET /uciagjrt HTTP/1.1" 301 5690 "-" "Mozilla/5.0 (Windows NT 10.0; Win64; x64) AppleWebKit/537.36 (KHTML, like Gecko) Chrome/137.0.0.0 Safari/537.36"
92.112.4.0 - - [28/Jul/2026:17:19:04 +0200] "GET / HTTP/1.1" 301 5569 "-" "Mozilla/5.0 (Windows NT 10.0; Win64; x64) AppleWebKit/537.36 (KHTML, like Gecko) Chrome/129.0.0.0 Safari/537.36"
82.23.125.93 - - [28/Jul/2026:17:19:04 +0200] "GET /nxibhaoj HTTP/1.1" 301 5690 "-" "Mozilla/5.0 (Windows NT 10.0; Win64; x64) AppleWebKit/537.36 (KHTML, like Gecko) Chrome/134.0.0.0 Safari/537.36 Edg/134.0.0.0"
104.164.173.107 - - [28/Jul/2026:17:19:04 +0200] "GET / HTTP/1.1" 301 5569 "-" "Mozilla/5.0 (Macintosh; Intel Mac OS X 10_15_7) AppleWebKit/537.36 (KHTML, like Gecko) Chrome/131.0.0.0 Safari/537.36"
92.112.14.196 - - [28/Jul/2026:17:19:04 +0200] "GET / HTTP/1.1" 301 5569 "-" "Mozilla/5.0 (X11; Linux x86_64) AppleWebKit/537.36 (KHTML, like Gecko) Chrome/132.0.0.0 Safari/537.36"
151.240.183.73 - - [28/Jul/2026:17:19:05 +0200] "GET / HTTP/1.1" 301 5569 "-" "Mozilla/5.0 (Macintosh; Intel Mac OS X 10_15_7) AppleWebKit/605.1.15 (KHTML, like Gecko) Version/18.3.1 Safari/605.1.15"
46.202.38.186 - - [28/Jul/2026:17:19:05 +0200] "GET / HTTP/1.1" 301 5569 "-" "Mozilla/5.0 (Macintosh; Intel Mac OS X 10_15_7) AppleWebKit/537.36 (KHTML, like Gecko) Chrome/133.0.0.0 Safari/537.36"
104.249.49.197 - - [28/Jul/2026:17:19:05 +0200] "GET / HTTP/1.1" 301 5569 "-" "Mozilla/5.0 (Windows NT 10.0; Win64; x64; rv:128.0) Gecko/20100101 Firefox/128.0"
166.0.50.77 - - [28/Jul/2026:17:19:05 +0200] "GET /nxibhaoj HTTP/1.1" 301 5690 "-" "Mozilla/5.0 (X11; Linux x86_64) AppleWebKit/537.36 (KHTML, like Gecko) Chrome/134.0.0.0 Safari/537.36"
92.112.14.21 - - [28/Jul/2026:17:19:06 +0200] "GET /uciagjrt HTTP/1.1" 301 5690 "-" "Mozilla/5.0 (Macintosh; Intel Mac OS X 10_15_7) AppleWebKit/605.1.15 (KHTML, like Gecko) Version/18.1 Safari/605.1.15"
142.111.55.206 - - [28/Jul/2026:17:19:06 +0200] "GET /uciagjrt HTTP/1.1" 301 5690 "-" "Mozilla/5.0 (X11; Linux x86_64; rv:137.0) Gecko/20100101 Firefox/137.0"
82.23.118.55 - - [28/Jul/2026:17:19:07 +0200] "GET / HTTP/1.1" 301 5569 "-" "Mozilla/5.0 (Windows NT 10.0; Win64; x64) AppleWebKit/537.36 (KHTML, like Gecko) Chrome/133.0.0.0 Safari/537.36 Edg/133.0.0.0"
92.112.1.235 - - [28/Jul/2026:17:19:06 +0200] "GET / HTTP/1.1" 200 100542 "-" "Mozilla/5.0 (Macintosh; Intel Mac OS X 10_15_7) AppleWebKit/537.36 (KHTML, like Gecko) Chrome/133.0.0.0 Safari/537.36"
166.0.53.5 - - [28/Jul/2026:17:19:06 +0200] "GET /nxibhaoj/ HTTP/1.1" 404 89434 "-" "Mozilla/5.0 (X11; Linux x86_64) AppleWebKit/537.36 (KHTML, like Gecko) Chrome/134.0.0.0 Safari/537.36"
82.23.125.248 - - [28/Jul/2026:17:19:06 +0200] "GET / HTTP/1.1" 200 100542 "-" "Mozilla/5.0 (Windows NT 10.0; Win64; x64) AppleWebKit/537.36 (KHTML, like Gecko) Chrome/129.0.0.0 Safari/537.36"
46.203.153.206 - - [28/Jul/2026:17:19:06 +0200] "GET / HTTP/1.1" 200 100542 "-" "Mozilla/5.0 (Macintosh; Intel Mac OS X 10_15_7) AppleWebKit/605.1.15 (KHTML, like Gecko) Version/18.3.1 Safari/605.1.15"
103.104.23.150 - - [28/Jul/2026:17:19:06 +0200] "GET / HTTP/1.1" 200 100542 "-" "Mozilla/5.0 (Windows NT 10.0; Win64; x64; rv:128.0) Gecko/20100101 Firefox/128.0"
45.39.246.95 - - [28/Jul/2026:17:19:07 +0200] "GET /uciagjrt/ HTTP/1.1" 404 89419 "-" "Mozilla/5.0 (Windows NT 10.0; Win64; x64) AppleWebKit/537.36 (KHTML, like Gecko) Chrome/137.0.0.0 Safari/537.36"
104.253.206.239 - - [28/Jul/2026:17:19:07 +0200] "GET /nxibhaoj/ HTTP/1.1" 404 89434 "-" "Mozilla/5.0 (Windows NT 10.0; Win64; x64) AppleWebKit/537.36 (KHTML, like Gecko) Chrome/134.0.0.0 Safari/537.36 Edg/134.0.0.0"
109.174.238.178 - - [28/Jul/2026:17:19:07 +0200] "GET / HTTP/1.1" 200 100542 "-" "Mozilla/5.0 (X11; Linux x86_64) AppleWebKit/537.36 (KHTML, like Gecko) Chrome/132.0.0.0 Safari/537.36"
92.112.14.150 - - [28/Jul/2026:17:19:07 +0200] "GET /uciagjrt/ HTTP/1.1" 404 89434 "-" "Mozilla/5.0 (X11; Linux x86_64; rv:137.0) Gecko/20100101 Firefox/137.0"
104.253.206.71 - - [28/Jul/2026:17:19:09 +0200] "GET / HTTP/1.1" 200 100542 "-" "Mozilla/5.0 (Windows NT 10.0; Win64; x64) AppleWebKit/537.36 (KHTML, like Gecko) Chrome/133.0.0.0 Safari/537.36 Edg/133.0.0.0"
84.246.212.44 - - [28/Jul/2026:17:19:13 +0200] "POST /wp-cron.php?doing_wp_cron=1785251953.4208230972290039062500 HTTP/1.1" 200 5527 "-" "WordPress/6.9; https://www.canterasdemuro.es"
104.164.173.107 - - [28/Jul/2026:17:19:12 +0200] "GET / HTTP/1.1" 200 100542 "-" "Mozilla/5.0 (Macintosh; Intel Mac OS X 10_15_7) AppleWebKit/537.36 (KHTML, like Gecko) Chrome/131.0.0.0 Safari/537.36"
84.246.212.44 - - [28/Jul/2026:17:19:13 +0200] "POST /wp-admin/admin-ajax.php?action=async_litespeed&nonce=KzgzldRUcmZgJrJN7l95wiV9ZmocJSdG&litespeed_type=imgoptm HTTP/1.1" 200 5782 "-" "WordPress/6.9; https://www.canterasdemuro.es"
158.69.117.45 - - [28/Jul/2026:17:19:44 +0200] "GET /robots.txt HTTP/1.1" 301 5579 "-" "Mozilla/5.0 (Windows NT 10.0; Win64; x64) AppleWebKit/537.36 (KHTML, like Gecko) Chrome/124.0.0.0 Safari/537.36"
84.246.212.44 - - [28/Jul/2026:17:19:45 +0200] "POST /wp-cron.php?doing_wp_cron=1785251985.1866400241851806640625 HTTP/1.1" 200 5527 "-" "WordPress/6.9; https://www.canterasdemuro.es"
158.69.117.45 - - [28/Jul/2026:17:19:44 +0200] "GET /robots.txt HTTP/1.1" 200 5682 "-" "Mozilla/5.0 (Windows NT 10.0; Win64; x64) AppleWebKit/537.36 (KHTML, like Gecko) Chrome/124.0.0.0 Safari/537.36"
158.69.117.45 - - [28/Jul/2026:17:19:45 +0200] "GET /robots.txt HTTP/1.1" 200 5682 "https://canterasdemuro.es/robots.txt" "Mozilla/5.0 (Windows NT 10.0; Win64; x64) AppleWebKit/537.36 (KHTML, like Gecko) Chrome/124.0.0.0 Safari/537.36"
158.69.117.45 - - [28/Jul/2026:17:19:45 +0200] "GET / HTTP/1.1" 200 100542 "-" "Mozilla/5.0 (Windows NT 10.0; Win64; x64) AppleWebKit/537.36 (KHTML, like Gecko) Chrome/124.0.0.0 Safari/537.36"
158.69.117.45 - - [28/Jul/2026:17:19:46 +0200] "GET /wp-includes/js/jquery/jquery.min.js?ver=3.7.1 HTTP/1.1" 200 5516 "-" "Mozilla/5.0 (Windows NT 10.0; Win64; x64) AppleWebKit/537.36 (KHTML, like Gecko) Chrome/124.0.0.0 Safari/537.36"
158.69.117.45 - - [28/Jul/2026:17:19:46 +0200] "GET / HTTP/1.1" 301 5569 "-" "Mozilla/5.0 (Windows NT 10.0; Win64; x64) AppleWebKit/537.36 (KHTML, like Gecko) Chrome/124.0.0.0 Safari/537.36"
158.69.117.45 - - [28/Jul/2026:17:19:46 +0200] "GET /wp-content/themes/hello-elementor/assets/js/hello-frontend.min.js?ver=3.3.0 HTTP/1.1" 200 5546 "-" "Mozilla/5.0 (Windows NT 10.0; Win64; x64) AppleWebKit/537.36 (KHTML, like Gecko) Chrome/124.0.0.0 Safari/537.36"
158.69.117.45 - - [28/Jul/2026:17:19:46 +0200] "GET /wp-content/plugins/elementor-pro/assets/js/webpack-pro.runtime.min.js?ver=3.28.1 HTTP/1.1" 200 5550 "-" "Mozilla/5.0 (Windows NT 10.0; Win64; x64) AppleWebKit/537.36 (KHTML, like Gecko) Chrome/124.0.0.0 Safari/537.36"
158.69.117.45 - - [28/Jul/2026:17:19:46 +0200] "GET /wp-content/plugins/elementor-pro/assets/lib/smartmenus/jquery.smartmenus.min.js?ver=1.2.1 HTTP/1.1" 200 5560 "-" "Mozilla/5.0 (Windows NT 10.0; Win64; x64) AppleWebKit/537.36 (KHTML, like Gecko) Chrome/124.0.0.0 Safari/537.36"
158.69.117.45 - - [28/Jul/2026:17:19:46 +0200] "GET /wp-content/plugins/elementor-pro/assets/lib/sticky/jquery.sticky.min.js?ver=3.28.1 HTTP/1.1" 200 5552 "-" "Mozilla/5.0 (Windows NT 10.0; Win64; x64) AppleWebKit/537.36 (KHTML, like Gecko) Chrome/124.0.0.0 Safari/537.36"
158.69.117.45 - - [28/Jul/2026:17:19:46 +0200] "GET /wp-includes/js/jquery/jquery-migrate.min.js?ver=3.4.1 HTTP/1.1" 200 5524 "-" "Mozilla/5.0 (Windows NT 10.0; Win64; x64) AppleWebKit/537.36 (KHTML, like Gecko) Chrome/124.0.0.0 Safari/537.36"
158.69.117.45 - - [28/Jul/2026:17:19:46 +0200] "GET /wp-content/plugins/gdpr-cookie-compliance/dist/scripts/main.js?ver=4.16.1 HTTP/1.1" 200 5543 "-" "Mozilla/5.0 (Windows NT 10.0; Win64; x64) AppleWebKit/537.36 (KHTML, like Gecko) Chrome/124.0.0.0 Safari/537.36"
158.69.117.45 - - [28/Jul/2026:17:19:46 +0200] "GET /wp-content/plugins/elementor/assets/js/frontend-modules.min.js?ver=3.28.1 HTTP/1.1" 200 5543 "-" "Mozilla/5.0 (Windows NT 10.0; Win64; x64) AppleWebKit/537.36 (KHTML, like Gecko) Chrome/124.0.0.0 Safari/537.36"
158.69.117.45 - - [28/Jul/2026:17:19:46 +0200] "GET /wp-content/plugins/elementor/assets/js/webpack.runtime.min.js?ver=3.28.1 HTTP/1.1" 200 5542 "-" "Mozilla/5.0 (Windows NT 10.0; Win64; x64) AppleWebKit/537.36 (KHTML, like Gecko) Chrome/124.0.0.0 Safari/537.36"
158.69.117.45 - - [28/Jul/2026:17:19:46 +0200] "GET /wp-includes/js/dist/i18n.min.js?ver=c26c3dc7bed366793375 HTTP/1.1" 200 5512 "-" "Mozilla/5.0 (Windows NT 10.0; Win64; x64) AppleWebKit/537.36 (KHTML, like Gecko) Chrome/124.0.0.0 Safari/537.36"
158.69.117.45 - - [28/Jul/2026:17:19:47 +0200] "GET /wp-content/plugins/elementor-pro/assets/js/frontend.min.js?ver=3.28.1 HTTP/1.1" 200 5539 "-" "Mozilla/5.0 (Windows NT 10.0; Win64; x64) AppleWebKit/537.36 (KHTML, like Gecko) Chrome/124.0.0.0 Safari/537.36"
158.69.117.45 - - [28/Jul/2026:17:19:47 +0200] "GET /wp-includes/js/dist/hooks.min.js?ver=dd5603f07f9220ed27f1 HTTP/1.1" 200 5513 "-" "Mozilla/5.0 (Windows NT 10.0; Win64; x64) AppleWebKit/537.36 (KHTML, like Gecko) Chrome/124.0.0.0 Safari/537.36"
158.69.117.45 - - [28/Jul/2026:17:19:47 +0200] "GET /wp-includes/js/jquery/ui/core.min.js?ver=1.13.3 HTTP/1.1" 200 5517 "-" "Mozilla/5.0 (Windows NT 10.0; Win64; x64) AppleWebKit/537.36 (KHTML, like Gecko) Chrome/124.0.0.0 Safari/537.36"
158.69.117.45 - - [28/Jul/2026:17:19:47 +0200] "GET /wp-content/plugins/elementor/assets/js/frontend.min.js?ver=3.28.1 HTTP/1.1" 200 5535 "-" "Mozilla/5.0 (Windows NT 10.0; Win64; x64) AppleWebKit/537.36 (KHTML, like Gecko) Chrome/124.0.0.0 Safari/537.36"
158.69.117.45 - - [28/Jul/2026:17:19:47 +0200] "GET /wp-content/plugins/elementor-pro/assets/js/elements-handlers.min.js?ver=3.28.1 HTTP/1.1" 200 5548 "-" "Mozilla/5.0 (Windows NT 10.0; Win64; x64) AppleWebKit/537.36 (KHTML, like Gecko) Chrome/124.0.0.0 Safari/537.36"
130.12.180.126 - - [28/Jul/2026:17:19:47 +0200] "GET /.env HTTP/1.1" 403 6292 "-" "Mozilla/5.0 (Macintosh; Intel Mac OS X 10_15_7) AppleWebKit/537.36 (KHTML, like Gecko, Yokohama Institute of Information Security  https://www.iisec.ac.jp) Chrome/124.0.0.0 Safari/537.36"
158.69.117.45 - - [28/Jul/2026:17:19:46 +0200] "GET / HTTP/1.1" 200 100542 "https://canterasdemuro.es/" "Mozilla/5.0 (Windows NT 10.0; Win64; x64) AppleWebKit/537.36 (KHTML, like Gecko) Chrome/124.0.0.0 Safari/537.36"
158.69.117.45 - - [28/Jul/2026:17:19:47 +0200] "GET /instalaciones/ HTTP/1.1" 200 105873 "-" "Mozilla/5.0 (Windows NT 10.0; Win64; x64) AppleWebKit/537.36 (KHTML, like Gecko) Chrome/124.0.0.0 Safari/537.36"
158.69.117.45 - - [28/Jul/2026:17:19:47 +0200] "GET /autorizaciones/ HTTP/1.1" 200 97505 "-" "Mozilla/5.0 (Windows NT 10.0; Win64; x64) AppleWebKit/537.36 (KHTML, like Gecko) Chrome/124.0.0.0 Safari/537.36"
158.69.117.45 - - [28/Jul/2026:17:19:47 +0200] "GET /sostenibilidad/ HTTP/1.1" 200 96233 "-" "Mozilla/5.0 (Windows NT 10.0; Win64; x64) AppleWebKit/537.36 (KHTML, like Gecko) Chrome/124.0.0.0 Safari/537.36"
158.69.117.45 - - [28/Jul/2026:17:19:47 +0200] "GET /nuestra-empresa/ HTTP/1.1" 200 96807 "-" "Mozilla/5.0 (Windows NT 10.0; Win64; x64) AppleWebKit/537.36 (KHTML, like Gecko) Chrome/124.0.0.0 Safari/537.36"
158.69.117.45 - - [28/Jul/2026:17:19:47 +0200] "GET /contacto/ HTTP/1.1" 200 104500 "-" "Mozilla/5.0 (Windows NT 10.0; Win64; x64) AppleWebKit/537.36 (KHTML, like Gecko) Chrome/124.0.0.0 Safari/537.36"
130.12.180.126 - - [28/Jul/2026:17:19:49 +0200] "GET /.git/HEAD HTTP/1.1" 403 6292 "-" "Mozilla/5.0 (Macintosh; Intel Mac OS X 10_15_7) AppleWebKit/537.36 (KHTML, like Gecko, Yokohama Institute of Information Security  https://www.iisec.ac.jp) Chrome/124.0.0.0 Safari/537.36"
158.69.117.45 - - [28/Jul/2026:17:19:47 +0200] "GET /productos/ HTTP/1.1" 200 142206 "-" "Mozilla/5.0 (Windows NT 10.0; Win64; x64) AppleWebKit/537.36 (KHTML, like Gecko) Chrome/124.0.0.0 Safari/537.36"
158.69.117.45 - - [28/Jul/2026:17:19:49 +0200] "GET /index.php/autorizaciones/ HTTP/1.1" 301 5575 "-" "Mozilla/5.0 (Windows NT 10.0; Win64; x64) AppleWebKit/537.36 (KHTML, like Gecko) Chrome/124.0.0.0 Safari/537.36"
158.69.117.45 - - [28/Jul/2026:17:19:47 +0200] "GET /gl/ HTTP/1.1" 200 99384 "-" "Mozilla/5.0 (Windows NT 10.0; Win64; x64) AppleWebKit/537.36 (KHTML, like Gecko) Chrome/124.0.0.0 Safari/537.36"
158.69.117.45 - - [28/Jul/2026:17:19:47 +0200] "GET /productos/ HTTP/1.1" 200 142236 "-" "Mozilla/5.0 (Windows NT 10.0; Win64; x64) AppleWebKit/537.36 (KHTML, like Gecko) Chrome/124.0.0.0 Safari/537.36"
130.12.180.126 - - [28/Jul/2026:17:19:50 +0200] "GET /.env.backup HTTP/1.1" 403 6292 "-" "Mozilla/5.0 (Macintosh; Intel Mac OS X 10_15_7) AppleWebKit/537.36 (KHTML, like Gecko, Yokohama Institute of Information Security  https://www.iisec.ac.jp) Chrome/124.0.0.0 Safari/537.36"
158.69.117.45 - - [28/Jul/2026:17:19:50 +0200] "GET /wp-content/uploads/2024/10/Autorizacion-Agente-de-Residuos-No-Peligrosos-CANTERAS-DE-MURO.pdf HTTP/1.1" 200 5567 "-" "Mozilla/5.0 (Windows NT 10.0; Win64; x64) AppleWebKit/537.36 (KHTML, like Gecko) Chrome/124.0.0.0 Safari/537.36"
158.69.117.45 - - [28/Jul/2026:17:19:50 +0200] "GET /wp-content/uploads/2024/10/Autorizacion-Gestor-de-Valoracion-de-Materiales-Excavados-LER-170504-CANTERAS-DE-MURO.pdf HTTP/1.1" 200 5590 "-" "Mozilla/5.0 (Windows NT 10.0; Win64; x64) AppleWebKit/537.36 (KHTML, like Gecko) Chrome/124.0.0.0 Safari/537.36"
158.69.117.45 - - [28/Jul/2026:17:19:50 +0200] "GET /wp-content/uploads/2024/10/Autorizacion-Transportista-Profesional-de-Residuos-No-Peligrosos-CANTERAS-DE-MURO.pdf HTTP/1.1" 200 5586 "-" "Mozilla/5.0 (Windows NT 10.0; Win64; x64) AppleWebKit/537.36 (KHTML, like Gecko) Chrome/124.0.0.0 Safari/537.36"
158.69.117.45 - - [28/Jul/2026:17:19:49 +0200] "GET /instalaciones/ HTTP/1.1" 200 105858 "-" "Mozilla/5.0 (Windows NT 10.0; Win64; x64) AppleWebKit/537.36 (KHTML, like Gecko) Chrome/124.0.0.0 Safari/537.36"
158.69.117.45 - - [28/Jul/2026:17:19:50 +0200] "GET /politica-de-cookies/ HTTP/1.1" 200 108045 "-" "Mozilla/5.0 (Windows NT 10.0; Win64; x64) AppleWebKit/537.36 (KHTML, like Gecko) Chrome/124.0.0.0 Safari/537.36"
130.12.180.126 - - [28/Jul/2026:17:19:51 +0200] "GET /.env.old HTTP/1.1" 403 6292 "-" "Mozilla/5.0 (Macintosh; Intel Mac OS X 10_15_7) AppleWebKit/537.36 (KHTML, like Gecko, Yokohama Institute of Information Security  https://www.iisec.ac.jp) Chrome/124.0.0.0 Safari/537.36"
158.69.117.45 - - [28/Jul/2026:17:19:49 +0200] "GET /aviso-legal/ HTTP/1.1" 200 107615 "-" "Mozilla/5.0 (Windows NT 10.0; Win64; x64) AppleWebKit/537.36 (KHTML, like Gecko) Chrome/124.0.0.0 Safari/537.36"
158.69.117.45 - - [28/Jul/2026:17:19:49 +0200] "GET /instalaciones/ HTTP/1.1" 200 105873 "-" "Mozilla/5.0 (Windows NT 10.0; Win64; x64) AppleWebKit/537.36 (KHTML, like Gecko) Chrome/124.0.0.0 Safari/537.36"
158.69.117.45 - - [28/Jul/2026:17:19:49 +0200] "GET /politica-de-privacidad/ HTTP/1.1" 200 119696 "-" "Mozilla/5.0 (Windows NT 10.0; Win64; x64) AppleWebKit/537.36 (KHTML, like Gecko) Chrome/124.0.0.0 Safari/537.36"
158.69.117.45 - - [28/Jul/2026:17:19:51 +0200] "GET /wp-content/plugins/elementor/assets/lib/swiper/v8/swiper.min.js?ver=8.4.5 HTTP/1.1" 200 5544 "-" "Mozilla/5.0 (Windows NT 10.0; Win64; x64) AppleWebKit/537.36 (KHTML, like Gecko) Chrome/124.0.0.0 Safari/537.36"
158.69.117.45 - - [28/Jul/2026:17:19:50 +0200] "GET /gl/autorizacions/ HTTP/1.1" 200 95837 "-" "Mozilla/5.0 (Windows NT 10.0; Win64; x64) AppleWebKit/537.36 (KHTML, like Gecko) Chrome/124.0.0.0 Safari/537.36"
158.69.117.45 - - [28/Jul/2026:17:19:51 +0200] "GET /wp-content/uploads/2024/09/Certificado-CE-R-Canteras-de-muro.pdf HTTP/1.1" 200 5538 "-" "Mozilla/5.0 (Windows NT 10.0; Win64; x64) AppleWebKit/537.36 (KHTML, like Gecko) Chrome/124.0.0.0 Safari/537.36"
158.69.117.45 - - [28/Jul/2026:17:19:50 +0200] "GET /gl/sustentabilidade/ HTTP/1.1" 200 94636 "-" "Mozilla/5.0 (Windows NT 10.0; Win64; x64) AppleWebKit/537.36 (KHTML, like Gecko) Chrome/124.0.0.0 Safari/537.36"
130.12.180.126 - - [28/Jul/2026:17:19:51 +0200] "GET /.env.save HTTP/1.1" 403 6292 "-" "Mozilla/5.0 (Macintosh; Intel Mac OS X 10_15_7) AppleWebKit/537.36 (KHTML, like Gecko, Yokohama Institute of Information Security  https://www.iisec.ac.jp) Chrome/124.0.0.0 Safari/537.36"
158.69.117.45 - - [28/Jul/2026:17:19:51 +0200] "GET /gl/nosa-empresa/ HTTP/1.1" 200 95084 "-" "Mozilla/5.0 (Windows NT 10.0; Win64; x64) AppleWebKit/537.36 (KHTML, like Gecko) Chrome/124.0.0.0 Safari/537.36"
158.69.117.45 - - [28/Jul/2026:17:19:51 +0200] "GET /gl/instalacions/ HTTP/1.1" 200 107056 "-" "Mozilla/5.0 (Windows NT 10.0; Win64; x64) AppleWebKit/537.36 (KHTML, like Gecko) Chrome/124.0.0.0 Safari/537.36"
158.69.117.45 - - [28/Jul/2026:17:19:51 +0200] "GET /gl/contacto/ HTTP/1.1" 200 102932 "-" "Mozilla/5.0 (Windows NT 10.0; Win64; x64) AppleWebKit/537.36 (KHTML, like Gecko) Chrome/124.0.0.0 Safari/537.36"
158.69.117.45 - - [28/Jul/2026:17:19:52 +0200] "GET /gl/aviso-legal/ HTTP/1.1" 200 105683 "-" "Mozilla/5.0 (Windows NT 10.0; Win64; x64) AppleWebKit/537.36 (KHTML, like Gecko) Chrome/124.0.0.0 Safari/537.36"
158.69.117.45 - - [28/Jul/2026:17:19:51 +0200] "GET /gl/instalacions/ HTTP/1.1" 200 107041 "-" "Mozilla/5.0 (Windows NT 10.0; Win64; x64) AppleWebKit/537.36 (KHTML, like Gecko) Chrome/124.0.0.0 Safari/537.36"
158.69.117.45 - - [28/Jul/2026:17:19:51 +0200] "GET /gl/instalacions/ HTTP/1.1" 200 107056 "-" "Mozilla/5.0 (Windows NT 10.0; Win64; x64) AppleWebKit/537.36 (KHTML, like Gecko) Chrome/124.0.0.0 Safari/537.36"
158.69.117.45 - - [28/Jul/2026:17:19:52 +0200] "GET /gl/politica-de-privacidade/ HTTP/1.1" 200 117166 "-" "Mozilla/5.0 (Windows NT 10.0; Win64; x64) AppleWebKit/537.36 (KHTML, like Gecko) Chrome/124.0.0.0 Safari/537.36"
158.69.117.45 - - [28/Jul/2026:17:19:51 +0200] "GET /gl/produtos/ HTTP/1.1" 200 139796 "-" "Mozilla/5.0 (Windows NT 10.0; Win64; x64) AppleWebKit/537.36 (KHTML, like Gecko) Chrome/124.0.0.0 Safari/537.36"
158.69.117.45 - - [28/Jul/2026:17:19:52 +0200] "GET /gl/produtos/ HTTP/1.1" 200 139796 "-" "Mozilla/5.0 (Windows NT 10.0; Win64; x64) AppleWebKit/537.36 (KHTML, like Gecko) Chrome/124.0.0.0 Safari/537.36"
158.69.117.45 - - [28/Jul/2026:17:19:53 +0200] "GET /gl/politica-de-cookies/ HTTP/1.1" 200 108858 "-" "Mozilla/5.0 (Windows NT 10.0; Win64; x64) AppleWebKit/537.36 (KHTML, like Gecko) Chrome/124.0.0.0 Safari/537.36"
158.69.55.148 - - [28/Jul/2026:17:20:24 +0200] "GET /robots.txt HTTP/1.1" 200 5682 "-" "Mozilla/5.0 (Windows NT 10.0; Win64; x64) AppleWebKit/537.36 (KHTML, like Gecko) Chrome/124.0.0.0 Safari/537.36"
84.246.212.44 - - [28/Jul/2026:17:20:24 +0200] "POST /wp-cron.php?doing_wp_cron=1785252024.7726619243621826171875 HTTP/1.1" 200 5527 "-" "WordPress/6.9; https://www.canterasdemuro.es"
158.69.55.148 - - [28/Jul/2026:17:20:24 +0200] "GET /robots.txt HTTP/1.1" 301 5579 "-" "Mozilla/5.0 (Windows NT 10.0; Win64; x64) AppleWebKit/537.36 (KHTML, like Gecko) Chrome/124.0.0.0 Safari/537.36"
158.69.55.148 - - [28/Jul/2026:17:20:25 +0200] "GET /robots.txt HTTP/1.1" 200 5682 "https://canterasdemuro.es/robots.txt" "Mozilla/5.0 (Windows NT 10.0; Win64; x64) AppleWebKit/537.36 (KHTML, like Gecko) Chrome/124.0.0.0 Safari/537.36"
84.246.212.44 - - [28/Jul/2026:17:20:25 +0200] "POST /wp-admin/admin-ajax.php?action=async_litespeed&nonce=NYY1wQioFHctOy62xnPqUik7Hjnc7jOy&litespeed_type=imgoptm HTTP/1.1" 200 5782 "-" "WordPress/6.9; https://www.canterasdemuro.es"
158.69.55.148 - - [28/Jul/2026:17:20:25 +0200] "GET / HTTP/1.1" 301 5569 "-" "Mozilla/5.0 (Windows NT 10.0; Win64; x64) AppleWebKit/537.36 (KHTML, like Gecko) Chrome/124.0.0.0 Safari/537.36"
158.69.55.148 - - [28/Jul/2026:17:20:24 +0200] "GET / HTTP/1.1" 200 100564 "-" "Mozilla/5.0 (Windows NT 10.0; Win64; x64) AppleWebKit/537.36 (KHTML, like Gecko) Chrome/124.0.0.0 Safari/537.36"
158.69.55.148 - - [28/Jul/2026:17:20:26 +0200] "GET /wp-includes/js/jquery/jquery.min.js?ver=3.7.1 HTTP/1.1" 200 5516 "-" "Mozilla/5.0 (Windows NT 10.0; Win64; x64) AppleWebKit/537.36 (KHTML, like Gecko) Chrome/124.0.0.0 Safari/537.36"
158.69.55.148 - - [28/Jul/2026:17:20:26 +0200] "GET /wp-includes/js/jquery/jquery-migrate.min.js?ver=3.4.1 HTTP/1.1" 200 5524 "-" "Mozilla/5.0 (Windows NT 10.0; Win64; x64) AppleWebKit/537.36 (KHTML, like Gecko) Chrome/124.0.0.0 Safari/537.36"
158.69.55.148 - - [28/Jul/2026:17:20:26 +0200] "GET /wp-content/themes/hello-elementor/assets/js/hello-frontend.min.js?ver=3.3.0 HTTP/1.1" 200 5546 "-" "Mozilla/5.0 (Windows NT 10.0; Win64; x64) AppleWebKit/537.36 (KHTML, like Gecko) Chrome/124.0.0.0 Safari/537.36"
158.69.55.148 - - [28/Jul/2026:17:20:26 +0200] "GET /wp-content/plugins/elementor-pro/assets/lib/smartmenus/jquery.smartmenus.min.js?ver=1.2.1 HTTP/1.1" 200 5560 "-" "Mozilla/5.0 (Windows NT 10.0; Win64; x64) AppleWebKit/537.36 (KHTML, like Gecko) Chrome/124.0.0.0 Safari/537.36"
158.69.55.148 - - [28/Jul/2026:17:20:27 +0200] "GET /wp-content/plugins/elementor-pro/assets/lib/sticky/jquery.sticky.min.js?ver=3.28.1 HTTP/1.1" 200 5552 "-" "Mozilla/5.0 (Windows NT 10.0; Win64; x64) AppleWebKit/537.36 (KHTML, like Gecko) Chrome/124.0.0.0 Safari/537.36"
158.69.55.148 - - [28/Jul/2026:17:20:26 +0200] "GET / HTTP/1.1" 200 100542 "https://canterasdemuro.es/" "Mozilla/5.0 (Windows NT 10.0; Win64; x64) AppleWebKit/537.36 (KHTML, like Gecko) Chrome/124.0.0.0 Safari/537.36"
158.69.55.148 - - [28/Jul/2026:17:20:27 +0200] "GET /wp-content/plugins/elementor-pro/assets/js/webpack-pro.runtime.min.js?ver=3.28.1 HTTP/1.1" 200 5550 "-" "Mozilla/5.0 (Windows NT 10.0; Win64; x64) AppleWebKit/537.36 (KHTML, like Gecko) Chrome/124.0.0.0 Safari/537.36"
158.69.55.148 - - [28/Jul/2026:17:20:27 +0200] "GET /wp-content/plugins/elementor/assets/js/webpack.runtime.min.js?ver=3.28.1 HTTP/1.1" 200 5542 "-" "Mozilla/5.0 (Windows NT 10.0; Win64; x64) AppleWebKit/537.36 (KHTML, like Gecko) Chrome/124.0.0.0 Safari/537.36"
158.69.55.148 - - [28/Jul/2026:17:20:27 +0200] "GET /wp-includes/js/dist/hooks.min.js?ver=dd5603f07f9220ed27f1 HTTP/1.1" 200 5513 "-" "Mozilla/5.0 (Windows NT 10.0; Win64; x64) AppleWebKit/537.36 (KHTML, like Gecko) Chrome/124.0.0.0 Safari/537.36"
158.69.55.148 - - [28/Jul/2026:17:20:27 +0200] "GET /wp-content/plugins/elementor-pro/assets/js/frontend.min.js?ver=3.28.1 HTTP/1.1" 200 5539 "-" "Mozilla/5.0 (Windows NT 10.0; Win64; x64) AppleWebKit/537.36 (KHTML, like Gecko) Chrome/124.0.0.0 Safari/537.36"
158.69.55.148 - - [28/Jul/2026:17:20:27 +0200] "GET /wp-content/plugins/elementor/assets/js/frontend-modules.min.js?ver=3.28.1 HTTP/1.1" 200 5543 "-" "Mozilla/5.0 (Windows NT 10.0; Win64; x64) AppleWebKit/537.36 (KHTML, like Gecko) Chrome/124.0.0.0 Safari/537.36"
158.69.55.148 - - [28/Jul/2026:17:20:27 +0200] "GET /wp-includes/js/dist/i18n.min.js?ver=c26c3dc7bed366793375 HTTP/1.1" 200 5512 "-" "Mozilla/5.0 (Windows NT 10.0; Win64; x64) AppleWebKit/537.36 (KHTML, like Gecko) Chrome/124.0.0.0 Safari/537.36"
158.69.55.148 - - [28/Jul/2026:17:20:27 +0200] "GET /wp-includes/js/jquery/ui/core.min.js?ver=1.13.3 HTTP/1.1" 200 5517 "-" "Mozilla/5.0 (Windows NT 10.0; Win64; x64) AppleWebKit/537.36 (KHTML, like Gecko) Chrome/124.0.0.0 Safari/537.36"
158.69.55.148 - - [28/Jul/2026:17:20:27 +0200] "GET /wp-content/plugins/gdpr-cookie-compliance/dist/scripts/main.js?ver=4.16.1 HTTP/1.1" 200 5543 "-" "Mozilla/5.0 (Windows NT 10.0; Win64; x64) AppleWebKit/537.36 (KHTML, like Gecko) Chrome/124.0.0.0 Safari/537.36"
158.69.55.148 - - [28/Jul/2026:17:20:27 +0200] "GET /wp-content/plugins/elementor/assets/js/frontend.min.js?ver=3.28.1 HTTP/1.1" 200 5535 "-" "Mozilla/5.0 (Windows NT 10.0; Win64; x64) AppleWebKit/537.36 (KHTML, like Gecko) Chrome/124.0.0.0 Safari/537.36"
158.69.55.148 - - [28/Jul/2026:17:20:27 +0200] "GET /wp-content/plugins/elementor-pro/assets/js/elements-handlers.min.js?ver=3.28.1 HTTP/1.1" 200 5548 "-" "Mozilla/5.0 (Windows NT 10.0; Win64; x64) AppleWebKit/537.36 (KHTML, like Gecko) Chrome/124.0.0.0 Safari/537.36"
158.69.55.148 - - [28/Jul/2026:17:20:27 +0200] "GET /nuestra-empresa/ HTTP/1.1" 200 96807 "-" "Mozilla/5.0 (Windows NT 10.0; Win64; x64) AppleWebKit/537.36 (KHTML, like Gecko) Chrome/124.0.0.0 Safari/537.36"
158.69.55.148 - - [28/Jul/2026:17:20:27 +0200] "GET /contacto/ HTTP/1.1" 200 104500 "-" "Mozilla/5.0 (Windows NT 10.0; Win64; x64) AppleWebKit/537.36 (KHTML, like Gecko) Chrome/124.0.0.0 Safari/537.36"
158.69.55.148 - - [28/Jul/2026:17:20:27 +0200] "GET /instalaciones/ HTTP/1.1" 200 105873 "-" "Mozilla/5.0 (Windows NT 10.0; Win64; x64) AppleWebKit/537.36 (KHTML, like Gecko) Chrome/124.0.0.0 Safari/537.36"
158.69.55.148 - - [28/Jul/2026:17:20:27 +0200] "GET /autorizaciones/ HTTP/1.1" 200 97505 "-" "Mozilla/5.0 (Windows NT 10.0; Win64; x64) AppleWebKit/537.36 (KHTML, like Gecko) Chrome/124.0.0.0 Safari/537.36"
158.69.55.148 - - [28/Jul/2026:17:20:27 +0200] "GET /sostenibilidad/ HTTP/1.1" 200 96233 "-" "Mozilla/5.0 (Windows NT 10.0; Win64; x64) AppleWebKit/537.36 (KHTML, like Gecko) Chrome/124.0.0.0 Safari/537.36"
158.69.55.148 - - [28/Jul/2026:17:20:29 +0200] "GET /index.php/autorizaciones/ HTTP/1.1" 301 5575 "-" "Mozilla/5.0 (Windows NT 10.0; Win64; x64) AppleWebKit/537.36 (KHTML, like Gecko) Chrome/124.0.0.0 Safari/537.36"
158.69.55.148 - - [28/Jul/2026:17:20:27 +0200] "GET /productos/ HTTP/1.1" 200 142206 "-" "Mozilla/5.0 (Windows NT 10.0; Win64; x64) AppleWebKit/537.36 (KHTML, like Gecko) Chrome/124.0.0.0 Safari/537.36"
158.69.55.148 - - [28/Jul/2026:17:20:27 +0200] "GET /gl/ HTTP/1.1" 200 99384 "-" "Mozilla/5.0 (Windows NT 10.0; Win64; x64) AppleWebKit/537.36 (KHTML, like Gecko) Chrome/124.0.0.0 Safari/537.36"
158.69.55.148 - - [28/Jul/2026:17:20:27 +0200] "GET /productos/ HTTP/1.1" 200 142236 "-" "Mozilla/5.0 (Windows NT 10.0; Win64; x64) AppleWebKit/537.36 (KHTML, like Gecko) Chrome/124.0.0.0 Safari/537.36"
158.69.55.148 - - [28/Jul/2026:17:20:30 +0200] "GET /wp-content/uploads/2024/10/Autorizacion-Agente-de-Residuos-No-Peligrosos-CANTERAS-DE-MURO.pdf HTTP/1.1" 200 5567 "-" "Mozilla/5.0 (Windows NT 10.0; Win64; x64) AppleWebKit/537.36 (KHTML, like Gecko) Chrome/124.0.0.0 Safari/537.36"
158.69.55.148 - - [28/Jul/2026:17:20:29 +0200] "GET /politica-de-privacidad/ HTTP/1.1" 200 119696 "-" "Mozilla/5.0 (Windows NT 10.0; Win64; x64) AppleWebKit/537.36 (KHTML, like Gecko) Chrome/124.0.0.0 Safari/537.36"
158.69.55.148 - - [28/Jul/2026:17:20:29 +0200] "GET /instalaciones/ HTTP/1.1" 200 105873 "-" "Mozilla/5.0 (Windows NT 10.0; Win64; x64) AppleWebKit/537.36 (KHTML, like Gecko) Chrome/124.0.0.0 Safari/537.36"
158.69.55.148 - - [28/Jul/2026:17:20:29 +0200] "GET /aviso-legal/ HTTP/1.1" 200 107615 "-" "Mozilla/5.0 (Windows NT 10.0; Win64; x64) AppleWebKit/537.36 (KHTML, like Gecko) Chrome/124.0.0.0 Safari/537.36"
158.69.55.148 - - [28/Jul/2026:17:20:30 +0200] "GET /wp-content/uploads/2024/10/Autorizacion-Gestor-de-Valoracion-de-Materiales-Excavados-LER-170504-CANTERAS-DE-MURO.pdf HTTP/1.1" 200 5590 "-" "Mozilla/5.0 (Windows NT 10.0; Win64; x64) AppleWebKit/537.36 (KHTML, like Gecko) Chrome/124.0.0.0 Safari/537.36"
158.69.55.148 - - [28/Jul/2026:17:20:31 +0200] "GET /wp-content/uploads/2024/10/Autorizacion-Transportista-Profesional-de-Residuos-No-Peligrosos-CANTERAS-DE-MURO.pdf HTTP/1.1" 200 5586 "-" "Mozilla/5.0 (Windows NT 10.0; Win64; x64) AppleWebKit/537.36 (KHTML, like Gecko) Chrome/124.0.0.0 Safari/537.36"
158.69.55.148 - - [28/Jul/2026:17:20:29 +0200] "GET /instalaciones/ HTTP/1.1" 200 105873 "-" "Mozilla/5.0 (Windows NT 10.0; Win64; x64) AppleWebKit/537.36 (KHTML, like Gecko) Chrome/124.0.0.0 Safari/537.36"
158.69.55.148 - - [28/Jul/2026:17:20:29 +0200] "GET /politica-de-cookies/ HTTP/1.1" 200 108045 "-" "Mozilla/5.0 (Windows NT 10.0; Win64; x64) AppleWebKit/537.36 (KHTML, like Gecko) Chrome/124.0.0.0 Safari/537.36"
158.69.55.148 - - [28/Jul/2026:17:20:31 +0200] "GET /wp-content/plugins/elementor/assets/lib/swiper/v8/swiper.min.js?ver=8.4.5 HTTP/1.1" 200 5544 "-" "Mozilla/5.0 (Windows NT 10.0; Win64; x64) AppleWebKit/537.36 (KHTML, like Gecko) Chrome/124.0.0.0 Safari/537.36"
158.69.55.148 - - [28/Jul/2026:17:20:30 +0200] "GET /gl/nosa-empresa/ HTTP/1.1" 200 95084 "-" "Mozilla/5.0 (Windows NT 10.0; Win64; x64) AppleWebKit/537.36 (KHTML, like Gecko) Chrome/124.0.0.0 Safari/537.36"
158.69.55.148 - - [28/Jul/2026:17:20:30 +0200] "GET /gl/autorizacions/ HTTP/1.1" 200 95852 "-" "Mozilla/5.0 (Windows NT 10.0; Win64; x64) AppleWebKit/537.36 (KHTML, like Gecko) Chrome/124.0.0.0 Safari/537.36"
158.69.55.148 - - [28/Jul/2026:17:20:31 +0200] "GET /wp-content/uploads/2024/09/Certificado-CE-R-Canteras-de-muro.pdf HTTP/1.1" 200 5538 "-" "Mozilla/5.0 (Windows NT 10.0; Win64; x64) AppleWebKit/537.36 (KHTML, like Gecko) Chrome/124.0.0.0 Safari/537.36"
158.69.55.148 - - [28/Jul/2026:17:20:31 +0200] "GET /gl/contacto/ HTTP/1.1" 200 102932 "-" "Mozilla/5.0 (Windows NT 10.0; Win64; x64) AppleWebKit/537.36 (KHTML, like Gecko) Chrome/124.0.0.0 Safari/537.36"
158.69.55.148 - - [28/Jul/2026:17:20:31 +0200] "GET /gl/produtos/ HTTP/1.1" 200 139796 "-" "Mozilla/5.0 (Windows NT 10.0; Win64; x64) AppleWebKit/537.36 (KHTML, like Gecko) Chrome/124.0.0.0 Safari/537.36"
158.69.55.148 - - [28/Jul/2026:17:20:31 +0200] "GET /gl/instalacions/ HTTP/1.1" 200 107041 "-" "Mozilla/5.0 (Windows NT 10.0; Win64; x64) AppleWebKit/537.36 (KHTML, like Gecko) Chrome/124.0.0.0 Safari/537.36"
158.69.55.148 - - [28/Jul/2026:17:20:31 +0200] "GET /gl/sustentabilidade/ HTTP/1.1" 200 94636 "-" "Mozilla/5.0 (Windows NT 10.0; Win64; x64) AppleWebKit/537.36 (KHTML, like Gecko) Chrome/124.0.0.0 Safari/537.36"
158.69.55.148 - - [28/Jul/2026:17:20:31 +0200] "GET /gl/instalacions/ HTTP/1.1" 200 107056 "-" "Mozilla/5.0 (Windows NT 10.0; Win64; x64) AppleWebKit/537.36 (KHTML, like Gecko) Chrome/124.0.0.0 Safari/537.36"
158.69.55.148 - - [28/Jul/2026:17:20:31 +0200] "GET /gl/instalacions/ HTTP/1.1" 200 107056 "-" "Mozilla/5.0 (Windows NT 10.0; Win64; x64) AppleWebKit/537.36 (KHTML, like Gecko) Chrome/124.0.0.0 Safari/537.36"
158.69.55.148 - - [28/Jul/2026:17:20:32 +0200] "GET /gl/politica-de-privacidade/ HTTP/1.1" 200 117166 "-" "Mozilla/5.0 (Windows NT 10.0; Win64; x64) AppleWebKit/537.36 (KHTML, like Gecko) Chrome/124.0.0.0 Safari/537.36"
158.69.55.148 - - [28/Jul/2026:17:20:31 +0200] "GET /gl/produtos/ HTTP/1.1" 200 139796 "-" "Mozilla/5.0 (Windows NT 10.0; Win64; x64) AppleWebKit/537.36 (KHTML, like Gecko) Chrome/124.0.0.0 Safari/537.36"
158.69.55.148 - - [28/Jul/2026:17:20:32 +0200] "GET /gl/aviso-legal/ HTTP/1.1" 200 105683 "-" "Mozilla/5.0 (Windows NT 10.0; Win64; x64) AppleWebKit/537.36 (KHTML, like Gecko) Chrome/124.0.0.0 Safari/537.36"
158.69.55.148 - - [28/Jul/2026:17:20:33 +0200] "GET /gl/politica-de-cookies/ HTTP/1.1" 200 108858 "-" "Mozilla/5.0 (Windows NT 10.0; Win64; x64) AppleWebKit/537.36 (KHTML, like Gecko) Chrome/124.0.0.0 Safari/537.36"
84.246.212.44 - - [28/Jul/2026:17:21:33 +0200] "POST /wp-cron.php?doing_wp_cron=1785252093.0904650688171386718750 HTTP/1.1" 200 5527 "-" "WordPress/6.9; https://www.canterasdemuro.es"
54.87.187.46 - - [28/Jul/2026:17:21:32 +0200] "GET / HTTP/1.1" 301 5569 "-" "Mozilla/5.0 (Windows NT 10.0; Win64; x64) AppleWebKit/537.36"
54.87.187.46 - - [28/Jul/2026:17:21:32 +0200] "GET / HTTP/1.1" 200 100542 "-" "Mozilla/5.0 (Windows NT 10.0; Win64; x64) AppleWebKit/537.36"
84.246.212.44 - - [28/Jul/2026:17:21:33 +0200] "POST /wp-admin/admin-ajax.php?action=async_litespeed&nonce=BGfZv9xyC3D5lzVsYW4G27p3wRgQMhgg&litespeed_type=imgoptm HTTP/1.1" 200 5782 "-" "WordPress/6.9; https://www.canterasdemuro.es"
54.87.187.46 - - [28/Jul/2026:17:21:33 +0200] "GET / HTTP/1.1" 200 100542 "-" "Mozilla/5.0 (Windows NT 10.0; Win64; x64) AppleWebKit/537.36"
84.246.212.44 - - [28/Jul/2026:17:23:41 +0200] "POST /wp-cron.php?doing_wp_cron=1785252220.9815680980682373046875 HTTP/1.1" 200 5527 "-" "WordPress/6.9; https://www.canterasdemuro.es"
108.131.33.221 - - [28/Jul/2026:17:23:40 +0200] "GET / HTTP/1.1" 301 5569 "-" "Mozilla/5.0 (X11; Linux x86_64) AppleWebKit/537.36 Chrome/120 Safari/537.36"
108.131.33.221 - - [28/Jul/2026:17:23:40 +0200] "GET / HTTP/1.1" 200 100542 "-" "Mozilla/5.0 (X11; Linux x86_64) AppleWebKit/537.36 Chrome/120 Safari/537.36"
84.246.212.44 - - [28/Jul/2026:17:23:41 +0200] "POST /wp-admin/admin-ajax.php?action=async_litespeed&nonce=3pDGPeFJmNB4ZemXDQkxf45bNsotsYXd&litespeed_type=imgoptm HTTP/1.1" 200 5782 "-" "WordPress/6.9; https://www.canterasdemuro.es"
108.131.33.221 - - [28/Jul/2026:17:23:41 +0200] "GET / HTTP/1.1" 200 100542 "-" "Mozilla/5.0 (X11; Linux x86_64) AppleWebKit/537.36 Chrome/120 Safari/537.36"
192.241.134.160 - - [28/Jul/2026:17:23:58 +0200] "GET / HTTP/1.1" 301 5569 "http://canterasdemuro.es" "Go-http-client/1.1"
192.241.134.160 - - [28/Jul/2026:17:24:01 +0200] "GET / HTTP/1.1" 200 100542 "https://canterasdemuro.es/" "Go-http-client/1.1"
84.246.212.44 - - [28/Jul/2026:17:29:10 +0200] "POST /wp-cron.php?doing_wp_cron=1785252550.4934239387512207031250 HTTP/1.1" 200 5527 "-" "WordPress/6.9; https://www.canterasdemuro.es"
89.124.104.131 - - [28/Jul/2026:17:29:09 +0200] "GET /hello-world/ HTTP/1.1" 200 93785 "https://www.canterasdemuro.es/hello-world/" "Mozilla/5.0 (Windows NT 10.0; Win64; x64) AppleWebKit/537.36 (KHTML, like Gecko) Chrome/129.0.0.0 Safari/537.36"
84.246.212.44 - - [28/Jul/2026:17:29:11 +0200] "POST /wp-admin/admin-ajax.php?action=async_litespeed&nonce=MaZZxrvQNdNMlo7MrgUjszDN3pySMa5Y&litespeed_type=imgoptm HTTP/1.1" 200 5782 "-" "WordPress/6.9; https://www.canterasdemuro.es"
89.124.104.131 - - [28/Jul/2026:17:29:10 +0200] "POST /wp-comments-post.php HTTP/1.1" 302 6301 "https://www.canterasdemuro.es/hello-world/" "Mozilla/5.0 (Windows NT 10.0; Win64; x64) AppleWebKit/537.36 (KHTML, like Gecko) Chrome/129.0.0.0 Safari/537.36"
84.246.212.44 - - [28/Jul/2026:17:29:13 +0200] "POST /wp-cron.php?doing_wp_cron=1785252553.6629559993743896484375 HTTP/1.1" 200 5527 "-" "WordPress/6.9; https://www.canterasdemuro.es"
89.124.104.131 - - [28/Jul/2026:17:29:12 +0200] "GET /hello-world/ HTTP/1.1" 200 97186 "https://www.canterasdemuro.es/hello-world/#comment-617" "Mozilla/5.0 (Windows NT 10.0; Win64; x64) AppleWebKit/537.36 (KHTML, like Gecko) Chrome/129.0.0.0 Safari/537.36"
84.246.212.44 - - [28/Jul/2026:17:29:14 +0200] "POST /wp-admin/admin-ajax.php?action=async_litespeed&nonce=38lxkRiNlXdZz9j1Omj9qV00XSm8YFCj&litespeed_type=imgoptm HTTP/1.1" 200 5782 "-" "WordPress/6.9; https://www.canterasdemuro.es"
84.246.212.44 - - [28/Jul/2026:17:31:51 +0200] "POST /wp-cron.php?doing_wp_cron=1785252711.1140038967132568359375 HTTP/1.1" 200 5527 "-" "WordPress/6.9; https://www.canterasdemuro.es"
162.120.187.216 - - [28/Jul/2026:17:31:49 +0200] "GET / HTTP/1.1" 200 100542 "https://www.google.com/" "Mozilla/5.0 (Windows NT 10.0; Win64; x64) AppleWebKit/537.36 (KHTML, like Gecko) Chrome/150.0.0.0 Safari/537.36"
84.246.212.44 - - [28/Jul/2026:17:31:51 +0200] "POST /wp-admin/admin-ajax.php?action=async_litespeed&nonce=QutURreofDaXsJRNNLvdp2wKhzrLgYi8&litespeed_type=imgoptm HTTP/1.1" 200 5782 "-" "WordPress/6.9; https://www.canterasdemuro.es"
84.246.212.44 - - [28/Jul/2026:17:32:25 +0200] "POST /wp-cron.php?doing_wp_cron=1785252745.7440090179443359375000 HTTP/1.1" 200 5527 "-" "WordPress/6.9; https://www.canterasdemuro.es"
142.132.195.214 - - [28/Jul/2026:17:32:24 +0200] "GET / HTTP/1.1" 200 100542 "-" "SEBot-WA"
142.132.195.214 - - [28/Jul/2026:17:32:25 +0200] "GET /wp-content/themes/hello-elementor/style.min.css?ver=3.3.0 HTTP/1.1" 200 5514 "https://www.canterasdemuro.es/" "SEBot-WA"
142.132.195.214 - - [28/Jul/2026:17:32:25 +0200] "GET /wp-content/themes/hello-elementor/theme.min.css?ver=3.3.0 HTTP/1.1" 200 5514 "https://www.canterasdemuro.es/" "SEBot-WA"
142.132.195.214 - - [28/Jul/2026:17:32:26 +0200] "GET /wp-content/uploads/elementor/css/post-8.css?ver=1733139880 HTTP/1.1" 200 5510 "https://www.canterasdemuro.es/" "SEBot-WA"
144.76.164.62 - - [28/Jul/2026:17:32:24 +0200] "GET /productos/ HTTP/1.1" 200 142236 "-" "SEBot-WA"
142.132.195.214 - - [28/Jul/2026:17:32:26 +0200] "GET /wp-content/themes/hello-elementor-child/style.css?ver=6.9 HTTP/1.1" 200 5516 "https://www.canterasdemuro.es/" "SEBot-WA"
142.132.195.214 - - [28/Jul/2026:17:32:26 +0200] "GET /wp-content/uploads/elementor/css/custom-pro-widget-nav-menu.min.css?ver=1733139880 HTTP/1.1" 200 5534 "https://www.canterasdemuro.es/" "SEBot-WA"
142.132.195.214 - - [28/Jul/2026:17:32:26 +0200] "GET /wp-content/plugins/elementor/assets/css/widget-image.min.css?ver=3.28.1 HTTP/1.1" 200 5765 "https://www.canterasdemuro.es/" "SEBot-WA"
142.132.195.214 - - [28/Jul/2026:17:32:25 +0200] "GET /wp-content/themes/hello-elementor/header-footer.min.css?ver=3.3.0 HTTP/1.1" 200 5522 "https://www.canterasdemuro.es/" "SEBot-WA"
142.132.195.214 - - [28/Jul/2026:17:32:26 +0200] "GET /wp-content/uploads/elementor/css/custom-frontend.min.css?ver=1733139880 HTTP/1.1" 200 5523 "https://www.canterasdemuro.es/" "SEBot-WA"
142.132.195.214 - - [28/Jul/2026:17:32:26 +0200] "GET /wp-content/plugins/elementor-pro/assets/css/modules/sticky.min.css?ver=3.28.1 HTTP/1.1" 200 5673 "https://www.canterasdemuro.es/" "SEBot-WA"
142.132.195.214 - - [28/Jul/2026:17:32:26 +0200] "GET /wp-content/plugins/elementor/assets/css/widget-heading.min.css?ver=3.28.1 HTTP/1.1" 200 6112 "https://www.canterasdemuro.es/" "SEBot-WA"
142.132.195.214 - - [28/Jul/2026:17:32:26 +0200] "GET /wp-content/uploads/elementor/css/custom-widget-icon-list.min.css?ver=1733139880 HTTP/1.1" 200 5531 "https://www.canterasdemuro.es/" "SEBot-WA"
142.132.195.214 - - [28/Jul/2026:17:32:26 +0200] "GET /wp-content/plugins/elementor/assets/css/widget-text-editor.min.css?ver=3.28.1 HTTP/1.1" 200 6232 "https://www.canterasdemuro.es/" "SEBot-WA"
142.132.195.214 - - [28/Jul/2026:17:32:26 +0200] "GET /wp-content/plugins/elementor/assets/css/widget-spacer.min.css?ver=3.28.1 HTTP/1.1" 200 5528 "https://www.canterasdemuro.es/" "SEBot-WA"
142.132.195.214 - - [28/Jul/2026:17:32:26 +0200] "GET /wp-content/plugins/elementor/assets/lib/animations/styles/e-animation-float.min.css?ver=3.28.1 HTTP/1.1" 200 5755 "https://www.canterasdemuro.es/" "SEBot-WA"
142.132.195.214 - - [28/Jul/2026:17:32:26 +0200] "GET /wp-content/uploads/elementor/css/post-33.css?ver=1733139880 HTTP/1.1" 200 5511 "https://www.canterasdemuro.es/" "SEBot-WA"
142.132.195.214 - - [28/Jul/2026:17:32:26 +0200] "GET /wp-content/uploads/elementor/css/post-609.css?ver=1733146676 HTTP/1.1" 200 5512 "https://www.canterasdemuro.es/" "SEBot-WA"
144.76.164.62 - - [28/Jul/2026:17:32:26 +0200] "GET /wp-content/themes/hello-elementor/style.min.css?ver=3.3.0 HTTP/1.1" 200 5514 "https://www.canterasdemuro.es/productos/" "SEBot-WA"
144.76.164.62 - - [28/Jul/2026:17:32:26 +0200] "GET /wp-content/themes/hello-elementor/theme.min.css?ver=3.3.0 HTTP/1.1" 200 5514 "https://www.canterasdemuro.es/productos/" "SEBot-WA"
