20.104.16.169 - - [29/Jul/2026:20:55:56 +0200] "GET /mac.php HTTP/1.1" 301 5688 "-" "Mozilla/5.0 (Windows NT 10.0; Win64; x64) AppleWebKit/537.36 (KHTML, like Gecko) Chrome/120.0.0.0 Safari/537.36"
20.104.16.169 - - [29/Jul/2026:20:55:56 +0200] "GET /nc4.php HTTP/1.1" 301 5688 "-" "Mozilla/5.0 (Windows NT 10.0; Win64; x64) AppleWebKit/537.36 (KHTML, like Gecko) Chrome/120.0.0.0 Safari/537.36"
84.246.212.44 - - [29/Jul/2026:21:00:33 +0200] "POST /wp-cron.php?doing_wp_cron=1785351633.4516010284423828125000 HTTP/1.1" 200 5527 "-" "WordPress/6.9; https://www.canterasdemuro.es"
198.244.226.86 - - [29/Jul/2026:21:00:32 +0200] "GET /wp-sitemap.xml HTTP/1.1" 200 6234 "-" "Mozilla/5.0 (compatible; AhrefsBot/7.0; +http://ahrefs.com/robot/)"
84.246.212.44 - - [29/Jul/2026:21:00:34 +0200] "POST /wp-admin/admin-ajax.php?action=async_litespeed&nonce=7gfhZz5KMosdY1dkm87iZFUWeDHg9Jn1&litespeed_type=imgoptm HTTP/1.1" 200 5782 "-" "WordPress/6.9; https://www.canterasdemuro.es"
51.195.183.115 - - [29/Jul/2026:21:00:35 +0200] "GET /wp-sitemap-posts-post-1.xml HTTP/1.1" 200 5797 "-" "Mozilla/5.0 (compatible; AhrefsBot/7.0; +http://ahrefs.com/robot/)"
198.244.183.183 - - [29/Jul/2026:21:00:36 +0200] "GET /wp-sitemap-posts-page-1.xml HTTP/1.1" 200 6783 "-" "Mozilla/5.0 (compatible; AhrefsBot/7.0; +http://ahrefs.com/robot/)"
198.244.183.172 - - [29/Jul/2026:21:00:38 +0200] "GET /gl/wp-sitemap-posts-page-1.xml HTTP/1.1" 200 6810 "-" "Mozilla/5.0 (compatible; AhrefsBot/7.0; +http://ahrefs.com/robot/)"
51.195.215.181 - - [29/Jul/2026:21:00:40 +0200] "GET /wp-sitemap-taxonomies-category-1.xml HTTP/1.1" 200 5764 "-" "Mozilla/5.0 (compatible; AhrefsBot/7.0; +http://ahrefs.com/robot/)"
54.38.147.202 - - [29/Jul/2026:21:00:42 +0200] "GET /wp-sitemap-users-1.xml HTTP/1.1" 200 5754 "-" "Mozilla/5.0 (compatible; AhrefsBot/7.0; +http://ahrefs.com/robot/)"
51.195.244.181 - - [29/Jul/2026:21:00:43 +0200] "GET /gl/wp-sitemap-users-1.xml HTTP/1.1" 200 5757 "-" "Mozilla/5.0 (compatible; AhrefsBot/7.0; +http://ahrefs.com/robot/)"
84.246.212.44 - - [29/Jul/2026:21:01:19 +0200] "POST /wp-cron.php?doing_wp_cron=1785351679.7041370868682861328125 HTTP/1.1" 200 5527 "-" "WordPress/6.9; https://www.canterasdemuro.es"
43.135.142.7 - - [29/Jul/2026:21:01:19 +0200] "GET / HTTP/1.1" 301 5569 "http://canterasdemuro.es" "Mozilla/5.0 (iPhone; CPU iPhone OS 13_2_3 like Mac OS X) AppleWebKit/605.1.15 (KHTML, like Gecko) Version/13.0.3 Mobile/15E148 Safari/604.1"
84.246.212.44 - - [29/Jul/2026:21:01:20 +0200] "POST /wp-admin/admin-ajax.php?action=async_litespeed&nonce=1Ip0tQkbMMNQhbYnJeEcHUirwYYewxDk&litespeed_type=imgoptm HTTP/1.1" 200 5782 "-" "WordPress/6.9; https://www.canterasdemuro.es"
43.135.142.7 - - [29/Jul/2026:21:01:21 +0200] "GET / HTTP/1.1" 200 100542 "https://canterasdemuro.es/" "Mozilla/5.0 (iPhone; CPU iPhone OS 13_2_3 like Mac OS X) AppleWebKit/605.1.15 (KHTML, like Gecko) Version/13.0.3 Mobile/15E148 Safari/604.1"
43.156.37.91 - - [29/Jul/2026:21:04:33 +0200] "GET / HTTP/1.1" 200 100542 "-" "Mozilla/5.0 (iPhone; CPU iPhone OS 13_2_3 like Mac OS X) AppleWebKit/605.1.15 (KHTML, like Gecko) Version/13.0.3 Mobile/15E148 Safari/604.1"
84.246.212.44 - - [29/Jul/2026:21:04:34 +0200] "POST /wp-cron.php?doing_wp_cron=1785351874.5840508937835693359375 HTTP/1.1" 200 5527 "-" "WordPress/6.9; https://www.canterasdemuro.es"
84.246.212.44 - - [29/Jul/2026:21:04:35 +0200] "POST /wp-admin/admin-ajax.php?action=async_litespeed&nonce=ZK0l2bofshkq97OChK6lLYy7usAZoWAE&litespeed_type=imgoptm HTTP/1.1" 200 5782 "-" "WordPress/6.9; https://www.canterasdemuro.es"
84.246.212.44 - - [29/Jul/2026:21:15:34 +0200] "POST /wp-cron.php?doing_wp_cron=1785352534.8350040912628173828125 HTTP/1.1" 200 5527 "-" "WordPress/6.9; https://www.canterasdemuro.es"
47.128.53.204 - - [29/Jul/2026:21:15:33 +0200] "GET /gl/nosa-empresa/ HTTP/1.1" 200 95084 "-" "Mozilla/5.0 (compatible; Bytespider; spider-feedback@bytedance.com) AppleWebKit/537.36 (KHTML, like Gecko) Chrome/70.0.0.0 Safari/537.36"
47.128.53.204 - - [29/Jul/2026:21:15:35 +0200] "GET /wp-content/themes/hello-elementor/theme.min.css?ver=3.3.0 HTTP/1.1" 200 5514 "https://www.canterasdemuro.es/gl/nosa-empresa/" "Mozilla/5.0 (compatible; Bytespider; spider-feedback@bytedance.com) AppleWebKit/537.36 (KHTML, like Gecko) Chrome/70.0.0.0 Safari/537.36"
47.128.53.204 - - [29/Jul/2026:21:15:35 +0200] "GET /wp-content/themes/hello-elementor/style.min.css?ver=3.3.0 HTTP/1.1" 200 5514 "https://www.canterasdemuro.es/gl/nosa-empresa/" "Mozilla/5.0 (compatible; Bytespider; spider-feedback@bytedance.com) AppleWebKit/537.36 (KHTML, like Gecko) Chrome/70.0.0.0 Safari/537.36"
84.246.212.44 - - [29/Jul/2026:21:15:35 +0200] "POST /wp-admin/admin-ajax.php?action=async_litespeed&nonce=RIK2JsdPrFjxC5zAfSoX5xU3x4tFex8h&litespeed_type=imgoptm HTTP/1.1" 200 5782 "-" "WordPress/6.9; https://www.canterasdemuro.es"
47.128.53.204 - - [29/Jul/2026:21:15:36 +0200] "GET /wp-content/themes/hello-elementor-child/style.css?ver=6.9 HTTP/1.1" 200 5516 "https://www.canterasdemuro.es/gl/nosa-empresa/" "Mozilla/5.0 (compatible; Bytespider; spider-feedback@bytedance.com) AppleWebKit/537.36 (KHTML, like Gecko) Chrome/70.0.0.0 Safari/537.36"
47.128.53.204 - - [29/Jul/2026:21:15:36 +0200] "GET /wp-content/uploads/elementor/css/post-8.css?ver=1733139880 HTTP/1.1" 200 5510 "https://www.canterasdemuro.es/gl/nosa-empresa/" "Mozilla/5.0 (compatible; Bytespider; spider-feedback@bytedance.com) AppleWebKit/537.36 (KHTML, like Gecko) Chrome/70.0.0.0 Safari/537.36"
47.128.53.204 - - [29/Jul/2026:21:15:36 +0200] "GET /wp-content/themes/hello-elementor/header-footer.min.css?ver=3.3.0 HTTP/1.1" 200 5522 "https://www.canterasdemuro.es/gl/nosa-empresa/" "Mozilla/5.0 (compatible; Bytespider; spider-feedback@bytedance.com) AppleWebKit/537.36 (KHTML, like Gecko) Chrome/70.0.0.0 Safari/537.36"
47.128.53.204 - - [29/Jul/2026:21:15:36 +0200] "GET /wp-content/plugins/elementor/assets/css/widget-image.min.css?ver=3.28.1 HTTP/1.1" 200 5765 "https://www.canterasdemuro.es/gl/nosa-empresa/" "Mozilla/5.0 (compatible; Bytespider; spider-feedback@bytedance.com) AppleWebKit/537.36 (KHTML, like Gecko) Chrome/70.0.0.0 Safari/537.36"
47.128.53.204 - - [29/Jul/2026:21:15:36 +0200] "GET /wp-content/uploads/elementor/css/custom-frontend.min.css?ver=1733139880 HTTP/1.1" 200 5523 "https://www.canterasdemuro.es/gl/nosa-empresa/" "Mozilla/5.0 (compatible; Bytespider; spider-feedback@bytedance.com) AppleWebKit/537.36 (KHTML, like Gecko) Chrome/70.0.0.0 Safari/537.36"
47.128.53.204 - - [29/Jul/2026:21:15:36 +0200] "GET /wp-content/uploads/elementor/css/custom-pro-widget-nav-menu.min.css?ver=1733139880 HTTP/1.1" 200 5534 "https://www.canterasdemuro.es/gl/nosa-empresa/" "Mozilla/5.0 (compatible; Bytespider; spider-feedback@bytedance.com) AppleWebKit/537.36 (KHTML, like Gecko) Chrome/70.0.0.0 Safari/537.36"
47.128.53.204 - - [29/Jul/2026:21:15:36 +0200] "GET /wp-content/plugins/elementor-pro/assets/css/modules/sticky.min.css?ver=3.28.1 HTTP/1.1" 200 5673 "https://www.canterasdemuro.es/gl/nosa-empresa/" "Mozilla/5.0 (compatible; Bytespider; spider-feedback@bytedance.com) AppleWebKit/537.36 (KHTML, like Gecko) Chrome/70.0.0.0 Safari/537.36"
47.128.53.204 - - [29/Jul/2026:21:15:36 +0200] "GET /wp-content/plugins/elementor/assets/css/widget-spacer.min.css?ver=3.28.1 HTTP/1.1" 200 5528 "https://www.canterasdemuro.es/gl/nosa-empresa/" "Mozilla/5.0 (compatible; Bytespider; spider-feedback@bytedance.com) AppleWebKit/537.36 (KHTML, like Gecko) Chrome/70.0.0.0 Safari/537.36"
47.128.53.204 - - [29/Jul/2026:21:15:36 +0200] "GET /wp-content/plugins/elementor/assets/css/widget-heading.min.css?ver=3.28.1 HTTP/1.1" 200 6112 "https://www.canterasdemuro.es/gl/nosa-empresa/" "Mozilla/5.0 (compatible; Bytespider; spider-feedback@bytedance.com) AppleWebKit/537.36 (KHTML, like Gecko) Chrome/70.0.0.0 Safari/537.36"
47.128.53.204 - - [29/Jul/2026:21:15:36 +0200] "GET /wp-content/uploads/elementor/css/custom-widget-icon-list.min.css?ver=1733139880 HTTP/1.1" 200 5531 "https://www.canterasdemuro.es/gl/nosa-empresa/" "Mozilla/5.0 (compatible; Bytespider; spider-feedback@bytedance.com) AppleWebKit/537.36 (KHTML, like Gecko) Chrome/70.0.0.0 Safari/537.36"
47.128.53.204 - - [29/Jul/2026:21:15:36 +0200] "GET /wp-content/plugins/elementor/assets/css/widget-text-editor.min.css?ver=3.28.1 HTTP/1.1" 200 6232 "https://www.canterasdemuro.es/gl/nosa-empresa/" "Mozilla/5.0 (compatible; Bytespider; spider-feedback@bytedance.com) AppleWebKit/537.36 (KHTML, like Gecko) Chrome/70.0.0.0 Safari/537.36"
47.128.53.204 - - [29/Jul/2026:21:15:36 +0200] "GET /wp-content/uploads/elementor/css/post-614.css?ver=1733197878 HTTP/1.1" 200 5512 "https://www.canterasdemuro.es/gl/nosa-empresa/" "Mozilla/5.0 (compatible; Bytespider; spider-feedback@bytedance.com) AppleWebKit/537.36 (KHTML, like Gecko) Chrome/70.0.0.0 Safari/537.36"
47.128.53.204 - - [29/Jul/2026:21:15:36 +0200] "GET /wp-content/uploads/elementor/css/post-699.css?ver=1733155001 HTTP/1.1" 200 5512 "https://www.canterasdemuro.es/gl/nosa-empresa/" "Mozilla/5.0 (compatible; Bytespider; spider-feedback@bytedance.com) AppleWebKit/537.36 (KHTML, like Gecko) Chrome/70.0.0.0 Safari/537.36"
47.128.53.204 - - [29/Jul/2026:21:15:36 +0200] "GET /wp-content/uploads/elementor/css/post-690.css?ver=1733155001 HTTP/1.1" 200 5512 "https://www.canterasdemuro.es/gl/nosa-empresa/" "Mozilla/5.0 (compatible; Bytespider; spider-feedback@bytedance.com) AppleWebKit/537.36 (KHTML, like Gecko) Chrome/70.0.0.0 Safari/537.36"
47.128.53.204 - - [29/Jul/2026:21:15:36 +0200] "GET /wp-content/uploads/elementor/google-fonts/css/plusjakartasans.css?ver=1742899034 HTTP/1.1" 200 5532 "https://www.canterasdemuro.es/gl/nosa-empresa/" "Mozilla/5.0 (compatible; Bytespider; spider-feedback@bytedance.com) AppleWebKit/537.36 (KHTML, like Gecko) Chrome/70.0.0.0 Safari/537.36"
47.128.53.204 - - [29/Jul/2026:21:15:36 +0200] "GET /wp-content/plugins/gdpr-cookie-compliance/dist/styles/gdpr-main-nf.css?ver=4.16.1 HTTP/1.1" 200 5537 "https://www.canterasdemuro.es/gl/nosa-empresa/" "Mozilla/5.0 (compatible; Bytespider; spider-feedback@bytedance.com) AppleWebKit/537.36 (KHTML, like Gecko) Chrome/70.0.0.0 Safari/537.36"
47.128.53.204 - - [29/Jul/2026:21:15:36 +0200] "GET /wp-content/uploads/elementor/css/post-459.css?ver=1733139881 HTTP/1.1" 200 5512 "https://www.canterasdemuro.es/gl/nosa-empresa/" "Mozilla/5.0 (compatible; Bytespider; spider-feedback@bytedance.com) AppleWebKit/537.36 (KHTML, like Gecko) Chrome/70.0.0.0 Safari/537.36"
47.128.53.204 - - [29/Jul/2026:21:15:36 +0200] "GET /wp-content/uploads/elementor/google-fonts/css/nunitosans.css?ver=1742899037 HTTP/1.1" 200 5527 "https://www.canterasdemuro.es/gl/nosa-empresa/" "Mozilla/5.0 (compatible; Bytespider; spider-feedback@bytedance.com) AppleWebKit/537.36 (KHTML, like Gecko) Chrome/70.0.0.0 Safari/537.36"
47.128.53.204 - - [29/Jul/2026:21:15:36 +0200] "GET /wp-content/plugins/elementor/assets/lib/animations/styles/e-animation-float.min.css?ver=3.28.1 HTTP/1.1" 200 5755 "https://www.canterasdemuro.es/gl/nosa-empresa/" "Mozilla/5.0 (compatible; Bytespider; spider-feedback@bytedance.com) AppleWebKit/537.36 (KHTML, like Gecko) Chrome/70.0.0.0 Safari/537.36"
47.128.53.204 - - [29/Jul/2026:21:15:36 +0200] "GET /wp-content/plugins/elementor/assets/css/widget-social-icons.min.css?ver=3.28.1 HTTP/1.1" 200 5534 "https://www.canterasdemuro.es/gl/nosa-empresa/" "Mozilla/5.0 (compatible; Bytespider; spider-feedback@bytedance.com) AppleWebKit/537.36 (KHTML, like Gecko) Chrome/70.0.0.0 Safari/537.36"
47.128.53.204 - - [29/Jul/2026:21:15:37 +0200] "GET /wp-content/uploads/elementor/css/custom-apple-webkit.min.css?ver=1733139880 HTTP/1.1" 200 5527 "https://www.canterasdemuro.es/gl/nosa-empresa/" "Mozilla/5.0 (compatible; Bytespider; spider-feedback@bytedance.com) AppleWebKit/537.36 (KHTML, like Gecko) Chrome/70.0.0.0 Safari/537.36"
47.128.53.204 - - [29/Jul/2026:21:15:37 +0200] "GET /wp-content/uploads/2024/06/canterasdemuro_blanco-1024x557.png HTTP/1.1" 200 5529 "https://www.canterasdemuro.es/gl/nosa-empresa/" "Mozilla/5.0 (compatible; Bytespider; spider-feedback@bytedance.com) AppleWebKit/537.36 (KHTML, like Gecko) Chrome/70.0.0.0 Safari/537.36"
47.128.53.204 - - [29/Jul/2026:21:15:37 +0200] "GET /wp-content/uploads/2024/06/canterasdemuro_negativo-1024x557.png HTTP/1.1" 200 5531 "https://www.canterasdemuro.es/gl/nosa-empresa/" "Mozilla/5.0 (compatible; Bytespider; spider-feedback@bytedance.com) AppleWebKit/537.36 (KHTML, like Gecko) Chrome/70.0.0.0 Safari/537.36"
47.128.53.204 - - [29/Jul/2026:21:15:37 +0200] "GET /wp-content/uploads/2024/06/Menu-minimalista.png HTTP/1.1" 206 6058 "https://www.canterasdemuro.es/gl/nosa-empresa/" "Mozilla/5.0 (compatible; Bytespider; spider-feedback@bytedance.com) AppleWebKit/537.36 (KHTML, like Gecko) Chrome/70.0.0.0 Safari/537.36"
47.128.53.204 - - [29/Jul/2026:21:15:37 +0200] "GET /wp-content/uploads/2024/06/canterasdemuro_negativo-300x163.png HTTP/1.1" 200 5530 "https://www.canterasdemuro.es/gl/nosa-empresa/" "Mozilla/5.0 (compatible; Bytespider; spider-feedback@bytedance.com) AppleWebKit/537.36 (KHTML, like Gecko) Chrome/70.0.0.0 Safari/537.36"
47.128.53.204 - - [29/Jul/2026:21:15:37 +0200] "GET /wp-content/uploads/2024/09/Canteras-de-muro-023.jpg HTTP/1.1" 200 5520 "https://www.canterasdemuro.es/wp-content/uploads/elementor/css/post-614.css?ver=1733197878" "Mozilla/5.0 (compatible; Bytespider; spider-feedback@bytedance.com) AppleWebKit/537.36 (KHTML, like Gecko) Chrome/70.0.0.0 Safari/537.36"
47.128.53.204 - - [29/Jul/2026:21:15:37 +0200] "GET /wp-content/uploads/2024/09/Canteras-de-muro-023.jpg HTTP/1.1" 200 5520 "https://www.canterasdemuro.es/wp-content/uploads/elementor/css/post-614.css?ver=1733197878" "Mozilla/5.0 (compatible; Bytespider; spider-feedback@bytedance.com) AppleWebKit/537.36 (KHTML, like Gecko) Chrome/70.0.0.0 Safari/537.36"
47.128.53.204 - - [29/Jul/2026:21:15:37 +0200] "GET /wp-content/uploads/2024/09/Canteras-de-muro-023.jpg HTTP/1.1" 200 5520 "https://www.canterasdemuro.es/wp-content/uploads/elementor/css/post-614.css?ver=1733197878" "Mozilla/5.0 (compatible; Bytespider; spider-feedback@bytedance.com) AppleWebKit/537.36 (KHTML, like Gecko) Chrome/70.0.0.0 Safari/537.36"
84.246.212.44 - - [29/Jul/2026:21:25:50 +0200] "POST /wp-cron.php?doing_wp_cron=1785353150.3168420791625976562500 HTTP/1.1" 200 5527 "-" "WordPress/6.9; https://www.canterasdemuro.es"
178.105.183.10 - - [29/Jul/2026:21:25:49 +0200] "GET / HTTP/1.1" 301 5569 "http://canterasdemuro.es" "2ip bot/1.1 (+https://2ip.io/bot/)"
84.246.212.44 - - [29/Jul/2026:21:25:50 +0200] "POST /wp-admin/admin-ajax.php?action=async_litespeed&nonce=KMpCgdGPwofo0MsRwlc5aygQxBGWZzkv&litespeed_type=imgoptm HTTP/1.1" 200 5782 "-" "WordPress/6.9; https://www.canterasdemuro.es"
178.105.183.10 - - [29/Jul/2026:21:25:50 +0200] "GET / HTTP/1.1" 200 100542 "https://canterasdemuro.es/" "2ip bot/1.1 (+https://2ip.io/bot/)"
84.246.212.44 - - [29/Jul/2026:21:25:54 +0200] "GET /?wp_scrape_key=94aaaa4ed56cc9123382291f88f68962&wp_scrape_nonce=1785353152 HTTP/1.1" 200 100654 "-" "WordPress/6.9; https://www.canterasdemuro.es"
84.246.212.44 - - [29/Jul/2026:21:25:59 +0200] "GET /?wp_scrape_key=0b337d31165abbe62ffcd5101cfb2ecc&wp_scrape_nonce=1785353157 HTTP/1.1" 200 100654 "-" "WordPress/6.9; https://www.canterasdemuro.es"
84.246.212.44 - - [29/Jul/2026:21:26:03 +0200] "GET /?wp_scrape_key=cd5b003a3556c090d1f5fcf7c296dbda&wp_scrape_nonce=1785353161 HTTP/1.1" 200 100654 "-" "WordPress/6.9; https://www.canterasdemuro.es"
84.246.212.44 - - [29/Jul/2026:21:26:08 +0200] "GET /?wp_scrape_key=8de3b166efdbf6e70ee04c1e61b97b53&wp_scrape_nonce=1785353166 HTTP/1.1" 200 100654 "-" "WordPress/6.9; https://www.canterasdemuro.es"
84.246.212.44 - - [29/Jul/2026:21:26:13 +0200] "GET /?wp_scrape_key=4754a8b5c765e0c084999aff499799b2&wp_scrape_nonce=1785353170 HTTP/1.1" 200 100654 "-" "WordPress/6.9; https://www.canterasdemuro.es"
84.246.212.44 - - [29/Jul/2026:21:26:17 +0200] "GET /?wp_scrape_key=1a6da1c153244fe86d8e1f47e4b84ccb&wp_scrape_nonce=1785353175 HTTP/1.1" 200 100654 "-" "WordPress/6.9; https://www.canterasdemuro.es"
84.246.212.44 - - [29/Jul/2026:21:26:21 +0200] "GET /?wp_scrape_key=3f6db2dd9eab240ae7271dda538046c6&wp_scrape_nonce=1785353179 HTTP/1.1" 200 100654 "-" "WordPress/6.9; https://www.canterasdemuro.es"
84.246.212.44 - - [29/Jul/2026:21:26:25 +0200] "GET /?wp_scrape_key=788bb73254c0488d42e99b47b199f8d1&wp_scrape_nonce=1785353183 HTTP/1.1" 200 100654 "-" "WordPress/6.9; https://www.canterasdemuro.es"
84.246.212.44 - - [29/Jul/2026:21:26:30 +0200] "GET /?wp_scrape_key=4745718167deab3d8221f5c31dc1c1cd&wp_scrape_nonce=1785353188 HTTP/1.1" 200 100654 "-" "WordPress/6.9; https://www.canterasdemuro.es"
84.246.212.44 - - [29/Jul/2026:21:37:32 +0200] "POST /wp-cron.php?doing_wp_cron=1785353852.3529419898986816406250 HTTP/1.1" 200 5527 "-" "WordPress/6.9; https://www.canterasdemuro.es"
66.249.74.163 - - [29/Jul/2026:21:37:31 +0200] "GET /robots.txt HTTP/1.1" 301 5579 "-" "Mozilla/5.0 (compatible; Googlebot/2.1; +http://www.google.com/bot.html)"
66.249.66.35 - - [29/Jul/2026:21:37:32 +0200] "GET /robots.txt HTTP/1.1" 200 5682 "-" "Mozilla/5.0 (compatible; Googlebot/2.1; +http://www.google.com/bot.html)"
84.246.212.44 - - [29/Jul/2026:21:37:32 +0200] "POST /wp-admin/admin-ajax.php?action=async_litespeed&nonce=inHgN9vqDQd8pRd77umN0A3Je7o6Gdzk&litespeed_type=imgoptm HTTP/1.1" 200 5782 "-" "WordPress/6.9; https://www.canterasdemuro.es"
84.246.212.44 - - [29/Jul/2026:21:51:50 +0200] "POST /wp-cron.php?doing_wp_cron=1785354710.2729959487915039062500 HTTP/1.1" 200 5527 "-" "WordPress/6.9; https://www.canterasdemuro.es"
192.253.248.142 - - [29/Jul/2026:21:51:49 +0200] "GET / HTTP/1.1" 301 5569 "-" "Mozilla/5.0 (Ubuntu; Linux x86_64) AppleWebKit/537.36 (KHTML, like Gecko) Chrome/137.0.0.0 Safari/537.36"
84.246.212.44 - - [29/Jul/2026:21:51:50 +0200] "POST /wp-admin/admin-ajax.php?action=async_litespeed&nonce=yRG4XNU2fXtLYRaYLXqNhdZiomcdUT0M&litespeed_type=imgoptm HTTP/1.1" 200 5782 "-" "WordPress/6.9; https://www.canterasdemuro.es"
84.246.212.44 - - [29/Jul/2026:21:53:32 +0200] "POST /wp-cron.php?doing_wp_cron=1785354812.6251080036163330078125 HTTP/1.1" 200 5527 "-" "WordPress/6.9; https://www.canterasdemuro.es"
161.35.146.10 - - [29/Jul/2026:21:53:32 +0200] "GET / HTTP/1.1" 301 5569 "-" "Mozilla/5.0 (X11; Linux x86_64; rv:142.0) Gecko/20100101 Firefox/142.0"
84.246.212.44 - - [29/Jul/2026:21:53:33 +0200] "POST /wp-admin/admin-ajax.php?action=async_litespeed&nonce=hcjNvpJwFm5mIe43xOSW1K8Yj1DuH20x&litespeed_type=imgoptm HTTP/1.1" 200 5782 "-" "WordPress/6.9; https://www.canterasdemuro.es"
161.35.146.10 - - [29/Jul/2026:21:53:34 +0200] "GET /favicon.ico HTTP/1.1" 301 5580 "https://canterasdemuro.es/" "Mozilla/5.0 (X11; Linux x86_64; rv:142.0) Gecko/20100101 Firefox/142.0"
84.246.212.44 - - [29/Jul/2026:21:56:44 +0200] "POST /wp-cron.php?doing_wp_cron=1785355004.2748379707336425781250 HTTP/1.1" 200 5527 "-" "WordPress/6.9; https://www.canterasdemuro.es"
78.31.71.63 - - [29/Jul/2026:21:56:42 +0200] "GET /hello-world/ HTTP/1.1" 200 93785 "https://www.canterasdemuro.es/hello-world/" "Mozilla/5.0 (Windows NT 10.0; Win64; x64) AppleWebKit/537.36 (KHTML, like Gecko) Chrome/129.0.0.0 Safari/537.36"
84.246.212.44 - - [29/Jul/2026:21:56:44 +0200] "POST /wp-admin/admin-ajax.php?action=async_litespeed&nonce=1chWKWrr4nBz3fFhVIsIE2Z2x6PqWKXC&litespeed_type=imgoptm HTTP/1.1" 200 5782 "-" "WordPress/6.9; https://www.canterasdemuro.es"
78.31.71.63 - - [29/Jul/2026:21:56:44 +0200] "POST /wp-comments-post.php HTTP/1.1" 302 6289 "https://www.canterasdemuro.es/hello-world/" "Mozilla/5.0 (Windows NT 10.0; Win64; x64) AppleWebKit/537.36 (KHTML, like Gecko) Chrome/129.0.0.0 Safari/537.36"
78.31.71.63 - - [29/Jul/2026:21:56:46 +0200] "GET /hello-world/ HTTP/1.1" 200 96339 "https://www.canterasdemuro.es/hello-world/#comment-626" "Mozilla/5.0 (Windows NT 10.0; Win64; x64) AppleWebKit/537.36 (KHTML, like Gecko) Chrome/129.0.0.0 Safari/537.36"
84.246.212.44 - - [29/Jul/2026:21:57:20 +0200] "POST /wp-cron.php?doing_wp_cron=1785355040.8485710620880126953125 HTTP/1.1" 200 5527 "-" "WordPress/6.9; https://www.canterasdemuro.es"
54.152.198.76 - - [29/Jul/2026:21:57:20 +0200] "GET /robots.txt HTTP/1.1" 200 5682 "-" "Mozilla/5.0 (Macintosh; Intel Mac OS X 10_10_1) AppleWebKit/600.2.5 (KHTML, like Gecko) Version/8.0.2 Safari/600.2.5 (Gort)"
84.246.212.44 - - [29/Jul/2026:21:57:21 +0200] "POST /wp-admin/admin-ajax.php?action=async_litespeed&nonce=CYnfNH5nRTtVIsajbz8OvtO0eyRCHttS&litespeed_type=imgoptm HTTP/1.1" 200 5782 "-" "WordPress/6.9; https://www.canterasdemuro.es"
84.246.212.44 - - [29/Jul/2026:22:00:56 +0200] "POST /wp-cron.php?doing_wp_cron=1785355256.7710330486297607421875 HTTP/1.1" 200 5527 "-" "WordPress/6.9; https://www.canterasdemuro.es"
160.25.6.18 - - [29/Jul/2026:22:00:50 +0200] "POST /?rest_route=/batch/v1 HTTP/1.1" 207 648047 "-" "Mozilla/5.0 (compatible; wp2shell-check/1.0)"
84.246.212.44 - - [29/Jul/2026:22:00:57 +0200] "POST /wp-admin/admin-ajax.php?action=async_litespeed&nonce=bYZJfbQXgjtlGTCur1lrRE8AWcJJ96kA&litespeed_type=imgoptm HTTP/1.1" 200 5782 "-" "WordPress/6.9; https://www.canterasdemuro.es"
160.25.6.18 - - [29/Jul/2026:22:00:57 +0200] "GET /?rest_route=/wp/v2/posts&per_page=5&_fields=link HTTP/1.1" 200 5913 "-" "Mozilla/5.0 (compatible; wp2shell-check/1.0)"
160.25.6.18 - - [29/Jul/2026:22:00:58 +0200] "GET /wp-json/wp/v2/posts?per_page=5&_fields=link HTTP/1.1" 200 5913 "-" "Mozilla/5.0 (compatible; wp2shell-check/1.0)"
160.25.6.18 - - [29/Jul/2026:22:00:59 +0200] "GET /?rest_route=/wp/v2/pages&per_page=5&_fields=link HTTP/1.1" 200 6232 "-" "Mozilla/5.0 (compatible; wp2shell-check/1.0)"
160.25.6.18 - - [29/Jul/2026:22:01:01 +0200] "POST /?rest_route=/batch/v1 HTTP/1.1" 207 11349 "-" "Mozilla/5.0 (compatible; wp2shell-check/1.0)"
160.25.6.18 - - [29/Jul/2026:22:01:02 +0200] "GET /wp-json/oembed/1.0/embed?url=https%3A%2F%2Fwww.canterasdemuro.es%2Fhello-world%2F%23ab90ef4741ec0&format=json HTTP/1.1" 200 8005 "-" "Mozilla/5.0 (compatible; wp2shell-check/1.0)"
160.25.6.18 - - [29/Jul/2026:22:01:03 +0200] "GET /?rest_route=/oembed/1.0/embed&url=https%3A%2F%2Fwww.canterasdemuro.es%2Fhello-world%2F%23ab90ef4741ec0 HTTP/1.1" 200 8005 "-" "Mozilla/5.0 (compatible; wp2shell-check/1.0)"
160.25.6.18 - - [29/Jul/2026:22:01:03 +0200] "GET /wp-json/oembed/1.0/embed?url=https%3A%2F%2Fwww.canterasdemuro.es%2Fhello-world%2F%23ab90ef4741ec1&format=json HTTP/1.1" 200 8005 "-" "Mozilla/5.0 (compatible; wp2shell-check/1.0)"
160.25.6.18 - - [29/Jul/2026:22:01:04 +0200] "GET /?rest_route=/oembed/1.0/embed&url=https%3A%2F%2Fwww.canterasdemuro.es%2Fhello-world%2F%23ab90ef4741ec1 HTTP/1.1" 200 8005 "-" "Mozilla/5.0 (compatible; wp2shell-check/1.0)"
160.25.6.18 - - [29/Jul/2026:22:01:05 +0200] "GET /wp-json/oembed/1.0/embed?url=https%3A%2F%2Fwww.canterasdemuro.es%2Fhello-world%2F%23ab90ef4741ec2&format=json HTTP/1.1" 200 8005 "-" "Mozilla/5.0 (compatible; wp2shell-check/1.0)"
160.25.6.18 - - [29/Jul/2026:22:01:05 +0200] "GET /?rest_route=/oembed/1.0/embed&url=https%3A%2F%2Fwww.canterasdemuro.es%2Fhello-world%2F%23ab90ef4741ec2 HTTP/1.1" 200 8005 "-" "Mozilla/5.0 (compatible; wp2shell-check/1.0)"
160.25.6.18 - - [29/Jul/2026:22:01:06 +0200] "GET /hello-world/ HTTP/1.1" 200 93785 "-" "Mozilla/5.0 (compatible; wp2shell-check/1.0)"
160.25.6.18 - - [29/Jul/2026:22:01:08 +0200] "POST /?rest_route=/batch/v1 HTTP/1.1" 207 44445 "-" "Mozilla/5.0 (compatible; wp2shell-check/1.0)"
84.246.212.44 - - [29/Jul/2026:22:01:14 +0200] "POST /wp-cron.php?doing_wp_cron=1785355274.2264189720153808593750 HTTP/1.1" 200 5527 "-" "WordPress/6.9; https://www.canterasdemuro.es"
160.25.6.18 - - [29/Jul/2026:22:01:12 +0200] "POST /?rest_route=/batch/v1 HTTP/1.1" 207 44478 "-" "Mozilla/5.0 (compatible; wp2shell-check/1.0)"
84.246.212.44 - - [29/Jul/2026:22:01:14 +0200] "POST /wp-admin/admin-ajax.php?action=async_litespeed&nonce=qQLxKevse3fGZ6eDlDrGLPbL2D7uVa8d&litespeed_type=imgoptm HTTP/1.1" 200 5782 "-" "WordPress/6.9; https://www.canterasdemuro.es"
84.246.212.44 - - [29/Jul/2026:22:01:20 +0200] "POST /wp-cron.php?doing_wp_cron=1785355280.2148730754852294921875 HTTP/1.1" 200 5527 "-" "WordPress/6.9; https://www.canterasdemuro.es"
160.25.6.18 - - [29/Jul/2026:22:01:19 +0200] "POST /?rest_route=/batch/v1 HTTP/1.1" 207 44760 "-" "Mozilla/5.0 (compatible; wp2shell-check/1.0)"
160.25.6.18 - - [29/Jul/2026:22:01:24 +0200] "POST /?rest_route=/batch/v1 HTTP/1.1" 207 73022 "-" "Mozilla/5.0 (compatible; wp2shell-check/1.0)"
160.25.6.18 - - [29/Jul/2026:22:01:32 +0200] "POST /?rest_route=/batch/v1 HTTP/1.1" 207 68247 "-" "Mozilla/5.0 (compatible; wp2shell-check/1.0)"
160.25.6.18 - - [29/Jul/2026:22:01:38 +0200] "POST /?rest_route=/batch/v1 HTTP/1.1" 207 70587 "-" "Mozilla/5.0 (compatible; wp2shell-check/1.0)"
160.25.6.18 - - [29/Jul/2026:22:01:46 +0200] "POST /?rest_route=/batch/v1 HTTP/1.1" 207 9651 "-" "Mozilla/5.0 (compatible; wp2shell-check/1.0)"
160.25.6.18 - - [29/Jul/2026:22:01:49 +0200] "GET /wp-login.php HTTP/1.1" 200 15900 "-" "Mozilla/5.0 (compatible; wp2shell-check/1.0)"
84.246.212.44 - - [29/Jul/2026:22:03:39 +0200] "POST /wp-cron.php?doing_wp_cron=1785355419.1540141105651855468750 HTTP/1.1" 200 5527 "-" "WordPress/6.9; https://www.canterasdemuro.es"
216.73.217.86 - - [29/Jul/2026:22:03:38 +0200] "GET /robots.txt HTTP/1.1" 200 5682 "-" "Mozilla/5.0 AppleWebKit/537.36 (KHTML, like Gecko; compatible; ClaudeBot/1.0; +claudebot@anthropic.com)"
84.246.212.44 - - [29/Jul/2026:22:03:39 +0200] "POST /wp-admin/admin-ajax.php?action=async_litespeed&nonce=RnNdMGJmvExiHspbtfREr6sC3Pb66cjL&litespeed_type=imgoptm HTTP/1.1" 200 5782 "-" "WordPress/6.9; https://www.canterasdemuro.es"
216.73.217.86 - - [29/Jul/2026:22:03:45 +0200] "GET /wp-sitemap.xml HTTP/1.1" 200 6234 "-" "Mozilla/5.0 AppleWebKit/537.36 (KHTML, like Gecko; compatible; ClaudeBot/1.0; +claudebot@anthropic.com)"
84.246.212.44 - - [29/Jul/2026:22:05:11 +0200] "POST /wp-cron.php?doing_wp_cron=1785355511.6276938915252685546875 HTTP/1.1" 200 5527 "-" "WordPress/6.9; https://www.canterasdemuro.es"
163.61.60.30 - - [29/Jul/2026:22:05:11 +0200] "POST /xmlrpc.php HTTP/1.1" 200 5891 "-" "Mozilla/5.0 (Windows NT 10.0; WOW64; rv:145.0) Gecko/20100101 Firefox/145.0"
84.246.212.44 - - [29/Jul/2026:22:05:12 +0200] "POST /wp-admin/admin-ajax.php?action=async_litespeed&nonce=KOpm1Z8RywSlMlTeFXfOtLCTBBob2ntt&litespeed_type=imgoptm HTTP/1.1" 200 5782 "-" "WordPress/6.9; https://www.canterasdemuro.es"
84.246.212.44 - - [29/Jul/2026:22:06:26 +0200] "POST /wp-cron.php?doing_wp_cron=1785355585.9980239868164062500000 HTTP/1.1" 200 5527 "-" "WordPress/6.9; https://www.canterasdemuro.es"
165.22.59.59 - - [29/Jul/2026:22:06:25 +0200] "POST /xmlrpc.php HTTP/1.1" 200 5891 "-" "Mozilla/5.0 (Windows NT 10.0) AppleWebKit/537.36 (KHTML, like Gecko) Chrome/137.0.0.0 Safari/537.36"
84.246.212.44 - - [29/Jul/2026:22:06:26 +0200] "POST /wp-admin/admin-ajax.php?action=async_litespeed&nonce=Ox2PwKAvPoIi58Nf8sFhyJ6xXHhvEcOX&litespeed_type=imgoptm HTTP/1.1" 200 5782 "-" "WordPress/6.9; https://www.canterasdemuro.es"
84.246.212.44 - - [29/Jul/2026:22:24:33 +0200] "POST /wp-cron.php?doing_wp_cron=1785356673.4618179798126220703125 HTTP/1.1" 200 5527 "-" "WordPress/6.9; https://www.canterasdemuro.es"
172.213.17.107 - - [29/Jul/2026:22:24:32 +0200] "GET /wp-content/plugins/hellopress/wp_filemanager.php HTTP/1.1" 301 5721 "-" "-"
84.246.212.44 - - [29/Jul/2026:22:24:34 +0200] "POST /wp-admin/admin-ajax.php?action=async_litespeed&nonce=SaHCHAnwrBgZBzmJ4g9pbX3sYXMdrulg&litespeed_type=imgoptm HTTP/1.1" 200 5782 "-" "WordPress/6.9; https://www.canterasdemuro.es"
172.213.17.107 - - [29/Jul/2026:22:24:36 +0200] "GET /wp-content/plugins/hellopress/wp_filemanager.php HTTP/1.1" 404 89435 "-" "-"
172.213.17.107 - - [29/Jul/2026:22:24:38 +0200] "GET /this_is_a_new_hello_world.php HTTP/1.1" 301 5710 "-" "-"
172.213.17.107 - - [29/Jul/2026:22:24:38 +0200] "GET /this_is_a_new_hello_world.php HTTP/1.1" 404 89434 "-" "-"
172.213.17.107 - - [29/Jul/2026:22:24:40 +0200] "GET /3PJcpMFsD8B.php HTTP/1.1" 301 5696 "-" "-"
172.213.17.107 - - [29/Jul/2026:22:24:40 +0200] "GET /3PJcpMFsD8B.php HTTP/1.1" 404 89434 "-" "-"
172.213.17.107 - - [29/Jul/2026:22:24:42 +0200] "GET /media.php HTTP/1.1" 301 5690 "-" "-"
172.213.17.107 - - [29/Jul/2026:22:24:43 +0200] "GET /media.php HTTP/1.1" 404 89434 "-" "-"
172.213.17.107 - - [29/Jul/2026:22:24:44 +0200] "GET /images.php HTTP/1.1" 301 5691 "-" "-"
172.213.17.107 - - [29/Jul/2026:22:24:45 +0200] "GET /images.php HTTP/1.1" 404 89434 "-" "-"
172.213.17.107 - - [29/Jul/2026:22:24:47 +0200] "GET /adminner.php HTTP/1.1" 301 5693 "-" "-"
172.213.17.107 - - [29/Jul/2026:22:24:47 +0200] "GET /adminner.php HTTP/1.1" 404 89434 "-" "-"
172.213.17.107 - - [29/Jul/2026:22:24:49 +0200] "GET ///admin.php HTTP/1.1" 301 5690 "-" "-"
172.213.17.107 - - [29/Jul/2026:22:24:49 +0200] "GET /admin.php HTTP/1.1" 404 89434 "-" "-"
172.213.17.107 - - [29/Jul/2026:22:24:50 +0200] "GET /ops.php HTTP/1.1" 301 5688 "-" "-"
172.213.17.107 - - [29/Jul/2026:22:24:51 +0200] "GET /ops.php HTTP/1.1" 404 89434 "-" "-"
172.213.17.107 - - [29/Jul/2026:22:24:53 +0200] "GET /mac.php HTTP/1.1" 301 5688 "-" "-"
172.213.17.107 - - [29/Jul/2026:22:24:53 +0200] "GET /mac.php HTTP/1.1" 404 89434 "-" "-"
172.213.17.107 - - [29/Jul/2026:22:24:55 +0200] "GET /wefile.php HTTP/1.1" 301 5691 "-" "-"
172.213.17.107 - - [29/Jul/2026:22:24:55 +0200] "GET /wefile.php HTTP/1.1" 404 89434 "-" "-"
172.213.17.107 - - [29/Jul/2026:22:24:57 +0200] "GET /.well-known/about.php HTTP/1.1" 301 5702 "-" "-"
172.213.17.107 - - [29/Jul/2026:22:24:57 +0200] "GET /.well-known/about.php HTTP/1.1" 404 89434 "-" "-"
172.213.17.107 - - [29/Jul/2026:22:24:59 +0200] "GET /wp-includes/ID3/about.php HTTP/1.1" 301 5706 "-" "-"
172.213.17.107 - - [29/Jul/2026:22:24:59 +0200] "GET /wp-includes/ID3/about.php HTTP/1.1" 404 89435 "-" "-"
172.213.17.107 - - [29/Jul/2026:22:25:00 +0200] "GET /wp-admin/css/ HTTP/1.1" 403 6292 "-" "-"
172.213.17.107 - - [29/Jul/2026:22:25:01 +0200] "GET /wp-admin/css/colors/modern/ HTTP/1.1" 403 6292 "-" "-"
172.213.17.107 - - [29/Jul/2026:22:25:01 +0200] "GET /pucci.php HTTP/1.1" 301 5690 "-" "-"
172.213.17.107 - - [29/Jul/2026:22:25:01 +0200] "GET /pucci.php HTTP/1.1" 404 89434 "-" "-"
172.213.17.107 - - [29/Jul/2026:22:25:03 +0200] "GET /wp-includes/blocks/audio/ HTTP/1.1" 403 6292 "-" "-"
172.213.17.107 - - [29/Jul/2026:22:25:03 +0200] "GET /wp-temp.php HTTP/1.1" 301 5692 "-" "-"
172.213.17.107 - - [29/Jul/2026:22:25:03 +0200] "GET /wp-temp.php HTTP/1.1" 404 89434 "-" "-"
172.213.17.107 - - [29/Jul/2026:22:25:05 +0200] "GET /xmu.php HTTP/1.1" 301 5688 "-" "-"
172.213.17.107 - - [29/Jul/2026:22:25:05 +0200] "GET /xmu.php HTTP/1.1" 404 89434 "-" "-"
172.213.17.107 - - [29/Jul/2026:22:25:07 +0200] "GET //wp-admin/js/index.php HTTP/1.1" 301 5693 "-" "-"
172.213.17.107 - - [29/Jul/2026:22:25:07 +0200] "GET /js/index.php HTTP/1.1" 301 5676 "-" "-"
172.213.17.107 - - [29/Jul/2026:22:25:08 +0200] "GET /js/ HTTP/1.1" 404 89434 "-" "-"
172.213.17.107 - - [29/Jul/2026:22:25:09 +0200] "GET /8.php HTTP/1.1" 301 5686 "-" "-"
84.246.212.44 - - [29/Jul/2026:22:25:11 +0200] "POST /wp-cron.php?doing_wp_cron=1785356711.4650440216064453125000 HTTP/1.1" 200 5527 "-" "WordPress/6.9; https://www.canterasdemuro.es"
172.213.17.107 - - [29/Jul/2026:22:25:10 +0200] "GET /8.php HTTP/1.1" 404 89434 "-" "-"
172.213.17.107 - - [29/Jul/2026:22:25:11 +0200] "GET /1.php HTTP/1.1" 301 5686 "-" "-"
84.246.212.44 - - [29/Jul/2026:22:25:13 +0200] "POST /wp-cron.php?doing_wp_cron=1785356713.0607690811157226562500 HTTP/1.1" 200 5527 "-" "WordPress/6.9; https://www.canterasdemuro.es"
172.213.17.107 - - [29/Jul/2026:22:25:12 +0200] "GET /1.php HTTP/1.1" 404 89434 "-" "-"
172.213.17.107 - - [29/Jul/2026:22:25:13 +0200] "GET /wp-content/admin.php HTTP/1.1" 301 5693 "-" "-"
84.246.212.44 - - [29/Jul/2026:22:25:13 +0200] "POST /wp-admin/admin-ajax.php?action=async_litespeed&nonce=qHT1AlGavPkQ7J4i6k8Rxqc85MC8toyf&litespeed_type=imgoptm HTTP/1.1" 200 5782 "-" "WordPress/6.9; https://www.canterasdemuro.es"
172.213.17.107 - - [29/Jul/2026:22:25:13 +0200] "GET /wp-content/admin.php HTTP/1.1" 404 89434 "-" "-"
172.213.17.107 - - [29/Jul/2026:22:25:15 +0200] "GET //f6.php HTTP/1.1" 301 5687 "-" "-"
84.246.212.44 - - [29/Jul/2026:22:25:17 +0200] "POST /wp-cron.php?doing_wp_cron=1785356717.0207619667053222656250 HTTP/1.1" 200 5527 "-" "WordPress/6.9; https://www.canterasdemuro.es"
172.213.17.107 - - [29/Jul/2026:22:25:15 +0200] "GET /f6.php HTTP/1.1" 404 89434 "-" "-"
172.213.17.107 - - [29/Jul/2026:22:25:17 +0200] "GET /wp-content/themes/index.php HTTP/1.1" 200 5434 "-" "-"
172.213.17.107 - - [29/Jul/2026:22:25:17 +0200] "GET /ms-edit.php HTTP/1.1" 301 5692 "-" "-"
172.213.17.107 - - [29/Jul/2026:22:25:18 +0200] "GET /ms-edit.php HTTP/1.1" 404 89434 "-" "-"
172.213.17.107 - - [29/Jul/2026:22:25:19 +0200] "GET /222.php HTTP/1.1" 301 5688 "-" "-"
172.213.17.107 - - [29/Jul/2026:22:25:19 +0200] "GET /222.php HTTP/1.1" 404 89434 "-" "-"
172.213.17.107 - - [29/Jul/2026:22:25:21 +0200] "GET //cgi-bin/index.php HTTP/1.1" 404 6305 "-" "-"
172.213.17.107 - - [29/Jul/2026:22:25:21 +0200] "GET //wp-includes/css/dist/ HTTP/1.1" 403 6292 "-" "-"
172.213.17.107 - - [29/Jul/2026:22:25:21 +0200] "GET //wp-includes/l10n/ HTTP/1.1" 403 6292 "-" "-"
172.213.17.107 - - [29/Jul/2026:22:25:22 +0200] "GET /wp-content/uploads/ HTTP/1.1" 403 6292 "-" "-"
172.213.17.107 - - [29/Jul/2026:22:25:22 +0200] "GET /raw.php HTTP/1.1" 301 5688 "-" "-"
172.213.17.107 - - [29/Jul/2026:22:25:23 +0200] "GET /raw.php HTTP/1.1" 404 89434 "-" "-"
172.213.17.107 - - [29/Jul/2026:22:25:24 +0200] "GET //a1.php HTTP/1.1" 301 5687 "-" "-"
172.213.17.107 - - [29/Jul/2026:22:25:25 +0200] "GET /a1.php HTTP/1.1" 404 89434 "-" "-"
172.213.17.107 - - [29/Jul/2026:22:25:26 +0200] "GET /wp-includes/Text/Diff/Engine/about.php HTTP/1.1" 301 5719 "-" "-"
172.213.17.107 - - [29/Jul/2026:22:25:27 +0200] "GET /wp-includes/Text/Diff/Engine/about.php HTTP/1.1" 404 89435 "-" "-"
192.253.248.142 - - [29/Jul/2026:22:25:28 +0200] "GET / HTTP/1.1" 200 100542 "-" "Mozilla/5.0 (X11; Linux i686; rv:1.9.5.20) Gecko/ Firefox/3.6.17"
172.213.17.107 - - [29/Jul/2026:22:25:29 +0200] "GET //cgi-bin/admin.php HTTP/1.1" 404 6305 "-" "-"
172.213.17.107 - - [29/Jul/2026:22:25:29 +0200] "GET //wp-content/BypassBest.php HTTP/1.1" 301 5698 "-" "-"
172.213.17.107 - - [29/Jul/2026:22:25:29 +0200] "GET /wp-content/BypassBest.php HTTP/1.1" 404 89434 "-" "-"
172.213.17.107 - - [29/Jul/2026:22:25:31 +0200] "GET /wp-content/ HTTP/1.1" 200 5434 "-" "-"
172.213.17.107 - - [29/Jul/2026:22:25:31 +0200] "GET /simple.php HTTP/1.1" 301 5691 "-" "-"
172.213.17.107 - - [29/Jul/2026:22:25:31 +0200] "GET /simple.php HTTP/1.1" 404 89434 "-" "-"
172.213.17.107 - - [29/Jul/2026:22:25:33 +0200] "GET /xxx.php HTTP/1.1" 301 5688 "-" "-"
172.213.17.107 - - [29/Jul/2026:22:25:33 +0200] "GET /xxx.php HTTP/1.1" 404 89419 "-" "-"
172.213.17.107 - - [29/Jul/2026:22:25:35 +0200] "GET /wp-admin/css/colors/blue/ HTTP/1.1" 403 6292 "-" "-"
172.213.17.107 - - [29/Jul/2026:22:25:35 +0200] "GET //wp-includes/block-bindings/ HTTP/1.1" 403 6292 "-" "-"
172.213.17.107 - - [29/Jul/2026:22:25:35 +0200] "GET /file.php? HTTP/1.1" 301 5689 "-" "-"
172.213.17.107 - - [29/Jul/2026:22:25:35 +0200] "GET /file.php HTTP/1.1" 404 89434 "-" "-"
172.213.17.107 - - [29/Jul/2026:22:25:37 +0200] "GET /aa2.php HTTP/1.1" 301 5688 "-" "-"
172.213.17.107 - - [29/Jul/2026:22:25:37 +0200] "GET /aa2.php HTTP/1.1" 404 89434 "-" "-"
172.213.17.107 - - [29/Jul/2026:22:25:38 +0200] "GET /ccou.php HTTP/1.1" 301 5689 "-" "-"
172.213.17.107 - - [29/Jul/2026:22:25:39 +0200] "GET /ccou.php HTTP/1.1" 404 89434 "-" "-"
172.213.17.107 - - [29/Jul/2026:22:25:40 +0200] "GET /dr.php HTTP/1.1" 301 5687 "-" "-"
172.213.17.107 - - [29/Jul/2026:22:25:41 +0200] "GET /dr.php HTTP/1.1" 404 89434 "-" "-"
172.213.17.107 - - [29/Jul/2026:22:25:42 +0200] "GET /f35.php HTTP/1.1" 301 5688 "-" "-"
172.213.17.107 - - [29/Jul/2026:22:25:42 +0200] "GET /f35.php HTTP/1.1" 404 89434 "-" "-"
172.213.17.107 - - [29/Jul/2026:22:25:44 +0200] "GET /wp-load.php HTTP/1.1" 200 5434 "-" "-"
172.213.17.107 - - [29/Jul/2026:22:25:44 +0200] "GET //wp-includes/assets/ HTTP/1.1" 403 6292 "-" "-"
172.213.17.107 - - [29/Jul/2026:22:25:44 +0200] "GET /wp-admin/css/colors/sunrise/ HTTP/1.1" 403 6292 "-" "-"
172.213.17.107 - - [29/Jul/2026:22:25:44 +0200] "GET /wp-admin/css/colors/midnight/about.php HTTP/1.1" 301 5719 "-" "-"
172.213.17.107 - - [29/Jul/2026:22:25:45 +0200] "GET /wp-admin/css/colors/midnight/about.php HTTP/1.1" 404 89435 "-" "-"
172.213.17.107 - - [29/Jul/2026:22:25:47 +0200] "GET /wp-links.php HTTP/1.1" 301 5693 "-" "-"
172.213.17.107 - - [29/Jul/2026:22:25:47 +0200] "GET /wp-links.php HTTP/1.1" 404 89434 "-" "-"
172.213.17.107 - - [29/Jul/2026:22:25:48 +0200] "GET /2P.update.php HTTP/1.1" 301 5694 "-" "-"
172.213.17.107 - - [29/Jul/2026:22:25:49 +0200] "GET /2P.update.php HTTP/1.1" 404 89434 "-" "-"
172.213.17.107 - - [29/Jul/2026:22:25:50 +0200] "GET /a.php HTTP/1.1" 301 5686 "-" "-"
84.246.212.44 - - [29/Jul/2026:22:25:51 +0200] "POST /wp-cron.php?doing_wp_cron=1785356751.3305909633636474609375 HTTP/1.1" 200 5527 "-" "WordPress/6.9; https://www.canterasdemuro.es"
172.213.17.107 - - [29/Jul/2026:22:25:50 +0200] "GET /a.php HTTP/1.1" 404 89434 "-" "-"
172.213.17.107 - - [29/Jul/2026:22:25:51 +0200] "GET /k.php HTTP/1.1" 301 5686 "-" "-"
172.213.17.107 - - [29/Jul/2026:22:25:51 +0200] "GET /k.php HTTP/1.1" 404 89434 "-" "-"
172.213.17.107 - - [29/Jul/2026:22:25:53 +0200] "GET /w.php HTTP/1.1" 503 7331 "-" "-"
172.213.17.107 - - [29/Jul/2026:22:25:53 +0200] "GET /insc.php HTTP/1.1" 503 7331 "-" "-"
172.213.17.107 - - [29/Jul/2026:22:25:53 +0200] "GET /4PJcpMFsD8B.php HTTP/1.1" 503 7331 "-" "-"
172.213.17.107 - - [29/Jul/2026:22:25:53 +0200] "GET /sss.php?p= HTTP/1.1" 503 7331 "-" "-"
172.213.17.107 - - [29/Jul/2026:22:25:54 +0200] "GET //aa.php HTTP/1.1" 503 7331 "-" "-"
172.213.17.107 - - [29/Jul/2026:22:25:54 +0200] "GET /177.php HTTP/1.1" 503 7331 "-" "-"
172.213.17.107 - - [29/Jul/2026:22:25:54 +0200] "GET /hur.php HTTP/1.1" 503 7331 "-" "-"
172.213.17.107 - - [29/Jul/2026:22:25:54 +0200] "GET /coffexium.php HTTP/1.1" 503 7331 "-" "-"
172.213.17.107 - - [29/Jul/2026:22:25:54 +0200] "GET /0.php HTTP/1.1" 503 7331 "-" "-"
172.213.17.107 - - [29/Jul/2026:22:25:54 +0200] "GET /BDKR28.php HTTP/1.1" 503 7331 "-" "-"
172.213.17.107 - - [29/Jul/2026:22:25:54 +0200] "GET /f35.update.php HTTP/1.1" 503 7331 "-" "-"
172.213.17.107 - - [29/Jul/2026:22:25:55 +0200] "GET /f900.php HTTP/1.1" 503 7331 "-" "-"
172.213.17.107 - - [29/Jul/2026:22:25:55 +0200] "GET /xmrl.php HTTP/1.1" 503 7331 "-" "-"
172.213.17.107 - - [29/Jul/2026:22:25:55 +0200] "GET /memberfuns.php HTTP/1.1" 503 7331 "-" "-"
172.213.17.107 - - [29/Jul/2026:22:25:55 +0200] "GET /ms.php HTTP/1.1" 503 7331 "-" "-"
172.213.17.107 - - [29/Jul/2026:22:25:55 +0200] "GET /zz.php?p= HTTP/1.1" 503 7331 "-" "-"
172.213.17.107 - - [29/Jul/2026:22:25:56 +0200] "GET /for.php HTTP/1.1" 503 7331 "-" "-"
172.213.17.107 - - [29/Jul/2026:22:25:56 +0200] "GET /yup.php HTTP/1.1" 503 7331 "-" "-"
172.213.17.107 - - [29/Jul/2026:22:25:56 +0200] "GET /fffm.php?p= HTTP/1.1" 503 7331 "-" "-"
172.213.17.107 - - [29/Jul/2026:22:25:56 +0200] "GET /gecko.php HTTP/1.1" 503 7331 "-" "-"
172.213.17.107 - - [29/Jul/2026:22:25:56 +0200] "GET //a1.php HTTP/1.1" 503 7331 "-" "-"
84.246.212.44 - - [29/Jul/2026:22:25:55 +0200] "GET /?wp_scrape_key=3e6af996a36e3d1157cb5f8070545c83&wp_scrape_nonce=1785356753 HTTP/1.1" 200 100654 "-" "WordPress/6.9; https://www.canterasdemuro.es"
172.213.17.107 - - [29/Jul/2026:22:25:56 +0200] "GET /k2.php HTTP/1.1" 503 7331 "-" "-"
172.213.17.107 - - [29/Jul/2026:22:25:56 +0200] "GET /82.php HTTP/1.1" 503 7331 "-" "-"
172.213.17.107 - - [29/Jul/2026:22:25:57 +0200] "GET /config.json.php HTTP/1.1" 503 7331 "-" "-"
172.213.17.107 - - [29/Jul/2026:22:25:57 +0200] "GET /fpwch.php HTTP/1.1" 503 7331 "-" "-"
172.213.17.107 - - [29/Jul/2026:22:25:57 +0200] "GET //2.php HTTP/1.1" 503 7331 "-" "-"
172.213.17.107 - - [29/Jul/2026:22:25:57 +0200] "GET /xstelth.php HTTP/1.1" 503 7331 "-" "-"
172.213.17.107 - - [29/Jul/2026:22:25:57 +0200] "GET /xp.php HTTP/1.1" 503 7331 "-" "-"
172.213.17.107 - - [29/Jul/2026:22:25:57 +0200] "GET /nwflm.php HTTP/1.1" 503 7331 "-" "-"
172.213.17.107 - - [29/Jul/2026:22:25:58 +0200] "GET /reop3.php?p= HTTP/1.1" 503 7331 "-" "-"
172.213.17.107 - - [29/Jul/2026:22:25:58 +0200] "GET /green.php HTTP/1.1" 503 7331 "-" "-"
172.213.17.107 - - [29/Jul/2026:22:25:58 +0200] "GET /zildan.php HTTP/1.1" 503 7331 "-" "-"
172.213.17.107 - - [29/Jul/2026:22:25:58 +0200] "GET /111.php HTTP/1.1" 503 7331 "-" "-"
172.213.17.107 - - [29/Jul/2026:22:25:58 +0200] "GET /kir.php HTTP/1.1" 503 7331 "-" "-"
172.213.17.107 - - [29/Jul/2026:22:25:58 +0200] "GET //wp-includes/Requests/ HTTP/1.1" 403 6292 "-" "-"
172.213.17.107 - - [29/Jul/2026:22:25:59 +0200] "GET /002.php?p= HTTP/1.1" 503 7331 "-" "-"
172.213.17.107 - - [29/Jul/2026:22:25:59 +0200] "GET //wp.php? HTTP/1.1" 503 7331 "-" "-"
172.213.17.107 - - [29/Jul/2026:22:25:59 +0200] "GET /edit.php HTTP/1.1" 503 7331 "-" "-"
172.213.17.107 - - [29/Jul/2026:22:25:59 +0200] "GET /dex.php HTTP/1.1" 503 7331 "-" "-"
172.213.17.107 - - [29/Jul/2026:22:25:59 +0200] "GET /v2.php HTTP/1.1" 503 7331 "-" "-"
172.213.17.107 - - [29/Jul/2026:22:25:59 +0200] "GET /biufile.php HTTP/1.1" 503 7331 "-" "-"
172.213.17.107 - - [29/Jul/2026:22:26:00 +0200] "GET /inputs.php? HTTP/1.1" 503 7331 "-" "-"
172.213.17.107 - - [29/Jul/2026:22:26:00 +0200] "GET /inputs.php HTTP/1.1" 503 7331 "-" "-"
172.213.17.107 - - [29/Jul/2026:22:26:00 +0200] "GET //adminfuns.php HTTP/1.1" 503 7331 "-" "-"
172.213.17.107 - - [29/Jul/2026:22:26:00 +0200] "GET /goods.php HTTP/1.1" 503 7331 "-" "-"
172.213.17.107 - - [29/Jul/2026:22:26:00 +0200] "GET /about.php? HTTP/1.1" 503 7331 "-" "-"
172.213.17.107 - - [29/Jul/2026:22:26:01 +0200] "GET /about.php HTTP/1.1" 503 7331 "-" "-"
172.213.17.107 - - [29/Jul/2026:22:26:01 +0200] "GET /admin.php HTTP/1.1" 503 7331 "-" "-"
172.213.17.107 - - [29/Jul/2026:22:26:01 +0200] "GET /admin.php? HTTP/1.1" 503 7331 "-" "-"
172.213.17.107 - - [29/Jul/2026:22:26:01 +0200] "GET /chosen.php? HTTP/1.1" 503 7331 "-" "-"
172.213.17.107 - - [29/Jul/2026:22:26:01 +0200] "GET //themes.php HTTP/1.1" 503 7331 "-" "-"
84.246.212.44 - - [29/Jul/2026:22:26:00 +0200] "GET /?wp_scrape_key=cadad6789678fbd5fd07738e513897d6&wp_scrape_nonce=1785356758 HTTP/1.1" 200 100654 "-" "WordPress/6.9; https://www.canterasdemuro.es"
172.213.17.107 - - [29/Jul/2026:22:26:02 +0200] "GET /hypo.php HTTP/1.1" 503 7331 "-" "-"
84.246.212.44 - - [29/Jul/2026:22:26:04 +0200] "GET /?wp_scrape_key=d178102f8d627b852fef93d52d81f96f&wp_scrape_nonce=1785356762 HTTP/1.1" 200 100654 "-" "WordPress/6.9; https://www.canterasdemuro.es"
84.246.212.44 - - [29/Jul/2026:22:26:09 +0200] "GET /?wp_scrape_key=3290b645d399d8913aee7b08dc6ceaca&wp_scrape_nonce=1785356767 HTTP/1.1" 200 100654 "-" "WordPress/6.9; https://www.canterasdemuro.es"
84.246.212.44 - - [29/Jul/2026:22:26:13 +0200] "GET /?wp_scrape_key=03ff164e583709ba1fa77984e1826828&wp_scrape_nonce=1785356771 HTTP/1.1" 200 100654 "-" "WordPress/6.9; https://www.canterasdemuro.es"
84.246.212.44 - - [29/Jul/2026:22:26:18 +0200] "GET /?wp_scrape_key=e0f5c83e1381eafeaf11979fd9355693&wp_scrape_nonce=1785356776 HTTP/1.1" 200 100676 "-" "WordPress/6.9; https://www.canterasdemuro.es"
84.246.212.44 - - [29/Jul/2026:22:26:22 +0200] "GET /?wp_scrape_key=5569b5c9cf20c09359d4ab7b1e412659&wp_scrape_nonce=1785356780 HTTP/1.1" 200 100654 "-" "WordPress/6.9; https://www.canterasdemuro.es"
84.246.212.44 - - [29/Jul/2026:22:26:26 +0200] "GET /?wp_scrape_key=c81d60e1e3e0c2f70d517260072a076d&wp_scrape_nonce=1785356784 HTTP/1.1" 200 100654 "-" "WordPress/6.9; https://www.canterasdemuro.es"
84.246.212.44 - - [29/Jul/2026:22:26:31 +0200] "GET /?wp_scrape_key=68221aa5ddfd30ffa543138c39d8f6ed&wp_scrape_nonce=1785356789 HTTP/1.1" 200 100654 "-" "WordPress/6.9; https://www.canterasdemuro.es"
84.246.212.44 - - [29/Jul/2026:22:28:34 +0200] "POST /wp-cron.php?doing_wp_cron=1785356914.4312760829925537109375 HTTP/1.1" 200 5527 "-" "WordPress/6.9; https://www.canterasdemuro.es"
114.119.131.112 - - [29/Jul/2026:22:28:33 +0200] "GET /politica-de-cookies/ HTTP/1.1" 200 108046 "https://www.canterasdemuro.es/politica-de-privacidad/" "Mozilla/5.0 (Linux; Android 7.0;) AppleWebKit/537.36 (HTML, like Gecko) Mobile Safari/537.36 (compatible; PetalBot;+https://webmaster.petalsearch.com/site/petalbot)"
84.246.212.44 - - [29/Jul/2026:22:28:34 +0200] "POST /wp-admin/admin-ajax.php?action=async_litespeed&nonce=FGAxOBWTcI2XEslQnK6PMJbo2ulaHeoe&litespeed_type=imgoptm HTTP/1.1" 200 5782 "-" "WordPress/6.9; https://www.canterasdemuro.es"
84.246.212.44 - - [29/Jul/2026:22:30:39 +0200] "POST /wp-cron.php?doing_wp_cron=1785357039.6531169414520263671875 HTTP/1.1" 200 5527 "-" "WordPress/6.9; https://www.canterasdemuro.es"
198.244.242.218 - - [29/Jul/2026:22:30:39 +0200] "GET /wp-sitemap.xml HTTP/1.1" 200 6234 "-" "Mozilla/5.0 (compatible; AhrefsBot/7.0; +http://ahrefs.com/robot/)"
84.246.212.44 - - [29/Jul/2026:22:30:40 +0200] "POST /wp-admin/admin-ajax.php?action=async_litespeed&nonce=JK4dZ6YHtT4vAAAxeCUEa3A5Bkw64Poq&litespeed_type=imgoptm HTTP/1.1" 200 5782 "-" "WordPress/6.9; https://www.canterasdemuro.es"
51.195.244.52 - - [29/Jul/2026:22:30:41 +0200] "GET /wp-sitemap-posts-post-1.xml HTTP/1.1" 200 5797 "-" "Mozilla/5.0 (compatible; AhrefsBot/7.0; +http://ahrefs.com/robot/)"
51.195.183.38 - - [29/Jul/2026:22:30:43 +0200] "GET /wp-sitemap-posts-page-1.xml HTTP/1.1" 200 6783 "-" "Mozilla/5.0 (compatible; AhrefsBot/7.0; +http://ahrefs.com/robot/)"
51.195.244.123 - - [29/Jul/2026:22:30:44 +0200] "GET /gl/wp-sitemap-posts-page-1.xml HTTP/1.1" 200 6810 "-" "Mozilla/5.0 (compatible; AhrefsBot/7.0; +http://ahrefs.com/robot/)"
54.38.147.84 - - [29/Jul/2026:22:30:46 +0200] "GET /wp-sitemap-taxonomies-category-1.xml HTTP/1.1" 200 5764 "-" "Mozilla/5.0 (compatible; AhrefsBot/7.0; +http://ahrefs.com/robot/)"
51.195.183.91 - - [29/Jul/2026:22:30:48 +0200] "GET /wp-sitemap-users-1.xml HTTP/1.1" 200 5754 "-" "Mozilla/5.0 (compatible; AhrefsBot/7.0; +http://ahrefs.com/robot/)"
198.244.242.176 - - [29/Jul/2026:22:30:50 +0200] "GET /gl/wp-sitemap-users-1.xml HTTP/1.1" 200 5757 "-" "Mozilla/5.0 (compatible; AhrefsBot/7.0; +http://ahrefs.com/robot/)"
84.246.212.44 - - [29/Jul/2026:22:42:12 +0200] "POST /wp-cron.php?doing_wp_cron=1785357732.7175769805908203125000 HTTP/1.1" 200 5527 "-" "WordPress/6.9; https://www.canterasdemuro.es"
43.135.36.201 - - [29/Jul/2026:22:42:11 +0200] "GET / HTTP/1.1" 200 100542 "http://www.canterasdemuro.es" "Mozilla/5.0 (iPhone; CPU iPhone OS 13_2_3 like Mac OS X) AppleWebKit/605.1.15 (KHTML, like Gecko) Version/13.0.3 Mobile/15E148 Safari/604.1"
84.246.212.44 - - [29/Jul/2026:22:42:13 +0200] "POST /wp-admin/admin-ajax.php?action=async_litespeed&nonce=k8wk9D2Owyi5wuBHJ8sqk8sIR2NroY3q&litespeed_type=imgoptm HTTP/1.1" 200 5782 "-" "WordPress/6.9; https://www.canterasdemuro.es"
213.159.10.36 - - [29/Jul/2026:22:44:36 +0200] "GET / HTTP/1.1" 200 13469 "-" "Mozilla/5.0 (Macintosh; Intel Mac OS X 10_9_2) AppleWebKit/537.36 (KHTML, like Gecko) Chrome/55.0.2919.34 Safari/537.36"
84.246.212.44 - - [29/Jul/2026:22:44:38 +0200] "POST /wp-cron.php?doing_wp_cron=1785357878.3426520824432373046875 HTTP/1.1" 200 5527 "-" "WordPress/6.9; https://www.canterasdemuro.es"
84.246.212.44 - - [29/Jul/2026:22:44:38 +0200] "POST /wp-admin/admin-ajax.php?action=async_litespeed&nonce=5yKFSTmkey10rbk78Qv0FwR4xRcWt9Lq&litespeed_type=imgoptm HTTP/1.1" 200 5782 "-" "WordPress/6.9; https://www.canterasdemuro.es"
91.202.233.61 - - [29/Jul/2026:22:44:58 +0200] "GET / HTTP/1.1" 301 5569 "-" "Mozilla/5.0 (Windows NT 10.0; Win64; x64) AppleWebKit/537.36 (KHTML, like Gecko) Chrome/131.0.0.0 Safari/537.36"
91.202.233.61 - - [29/Jul/2026:22:44:59 +0200] "GET /?_wplogin=35fe7057ffed92ff7bc5a0b90f302a77fb5843ad6c972294d68da0b0553b3900 HTTP/1.1" 301 5643 "-" "Mozilla/5.0 (Windows NT 10.0; Win64; x64) AppleWebKit/537.36 (KHTML, like Gecko) Chrome/131.0.0.0 Safari/537.36"
91.202.233.61 - - [29/Jul/2026:22:44:59 +0200] "GET /?_wpm=35fe7057ffed92ff7bc5a0b90f302a77fb5843ad6c972294d68da0b0553b3900 HTTP/1.1" 301 5639 "-" "Mozilla/5.0 (Windows NT 10.0; Win64; x64) AppleWebKit/537.36 (KHTML, like Gecko) Chrome/131.0.0.0 Safari/537.36"
84.246.212.44 - - [29/Jul/2026:22:55:46 +0200] "POST /wp-cron.php?doing_wp_cron=1785358546.8068740367889404296875 HTTP/1.1" 200 5527 "-" "WordPress/6.9; https://www.canterasdemuro.es"
69.171.230.52 - - [29/Jul/2026:22:55:46 +0200] "GET /robots.txt HTTP/1.1" 301 5579 "-" "facebookexternalhit/1.1 (+http://www.facebook.com/externalhit_uatext.php)"
84.246.212.44 - - [29/Jul/2026:22:55:47 +0200] "POST /wp-admin/admin-ajax.php?action=async_litespeed&nonce=7M7tztjBOtlP2WO3UXrbJhdvh6XT9IBI&litespeed_type=imgoptm HTTP/1.1" 200 5782 "-" "WordPress/6.9; https://www.canterasdemuro.es"
69.171.230.4 - - [29/Jul/2026:22:55:48 +0200] "GET /robots.txt HTTP/1.1" 200 5682 "-" "facebookexternalhit/1.1 (+http://www.facebook.com/externalhit_uatext.php)"
84.246.212.44 - - [29/Jul/2026:23:06:45 +0200] "POST /wp-cron.php?doing_wp_cron=1785359205.1076159477233886718750 HTTP/1.1" 200 5527 "-" "WordPress/6.9; https://www.canterasdemuro.es"
167.99.182.39 - - [29/Jul/2026:23:06:43 +0200] "GET / HTTP/1.1" 200 100542 "-" "Mozilla/5.0 (l9scan/2.0.4343e2231323e2634323e24383; +https://leakix.net)"
84.246.212.44 - - [29/Jul/2026:23:06:45 +0200] "POST /wp-admin/admin-ajax.php?action=async_litespeed&nonce=k8oKm8dRC2e7bJpLapYJCdxtBNKMtNAa&litespeed_type=imgoptm HTTP/1.1" 200 5782 "-" "WordPress/6.9; https://www.canterasdemuro.es"
167.99.182.39 - - [29/Jul/2026:23:06:46 +0200] "GET /console/ HTTP/1.1" 404 89434 "-" "Mozilla/5.0 (l9scan/2.0.4343e2231323e2634323e24383; +https://leakix.net)"
