104.28.208.188 - - [29/Jul/2026:02:02:25 +0200] "HEAD /.env.local HTTP/1.1" 403 5497 "-" "Mozilla/5.0 (Macintosh; Intel Mac OS X 14_5) AppleWebKit/605.1.15 (KHTML, like Gecko) Version/18.4 Safari/605.1.15"
104.28.161.132 - - [29/Jul/2026:02:02:25 +0200] "HEAD /.env.old HTTP/1.1" 403 5497 "https://www.google.com/search?q=canterasdemuro.es" "Mozilla/5.0 (compatible; Googlebot/2.1; +http://www.google.com/bot.html)"
104.28.208.187 - - [29/Jul/2026:02:02:25 +0200] "HEAD /.git/config HTTP/1.1" 403 5497 "https://www.google.com/search?q=canterasdemuro.es" "Mozilla/5.0 (compatible; Googlebot/2.1; +http://www.google.com/bot.html)"
104.28.240.188 - - [29/Jul/2026:02:02:24 +0200] "HEAD /.aws/credentials HTTP/1.1" 301 5679 "https://www.google.com/search?q=canterasdemuro.es" "Mozilla/5.0 (Windows NT 10.0; Win64; x64) AppleWebKit/537.36 (KHTML, like Gecko) Chrome/135.0.0.0 Safari/537.36"
104.28.208.188 - - [29/Jul/2026:02:02:24 +0200] "HEAD /config.yml HTTP/1.1" 301 5672 "-" "Mozilla/5.0 (Linux; Android 14; Pixel 8) AppleWebKit/537.36 (KHTML, like Gecko) Chrome/135.0.6422.113 Mobile Safari/537.36"
104.28.153.93 - - [29/Jul/2026:02:02:24 +0200] "HEAD /.dev.vars HTTP/1.1" 301 5671 "https://www.google.com/search?q=canterasdemuro.es" "Mozilla/5.0 (Windows NT 10.0; Win64; x64; rv:137.0) Gecko/20100101 Firefox/137.0"
104.28.240.187 - - [29/Jul/2026:02:02:25 +0200] "HEAD /.env.backup HTTP/1.1" 403 5497 "https://www.google.com/search?q=canterasdemuro.es" "Mozilla/5.0 (Macintosh; Intel Mac OS X 10_15_7) AppleWebKit/537.36 (KHTML, like Gecko) Chrome/135.0.0.0 Safari/537.36"
104.28.165.15 - - [29/Jul/2026:02:02:24 +0200] "HEAD /secrets.json HTTP/1.1" 301 5674 "https://www.google.com/search?q=canterasdemuro.es" "Mozilla/5.0 (Linux; Android 14; Pixel 8) AppleWebKit/537.36 (KHTML, like Gecko) Chrome/135.0.6422.113 Mobile Safari/537.36"
104.28.165.13 - - [29/Jul/2026:02:02:25 +0200] "HEAD /config.json HTTP/1.1" 301 5673 "-" "Mozilla/5.0 (Macintosh; Intel Mac OS X 14_5) AppleWebKit/605.1.15 (KHTML, like Gecko) Version/18.4 Safari/605.1.15"
104.28.161.216 - - [29/Jul/2026:02:02:26 +0200] "HEAD /.docker/config.json HTTP/1.1" 301 5681 "https://www.google.com/search?q=canterasdemuro.es" "Mozilla/5.0 (Linux; Android 14; Pixel 8) AppleWebKit/537.36 (KHTML, like Gecko) Chrome/135.0.6422.113 Mobile Safari/537.36"
104.28.240.189 - - [29/Jul/2026:02:02:26 +0200] "HEAD /.aws/credentials/ HTTP/1.1" 404 5639 "https://canterasdemuro.es/.aws/credentials" "Mozilla/5.0 (Windows NT 10.0; Win64; x64) AppleWebKit/537.36 (KHTML, like Gecko) Chrome/135.0.0.0 Safari/537.36"
104.28.240.189 - - [29/Jul/2026:02:02:26 +0200] "HEAD /config.yml HTTP/1.1" 404 5639 "https://canterasdemuro.es/config.yml" "Mozilla/5.0 (Linux; Android 14; Pixel 8) AppleWebKit/537.36 (KHTML, like Gecko) Chrome/135.0.6422.113 Mobile Safari/537.36"
104.28.161.198 - - [29/Jul/2026:02:02:26 +0200] "HEAD /config.json HTTP/1.1" 404 5639 "https://canterasdemuro.es/config.json" "Mozilla/5.0 (Macintosh; Intel Mac OS X 14_5) AppleWebKit/605.1.15 (KHTML, like Gecko) Version/18.4 Safari/605.1.15"
104.28.240.189 - - [29/Jul/2026:02:02:27 +0200] "HEAD /.docker/config.json HTTP/1.1" 404 5639 "https://canterasdemuro.es/.docker/config.json" "Mozilla/5.0 (Linux; Android 14; Pixel 8) AppleWebKit/537.36 (KHTML, like Gecko) Chrome/135.0.6422.113 Mobile Safari/537.36"
104.28.208.187 - - [29/Jul/2026:02:02:30 +0200] "HEAD /.env.production.local HTTP/1.1" 403 5497 "https://www.google.com/search?q=canterasdemuro.es" "Mozilla/5.0 (Macintosh; Intel Mac OS X 14_5) AppleWebKit/605.1.15 (KHTML, like Gecko) Version/18.4 Safari/605.1.15"
104.28.166.58 - - [29/Jul/2026:02:02:31 +0200] "HEAD /.env.development.local HTTP/1.1" 403 5497 "-" "Mozilla/5.0 (Linux; Android 14; Pixel 8) AppleWebKit/537.36 (KHTML, like Gecko) Chrome/135.0.6422.113 Mobile Safari/537.36"
104.28.240.189 - - [29/Jul/2026:02:02:30 +0200] "HEAD /.cursor/mcp.json HTTP/1.1" 301 5678 "https://www.google.com/search?q=canterasdemuro.es" "Mozilla/5.0 (Windows NT 10.0; Win64; x64; rv:137.0) Gecko/20100101 Firefox/137.0"
104.28.153.95 - - [29/Jul/2026:02:02:30 +0200] "HEAD /.pypirc HTTP/1.1" 301 5670 "-" "Mozilla/5.0 (Windows NT 10.0; Win64; x64; rv:137.0) Gecko/20100101 Firefox/137.0"
104.28.240.187 - - [29/Jul/2026:02:02:31 +0200] "HEAD /.continue/config.json HTTP/1.1" 301 5683 "-" "Mozilla/5.0 AppleWebKit/537.36 (KHTML, like Gecko; compatible; ChatGPT-User/1.0; +https://openai.com/bot)"
104.28.208.187 - - [29/Jul/2026:02:02:31 +0200] "HEAD /config.yaml HTTP/1.1" 301 5673 "https://www.google.com/search?q=canterasdemuro.es" "Mozilla/5.0 AppleWebKit/537.36 (KHTML, like Gecko; compatible; ChatGPT-User/1.0; +https://openai.com/bot)"
104.28.165.12 - - [29/Jul/2026:02:02:31 +0200] "HEAD /.netrc HTTP/1.1" 301 5669 "-" "Mozilla/5.0 (Windows NT 10.0; Win64; x64; rv:137.0) Gecko/20100101 Firefox/137.0"
172.69.71.140 - - [29/Jul/2026:02:02:32 +0200] "GET /.env.dist HTTP/1.1" 403 6292 "https://www.google.com/search?q=canterasdemuro.es" "Mozilla/5.0 (Windows NT 10.0; Win64; x64) AppleWebKit/537.36 (KHTML, like Gecko) Chrome/135.0.0.0 Safari/537.36"
104.28.240.189 - - [29/Jul/2026:02:02:32 +0200] "HEAD /.cursor/mcp.json HTTP/1.1" 404 5639 "https://canterasdemuro.es/.cursor/mcp.json" "Mozilla/5.0 (Windows NT 10.0; Win64; x64; rv:137.0) Gecko/20100101 Firefox/137.0"
104.28.161.217 - - [29/Jul/2026:02:02:32 +0200] "HEAD /.vscode/settings.json HTTP/1.1" 301 5683 "-" "Mozilla/5.0 AppleWebKit/537.36 (KHTML, like Gecko; compatible; ChatGPT-User/1.0; +https://openai.com/bot)"
104.28.159.116 - - [29/Jul/2026:02:02:32 +0200] "HEAD /.continue/config.json HTTP/1.1" 404 5639 "https://canterasdemuro.es/.continue/config.json" "Mozilla/5.0 AppleWebKit/537.36 (KHTML, like Gecko; compatible; ChatGPT-User/1.0; +https://openai.com/bot)"
104.28.240.188 - - [29/Jul/2026:02:02:32 +0200] "HEAD /.pypirc/ HTTP/1.1" 404 5639 "https://canterasdemuro.es/.pypirc" "Mozilla/5.0 (Windows NT 10.0; Win64; x64; rv:137.0) Gecko/20100101 Firefox/137.0"
104.28.166.133 - - [29/Jul/2026:02:02:33 +0200] "HEAD /config.yaml HTTP/1.1" 404 5639 "https://canterasdemuro.es/config.yaml" "Mozilla/5.0 AppleWebKit/537.36 (KHTML, like Gecko; compatible; ChatGPT-User/1.0; +https://openai.com/bot)"
104.28.166.131 - - [29/Jul/2026:02:02:33 +0200] "HEAD /.netrc/ HTTP/1.1" 404 5639 "https://canterasdemuro.es/.netrc" "Mozilla/5.0 (Windows NT 10.0; Win64; x64; rv:137.0) Gecko/20100101 Firefox/137.0"
104.28.240.189 - - [29/Jul/2026:02:02:33 +0200] "HEAD /.vscode/settings.json HTTP/1.1" 404 5639 "https://canterasdemuro.es/.vscode/settings.json" "Mozilla/5.0 AppleWebKit/537.36 (KHTML, like Gecko; compatible; ChatGPT-User/1.0; +https://openai.com/bot)"
172.69.71.139 - - [29/Jul/2026:02:02:33 +0200] "GET /.dev.vars HTTP/1.1" 301 5690 "-" "Mozilla/5.0 (Windows NT 10.0; Win64; x64) AppleWebKit/537.36 (KHTML, like Gecko) Chrome/135.0.0.0 Safari/537.36"
172.69.71.140 - - [29/Jul/2026:02:02:34 +0200] "GET /.docker/config.json HTTP/1.1" 301 5700 "-" "Mozilla/5.0 AppleWebKit/537.36 (KHTML, like Gecko; compatible; ChatGPT-User/1.0; +https://openai.com/bot)"
172.69.71.140 - - [29/Jul/2026:02:02:34 +0200] "GET /secrets.json HTTP/1.1" 301 5693 "https://www.google.com/search?q=canterasdemuro.es" "Mozilla/5.0 (compatible; Googlebot/2.1; +http://www.google.com/bot.html)"
172.69.71.83 - - [29/Jul/2026:02:02:34 +0200] "GET /.dev.vars HTTP/1.1" 404 89434 "-" "Mozilla/5.0 (Windows NT 10.0; Win64; x64) AppleWebKit/537.36 (KHTML, like Gecko) Chrome/135.0.0.0 Safari/537.36"
172.69.71.83 - - [29/Jul/2026:02:02:35 +0200] "GET /secrets.json HTTP/1.1" 404 89434 "https://www.google.com/search?q=canterasdemuro.es" "Mozilla/5.0 (compatible; Googlebot/2.1; +http://www.google.com/bot.html)"
104.28.166.61 - - [29/Jul/2026:02:02:35 +0200] "GET /.docker/config.json HTTP/1.1" 404 89434 "https://lingering-sunset-b175.bzpcu8o0.workers.dev/proxy?modify&proxyUrl=https%3A%2F%2Fcanterasdemuro.es%2F.docker%2Fconfig.json" "Mozilla/5.0 AppleWebKit/537.36 (KHTML, like Gecko; compatible; ChatGPT-User/1.0; +https://openai.com/bot)"
84.246.212.44 - - [29/Jul/2026:02:05:18 +0200] "POST /wp-cron.php?doing_wp_cron=1785283518.1566720008850097656250 HTTP/1.1" 200 5527 "-" "WordPress/6.9; https://www.canterasdemuro.es"
34.139.228.127 - - [29/Jul/2026:02:05:17 +0200] "HEAD /backup/ HTTP/1.1" 301 5669 "http://canterasdemuro.es/backup/" "Mozilla/5.0 (Macintosh; Intel Mac OS X 14_5) AppleWebKit/605.1.15 (KHTML, like Gecko) Version/17.5 Safari/605.1.15"
34.139.228.127 - - [29/Jul/2026:02:05:18 +0200] "HEAD /backup/ HTTP/1.1" 404 5639 "https://canterasdemuro.es/backup/" "Mozilla/5.0 (Macintosh; Intel Mac OS X 14_5) AppleWebKit/605.1.15 (KHTML, like Gecko) Version/17.5 Safari/605.1.15"
84.246.212.44 - - [29/Jul/2026:02:05:18 +0200] "POST /wp-admin/admin-ajax.php?action=async_litespeed&nonce=NjkVBMffydRRQl5RbX7ODkIxpHHvkpnH&litespeed_type=imgoptm HTTP/1.1" 200 5782 "-" "WordPress/6.9; https://www.canterasdemuro.es"
34.139.228.127 - - [29/Jul/2026:02:05:19 +0200] "HEAD /wordpress/ HTTP/1.1" 301 5672 "http://canterasdemuro.es/wordpress/" "Mozilla/5.0 (Linux; Android 14; SM-A146P) AppleWebKit/537.36 (KHTML, like Gecko) SamsungBrowser/25.0 Chrome/123.0.6312.120 Mobile Safari/537.36"
34.139.228.127 - - [29/Jul/2026:02:05:20 +0200] "HEAD /wordpress/ HTTP/1.1" 404 5639 "https://canterasdemuro.es/wordpress/" "Mozilla/5.0 (Linux; Android 14; SM-A146P) AppleWebKit/537.36 (KHTML, like Gecko) SamsungBrowser/25.0 Chrome/123.0.6312.120 Mobile Safari/537.36"
34.139.228.127 - - [29/Jul/2026:02:05:20 +0200] "HEAD /old/ HTTP/1.1" 301 5666 "http://canterasdemuro.es/old/" "Mozilla/5.0 (Linux; Android 12; Redmi Note 11) AppleWebKit/537.36 (KHTML, like Gecko) Chrome/123.0.6312.112 Mobile Safari/537.36"
34.139.228.127 - - [29/Jul/2026:02:05:21 +0200] "HEAD /old/ HTTP/1.1" 404 5639 "https://canterasdemuro.es/old/" "Mozilla/5.0 (Linux; Android 12; Redmi Note 11) AppleWebKit/537.36 (KHTML, like Gecko) Chrome/123.0.6312.112 Mobile Safari/537.36"
34.139.228.127 - - [29/Jul/2026:02:05:22 +0200] "HEAD /wp/ HTTP/1.1" 301 5665 "http://canterasdemuro.es/wp/" "Mozilla/5.0 (Windows NT 10.0; Win64; x64; rv:127.0) Gecko/20100101 Firefox/127.0"
34.139.228.127 - - [29/Jul/2026:02:05:22 +0200] "HEAD /wp/ HTTP/1.1" 404 5639 "https://canterasdemuro.es/wp/" "Mozilla/5.0 (Windows NT 10.0; Win64; x64; rv:127.0) Gecko/20100101 Firefox/127.0"
34.139.228.127 - - [29/Jul/2026:02:05:23 +0200] "HEAD /new/ HTTP/1.1" 301 5666 "http://canterasdemuro.es/new/" "Mozilla/5.0 (Windows NT 10.0; Win64; x64; rv:127.0) Gecko/20100101 Firefox/127.0"
34.139.228.127 - - [29/Jul/2026:02:05:23 +0200] "HEAD /new/ HTTP/1.1" 404 5639 "https://canterasdemuro.es/new/" "Mozilla/5.0 (Windows NT 10.0; Win64; x64; rv:127.0) Gecko/20100101 Firefox/127.0"
34.139.228.127 - - [29/Jul/2026:02:05:24 +0200] "HEAD /blog/ HTTP/1.1" 301 5667 "http://canterasdemuro.es/blog/" "Mozilla/5.0 (Linux; Android 12; Redmi Note 11) AppleWebKit/537.36 (KHTML, like Gecko) Chrome/123.0.6312.112 Mobile Safari/537.36"
34.139.228.127 - - [29/Jul/2026:02:05:25 +0200] "HEAD /blog/ HTTP/1.1" 404 5639 "https://canterasdemuro.es/blog/" "Mozilla/5.0 (Linux; Android 12; Redmi Note 11) AppleWebKit/537.36 (KHTML, like Gecko) Chrome/123.0.6312.112 Mobile Safari/537.36"
34.139.228.127 - - [29/Jul/2026:02:05:25 +0200] "HEAD / HTTP/1.1" 301 5550 "http://canterasdemuro.es/" "Mozilla/5.0 (Macintosh; Intel Mac OS X 15_0) AppleWebKit/537.36 (KHTML, like Gecko) Chrome/125.0.6422.141 Safari/537.36"
34.139.228.127 - - [29/Jul/2026:02:05:26 +0200] "HEAD / HTTP/1.1" 200 5682 "https://canterasdemuro.es/" "Mozilla/5.0 (Macintosh; Intel Mac OS X 15_0) AppleWebKit/537.36 (KHTML, like Gecko) Chrome/125.0.6422.141 Safari/537.36"
84.246.212.44 - - [29/Jul/2026:02:08:10 +0200] "POST /wp-cron.php?doing_wp_cron=1785283690.4011960029602050781250 HTTP/1.1" 200 5527 "-" "WordPress/6.9; https://www.canterasdemuro.es"
84.246.212.44 - - [29/Jul/2026:02:08:11 +0200] "POST /wp-admin/admin-ajax.php?action=async_litespeed&nonce=3Uo6Jv1GDqwTxVZV3pNUoaH9AUo1s6tC&litespeed_type=imgoptm HTTP/1.1" 200 5782 "-" "WordPress/6.9; https://www.canterasdemuro.es"
84.246.212.44 - - [29/Jul/2026:02:08:13 +0200] "POST /wp-cron.php?doing_wp_cron=1785283693.9343099594116210937500 HTTP/1.1" 200 5527 "-" "WordPress/6.9; https://www.canterasdemuro.es"
84.246.212.44 - - [29/Jul/2026:02:08:14 +0200] "POST /wp-admin/admin-ajax.php?action=async_litespeed&nonce=hUxnG9j3hYXP2XiFr8RjOoV3c4F9u22V&litespeed_type=imgoptm HTTP/1.1" 200 5782 "-" "WordPress/6.9; https://www.canterasdemuro.es"
84.246.212.44 - - [29/Jul/2026:02:08:17 +0200] "POST /wp-cron.php?doing_wp_cron=1785283697.9449059963226318359375 HTTP/1.1" 200 5527 "-" "WordPress/6.9; https://www.canterasdemuro.es"
84.246.212.44 - - [29/Jul/2026:02:08:26 +0200] "HEAD / HTTP/1.1" 200 5682 "-" "-"
84.246.212.44 - - [29/Jul/2026:02:08:34 +0200] "GET /wp-admin/admin-ajax.php HTTP/1.1" 400 5680 "-" "WordPress/6.9; https://www.canterasdemuro.es"
84.246.212.44 - - [29/Jul/2026:02:08:47 +0200] "GET /wp-admin/admin-ajax.php HTTP/1.1" 400 5680 "-" "WordPress/6.9; https://www.canterasdemuro.es"
84.246.212.44 - - [29/Jul/2026:02:09:00 +0200] "GET /wp-admin/admin-ajax.php HTTP/1.1" 400 5680 "-" "WordPress/6.9; https://www.canterasdemuro.es"
84.246.212.44 - - [29/Jul/2026:02:09:06 +0200] "GET /wp-admin/admin-ajax.php HTTP/1.1" 400 5680 "-" "WordPress/6.9; https://www.canterasdemuro.es"
84.246.212.44 - - [29/Jul/2026:02:09:14 +0200] "POST /wp-cron.php?doing_wp_cron=1785283754.7017199993133544921875 HTTP/1.1" 200 5527 "-" "WordPress/6.9; https://www.canterasdemuro.es"
84.246.212.44 - - [29/Jul/2026:02:09:15 +0200] "POST /wp-admin/admin-ajax.php?action=async_litespeed&nonce=zOyfnyC0E0Ht5aZfXVCHduhtYhr0N8xW&litespeed_type=imgoptm HTTP/1.1" 200 5782 "-" "WordPress/6.9; https://www.canterasdemuro.es"
84.246.212.44 - - [29/Jul/2026:02:09:21 +0200] "POST /wp-cron.php?doing_wp_cron=1785283761.1685500144958496093750 HTTP/1.1" 200 5527 "-" "WordPress/6.9; https://www.canterasdemuro.es"
84.246.212.44 - - [29/Jul/2026:02:09:20 +0200] "POST /wp-admin/admin-ajax.php?action=wp_mail_smtp_init_migrations HTTP/1.1" 200 5806 "-" "WordPress/6.9; https://www.canterasdemuro.es"
114.119.132.59 - - [29/Jul/2026:02:09:21 +0200] "GET /robots.txt HTTP/1.1" 200 5682 "http://www.canterasdemuro.es/robots.txt" "Mozilla/5.0 (compatible;PetalBot;+https://webmaster.petalsearch.com/site/petalbot)"
84.246.212.44 - - [29/Jul/2026:02:09:23 +0200] "POST /wp-admin/admin-ajax.php?action=wp_mail_smtp_init_migrations HTTP/1.1" 200 5774 "-" "WordPress/6.9; https://www.canterasdemuro.es"
84.246.212.44 - - [29/Jul/2026:02:11:03 +0200] "POST /wp-cron.php?doing_wp_cron=1785283863.4789750576019287109375 HTTP/1.1" 200 5527 "-" "WordPress/6.9; https://www.canterasdemuro.es"
84.246.212.44 - - [29/Jul/2026:02:11:03 +0200] "POST /wp-admin/admin-ajax.php?action=async_litespeed&nonce=8uSkPTQ4jLGJbnbdyHHwNDqGRRDA8a8g&litespeed_type=imgoptm HTTP/1.1" 200 5782 "-" "WordPress/6.9; https://www.canterasdemuro.es"
212.32.69.219 - - [29/Jul/2026:02:21:54 +0200] "GET /.env HTTP/1.1" 403 6292 "-" "Mozilla/5.0 (Macintosh; Intel Mac OS X 10.15; rv:77.0) Gecko/20100101 Firefox/77.0"
84.246.212.44 - - [29/Jul/2026:02:29:49 +0200] "POST /wp-cron.php?doing_wp_cron=1785284989.9207661151885986328125 HTTP/1.1" 200 5527 "-" "WordPress/6.9; https://www.canterasdemuro.es"
57.141.0.49 - - [29/Jul/2026:02:29:48 +0200] "GET /sitemap.html HTTP/1.1" 404 89434 "-" "Mozilla/5.0 (Windows NT 10.0; Win64; x64) AppleWebKit/537.36 (KHTML, like Gecko) Chrome/145.0.0.0 Safari/537.36 (compatible; meta-externalagent/1.1 (+https://developers.facebook.com/docs/sharing/webmasters/crawler))"
84.246.212.44 - - [29/Jul/2026:02:29:50 +0200] "POST /wp-admin/admin-ajax.php?action=async_litespeed&nonce=guKMKvPDaAtdpl6CUOHpPUQQu87SwTP9&litespeed_type=imgoptm HTTP/1.1" 200 5782 "-" "WordPress/6.9; https://www.canterasdemuro.es"
84.246.212.44 - - [29/Jul/2026:02:31:40 +0200] "POST /wp-cron.php?doing_wp_cron=1785285100.1185960769653320312500 HTTP/1.1" 200 5527 "-" "WordPress/6.9; https://www.canterasdemuro.es"
165.22.214.22 - - [29/Jul/2026:02:31:39 +0200] "POST /xmlrpc.php HTTP/1.1" 200 5889 "-" "Mozilla/5.0 (Windows NT 10.0; Win64; x64) AppleWebKit/537.36 (KHTML, like Gecko) Chrome/120.0.0.0 Safari/537.36"
84.246.212.44 - - [29/Jul/2026:02:31:40 +0200] "POST /wp-admin/admin-ajax.php?action=async_litespeed&nonce=Rd2b2yNqAL0EMOHTm6nnlPYK2xvWkvN9&litespeed_type=imgoptm HTTP/1.1" 200 5782 "-" "WordPress/6.9; https://www.canterasdemuro.es"
84.246.212.44 - - [29/Jul/2026:02:35:51 +0200] "POST /wp-cron.php?doing_wp_cron=1785285351.5056779384613037109375 HTTP/1.1" 200 5527 "-" "WordPress/6.9; https://www.canterasdemuro.es"
160.191.139.115 - - [29/Jul/2026:02:35:50 +0200] "GET /wp-login.php HTTP/1.1" 200 15900 "-" "Mozilla/5.0 (Windows NT 10.0; Win64; x64) AppleWebKit/537.36 (KHTML, like Gecko) Chrome/120.0.0.0 Safari/537.36"
160.191.139.115 - - [29/Jul/2026:02:35:52 +0200] "POST /wp-login.php HTTP/1.1" 200 16338 "https://www.canterasdemuro.es/wp-login.php" "Mozilla/5.0 (Windows NT 10.0; Win64; x64) AppleWebKit/537.36 (KHTML, like Gecko) Chrome/120.0.0.0 Safari/537.36"
84.246.212.44 - - [29/Jul/2026:02:35:52 +0200] "POST /wp-admin/admin-ajax.php?action=async_litespeed&nonce=BjZ2vweetQahal7Yh2SeqeIt7cJoADtA&litespeed_type=imgoptm HTTP/1.1" 200 5782 "-" "WordPress/6.9; https://www.canterasdemuro.es"
84.246.212.44 - - [29/Jul/2026:02:52:50 +0200] "POST /wp-cron.php?doing_wp_cron=1785286370.8036808967590332031250 HTTP/1.1" 200 5527 "-" "WordPress/6.9; https://www.canterasdemuro.es"
188.165.193.149 - - [29/Jul/2026:02:52:50 +0200] "GET / HTTP/1.1" 301 5569 "-" "tranco-crawler/1.0"
84.246.212.44 - - [29/Jul/2026:02:52:51 +0200] "POST /wp-admin/admin-ajax.php?action=async_litespeed&nonce=uR5lREu4MSvu15vMixjXoWKhT4Jlzqjt&litespeed_type=imgoptm HTTP/1.1" 200 5782 "-" "WordPress/6.9; https://www.canterasdemuro.es"
188.165.193.149 - - [29/Jul/2026:02:52:51 +0200] "GET / HTTP/1.1" 200 100542 "https://canterasdemuro.es/" "tranco-crawler/1.0"
84.246.212.44 - - [29/Jul/2026:02:54:14 +0200] "POST /wp-cron.php?doing_wp_cron=1785286454.8849210739135742187500 HTTP/1.1" 200 5527 "-" "WordPress/6.9; https://www.canterasdemuro.es"
66.249.74.164 - - [29/Jul/2026:02:54:14 +0200] "GET /robots.txt HTTP/1.1" 301 5579 "-" "Mozilla/5.0 (compatible; Googlebot/2.1; +http://www.google.com/bot.html)"
66.249.78.6 - - [29/Jul/2026:02:54:15 +0200] "GET /robots.txt HTTP/1.1" 200 5682 "-" "Mozilla/5.0 (compatible; Googlebot/2.1; +http://www.google.com/bot.html)"
84.246.212.44 - - [29/Jul/2026:02:54:15 +0200] "POST /wp-admin/admin-ajax.php?action=async_litespeed&nonce=yoa6m73PhhlwGtWio7twRaLVgl1TVdEn&litespeed_type=imgoptm HTTP/1.1" 200 5782 "-" "WordPress/6.9; https://www.canterasdemuro.es"
84.246.212.44 - - [29/Jul/2026:02:58:18 +0200] "POST /wp-cron.php?doing_wp_cron=1785286698.4822978973388671875000 HTTP/1.1" 200 5527 "-" "WordPress/6.9; https://www.canterasdemuro.es"
198.244.242.176 - - [29/Jul/2026:02:58:17 +0200] "GET /wp-sitemap.xml HTTP/1.1" 200 6234 "-" "Mozilla/5.0 (compatible; AhrefsBot/7.0; +http://ahrefs.com/robot/)"
84.246.212.44 - - [29/Jul/2026:02:58:19 +0200] "POST /wp-admin/admin-ajax.php?action=async_litespeed&nonce=eK6XMGykiOzysnW4dC1osOwFFOGKFHWZ&litespeed_type=imgoptm HTTP/1.1" 200 5782 "-" "WordPress/6.9; https://www.canterasdemuro.es"
51.195.215.122 - - [29/Jul/2026:02:58:20 +0200] "GET /wp-sitemap-posts-post-1.xml HTTP/1.1" 200 5797 "-" "Mozilla/5.0 (compatible; AhrefsBot/7.0; +http://ahrefs.com/robot/)"
198.244.240.56 - - [29/Jul/2026:02:58:21 +0200] "GET /wp-sitemap-posts-page-1.xml HTTP/1.1" 200 6783 "-" "Mozilla/5.0 (compatible; AhrefsBot/7.0; +http://ahrefs.com/robot/)"
198.244.183.171 - - [29/Jul/2026:02:58:24 +0200] "GET /gl/wp-sitemap-posts-page-1.xml HTTP/1.1" 200 6810 "-" "Mozilla/5.0 (compatible; AhrefsBot/7.0; +http://ahrefs.com/robot/)"
198.244.242.254 - - [29/Jul/2026:02:58:26 +0200] "GET /wp-sitemap-taxonomies-category-1.xml HTTP/1.1" 200 5764 "-" "Mozilla/5.0 (compatible; AhrefsBot/7.0; +http://ahrefs.com/robot/)"
198.244.183.9 - - [29/Jul/2026:02:58:27 +0200] "GET /wp-sitemap-users-1.xml HTTP/1.1" 200 5754 "-" "Mozilla/5.0 (compatible; AhrefsBot/7.0; +http://ahrefs.com/robot/)"
198.244.240.81 - - [29/Jul/2026:02:58:29 +0200] "GET /gl/wp-sitemap-users-1.xml HTTP/1.1" 200 5757 "-" "Mozilla/5.0 (compatible; AhrefsBot/7.0; +http://ahrefs.com/robot/)"
84.246.212.44 - - [29/Jul/2026:03:00:59 +0200] "POST /wp-cron.php?doing_wp_cron=1785286858.9720098972320556640625 HTTP/1.1" 200 5527 "-" "WordPress/6.9; https://www.canterasdemuro.es"
74.7.230.8 - - [29/Jul/2026:03:00:58 +0200] "GET /robots.txt HTTP/1.1" 301 5579 "-" "Mozilla/5.0 (Macintosh; Intel Mac OS X 10_15_7) AppleWebKit/537.36 (KHTML, like Gecko) Chrome/131.0.0.0 Safari/537.36; compatible; OAI-SearchBot/1.4; robots.txt; +https://openai.com/searchbot"
74.7.230.8 - - [29/Jul/2026:03:00:59 +0200] "GET /robots.txt HTTP/1.1" 200 5682 "https://canterasdemuro.es/robots.txt" "Mozilla/5.0 (Macintosh; Intel Mac OS X 10_15_7) AppleWebKit/537.36 (KHTML, like Gecko) Chrome/131.0.0.0 Safari/537.36; compatible; OAI-SearchBot/1.4; robots.txt; +https://openai.com/searchbot"
84.246.212.44 - - [29/Jul/2026:03:00:59 +0200] "POST /wp-admin/admin-ajax.php?action=async_litespeed&nonce=CRZnfm25CycKZ5oh06o2PVeo4yynZ2K5&litespeed_type=imgoptm HTTP/1.1" 200 5782 "-" "WordPress/6.9; https://www.canterasdemuro.es"
84.246.212.44 - - [29/Jul/2026:03:05:09 +0200] "POST /wp-cron.php?doing_wp_cron=1785287109.3770990371704101562500 HTTP/1.1" 200 5527 "-" "WordPress/6.9; https://www.canterasdemuro.es"
98.88.179.76 - - [29/Jul/2026:03:05:08 +0200] "GET /robots.txt HTTP/1.1" 200 5682 "-" "Mozilla/5.0 (Macintosh; Intel Mac OS X 10_10_1) AppleWebKit/600.2.5 (KHTML, like Gecko) Version/8.0.2 Safari/600.2.5 (Gort)"
84.246.212.44 - - [29/Jul/2026:03:05:09 +0200] "POST /wp-admin/admin-ajax.php?action=async_litespeed&nonce=588cMG9TvsqZYZrlj9ueGdLcdSwOT2cv&litespeed_type=imgoptm HTTP/1.1" 200 5782 "-" "WordPress/6.9; https://www.canterasdemuro.es"
84.246.212.44 - - [29/Jul/2026:03:07:49 +0200] "POST /wp-cron.php?doing_wp_cron=1785287269.3337359428405761718750 HTTP/1.1" 200 5527 "-" "WordPress/6.9; https://www.canterasdemuro.es"
172.202.44.182 - - [29/Jul/2026:03:07:48 +0200] "GET /chosen.php HTTP/1.1" 301 5691 "-" "Mozilla/5.0 (Windows NT 10.0; Win64; x64) AppleWebKit/537.36 (KHTML, like Gecko) Chrome/120.0.0.0 Safari/537.36"
172.202.44.182 - - [29/Jul/2026:03:07:49 +0200] "GET /xleet.php HTTP/1.1" 301 5690 "-" "Mozilla/5.0 (Windows NT 10.0; Win64; x64) AppleWebKit/537.36 (KHTML, like Gecko) Chrome/120.0.0.0 Safari/537.36"
84.246.212.44 - - [29/Jul/2026:03:07:49 +0200] "POST /wp-admin/admin-ajax.php?action=async_litespeed&nonce=RuPoYUHJr1oWoYfwdMpim0R3AIcHFD0u&litespeed_type=imgoptm HTTP/1.1" 200 5782 "-" "WordPress/6.9; https://www.canterasdemuro.es"
172.202.44.182 - - [29/Jul/2026:03:07:50 +0200] "GET /ds.php HTTP/1.1" 301 5687 "-" "Mozilla/5.0 (Windows NT 10.0; Win64; x64) AppleWebKit/537.36 (KHTML, like Gecko) Chrome/120.0.0.0 Safari/537.36"
172.202.44.182 - - [29/Jul/2026:03:07:50 +0200] "GET /f5.php HTTP/1.1" 301 5687 "-" "Mozilla/5.0 (Windows NT 10.0; Win64; x64) AppleWebKit/537.36 (KHTML, like Gecko) Chrome/120.0.0.0 Safari/537.36"
172.202.44.182 - - [29/Jul/2026:03:07:51 +0200] "GET /god4m.php HTTP/1.1" 301 5690 "-" "Mozilla/5.0 (Windows NT 10.0; Win64; x64) AppleWebKit/537.36 (KHTML, like Gecko) Chrome/120.0.0.0 Safari/537.36"
172.202.44.182 - - [29/Jul/2026:03:07:51 +0200] "GET /info.php HTTP/1.1" 301 5689 "-" "Mozilla/5.0 (Windows NT 10.0; Win64; x64) AppleWebKit/537.36 (KHTML, like Gecko) Chrome/120.0.0.0 Safari/537.36"
172.202.44.182 - - [29/Jul/2026:03:07:52 +0200] "GET /uploads/ HTTP/1.1" 301 5689 "-" "Mozilla/5.0 (Windows NT 10.0; Win64; x64) AppleWebKit/537.36 (KHTML, like Gecko) Chrome/120.0.0.0 Safari/537.36"
172.202.44.182 - - [29/Jul/2026:03:07:52 +0200] "GET /.__info.php HTTP/1.1" 301 5692 "-" "Mozilla/5.0 (Windows NT 10.0; Win64; x64) AppleWebKit/537.36 (KHTML, like Gecko) Chrome/120.0.0.0 Safari/537.36"
172.202.44.182 - - [29/Jul/2026:03:07:53 +0200] "GET /0.php HTTP/1.1" 301 5686 "-" "Mozilla/5.0 (Windows NT 10.0; Win64; x64) AppleWebKit/537.36 (KHTML, like Gecko) Chrome/120.0.0.0 Safari/537.36"
172.202.44.182 - - [29/Jul/2026:03:07:53 +0200] "GET /07.php HTTP/1.1" 301 5687 "-" "Mozilla/5.0 (Windows NT 10.0; Win64; x64) AppleWebKit/537.36 (KHTML, like Gecko) Chrome/120.0.0.0 Safari/537.36"
172.202.44.182 - - [29/Jul/2026:03:07:54 +0200] "GET /dropdown.php HTTP/1.1" 301 5693 "-" "Mozilla/5.0 (Windows NT 10.0; Win64; x64) AppleWebKit/537.36 (KHTML, like Gecko) Chrome/120.0.0.0 Safari/537.36"
172.202.44.182 - - [29/Jul/2026:03:07:55 +0200] "GET /makeasmtp.php HTTP/1.1" 301 5694 "-" "Mozilla/5.0 (Windows NT 10.0; Win64; x64) AppleWebKit/537.36 (KHTML, like Gecko) Chrome/120.0.0.0 Safari/537.36"
172.202.44.182 - - [29/Jul/2026:03:07:55 +0200] "GET /wp-sigunq.php HTTP/1.1" 301 5694 "-" "Mozilla/5.0 (Windows NT 10.0; Win64; x64) AppleWebKit/537.36 (KHTML, like Gecko) Chrome/120.0.0.0 Safari/537.36"
172.202.44.182 - - [29/Jul/2026:03:07:56 +0200] "GET /wso112233.php HTTP/1.1" 301 5694 "-" "Mozilla/5.0 (Windows NT 10.0; Win64; x64) AppleWebKit/537.36 (KHTML, like Gecko) Chrome/120.0.0.0 Safari/537.36"
172.202.44.182 - - [29/Jul/2026:03:07:56 +0200] "GET /alfanew.php HTTP/1.1" 301 5692 "-" "Mozilla/5.0 (Windows NT 10.0; Win64; x64) AppleWebKit/537.36 (KHTML, like Gecko) Chrome/120.0.0.0 Safari/537.36"
172.202.44.182 - - [29/Jul/2026:03:07:57 +0200] "GET /fw.php HTTP/1.1" 301 5687 "-" "Mozilla/5.0 (Windows NT 10.0; Win64; x64) AppleWebKit/537.36 (KHTML, like Gecko) Chrome/120.0.0.0 Safari/537.36"
172.202.44.182 - - [29/Jul/2026:03:07:57 +0200] "GET /wp-login.php HTTP/1.1" 200 15900 "-" "Mozilla/5.0 (Windows NT 10.0; Win64; x64) AppleWebKit/537.36 (KHTML, like Gecko) Chrome/120.0.0.0 Safari/537.36"
172.202.44.182 - - [29/Jul/2026:03:07:58 +0200] "GET /simple.php HTTP/1.1" 301 5691 "-" "Mozilla/5.0 (Windows NT 10.0; Win64; x64) AppleWebKit/537.36 (KHTML, like Gecko) Chrome/120.0.0.0 Safari/537.36"
172.202.44.182 - - [29/Jul/2026:03:07:58 +0200] "GET /classsmtps.php HTTP/1.1" 301 5695 "-" "Mozilla/5.0 (Windows NT 10.0; Win64; x64) AppleWebKit/537.36 (KHTML, like Gecko) Chrome/120.0.0.0 Safari/537.36"
172.202.44.182 - - [29/Jul/2026:03:07:59 +0200] "GET /wp-blog-header.php HTTP/1.1" 404 5584 "-" "Mozilla/5.0 (Windows NT 10.0; Win64; x64) AppleWebKit/537.36 (KHTML, like Gecko) Chrome/120.0.0.0 Safari/537.36"
172.202.44.182 - - [29/Jul/2026:03:08:00 +0200] "GET /wp-trackback.php HTTP/1.1" 404 5739 "-" "Mozilla/5.0 (Windows NT 10.0; Win64; x64) AppleWebKit/537.36 (KHTML, like Gecko) Chrome/120.0.0.0 Safari/537.36"
172.202.44.182 - - [29/Jul/2026:03:08:00 +0200] "GET /wp-signup.php HTTP/1.1" 302 5689 "-" "Mozilla/5.0 (Windows NT 10.0; Win64; x64) AppleWebKit/537.36 (KHTML, like Gecko) Chrome/120.0.0.0 Safari/537.36"
172.202.44.182 - - [29/Jul/2026:03:08:01 +0200] "GET /wp-comments-post.php HTTP/1.1" 405 5463 "-" "Mozilla/5.0 (Windows NT 10.0; Win64; x64) AppleWebKit/537.36 (KHTML, like Gecko) Chrome/120.0.0.0 Safari/537.36"
172.202.44.182 - - [29/Jul/2026:03:08:01 +0200] "GET /wp-mail.php HTTP/1.1" 403 8128 "-" "Mozilla/5.0 (Windows NT 10.0; Win64; x64) AppleWebKit/537.36 (KHTML, like Gecko) Chrome/120.0.0.0 Safari/537.36"
172.202.44.182 - - [29/Jul/2026:03:08:02 +0200] "GET /wp-activate.php HTTP/1.1" 302 5645 "-" "Mozilla/5.0 (Windows NT 10.0; Win64; x64) AppleWebKit/537.36 (KHTML, like Gecko) Chrome/120.0.0.0 Safari/537.36"
172.202.44.182 - - [29/Jul/2026:03:08:02 +0200] "GET /post.php HTTP/1.1" 301 5689 "-" "Mozilla/5.0 (Windows NT 10.0; Win64; x64) AppleWebKit/537.36 (KHTML, like Gecko) Chrome/120.0.0.0 Safari/537.36"
172.202.44.182 - - [29/Jul/2026:03:08:03 +0200] "GET /wp-2019.php HTTP/1.1" 301 5692 "-" "Mozilla/5.0 (Windows NT 10.0; Win64; x64) AppleWebKit/537.36 (KHTML, like Gecko) Chrome/120.0.0.0 Safari/537.36"
172.202.44.182 - - [29/Jul/2026:03:08:03 +0200] "GET /hoot.php HTTP/1.1" 301 5689 "-" "Mozilla/5.0 (Windows NT 10.0; Win64; x64) AppleWebKit/537.36 (KHTML, like Gecko) Chrome/120.0.0.0 Safari/537.36"
172.202.44.182 - - [29/Jul/2026:03:08:04 +0200] "GET /log.php HTTP/1.1" 301 5688 "-" "Mozilla/5.0 (Windows NT 10.0; Win64; x64) AppleWebKit/537.36 (KHTML, like Gecko) Chrome/120.0.0.0 Safari/537.36"
172.202.44.182 - - [29/Jul/2026:03:08:04 +0200] "GET /bak.php HTTP/1.1" 301 5688 "-" "Mozilla/5.0 (Windows NT 10.0; Win64; x64) AppleWebKit/537.36 (KHTML, like Gecko) Chrome/120.0.0.0 Safari/537.36"
172.202.44.182 - - [29/Jul/2026:03:08:05 +0200] "GET /content.php HTTP/1.1" 301 5692 "-" "Mozilla/5.0 (Windows NT 10.0; Win64; x64) AppleWebKit/537.36 (KHTML, like Gecko) Chrome/120.0.0.0 Safari/537.36"
172.202.44.182 - - [29/Jul/2026:03:08:05 +0200] "GET /upfile.php HTTP/1.1" 301 5691 "-" "Mozilla/5.0 (Windows NT 10.0; Win64; x64) AppleWebKit/537.36 (KHTML, like Gecko) Chrome/120.0.0.0 Safari/537.36"
172.202.44.182 - - [29/Jul/2026:03:08:06 +0200] "GET /bypass.php HTTP/1.1" 301 5691 "-" "Mozilla/5.0 (Windows NT 10.0; Win64; x64) AppleWebKit/537.36 (KHTML, like Gecko) Chrome/120.0.0.0 Safari/537.36"
172.202.44.182 - - [29/Jul/2026:03:08:07 +0200] "GET /updates.php HTTP/1.1" 301 5692 "-" "Mozilla/5.0 (Windows NT 10.0; Win64; x64) AppleWebKit/537.36 (KHTML, like Gecko) Chrome/120.0.0.0 Safari/537.36"
172.202.44.182 - - [29/Jul/2026:03:08:07 +0200] "GET /xmrlpc.php HTTP/1.1" 301 5691 "-" "Mozilla/5.0 (Windows NT 10.0; Win64; x64) AppleWebKit/537.36 (KHTML, like Gecko) Chrome/120.0.0.0 Safari/537.36"
172.202.44.182 - - [29/Jul/2026:03:08:08 +0200] "GET /ae.php HTTP/1.1" 301 5687 "-" "Mozilla/5.0 (Windows NT 10.0; Win64; x64) AppleWebKit/537.36 (KHTML, like Gecko) Chrome/120.0.0.0 Safari/537.36"
172.202.44.182 - - [29/Jul/2026:03:08:08 +0200] "GET /moon.php HTTP/1.1" 301 5689 "-" "Mozilla/5.0 (Windows NT 10.0; Win64; x64) AppleWebKit/537.36 (KHTML, like Gecko) Chrome/120.0.0.0 Safari/537.36"
172.202.44.182 - - [29/Jul/2026:03:08:09 +0200] "GET /blog.php HTTP/1.1" 301 5689 "-" "Mozilla/5.0 (Windows NT 10.0; Win64; x64) AppleWebKit/537.36 (KHTML, like Gecko) Chrome/120.0.0.0 Safari/537.36"
172.202.44.182 - - [29/Jul/2026:03:08:10 +0200] "GET /ini.php HTTP/1.1" 301 5688 "-" "Mozilla/5.0 (Windows NT 10.0; Win64; x64) AppleWebKit/537.36 (KHTML, like Gecko) Chrome/120.0.0.0 Safari/537.36"
172.202.44.182 - - [29/Jul/2026:03:08:10 +0200] "GET /admin-ajax.php HTTP/1.1" 301 5695 "-" "Mozilla/5.0 (Windows NT 10.0; Win64; x64) AppleWebKit/537.36 (KHTML, like Gecko) Chrome/120.0.0.0 Safari/537.36"
84.246.212.44 - - [29/Jul/2026:03:08:11 +0200] "POST /wp-cron.php?doing_wp_cron=1785287291.4800999164581298828125 HTTP/1.1" 200 5527 "-" "WordPress/6.9; https://www.canterasdemuro.es"
172.202.44.182 - - [29/Jul/2026:03:08:11 +0200] "GET /akc.php HTTP/1.1" 301 5688 "-" "Mozilla/5.0 (Windows NT 10.0; Win64; x64) AppleWebKit/537.36 (KHTML, like Gecko) Chrome/120.0.0.0 Safari/537.36"
172.202.44.182 - - [29/Jul/2026:03:08:11 +0200] "GET /akcc.php HTTP/1.1" 301 5689 "-" "Mozilla/5.0 (Windows NT 10.0; Win64; x64) AppleWebKit/537.36 (KHTML, like Gecko) Chrome/120.0.0.0 Safari/537.36"
172.202.44.182 - - [29/Jul/2026:03:08:12 +0200] "GET /asasx.php HTTP/1.1" 301 5690 "-" "Mozilla/5.0 (Windows NT 10.0; Win64; x64) AppleWebKit/537.36 (KHTML, like Gecko) Chrome/120.0.0.0 Safari/537.36"
84.246.212.44 - - [29/Jul/2026:03:08:13 +0200] "POST /wp-cron.php?doing_wp_cron=1785287293.1316430568695068359375 HTTP/1.1" 200 5527 "-" "WordPress/6.9; https://www.canterasdemuro.es"
172.202.44.182 - - [29/Jul/2026:03:08:12 +0200] "GET /axx.php HTTP/1.1" 301 5688 "-" "Mozilla/5.0 (Windows NT 10.0; Win64; x64) AppleWebKit/537.36 (KHTML, like Gecko) Chrome/120.0.0.0 Safari/537.36"
172.202.44.182 - - [29/Jul/2026:03:08:13 +0200] "GET /berax.php HTTP/1.1" 301 5690 "-" "Mozilla/5.0 (Windows NT 10.0; Win64; x64) AppleWebKit/537.36 (KHTML, like Gecko) Chrome/120.0.0.0 Safari/537.36"
84.246.212.44 - - [29/Jul/2026:03:08:13 +0200] "POST /wp-admin/admin-ajax.php?action=async_litespeed&nonce=xjxM8sQwI1QChe00tb39AGjvppavwYiJ&litespeed_type=imgoptm HTTP/1.1" 200 5782 "-" "WordPress/6.9; https://www.canterasdemuro.es"
172.202.44.182 - - [29/Jul/2026:03:08:13 +0200] "GET /build.php HTTP/1.1" 301 5690 "-" "Mozilla/5.0 (Windows NT 10.0; Win64; x64) AppleWebKit/537.36 (KHTML, like Gecko) Chrome/120.0.0.0 Safari/537.36"
172.202.44.182 - - [29/Jul/2026:03:08:14 +0200] "GET /buy.php HTTP/1.1" 301 5688 "-" "Mozilla/5.0 (Windows NT 10.0; Win64; x64) AppleWebKit/537.36 (KHTML, like Gecko) Chrome/120.0.0.0 Safari/537.36"
172.202.44.182 - - [29/Jul/2026:03:08:15 +0200] "GET /checkbox.php HTTP/1.1" 301 5693 "-" "Mozilla/5.0 (Windows NT 10.0; Win64; x64) AppleWebKit/537.36 (KHTML, like Gecko) Chrome/120.0.0.0 Safari/537.36"
172.202.44.182 - - [29/Jul/2026:03:08:15 +0200] "GET /cong.php HTTP/1.1" 301 5689 "-" "Mozilla/5.0 (Windows NT 10.0; Win64; x64) AppleWebKit/537.36 (KHTML, like Gecko) Chrome/120.0.0.0 Safari/537.36"
172.202.44.182 - - [29/Jul/2026:03:08:16 +0200] "GET /file4.php HTTP/1.1" 301 5690 "-" "Mozilla/5.0 (Windows NT 10.0; Win64; x64) AppleWebKit/537.36 (KHTML, like Gecko) Chrome/120.0.0.0 Safari/537.36"
84.246.212.44 - - [29/Jul/2026:03:08:17 +0200] "POST /wp-cron.php?doing_wp_cron=1785287297.3646550178527832031250 HTTP/1.1" 200 5527 "-" "WordPress/6.9; https://www.canterasdemuro.es"
172.202.44.182 - - [29/Jul/2026:03:08:16 +0200] "GET /flower.php HTTP/1.1" 301 5691 "-" "Mozilla/5.0 (Windows NT 10.0; Win64; x64) AppleWebKit/537.36 (KHTML, like Gecko) Chrome/120.0.0.0 Safari/537.36"
172.202.44.182 - - [29/Jul/2026:03:08:17 +0200] "GET /form.php HTTP/1.1" 301 5689 "-" "Mozilla/5.0 (Windows NT 10.0; Win64; x64) AppleWebKit/537.36 (KHTML, like Gecko) Chrome/120.0.0.0 Safari/537.36"
172.202.44.182 - - [29/Jul/2026:03:08:18 +0200] "GET /gecko.php HTTP/1.1" 301 5690 "-" "Mozilla/5.0 (Windows NT 10.0; Win64; x64) AppleWebKit/537.36 (KHTML, like Gecko) Chrome/120.0.0.0 Safari/537.36"
172.202.44.182 - - [29/Jul/2026:03:08:18 +0200] "GET /kyami.php HTTP/1.1" 301 5690 "-" "Mozilla/5.0 (Windows NT 10.0; Win64; x64) AppleWebKit/537.36 (KHTML, like Gecko) Chrome/120.0.0.0 Safari/537.36"
172.202.44.182 - - [29/Jul/2026:03:08:19 +0200] "GET /manager.php HTTP/1.1" 301 5692 "-" "Mozilla/5.0 (Windows NT 10.0; Win64; x64) AppleWebKit/537.36 (KHTML, like Gecko) Chrome/120.0.0.0 Safari/537.36"
172.202.44.182 - - [29/Jul/2026:03:08:19 +0200] "GET /mari.php HTTP/1.1" 301 5689 "-" "Mozilla/5.0 (Windows NT 10.0; Win64; x64) AppleWebKit/537.36 (KHTML, like Gecko) Chrome/120.0.0.0 Safari/537.36"
172.202.44.182 - - [29/Jul/2026:03:08:20 +0200] "GET /nc4.php HTTP/1.1" 301 5688 "-" "Mozilla/5.0 (Windows NT 10.0; Win64; x64) AppleWebKit/537.36 (KHTML, like Gecko) Chrome/120.0.0.0 Safari/537.36"
172.202.44.182 - - [29/Jul/2026:03:08:21 +0200] "GET /cgi-bin/ HTTP/1.1" 403 6292 "-" "Mozilla/5.0 (Windows NT 10.0; Win64; x64) AppleWebKit/537.36 (KHTML, like Gecko) Chrome/120.0.0.0 Safari/537.36"
64.188.81.71 - - [29/Jul/2026:03:08:48 +0200] "GET /hello-world/ HTTP/1.1" 200 93785 "https://www.canterasdemuro.es/hello-world/" "Mozilla/5.0 (Windows NT 10.0; Win64; x64) AppleWebKit/537.36 (KHTML, like Gecko) Chrome/130.0.0.0 Safari/537.36 CCleaner/130.0.0.0"
64.188.81.71 - - [29/Jul/2026:03:08:51 +0200] "POST /wp-comments-post.php HTTP/1.1" 302 6293 "https://www.canterasdemuro.es/hello-world/" "Mozilla/5.0 (Windows NT 10.0; Win64; x64) AppleWebKit/537.36 (KHTML, like Gecko) Chrome/130.0.0.0 Safari/537.36 CCleaner/130.0.0.0"
64.188.81.71 - - [29/Jul/2026:03:08:53 +0200] "GET /hello-world/ HTTP/1.1" 200 96356 "https://www.canterasdemuro.es/hello-world/#comment-621" "Mozilla/5.0 (Windows NT 10.0; Win64; x64) AppleWebKit/537.36 (KHTML, like Gecko) Chrome/130.0.0.0 Safari/537.36 CCleaner/130.0.0.0"
84.246.212.44 - - [29/Jul/2026:03:14:54 +0200] "POST /wp-cron.php?doing_wp_cron=1785287694.6674818992614746093750 HTTP/1.1" 200 5527 "-" "WordPress/6.9; https://www.canterasdemuro.es"
104.210.140.141 - - [29/Jul/2026:03:14:54 +0200] "GET /robots.txt HTTP/1.1" 301 5579 "-" "Mozilla/5.0 (Macintosh; Intel Mac OS X 10_15_7) AppleWebKit/537.36 (KHTML, like Gecko) Chrome/131.0.0.0 Safari/537.36; compatible; OAI-SearchBot/1.0; +https://openai.com/searchbot"
104.210.140.140 - - [29/Jul/2026:03:14:56 +0200] "GET /robots.txt HTTP/1.1" 503 7331 "-" "Mozilla/5.0 (Macintosh; Intel Mac OS X 10_15_7) AppleWebKit/537.36 (KHTML, like Gecko) Chrome/131.0.0.0 Safari/537.36; compatible; OAI-SearchBot/1.0; +https://openai.com/searchbot"
104.210.140.141 - - [29/Jul/2026:03:14:57 +0200] "GET /robots.txt HTTP/1.1" 503 7331 "-" "Mozilla/5.0 (Macintosh; Intel Mac OS X 10_15_7) AppleWebKit/537.36 (KHTML, like Gecko) Chrome/131.0.0.0 Safari/537.36; compatible; OAI-SearchBot/1.0; +https://openai.com/searchbot"
104.210.140.135 - - [29/Jul/2026:03:14:58 +0200] "GET /robots.txt HTTP/1.1" 503 7331 "-" "Mozilla/5.0 (Macintosh; Intel Mac OS X 10_15_7) AppleWebKit/537.36 (KHTML, like Gecko) Chrome/131.0.0.0 Safari/537.36; compatible; OAI-SearchBot/1.0; +https://openai.com/searchbot"
84.246.212.44 - - [29/Jul/2026:03:14:58 +0200] "GET /?wp_scrape_key=4276995113683c6a674eee90b8e3685c&wp_scrape_nonce=1785287696 HTTP/1.1" 200 100654 "-" "WordPress/6.9; https://www.canterasdemuro.es"
84.246.212.44 - - [29/Jul/2026:03:15:03 +0200] "GET /?wp_scrape_key=86c43f8d5a6899ef98db6a4ee22a2cff&wp_scrape_nonce=1785287701 HTTP/1.1" 200 100654 "-" "WordPress/6.9; https://www.canterasdemuro.es"
84.246.212.44 - - [29/Jul/2026:03:15:07 +0200] "GET /?wp_scrape_key=2a1823238895f3dc8826ec2589ab31e8&wp_scrape_nonce=1785287705 HTTP/1.1" 200 100654 "-" "WordPress/6.9; https://www.canterasdemuro.es"
84.246.212.44 - - [29/Jul/2026:03:15:12 +0200] "GET /?wp_scrape_key=cef564bc4d6edaa205c89923db04b8ad&wp_scrape_nonce=1785287710 HTTP/1.1" 200 100654 "-" "WordPress/6.9; https://www.canterasdemuro.es"
84.246.212.44 - - [29/Jul/2026:03:15:16 +0200] "GET /?wp_scrape_key=475a9506de6cf6b66b21781fb1c8bbe6&wp_scrape_nonce=1785287714 HTTP/1.1" 200 100654 "-" "WordPress/6.9; https://www.canterasdemuro.es"
84.246.212.44 - - [29/Jul/2026:03:15:21 +0200] "GET /?wp_scrape_key=7dc1848104340e376cf19474f5e1697b&wp_scrape_nonce=1785287719 HTTP/1.1" 200 100654 "-" "WordPress/6.9; https://www.canterasdemuro.es"
84.246.212.44 - - [29/Jul/2026:03:15:25 +0200] "GET /?wp_scrape_key=9722aa4b54d0fa042922a13025e1990b&wp_scrape_nonce=1785287723 HTTP/1.1" 200 100654 "-" "WordPress/6.9; https://www.canterasdemuro.es"
84.246.212.44 - - [29/Jul/2026:03:15:29 +0200] "GET /?wp_scrape_key=9ef5cb452591d299412d14b9e2a249bc&wp_scrape_nonce=1785287727 HTTP/1.1" 200 100654 "-" "WordPress/6.9; https://www.canterasdemuro.es"
84.246.212.44 - - [29/Jul/2026:03:15:33 +0200] "GET /?wp_scrape_key=3c3a2390443efdd2ab1684c00bef5e66&wp_scrape_nonce=1785287731 HTTP/1.1" 200 100654 "-" "WordPress/6.9; https://www.canterasdemuro.es"
84.246.212.44 - - [29/Jul/2026:03:15:40 +0200] "POST /wp-admin/admin-ajax.php?action=async_litespeed&nonce=kJzaJkgWSPUw2vXcONhkDQX09kGe9g2M&litespeed_type=imgoptm HTTP/1.1" 200 5782 "-" "WordPress/6.9; https://www.canterasdemuro.es"
84.246.212.44 - - [29/Jul/2026:03:17:18 +0200] "POST /wp-cron.php?doing_wp_cron=1785287837.9428999423980712890625 HTTP/1.1" 200 5527 "-" "WordPress/6.9; https://www.canterasdemuro.es"
40.91.80.231 - - [29/Jul/2026:03:17:17 +0200] "GET / HTTP/1.1" 301 5569 "-" "Mozilla/5.0 (Windows NT 10.0; Win64; x64)"
84.246.212.44 - - [29/Jul/2026:03:17:18 +0200] "POST /wp-admin/admin-ajax.php?action=async_litespeed&nonce=ep6HRpRbVlSYmG3TOLE2jsgjEMEPp0Rw&litespeed_type=imgoptm HTTP/1.1" 200 5782 "-" "WordPress/6.9; https://www.canterasdemuro.es"
40.91.80.231 - - [29/Jul/2026:03:17:19 +0200] "GET / HTTP/1.1" 200 100542 "-" "Mozilla/5.0 (Windows NT 10.0; Win64; x64)"
40.91.80.231 - - [29/Jul/2026:03:17:22 +0200] "GET /nuestra-empresa/ HTTP/1.1" 200 96807 "-" "Mozilla/5.0 (Windows NT 10.0; Win64; x64)"
40.91.80.231 - - [29/Jul/2026:03:17:22 +0200] "GET /instalaciones/ HTTP/1.1" 200 105873 "-" "Mozilla/5.0 (Windows NT 10.0; Win64; x64)"
40.91.80.231 - - [29/Jul/2026:03:17:22 +0200] "GET /productos/ HTTP/1.1" 200 142236 "-" "Mozilla/5.0 (Windows NT 10.0; Win64; x64)"
40.91.80.231 - - [29/Jul/2026:03:17:24 +0200] "GET /autorizaciones/ HTTP/1.1" 200 97505 "-" "Mozilla/5.0 (Windows NT 10.0; Win64; x64)"
40.91.80.231 - - [29/Jul/2026:03:17:25 +0200] "GET /sostenibilidad/ HTTP/1.1" 200 96233 "-" "Mozilla/5.0 (Windows NT 10.0; Win64; x64)"
40.91.80.231 - - [29/Jul/2026:03:17:26 +0200] "GET /contacto/ HTTP/1.1" 200 104500 "-" "Mozilla/5.0 (Windows NT 10.0; Win64; x64)"
40.91.80.231 - - [29/Jul/2026:03:17:28 +0200] "GET /gl/ HTTP/1.1" 200 99384 "-" "Mozilla/5.0 (Windows NT 10.0; Win64; x64)"
40.91.80.231 - - [29/Jul/2026:03:17:31 +0200] "GET /politica-de-privacidad/ HTTP/1.1" 200 119696 "-" "Mozilla/5.0 (Windows NT 10.0; Win64; x64)"
40.91.80.231 - - [29/Jul/2026:03:17:31 +0200] "GET /aviso-legal/ HTTP/1.1" 200 107615 "-" "Mozilla/5.0 (Windows NT 10.0; Win64; x64)"
40.91.80.231 - - [29/Jul/2026:03:17:31 +0200] "GET /politica-de-cookies/ HTTP/1.1" 200 108045 "-" "Mozilla/5.0 (Windows NT 10.0; Win64; x64)"
40.91.80.231 - - [29/Jul/2026:03:17:36 +0200] "GET /index.php/autorizaciones/ HTTP/1.1" 301 5575 "-" "Mozilla/5.0 (Windows NT 10.0; Win64; x64)"
40.91.80.231 - - [29/Jul/2026:03:17:37 +0200] "GET /autorizaciones/ HTTP/1.1" 200 97505 "-" "Mozilla/5.0 (Windows NT 10.0; Win64; x64)"
51.68.236.59 - - [29/Jul/2026:03:17:53 +0200] "GET /robots.txt HTTP/1.1" 200 5682 "-" "Mozilla/5.0 (compatible; MJ12bot/v2.0.5; http://mj12bot.com/)"
51.68.236.59 - - [29/Jul/2026:03:17:53 +0200] "GET / HTTP/1.1" 200 100542 "-" "Mozilla/5.0 (compatible; MJ12bot/v2.0.5; http://mj12bot.com/)"
84.246.212.44 - - [29/Jul/2026:03:25:58 +0200] "POST /wp-cron.php?doing_wp_cron=1785288358.1409308910369873046875 HTTP/1.1" 200 5527 "-" "WordPress/6.9; https://www.canterasdemuro.es"
57.141.0.50 - - [29/Jul/2026:03:25:57 +0200] "GET /sitemap.xml HTTP/1.1" 301 5575 "-" "Mozilla/5.0 (Macintosh; Intel Mac OS X 10_15_7) AppleWebKit/537.36 (KHTML, like Gecko) Chrome/145.0.0.0 Safari/537.36 (compatible; meta-externalagent/1.1 (+https://developers.facebook.com/docs/sharing/webmasters/crawler))"
84.246.212.44 - - [29/Jul/2026:03:25:58 +0200] "POST /wp-admin/admin-ajax.php?action=async_litespeed&nonce=BLm6BOtsZ8GNQtoRo4UmgKR4MBC1jjMK&litespeed_type=imgoptm HTTP/1.1" 200 5782 "-" "WordPress/6.9; https://www.canterasdemuro.es"
84.246.212.44 - - [29/Jul/2026:03:34:20 +0200] "POST /wp-cron.php?doing_wp_cron=1785288860.0839090347290039062500 HTTP/1.1" 200 5527 "-" "WordPress/6.9; https://www.canterasdemuro.es"
84.235.254.192 - - [29/Jul/2026:03:34:19 +0200] "POST /?rest_route=/batch/v1 HTTP/1.1" 207 6466 "-" "wp2shell"
84.246.212.44 - - [29/Jul/2026:03:34:20 +0200] "POST /wp-admin/admin-ajax.php?action=async_litespeed&nonce=cUsNLYrpouh78nPbEr26Mp4XiIsge8K1&litespeed_type=imgoptm HTTP/1.1" 200 5782 "-" "WordPress/6.9; https://www.canterasdemuro.es"
84.235.254.192 - - [29/Jul/2026:03:34:20 +0200] "POST /?rest_route=/batch/v1 HTTP/1.1" 207 648046 "-" "wp2shell"
116.179.37.110 - - [28/Jul/2026:04:24:16 +0200] "GET /wp-content/uploads/elementor/css/post-8.css?ver=1733139880 HTTP/1.1" 200 1591 "https://www.canterasdemuro.es/gl/aviso-legal/" "Mozilla/5.0 (compatible; Baiduspider-render/2.0; +http://www.baidu.com/search/spider.html)"
116.179.37.96 - - [28/Jul/2026:04:24:16 +0200] "GET /wp-content/uploads/elementor/css/post-734.css?ver=1733206285 HTTP/1.1" 200 11972 "https://www.canterasdemuro.es/gl/aviso-legal/" "Mozilla/5.0 (compatible; Baiduspider-render/2.0; +http://www.baidu.com/search/spider.html)"
116.179.37.58 - - [28/Jul/2026:04:24:16 +0200] "GET /wp-content/themes/hello-elementor/assets/js/hello-frontend.min.js?ver=3.3.0 HTTP/1.1" 200 1936 "https://www.canterasdemuro.es/gl/aviso-legal/" "Mozilla/5.0 (compatible; Baiduspider-render/2.0; +http://www.baidu.com/search/spider.html)"
116.179.37.133 - - [28/Jul/2026:04:24:16 +0200] "GET /wp-includes/js/jquery/jquery-migrate.min.js?ver=3.4.1 HTTP/1.1" 200 13577 "https://www.canterasdemuro.es/gl/aviso-legal/" "Mozilla/5.0 (compatible; Baiduspider-render/2.0; +http://www.baidu.com/search/spider.html)"
116.179.37.114 - - [28/Jul/2026:04:24:16 +0200] "GET /wp-content/plugins/elementor-pro/assets/lib/smartmenus/jquery.smartmenus.min.js?ver=1.2.1 HTTP/1.1" 200 24109 "https://www.canterasdemuro.es/gl/aviso-legal/" "Mozilla/5.0 (compatible; Baiduspider-render/2.0; +http://www.baidu.com/search/spider.html)"
116.179.37.207 - - [28/Jul/2026:04:24:16 +0200] "GET /wp-content/uploads/elementor/css/post-690.css?ver=1733155001 HTTP/1.1" 200 12281 "https://www.canterasdemuro.es/gl/aviso-legal/" "Mozilla/5.0 (compatible; Baiduspider-render/2.0; +http://www.baidu.com/search/spider.html)"
116.179.37.41 - - [28/Jul/2026:04:24:16 +0200] "GET /wp-includes/js/jquery/jquery.min.js?ver=3.7.1 HTTP/1.1" 200 87553 "https://www.canterasdemuro.es/gl/aviso-legal/" "Mozilla/5.0 (compatible; Baiduspider-render/2.0; +http://www.baidu.com/search/spider.html)"
116.179.37.229 - - [28/Jul/2026:04:24:17 +0200] "GET /wp-content/plugins/elementor-pro/assets/lib/sticky/jquery.sticky.min.js?ver=3.28.1 HTTP/1.1" 200 3721 "https://www.canterasdemuro.es/gl/aviso-legal/" "Mozilla/5.0 (compatible; Baiduspider-render/2.0; +http://www.baidu.com/search/spider.html)"
116.179.37.188 - - [28/Jul/2026:04:24:17 +0200] "GET /wp-content/plugins/gdpr-cookie-compliance/dist/scripts/main.js?ver=4.16.1 HTTP/1.1" 200 62260 "https://www.canterasdemuro.es/gl/aviso-legal/" "Mozilla/5.0 (compatible; Baiduspider-render/2.0; +http://www.baidu.com/search/spider.html)"
116.179.37.48 - - [28/Jul/2026:04:24:17 +0200] "GET /wp-content/plugins/elementor/assets/js/frontend.min.js?ver=3.28.1 HTTP/1.1" 200 44243 "https://www.canterasdemuro.es/gl/aviso-legal/" "Mozilla/5.0 (compatible; Baiduspider-render/2.0; +http://www.baidu.com/search/spider.html)"
116.179.37.8 - - [28/Jul/2026:04:24:17 +0200] "GET /wp-includes/js/dist/i18n.min.js?ver=c26c3dc7bed366793375 HTTP/1.1" 200 5314 "https://www.canterasdemuro.es/gl/aviso-legal/" "Mozilla/5.0 (compatible; Baiduspider-render/2.0; +http://www.baidu.com/search/spider.html)"
116.179.37.178 - - [28/Jul/2026:04:24:17 +0200] "GET /wp-content/plugins/elementor/assets/js/frontend-modules.min.js?ver=3.28.1 HTTP/1.1" 200 48393 "https://www.canterasdemuro.es/gl/aviso-legal/" "Mozilla/5.0 (compatible; Baiduspider-render/2.0; +http://www.baidu.com/search/spider.html)"
116.179.37.79 - - [28/Jul/2026:04:24:17 +0200] "GET /wp-includes/js/dist/hooks.min.js?ver=dd5603f07f9220ed27f1 HTTP/1.1" 200 5661 "https://www.canterasdemuro.es/gl/aviso-legal/" "Mozilla/5.0 (compatible; Baiduspider-render/2.0; +http://www.baidu.com/search/spider.html)"
116.179.37.213 - - [28/Jul/2026:04:24:17 +0200] "GET /wp-content/plugins/elementor/assets/js/webpack.runtime.min.js?ver=3.28.1 HTTP/1.1" 200 5407 "https://www.canterasdemuro.es/gl/aviso-legal/" "Mozilla/5.0 (compatible; Baiduspider-render/2.0; +http://www.baidu.com/search/spider.html)"
116.179.37.116 - - [28/Jul/2026:04:24:17 +0200] "GET /wp-content/plugins/elementor-pro/assets/js/elements-handlers.min.js?ver=3.28.1 HTTP/1.1" 200 44708 "https://www.canterasdemuro.es/gl/aviso-legal/" "Mozilla/5.0 (compatible; Baiduspider-render/2.0; +http://www.baidu.com/search/spider.html)"
116.179.37.235 - - [28/Jul/2026:04:24:17 +0200] "GET /wp-content/plugins/elementor-pro/assets/js/webpack-pro.runtime.min.js?ver=3.28.1 HTTP/1.1" 200 6263 "https://www.canterasdemuro.es/gl/aviso-legal/" "Mozilla/5.0 (compatible; Baiduspider-render/2.0; +http://www.baidu.com/search/spider.html)"
116.179.37.206 - - [28/Jul/2026:04:24:17 +0200] "GET /wp-includes/js/jquery/ui/core.min.js?ver=1.13.3 HTTP/1.1" 200 21464 "https://www.canterasdemuro.es/gl/aviso-legal/" "Mozilla/5.0 (compatible; Baiduspider-render/2.0; +http://www.baidu.com/search/spider.html)"
116.179.37.217 - - [28/Jul/2026:04:24:18 +0200] "GET /wp-content/plugins/elementor-pro/assets/js/frontend.min.js?ver=3.28.1 HTTP/1.1" 200 24210 "https://www.canterasdemuro.es/gl/aviso-legal/" "Mozilla/5.0 (compatible; Baiduspider-render/2.0; +http://www.baidu.com/search/spider.html)"
116.179.37.232 - - [28/Jul/2026:04:24:19 +0200] "GET /wp-content/plugins/elementor/assets/lib/dialog/dialog.min.js?ver=4.9.3 HTTP/1.1" 200 11286 "https://www.canterasdemuro.es/gl/aviso-legal/" "Mozilla/5.0 (compatible; Baiduspider-render/2.0; +http://www.baidu.com/search/spider.html)"
116.179.37.53 - - [28/Jul/2026:04:24:19 +0200] "GET /wp-content/plugins/elementor-pro/assets/js/nav-menu.a23fbd67486c5bedf26c.bundle.min.js HTTP/1.1" 200 5282 "https://www.canterasdemuro.es/gl/aviso-legal/" "Mozilla/5.0 (compatible; Baiduspider-render/2.0; +http://www.baidu.com/search/spider.html)"
116.179.37.59 - - [28/Jul/2026:04:24:19 +0200] "GET /wp-includes/js/wp-emoji-release.min.js?ver=6.9 HTTP/1.1" 200 22762 "https://www.canterasdemuro.es/gl/aviso-legal/" "Mozilla/5.0 (compatible; Baiduspider-render/2.0; +http://www.baidu.com/search/spider.html)"
116.179.37.145 - - [28/Jul/2026:04:24:19 +0200] "GET /wp-content/plugins/elementor/assets/js/text-editor.c084ef86600b6f11690d.bundle.min.js HTTP/1.1" 200 1394 "https://www.canterasdemuro.es/gl/aviso-legal/" "Mozilla/5.0 (compatible; Baiduspider-render/2.0; +http://www.baidu.com/search/spider.html)"
191.232.199.39 - - [28/Jul/2026:06:06:23 +0200] "GET /wp-config-sample.php HTTP/1.1" 403 140 "-" "Mozilla/5.0 (Windows NT 10.0; Win64; x64) AppleWebKit/537.36 (KHTML, like Gecko) Chrome/120.0.0.0 Safari/537.36"
143.244.57.92 - - [28/Jul/2026:06:34:50 +0200] "GET /.well-known/acme-challenge/ HTTP/1.1" 403 146 "-" "-"
52.167.144.139 - - [28/Jul/2026:07:24:31 +0200] "GET /wp-content/uploads/elementor/css/post-41.css?ver=1733313344 HTTP/1.1" 200 1832 "https://canterasdemuro.es/" "Mozilla/5.0 AppleWebKit/537.36 (KHTML, like Gecko; compatible; bingbot/2.0; +http://www.bing.com/bingbot.htm) Chrome/136.0.0.0 Safari/537.36 AppleWebKit/537.36 (KHTML, like Gecko; compatible; bingbot/2.0; +http://www.bing.com/bingbot.htm) Chrome/116.0.1938.76 Safari/537.36"
