84.246.212.44 - - [28/Jul/2026:04:30:17 +0200] "POST /wp-cron.php?doing_wp_cron=1785205817.0040669441223144531250 HTTP/1.1" 200 5525 "-" "WordPress/6.9; https://www.canterasdemuro.es"
158.158.32.226 - - [28/Jul/2026:04:30:15 +0200] "GET /webx.php HTTP/1.1" 404 89432 "-" "-"
158.158.32.226 - - [28/Jul/2026:04:30:17 +0200] "GET /satan.php HTTP/1.1" 301 5688 "-" "-"
158.158.32.226 - - [28/Jul/2026:04:30:18 +0200] "GET /satan.php HTTP/1.1" 404 89432 "-" "-"
158.158.32.226 - - [28/Jul/2026:04:30:19 +0200] "GET /chomu.php HTTP/1.1" 301 5688 "-" "-"
158.158.32.226 - - [28/Jul/2026:04:30:20 +0200] "GET /chomu.php HTTP/1.1" 404 89432 "-" "-"
158.158.32.226 - - [28/Jul/2026:04:30:21 +0200] "GET /wp-good.php HTTP/1.1" 301 5690 "-" "-"
158.158.32.226 - - [28/Jul/2026:04:30:21 +0200] "GET /wp-good.php HTTP/1.1" 404 89432 "-" "-"
158.158.32.226 - - [28/Jul/2026:04:30:23 +0200] "GET /wp-includes//jvc.php HTTP/1.1" 403 6290 "-" "-"
124.88.113.220 - - [28/Jul/2026:04:30:59 +0200] "GET /sites/favicon.png HTTP/1.1" 404 89432 "-" "Mozilla/5.084743666 Mozilla/5.0 (Windows NT 10.0; Win64; x64) AppleWebKit/537.36 (KHTML, like Gecko) Chrome/64.0.3282.140 Safari/537.36 Edge/17.17134"
123.145.17.44 - - [28/Jul/2026:04:31:02 +0200] "GET / HTTP/1.1" 200 100540 "-" "Mozilla/4.047745454 Mozilla/4.0 (compatible; MSIE 5.00; Windows 98)"
84.246.212.44 - - [28/Jul/2026:04:35:35 +0200] "POST /wp-cron.php?doing_wp_cron=1785206135.3475010395050048828125 HTTP/1.1" 200 5525 "-" "WordPress/6.9; https://www.canterasdemuro.es"
69.171.231.1 - - [28/Jul/2026:04:35:34 +0200] "GET /robots.txt HTTP/1.1" 301 5577 "-" "facebookexternalhit/1.1 (+http://www.facebook.com/externalhit_uatext.php)"
84.246.212.44 - - [28/Jul/2026:04:35:35 +0200] "POST /wp-admin/admin-ajax.php?action=async_litespeed&nonce=jdCMoBfidaCtjwwuIBkW89L6fEpNkVMa&litespeed_type=imgoptm HTTP/1.1" 200 5780 "-" "WordPress/6.9; https://www.canterasdemuro.es"
69.171.231.19 - - [28/Jul/2026:04:35:36 +0200] "GET /robots.txt HTTP/1.1" 200 5680 "-" "facebookexternalhit/1.1 (+http://www.facebook.com/externalhit_uatext.php)"
84.246.212.44 - - [28/Jul/2026:04:38:15 +0200] "POST /wp-cron.php?doing_wp_cron=1785206295.1286709308624267578125 HTTP/1.1" 200 5525 "-" "WordPress/6.9; https://www.canterasdemuro.es"
23.94.155.65 - - [28/Jul/2026:04:38:14 +0200] "POST /wp-login.php HTTP/1.1" 200 16314 "-" "Mozilla/5.0 (Windows NT 10.0; Win64; rv:143.0) Gecko/20100101 Firefox/143.0"
84.246.212.44 - - [28/Jul/2026:04:38:15 +0200] "POST /wp-admin/admin-ajax.php?action=async_litespeed&nonce=tpm39CbgOMgRNT6Px3FLFGDDXlWQpJJY&litespeed_type=imgoptm HTTP/1.1" 200 5780 "-" "WordPress/6.9; https://www.canterasdemuro.es"
84.246.212.44 - - [28/Jul/2026:04:50:08 +0200] "POST /wp-cron.php?doing_wp_cron=1785207008.3269369602203369140625 HTTP/1.1" 200 5525 "-" "WordPress/6.9; https://www.canterasdemuro.es"
66.249.74.164 - - [28/Jul/2026:04:50:07 +0200] "GET /robots.txt HTTP/1.1" 301 5577 "-" "Mozilla/5.0 (compatible; Googlebot/2.1; +http://www.google.com/bot.html)"
66.249.66.36 - - [28/Jul/2026:04:50:08 +0200] "GET /robots.txt HTTP/1.1" 200 5680 "-" "Mozilla/5.0 (compatible; Googlebot/2.1; +http://www.google.com/bot.html)"
84.246.212.44 - - [28/Jul/2026:04:50:08 +0200] "POST /wp-admin/admin-ajax.php?action=async_litespeed&nonce=yJs3NAXuL2QRbjT4ErNFpi242hI7IXtU&litespeed_type=imgoptm HTTP/1.1" 200 5780 "-" "WordPress/6.9; https://www.canterasdemuro.es"
84.246.212.44 - - [28/Jul/2026:04:52:21 +0200] "POST /wp-cron.php?doing_wp_cron=1785207141.1561219692230224609375 HTTP/1.1" 200 5525 "-" "WordPress/6.9; https://www.canterasdemuro.es"
23.94.155.52 - - [28/Jul/2026:04:52:20 +0200] "POST /wp-login.php HTTP/1.1" 200 16314 "-" "Mozilla/5.0 (Windows NT 10.0; Win64; x64) AppleWebKit/537.36 Chrome/129.0.0.0 Safari/537.36"
84.246.212.44 - - [28/Jul/2026:04:52:21 +0200] "POST /wp-admin/admin-ajax.php?action=async_litespeed&nonce=oCoEgkMIN8dOWqyW3B6Fb5ieCT1HUo3y&litespeed_type=imgoptm HTTP/1.1" 200 5780 "-" "WordPress/6.9; https://www.canterasdemuro.es"
84.246.212.44 - - [28/Jul/2026:04:59:53 +0200] "POST /wp-cron.php?doing_wp_cron=1785207593.1277940273284912109375 HTTP/1.1" 200 5525 "-" "WordPress/6.9; https://www.canterasdemuro.es"
89.124.87.116 - - [28/Jul/2026:04:59:51 +0200] "GET /hello-world/ HTTP/1.1" 200 93783 "https://www.canterasdemuro.es/hello-world/" "Mozilla/5.0 (Windows NT 10.0; Win64; x64) AppleWebKit/537.36 (KHTML, like Gecko) Chrome/129.0.0.0 Safari/537.36"
84.246.212.44 - - [28/Jul/2026:04:59:53 +0200] "POST /wp-admin/admin-ajax.php?action=async_litespeed&nonce=xtgR2kluck4FIcj8uryfyZ3YiGA700lJ&litespeed_type=imgoptm HTTP/1.1" 200 5780 "-" "WordPress/6.9; https://www.canterasdemuro.es"
89.124.87.116 - - [28/Jul/2026:04:59:53 +0200] "POST /wp-comments-post.php HTTP/1.1" 302 6299 "https://www.canterasdemuro.es/hello-world/" "Mozilla/5.0 (Windows NT 10.0; Win64; x64) AppleWebKit/537.36 (KHTML, like Gecko) Chrome/129.0.0.0 Safari/537.36"
89.124.87.116 - - [28/Jul/2026:04:59:55 +0200] "GET /hello-world/ HTTP/1.1" 200 97266 "https://www.canterasdemuro.es/hello-world/#comment-604" "Mozilla/5.0 (Windows NT 10.0; Win64; x64) AppleWebKit/537.36 (KHTML, like Gecko) Chrome/129.0.0.0 Safari/537.36"
84.246.212.44 - - [28/Jul/2026:05:06:27 +0200] "POST /wp-cron.php?doing_wp_cron=1785207986.9831678867340087890625 HTTP/1.1" 200 5525 "-" "WordPress/6.9; https://www.canterasdemuro.es"
23.94.155.54 - - [28/Jul/2026:05:06:26 +0200] "POST /wp-login.php HTTP/1.1" 200 16314 "-" "Mozilla/5.0 (Macintosh; Intel Mac OS X 10_15_7) AppleWebKit/605.1.15 Version/17.0 Safari/605.1.15"
84.246.212.44 - - [28/Jul/2026:05:06:27 +0200] "POST /wp-admin/admin-ajax.php?action=async_litespeed&nonce=0FdBdkhnAE3Gp4vLvTHMrdqaJKSB2KJN&litespeed_type=imgoptm HTTP/1.1" 200 5780 "-" "WordPress/6.9; https://www.canterasdemuro.es"
84.246.212.44 - - [28/Jul/2026:05:14:40 +0200] "POST /wp-cron.php?doing_wp_cron=1785208480.8063569068908691406250 HTTP/1.1" 200 5525 "-" "WordPress/6.9; https://www.canterasdemuro.es"
54.174.65.44 - - [28/Jul/2026:05:14:40 +0200] "GET /robots.txt HTTP/1.1" 301 5577 "-" "Mozilla/5.0 (Macintosh; Intel Mac OS X 10_15_7) AppleWebKit/537.36 (KHTML, like Gecko) Chrome/108.0.0.0 Safari/537.36"
54.174.65.44 - - [28/Jul/2026:05:14:41 +0200] "GET /robots.txt HTTP/1.1" 200 5680 "-" "Mozilla/5.0 (Macintosh; Intel Mac OS X 10_15_7) AppleWebKit/537.36 (KHTML, like Gecko) Chrome/108.0.0.0 Safari/537.36"
84.246.212.44 - - [28/Jul/2026:05:14:41 +0200] "POST /wp-admin/admin-ajax.php?action=async_litespeed&nonce=sYfzk2a4w6TYHoz9uQFD4JnmkYy8p03J&litespeed_type=imgoptm HTTP/1.1" 200 5780 "-" "WordPress/6.9; https://www.canterasdemuro.es"
84.246.212.44 - - [28/Jul/2026:05:14:45 +0200] "GET /?wp_scrape_key=5d5364e8534a467ca1b90a88716b597f&wp_scrape_nonce=1785208483 HTTP/1.1" 200 100652 "-" "WordPress/6.9; https://www.canterasdemuro.es"
84.246.212.44 - - [28/Jul/2026:05:14:49 +0200] "GET /?wp_scrape_key=90112dc1f6e2341dffc7b3d73bd883d6&wp_scrape_nonce=1785208487 HTTP/1.1" 200 100652 "-" "WordPress/6.9; https://www.canterasdemuro.es"
84.246.212.44 - - [28/Jul/2026:05:14:54 +0200] "GET /?wp_scrape_key=01330c5973cd5b66801fa38b8bcf1116&wp_scrape_nonce=1785208492 HTTP/1.1" 200 100652 "-" "WordPress/6.9; https://www.canterasdemuro.es"
84.246.212.44 - - [28/Jul/2026:05:14:59 +0200] "GET /?wp_scrape_key=12ca8f74febf91733523919525aac2c8&wp_scrape_nonce=1785208497 HTTP/1.1" 200 100652 "-" "WordPress/6.9; https://www.canterasdemuro.es"
84.246.212.44 - - [28/Jul/2026:05:15:03 +0200] "GET /?wp_scrape_key=3885ce17357477c1f77e2a65f6da37d7&wp_scrape_nonce=1785208501 HTTP/1.1" 200 100652 "-" "WordPress/6.9; https://www.canterasdemuro.es"
84.246.212.44 - - [28/Jul/2026:05:15:08 +0200] "GET /?wp_scrape_key=28ca3303680ba9f735a1620492501bf2&wp_scrape_nonce=1785208506 HTTP/1.1" 200 100652 "-" "WordPress/6.9; https://www.canterasdemuro.es"
84.246.212.44 - - [28/Jul/2026:05:15:12 +0200] "GET /?wp_scrape_key=2ed7bf0b598c968584a78b3b27b6667c&wp_scrape_nonce=1785208510 HTTP/1.1" 200 100652 "-" "WordPress/6.9; https://www.canterasdemuro.es"
84.246.212.44 - - [28/Jul/2026:05:15:16 +0200] "GET /?wp_scrape_key=f6c42e6a73d8a80020ae6d644066270f&wp_scrape_nonce=1785208514 HTTP/1.1" 200 100652 "-" "WordPress/6.9; https://www.canterasdemuro.es"
84.246.212.44 - - [28/Jul/2026:05:15:21 +0200] "GET /?wp_scrape_key=7795008f330f00a8bda06c2d83e9ae29&wp_scrape_nonce=1785208519 HTTP/1.1" 200 100652 "-" "WordPress/6.9; https://www.canterasdemuro.es"
84.246.212.44 - - [28/Jul/2026:05:20:17 +0200] "POST /wp-cron.php?doing_wp_cron=1785208817.2477099895477294921875 HTTP/1.1" 200 5525 "-" "WordPress/6.9; https://www.canterasdemuro.es"
49.51.36.179 - - [28/Jul/2026:05:20:15 +0200] "GET / HTTP/1.1" 200 100540 "http://www.canterasdemuro.es" "Mozilla/5.0 (iPhone; CPU iPhone OS 13_2_3 like Mac OS X) AppleWebKit/605.1.15 (KHTML, like Gecko) Version/13.0.3 Mobile/15E148 Safari/604.1"
84.246.212.44 - - [28/Jul/2026:05:20:17 +0200] "POST /wp-admin/admin-ajax.php?action=async_litespeed&nonce=lvwFSdXiOwZNDBmBNdxanYmyhYHVT3RJ&litespeed_type=imgoptm HTTP/1.1" 200 5780 "-" "WordPress/6.9; https://www.canterasdemuro.es"
23.94.155.56 - - [28/Jul/2026:05:20:34 +0200] "POST /wp-login.php HTTP/1.1" 200 16314 "-" "Mozilla/5.0 (Windows NT 10.0; Win64; x64) AppleWebKit/537.36 Chrome/129.0.0.0 Safari/537.36"
84.246.212.44 - - [28/Jul/2026:05:22:42 +0200] "POST /wp-cron.php?doing_wp_cron=1785208961.9782319068908691406250 HTTP/1.1" 200 5525 "-" "WordPress/6.9; https://www.canterasdemuro.es"
54.174.65.44 - - [28/Jul/2026:05:22:40 +0200] "GET / HTTP/1.1" 200 100540 "-" "Mozilla/5.0 (Macintosh; Intel Mac OS X 10_15_7) AppleWebKit/537.36 (KHTML, like Gecko) Chrome/108.0.0.0 Safari/537.36"
84.246.212.44 - - [28/Jul/2026:05:22:42 +0200] "POST /wp-admin/admin-ajax.php?action=async_litespeed&nonce=RJR83ESTbvwl7FYjl99i4mLqknApDZFp&litespeed_type=imgoptm HTTP/1.1" 200 5780 "-" "WordPress/6.9; https://www.canterasdemuro.es"
84.246.212.44 - - [28/Jul/2026:05:26:35 +0200] "POST /wp-cron.php?doing_wp_cron=1785209195.0849521160125732421875 HTTP/1.1" 200 5525 "-" "WordPress/6.9; https://www.canterasdemuro.es"
100.26.66.245 - - [28/Jul/2026:05:26:34 +0200] "GET /robots.txt HTTP/1.1" 200 5680 "-" "Mozilla/5.0 (Macintosh; Intel Mac OS X 10_10_1) AppleWebKit/600.2.5 (KHTML, like Gecko) Version/8.0.2 Safari/600.2.5 (Gort)"
84.246.212.44 - - [28/Jul/2026:05:26:35 +0200] "POST /wp-admin/admin-ajax.php?action=async_litespeed&nonce=pybwy6qWMppxYDmLRqghCu0jLduAsUIQ&litespeed_type=imgoptm HTTP/1.1" 200 5780 "-" "WordPress/6.9; https://www.canterasdemuro.es"
84.246.212.44 - - [28/Jul/2026:05:34:42 +0200] "POST /wp-cron.php?doing_wp_cron=1785209682.5687260627746582031250 HTTP/1.1" 200 5525 "-" "WordPress/6.9; https://www.canterasdemuro.es"
23.94.155.61 - - [28/Jul/2026:05:34:41 +0200] "POST /wp-login.php HTTP/1.1" 200 16314 "-" "Mozilla/5.0 (Windows NT 10.0; Win64; x64) AppleWebKit/537.36 Chrome/129.0.0.0 Safari/537.36"
84.246.212.44 - - [28/Jul/2026:05:34:43 +0200] "POST /wp-admin/admin-ajax.php?action=async_litespeed&nonce=N61qd9cMRbIbHehWl117Zgq3EapHpszt&litespeed_type=imgoptm HTTP/1.1" 200 5780 "-" "WordPress/6.9; https://www.canterasdemuro.es"
103.147.249.254 - - [28/Jul/2026:05:43:10 +0200] "GET /wp-json/wp/v2/users HTTP/1.1" 403 6290 "-" "Mozilla/4.0 (compatible; Win32; WinHttp.WinHttpRequest.5)"
84.246.212.44 - - [28/Jul/2026:05:43:23 +0200] "POST /wp-cron.php?doing_wp_cron=1785210203.3255391120910644531250 HTTP/1.1" 200 5525 "-" "WordPress/6.9; https://www.canterasdemuro.es"
34.194.95.99 - - [28/Jul/2026:05:43:21 +0200] "GET /gl/ HTTP/1.1" 200 99382 "-" "Mozilla/5.0 AppleWebKit/537.36 (KHTML, like Gecko; compatible; Amazonbot/0.1; +https://developer.amazon.com/support/amazonbot) Chrome/119.0.6045.214 Safari/537.36"
84.246.212.44 - - [28/Jul/2026:05:43:23 +0200] "POST /wp-admin/admin-ajax.php?action=async_litespeed&nonce=PnQ1GY3rA32h5rtTlCGyvGNBe5bJKVAv&litespeed_type=imgoptm HTTP/1.1" 200 5780 "-" "WordPress/6.9; https://www.canterasdemuro.es"
84.246.212.44 - - [28/Jul/2026:05:44:37 +0200] "POST /wp-cron.php?doing_wp_cron=1785210277.7432370185852050781250 HTTP/1.1" 200 5525 "-" "WordPress/6.9; https://www.canterasdemuro.es"
103.147.249.254 - - [28/Jul/2026:05:44:37 +0200] "POST /xmlrpc.php HTTP/1.1" 200 5889 "-" "Mozilla/5.0 (Macintosh; Intel Mac OS X 10_15_7; x86) AppleWebKit/537.36 (KHTML, like Gecko) Edge/95.0.0.0 Safari/537.36"
84.246.212.44 - - [28/Jul/2026:05:44:38 +0200] "POST /wp-admin/admin-ajax.php?action=async_litespeed&nonce=sJYD8Z9iIGCEpEbBAqZmZ6bqnX8kTXis&litespeed_type=imgoptm HTTP/1.1" 200 5780 "-" "WordPress/6.9; https://www.canterasdemuro.es"
84.246.212.44 - - [28/Jul/2026:05:45:41 +0200] "POST /wp-cron.php?doing_wp_cron=1785210341.7400400638580322265625 HTTP/1.1" 200 5525 "-" "WordPress/6.9; https://www.canterasdemuro.es"
103.147.249.254 - - [28/Jul/2026:05:45:41 +0200] "POST /xmlrpc.php HTTP/1.1" 200 5889 "-" "Mozilla/5.0 (Windows NT 6.2; x86) AppleWebKit/537.36 (KHTML, like Gecko) Chrome/99.0.0.0 Safari/537.36"
84.246.212.44 - - [28/Jul/2026:05:45:42 +0200] "POST /wp-admin/admin-ajax.php?action=async_litespeed&nonce=f5PjDrwwjXXYpOcLz7v0ovXtyw6bfDlj&litespeed_type=imgoptm HTTP/1.1" 200 5780 "-" "WordPress/6.9; https://www.canterasdemuro.es"
84.246.212.44 - - [28/Jul/2026:05:46:44 +0200] "POST /wp-cron.php?doing_wp_cron=1785210404.8500840663909912109375 HTTP/1.1" 200 5525 "-" "WordPress/6.9; https://www.canterasdemuro.es"
103.147.249.254 - - [28/Jul/2026:05:46:44 +0200] "POST /xmlrpc.php HTTP/1.1" 200 5889 "-" "Mozilla/5.0 (Linux; Android 10; arm64) AppleWebKit/537.36 (KHTML, like Gecko) Chrome/107.0.0.0 Safari/537.36"
84.246.212.44 - - [28/Jul/2026:05:46:45 +0200] "POST /wp-admin/admin-ajax.php?action=async_litespeed&nonce=gqVLqYXN2raHi4ExhWBfcXdWXAhtRsfs&litespeed_type=imgoptm HTTP/1.1" 200 5780 "-" "WordPress/6.9; https://www.canterasdemuro.es"
84.246.212.44 - - [28/Jul/2026:05:47:50 +0200] "POST /wp-cron.php?doing_wp_cron=1785210470.2914919853210449218750 HTTP/1.1" 200 5525 "-" "WordPress/6.9; https://www.canterasdemuro.es"
103.147.249.254 - - [28/Jul/2026:05:47:49 +0200] "POST /xmlrpc.php HTTP/1.1" 200 5889 "-" "Mozilla/5.0 (Linux; Android 10; x86) AppleWebKit/537.36 (KHTML, like Gecko) Opera/66.0.0.0 Safari/537.36"
84.246.212.44 - - [28/Jul/2026:05:47:50 +0200] "POST /wp-admin/admin-ajax.php?action=async_litespeed&nonce=sMJ9J2HzG23jQq9Z6sICYMqgmVY7OitA&litespeed_type=imgoptm HTTP/1.1" 200 5780 "-" "WordPress/6.9; https://www.canterasdemuro.es"
84.246.212.44 - - [28/Jul/2026:05:48:43 +0200] "POST /wp-cron.php?doing_wp_cron=1785210523.6217110157012939453125 HTTP/1.1" 200 5525 "-" "WordPress/6.9; https://www.canterasdemuro.es"
5.223.50.148 - - [28/Jul/2026:05:48:43 +0200] "POST /xmlrpc.php HTTP/1.1" 200 5889 "-" "Mozilla/5.0 (Windows NT 10.0) AppleWebKit/537.43 (KHTML, like Gecko) Chrome/134.0.0.0 Safari/537.36 OPR/119.0.0.0"
84.246.212.44 - - [28/Jul/2026:05:48:44 +0200] "POST /wp-admin/admin-ajax.php?action=async_litespeed&nonce=YkUcSBS2XkAhth9MIsam5nhyNDhgH99x&litespeed_type=imgoptm HTTP/1.1" 200 5780 "-" "WordPress/6.9; https://www.canterasdemuro.es"
103.147.249.254 - - [28/Jul/2026:05:48:52 +0200] "POST /xmlrpc.php HTTP/1.1" 200 5889 "-" "Mozilla/5.0 (Windows NT 10.0; x64) AppleWebKit/537.36 (KHTML, like Gecko) Chrome/102.0.0.0 Safari/537.36"
23.94.155.46 - - [28/Jul/2026:05:48:53 +0200] "POST /wp-login.php HTTP/1.1" 200 16314 "-" "Mozilla/5.0 (Windows NT 10.0; Win64; x64) AppleWebKit/537.36 Chrome/129.0.0.0 Safari/537.36"
84.246.212.44 - - [28/Jul/2026:05:50:00 +0200] "POST /wp-cron.php?doing_wp_cron=1785210600.9244160652160644531250 HTTP/1.1" 200 5525 "-" "WordPress/6.9; https://www.canterasdemuro.es"
198.244.240.87 - - [28/Jul/2026:05:50:00 +0200] "GET /wp-sitemap.xml HTTP/1.1" 200 6232 "-" "Mozilla/5.0 (compatible; AhrefsBot/7.0; +http://ahrefs.com/robot/)"
84.246.212.44 - - [28/Jul/2026:05:50:01 +0200] "POST /wp-admin/admin-ajax.php?action=async_litespeed&nonce=MfFk0ClDuCfZUHr5fwLKwTrWSRuTORB1&litespeed_type=imgoptm HTTP/1.1" 200 5780 "-" "WordPress/6.9; https://www.canterasdemuro.es"
51.195.183.143 - - [28/Jul/2026:05:50:02 +0200] "GET /wp-sitemap-posts-post-1.xml HTTP/1.1" 200 5795 "-" "Mozilla/5.0 (compatible; AhrefsBot/7.0; +http://ahrefs.com/robot/)"
198.244.242.115 - - [28/Jul/2026:05:50:03 +0200] "GET /wp-sitemap-posts-page-1.xml HTTP/1.1" 200 6781 "-" "Mozilla/5.0 (compatible; AhrefsBot/7.0; +http://ahrefs.com/robot/)"
51.195.244.241 - - [28/Jul/2026:05:50:05 +0200] "GET /gl/wp-sitemap-posts-page-1.xml HTTP/1.1" 200 6808 "-" "Mozilla/5.0 (compatible; AhrefsBot/7.0; +http://ahrefs.com/robot/)"
198.244.226.251 - - [28/Jul/2026:05:50:07 +0200] "GET /wp-sitemap-taxonomies-category-1.xml HTTP/1.1" 200 5762 "-" "Mozilla/5.0 (compatible; AhrefsBot/7.0; +http://ahrefs.com/robot/)"
54.38.147.90 - - [28/Jul/2026:05:50:09 +0200] "GET /wp-sitemap-users-1.xml HTTP/1.1" 200 5752 "-" "Mozilla/5.0 (compatible; AhrefsBot/7.0; +http://ahrefs.com/robot/)"
103.147.249.254 - - [28/Jul/2026:05:50:09 +0200] "POST /xmlrpc.php HTTP/1.1" 200 5889 "-" "Mozilla/5.0 (Windows NT 6.2; x86) AppleWebKit/537.36 (KHTML, like Gecko) Safari/10.0.0.0 Safari/537.36"
84.246.212.44 - - [28/Jul/2026:05:50:11 +0200] "POST /wp-cron.php?doing_wp_cron=1785210611.2687380313873291015625 HTTP/1.1" 200 5525 "-" "WordPress/6.9; https://www.canterasdemuro.es"
198.244.168.238 - - [28/Jul/2026:05:50:10 +0200] "GET /gl/wp-sitemap-users-1.xml HTTP/1.1" 200 5755 "-" "Mozilla/5.0 (compatible; AhrefsBot/7.0; +http://ahrefs.com/robot/)"
84.246.212.44 - - [28/Jul/2026:05:51:18 +0200] "POST /wp-cron.php?doing_wp_cron=1785210678.2648100852966308593750 HTTP/1.1" 200 5525 "-" "WordPress/6.9; https://www.canterasdemuro.es"
103.147.249.254 - - [28/Jul/2026:05:51:17 +0200] "POST /xmlrpc.php HTTP/1.1" 200 5889 "-" "Mozilla/5.0 (X11; Ubuntu; Linux x86_64; x86) AppleWebKit/537.36 (KHTML, like Gecko) Opera/64.0.0.0 Safari/537.36"
84.246.212.44 - - [28/Jul/2026:05:51:18 +0200] "POST /wp-admin/admin-ajax.php?action=async_litespeed&nonce=8p56LjNgzPo4As18rPFMFbJe32OELf5L&litespeed_type=imgoptm HTTP/1.1" 200 5780 "-" "WordPress/6.9; https://www.canterasdemuro.es"
84.246.212.44 - - [28/Jul/2026:05:52:26 +0200] "POST /wp-cron.php?doing_wp_cron=1785210746.2423570156097412109375 HTTP/1.1" 200 5525 "-" "WordPress/6.9; https://www.canterasdemuro.es"
103.147.249.254 - - [28/Jul/2026:05:52:25 +0200] "POST /xmlrpc.php HTTP/1.1" 200 5889 "-" "Mozilla/5.0 (Windows NT 6.3; x86) AppleWebKit/537.36 (KHTML, like Gecko) Safari/10.0.0.0 Safari/537.36"
84.246.212.44 - - [28/Jul/2026:05:52:26 +0200] "POST /wp-admin/admin-ajax.php?action=async_litespeed&nonce=svOFDmEbqQLxgS67s1Agh8nLciX0G2uZ&litespeed_type=imgoptm HTTP/1.1" 200 5780 "-" "WordPress/6.9; https://www.canterasdemuro.es"
84.246.212.44 - - [28/Jul/2026:05:54:53 +0200] "POST /wp-cron.php?doing_wp_cron=1785210893.3106210231781005859375 HTTP/1.1" 200 5525 "-" "WordPress/6.9; https://www.canterasdemuro.es"
47.128.53.221 - - [28/Jul/2026:05:54:52 +0200] "GET /robots.txt HTTP/1.1" 200 5680 "-" "Mozilla/5.0 (Linux; Android 5.0) AppleWebKit/537.36 (KHTML, like Gecko) Mobile Safari/537.36 (compatible; Bytespider; spider-feedback@bytedance.com)"
84.246.212.44 - - [28/Jul/2026:05:54:53 +0200] "POST /wp-admin/admin-ajax.php?action=async_litespeed&nonce=4KYQLtzO6xjnGkYGOU6NEYzufyNVNORk&litespeed_type=imgoptm HTTP/1.1" 200 5780 "-" "WordPress/6.9; https://www.canterasdemuro.es"
84.246.212.44 - - [28/Jul/2026:06:03:04 +0200] "POST /wp-cron.php?doing_wp_cron=1785211384.6303811073303222656250 HTTP/1.1" 200 5525 "-" "WordPress/6.9; https://www.canterasdemuro.es"
85.208.96.198 - - [28/Jul/2026:06:03:03 +0200] "GET /robots.txt HTTP/1.1" 200 5680 "-" "Mozilla/5.0 (compatible; SemrushBot/7~bl; +http://www.semrush.com/bot.html)"
84.246.212.44 - - [28/Jul/2026:06:03:05 +0200] "POST /wp-admin/admin-ajax.php?action=async_litespeed&nonce=geMzX3s8Sah0csVonU3mRyRnswZ2g06m&litespeed_type=imgoptm HTTP/1.1" 200 5780 "-" "WordPress/6.9; https://www.canterasdemuro.es"
185.191.171.8 - - [28/Jul/2026:06:03:05 +0200] "GET /gl/instalacions/ HTTP/1.1" 200 107054 "-" "Mozilla/5.0 (compatible; SemrushBot/7~bl; +http://www.semrush.com/bot.html)"
84.246.212.44 - - [28/Jul/2026:06:03:11 +0200] "POST /wp-cron.php?doing_wp_cron=1785211391.7673969268798828125000 HTTP/1.1" 200 5525 "-" "WordPress/6.9; https://www.canterasdemuro.es"
23.94.155.53 - - [28/Jul/2026:06:03:11 +0200] "POST /wp-login.php HTTP/1.1" 200 16314 "-" "Mozilla/5.0 (Macintosh; Intel Mac OS X 10_15_7) AppleWebKit/605.1.15 Version/17.0 Safari/605.1.15"
84.246.212.44 - - [28/Jul/2026:06:05:53 +0200] "POST /wp-cron.php?doing_wp_cron=1785211553.8856139183044433593750 HTTP/1.1" 200 5525 "-" "WordPress/6.9; https://www.canterasdemuro.es"
191.232.199.39 - - [28/Jul/2026:06:05:53 +0200] "GET /admin.php HTTP/1.1" 301 5688 "-" "Mozilla/5.0 (Windows NT 10.0; Win64; x64) AppleWebKit/537.36 (KHTML, like Gecko) Chrome/120.0.0.0 Safari/537.36"
191.232.199.39 - - [28/Jul/2026:06:05:54 +0200] "GET /public/css.php HTTP/1.1" 301 5693 "-" "Mozilla/5.0 (Windows NT 10.0; Win64; x64) AppleWebKit/537.36 (KHTML, like Gecko) Chrome/120.0.0.0 Safari/537.36"
84.246.212.44 - - [28/Jul/2026:06:05:54 +0200] "POST /wp-admin/admin-ajax.php?action=async_litespeed&nonce=cg5fSAIEkfqHAAZRAZ6sJ4MjH7HyGCVU&litespeed_type=imgoptm HTTP/1.1" 200 5780 "-" "WordPress/6.9; https://www.canterasdemuro.es"
191.232.199.39 - - [28/Jul/2026:06:05:54 +0200] "GET /classwithtostring.php HTTP/1.1" 301 5700 "-" "Mozilla/5.0 (Windows NT 10.0; Win64; x64) AppleWebKit/537.36 (KHTML, like Gecko) Chrome/120.0.0.0 Safari/537.36"
191.232.199.39 - - [28/Jul/2026:06:05:55 +0200] "GET /wp-includes/block-supports/ HTTP/1.1" 403 6290 "-" "Mozilla/5.0 (Windows NT 10.0; Win64; x64) AppleWebKit/537.36 (KHTML, like Gecko) Chrome/120.0.0.0 Safari/537.36"
191.232.199.39 - - [28/Jul/2026:06:05:55 +0200] "GET /wp-content/admin.php HTTP/1.1" 301 5691 "-" "Mozilla/5.0 (Windows NT 10.0; Win64; x64) AppleWebKit/537.36 (KHTML, like Gecko) Chrome/120.0.0.0 Safari/537.36"
191.232.199.39 - - [28/Jul/2026:06:05:55 +0200] "GET /gelay.php HTTP/1.1" 301 5688 "-" "Mozilla/5.0 (Windows NT 10.0; Win64; x64) AppleWebKit/537.36 (KHTML, like Gecko) Chrome/120.0.0.0 Safari/537.36"
191.232.199.39 - - [28/Jul/2026:06:05:56 +0200] "GET /wp-admin/images/admin.php HTTP/1.1" 301 5704 "-" "Mozilla/5.0 (Windows NT 10.0; Win64; x64) AppleWebKit/537.36 (KHTML, like Gecko) Chrome/120.0.0.0 Safari/537.36"
191.232.199.39 - - [28/Jul/2026:06:05:56 +0200] "GET /adminfuns.php HTTP/1.1" 301 5692 "-" "Mozilla/5.0 (Windows NT 10.0; Win64; x64) AppleWebKit/537.36 (KHTML, like Gecko) Chrome/120.0.0.0 Safari/537.36"
191.232.199.39 - - [28/Jul/2026:06:05:57 +0200] "GET /wp-admin/css/ HTTP/1.1" 403 6290 "-" "Mozilla/5.0 (Windows NT 10.0; Win64; x64) AppleWebKit/537.36 (KHTML, like Gecko) Chrome/120.0.0.0 Safari/537.36"
191.232.199.39 - - [28/Jul/2026:06:05:57 +0200] "GET /admin/controller/extension/extension/ultra.php HTTP/1.1" 301 5725 "-" "Mozilla/5.0 (Windows NT 10.0; Win64; x64) AppleWebKit/537.36 (KHTML, like Gecko) Chrome/120.0.0.0 Safari/537.36"
191.232.199.39 - - [28/Jul/2026:06:05:58 +0200] "GET /about.php HTTP/1.1" 301 5688 "-" "Mozilla/5.0 (Windows NT 10.0; Win64; x64) AppleWebKit/537.36 (KHTML, like Gecko) Chrome/120.0.0.0 Safari/537.36"
191.232.199.39 - - [28/Jul/2026:06:05:58 +0200] "GET /wp-admin/css/colors/index.php HTTP/1.1" 301 5708 "-" "Mozilla/5.0 (Windows NT 10.0; Win64; x64) AppleWebKit/537.36 (KHTML, like Gecko) Chrome/120.0.0.0 Safari/537.36"
191.232.199.39 - - [28/Jul/2026:06:05:59 +0200] "GET /f35.php HTTP/1.1" 301 5686 "-" "Mozilla/5.0 (Windows NT 10.0; Win64; x64) AppleWebKit/537.36 (KHTML, like Gecko) Chrome/120.0.0.0 Safari/537.36"
191.232.199.39 - - [28/Jul/2026:06:05:59 +0200] "GET /wp-includes/js/ HTTP/1.1" 403 6290 "-" "Mozilla/5.0 (Windows NT 10.0; Win64; x64) AppleWebKit/537.36 (KHTML, like Gecko) Chrome/120.0.0.0 Safari/537.36"
191.232.199.39 - - [28/Jul/2026:06:05:59 +0200] "GET /inputs.php HTTP/1.1" 301 5689 "-" "Mozilla/5.0 (Windows NT 10.0; Win64; x64) AppleWebKit/537.36 (KHTML, like Gecko) Chrome/120.0.0.0 Safari/537.36"
191.232.199.39 - - [28/Jul/2026:06:06:00 +0200] "GET /wp-admin/css/colors/ HTTP/1.1" 403 6290 "-" "Mozilla/5.0 (Windows NT 10.0; Win64; x64) AppleWebKit/537.36 (KHTML, like Gecko) Chrome/120.0.0.0 Safari/537.36"
191.232.199.39 - - [28/Jul/2026:06:06:00 +0200] "GET /alfa.php HTTP/1.1" 301 5687 "-" "Mozilla/5.0 (Windows NT 10.0; Win64; x64) AppleWebKit/537.36 (KHTML, like Gecko) Chrome/120.0.0.0 Safari/537.36"
191.232.199.39 - - [28/Jul/2026:06:06:01 +0200] "GET /lock360.php HTTP/1.1" 301 5690 "-" "Mozilla/5.0 (Windows NT 10.0; Win64; x64) AppleWebKit/537.36 (KHTML, like Gecko) Chrome/120.0.0.0 Safari/537.36"
191.232.199.39 - - [28/Jul/2026:06:06:02 +0200] "GET /flower.php HTTP/1.1" 301 5689 "-" "Mozilla/5.0 (Windows NT 10.0; Win64; x64) AppleWebKit/537.36 (KHTML, like Gecko) Chrome/120.0.0.0 Safari/537.36"
191.232.199.39 - - [28/Jul/2026:06:06:02 +0200] "GET /13.php HTTP/1.1" 301 5685 "-" "Mozilla/5.0 (Windows NT 10.0; Win64; x64) AppleWebKit/537.36 (KHTML, like Gecko) Chrome/120.0.0.0 Safari/537.36"
191.232.199.39 - - [28/Jul/2026:06:06:03 +0200] "GET /cc.php HTTP/1.1" 301 5685 "-" "Mozilla/5.0 (Windows NT 10.0; Win64; x64) AppleWebKit/537.36 (KHTML, like Gecko) Chrome/120.0.0.0 Safari/537.36"
191.232.199.39 - - [28/Jul/2026:06:06:03 +0200] "GET /gecko-new.php HTTP/1.1" 301 5692 "-" "Mozilla/5.0 (Windows NT 10.0; Win64; x64) AppleWebKit/537.36 (KHTML, like Gecko) Chrome/120.0.0.0 Safari/537.36"
191.232.199.39 - - [28/Jul/2026:06:06:04 +0200] "GET /wp-content.php.php HTTP/1.1" 301 5689 "-" "Mozilla/5.0 (Windows NT 10.0; Win64; x64) AppleWebKit/537.36 (KHTML, like Gecko) Chrome/120.0.0.0 Safari/537.36"
191.232.199.39 - - [28/Jul/2026:06:06:04 +0200] "GET /01.php HTTP/1.1" 301 5685 "-" "Mozilla/5.0 (Windows NT 10.0; Win64; x64) AppleWebKit/537.36 (KHTML, like Gecko) Chrome/120.0.0.0 Safari/537.36"
191.232.199.39 - - [28/Jul/2026:06:06:05 +0200] "GET /lv.php HTTP/1.1" 301 5685 "-" "Mozilla/5.0 (Windows NT 10.0; Win64; x64) AppleWebKit/537.36 (KHTML, like Gecko) Chrome/120.0.0.0 Safari/537.36"
191.232.199.39 - - [28/Jul/2026:06:06:06 +0200] "GET /new.php HTTP/1.1" 301 5686 "-" "Mozilla/5.0 (Windows NT 10.0; Win64; x64) AppleWebKit/537.36 (KHTML, like Gecko) Chrome/120.0.0.0 Safari/537.36"
191.232.199.39 - - [28/Jul/2026:06:06:06 +0200] "GET /222.php HTTP/1.1" 301 5686 "-" "Mozilla/5.0 (Windows NT 10.0; Win64; x64) AppleWebKit/537.36 (KHTML, like Gecko) Chrome/120.0.0.0 Safari/537.36"
191.232.199.39 - - [28/Jul/2026:06:06:07 +0200] "GET /chosen.php HTTP/1.1" 301 5689 "-" "Mozilla/5.0 (Windows NT 10.0; Win64; x64) AppleWebKit/537.36 (KHTML, like Gecko) Chrome/120.0.0.0 Safari/537.36"
191.232.199.39 - - [28/Jul/2026:06:06:07 +0200] "GET /info.php HTTP/1.1" 301 5687 "-" "Mozilla/5.0 (Windows NT 10.0; Win64; x64) AppleWebKit/537.36 (KHTML, like Gecko) Chrome/120.0.0.0 Safari/537.36"
191.232.199.39 - - [28/Jul/2026:06:06:08 +0200] "GET /wp-includes/html-api/ HTTP/1.1" 403 6290 "-" "Mozilla/5.0 (Windows NT 10.0; Win64; x64) AppleWebKit/537.36 (KHTML, like Gecko) Chrome/120.0.0.0 Safari/537.36"
191.232.199.39 - - [28/Jul/2026:06:06:08 +0200] "GET /wp-includes/ID3/index.php HTTP/1.1" 301 5704 "-" "Mozilla/5.0 (Windows NT 10.0; Win64; x64) AppleWebKit/537.36 (KHTML, like Gecko) Chrome/120.0.0.0 Safari/537.36"
191.232.199.39 - - [28/Jul/2026:06:06:09 +0200] "GET /wp-admin/network/index.php HTTP/1.1" 302 5744 "-" "Mozilla/5.0 (Windows NT 10.0; Win64; x64) AppleWebKit/537.36 (KHTML, like Gecko) Chrome/120.0.0.0 Safari/537.36"
191.232.199.39 - - [28/Jul/2026:06:06:09 +0200] "GET /k.php HTTP/1.1" 301 5684 "-" "Mozilla/5.0 (Windows NT 10.0; Win64; x64) AppleWebKit/537.36 (KHTML, like Gecko) Chrome/120.0.0.0 Safari/537.36"
191.232.199.39 - - [28/Jul/2026:06:06:10 +0200] "GET /wp-admin/js/ HTTP/1.1" 403 6290 "-" "Mozilla/5.0 (Windows NT 10.0; Win64; x64) AppleWebKit/537.36 (KHTML, like Gecko) Chrome/120.0.0.0 Safari/537.36"
191.232.199.39 - - [28/Jul/2026:06:06:10 +0200] "GET /403.php HTTP/1.1" 301 5686 "-" "Mozilla/5.0 (Windows NT 10.0; Win64; x64) AppleWebKit/537.36 (KHTML, like Gecko) Chrome/120.0.0.0 Safari/537.36"
191.232.199.39 - - [28/Jul/2026:06:06:11 +0200] "GET /wp-includes/images/ HTTP/1.1" 403 6290 "-" "Mozilla/5.0 (Windows NT 10.0; Win64; x64) AppleWebKit/537.36 (KHTML, like Gecko) Chrome/120.0.0.0 Safari/537.36"
84.246.212.44 - - [28/Jul/2026:06:06:11 +0200] "POST /wp-cron.php?doing_wp_cron=1785211571.6341300010681152343750 HTTP/1.1" 200 5525 "-" "WordPress/6.9; https://www.canterasdemuro.es"
191.232.199.39 - - [28/Jul/2026:06:06:11 +0200] "GET /wp-content/cache/ HTTP/1.1" 301 5688 "-" "Mozilla/5.0 (Windows NT 10.0; Win64; x64) AppleWebKit/537.36 (KHTML, like Gecko) Chrome/120.0.0.0 Safari/537.36"
191.232.199.39 - - [28/Jul/2026:06:06:11 +0200] "GET /gecko.php HTTP/1.1" 301 5688 "-" "Mozilla/5.0 (Windows NT 10.0; Win64; x64) AppleWebKit/537.36 (KHTML, like Gecko) Chrome/120.0.0.0 Safari/537.36"
191.232.199.39 - - [28/Jul/2026:06:06:12 +0200] "GET /wp-includes/ HTTP/1.1" 403 6290 "-" "Mozilla/5.0 (Windows NT 10.0; Win64; x64) AppleWebKit/537.36 (KHTML, like Gecko) Chrome/120.0.0.0 Safari/537.36"
84.246.212.44 - - [28/Jul/2026:06:06:13 +0200] "POST /wp-cron.php?doing_wp_cron=1785211573.2419500350952148437500 HTTP/1.1" 200 5525 "-" "WordPress/6.9; https://www.canterasdemuro.es"
191.232.199.39 - - [28/Jul/2026:06:06:12 +0200] "GET /aa.php HTTP/1.1" 301 5685 "-" "Mozilla/5.0 (Windows NT 10.0; Win64; x64) AppleWebKit/537.36 (KHTML, like Gecko) Chrome/120.0.0.0 Safari/537.36"
191.232.199.39 - - [28/Jul/2026:06:06:13 +0200] "GET /0x.php HTTP/1.1" 301 5685 "-" "Mozilla/5.0 (Windows NT 10.0; Win64; x64) AppleWebKit/537.36 (KHTML, like Gecko) Chrome/120.0.0.0 Safari/537.36"
84.246.212.44 - - [28/Jul/2026:06:06:13 +0200] "POST /wp-admin/admin-ajax.php?action=async_litespeed&nonce=XDJBC9do2ITbH4fCOuDECpv1a7qzoroH&litespeed_type=imgoptm HTTP/1.1" 200 5780 "-" "WordPress/6.9; https://www.canterasdemuro.es"
191.232.199.39 - - [28/Jul/2026:06:06:14 +0200] "GET /zxz.php HTTP/1.1" 301 5686 "-" "Mozilla/5.0 (Windows NT 10.0; Win64; x64) AppleWebKit/537.36 (KHTML, like Gecko) Chrome/120.0.0.0 Safari/537.36"
191.232.199.39 - - [28/Jul/2026:06:06:14 +0200] "GET /www.php HTTP/1.1" 301 5686 "-" "Mozilla/5.0 (Windows NT 10.0; Win64; x64) AppleWebKit/537.36 (KHTML, like Gecko) Chrome/120.0.0.0 Safari/537.36"
191.232.199.39 - - [28/Jul/2026:06:06:15 +0200] "GET /wicked.php HTTP/1.1" 301 5689 "-" "Mozilla/5.0 (Windows NT 10.0; Win64; x64) AppleWebKit/537.36 (KHTML, like Gecko) Chrome/120.0.0.0 Safari/537.36"
191.232.199.39 - - [28/Jul/2026:06:06:15 +0200] "GET /HLA-dd.php HTTP/1.1" 301 5689 "-" "Mozilla/5.0 (Windows NT 10.0; Win64; x64) AppleWebKit/537.36 (KHTML, like Gecko) Chrome/120.0.0.0 Safari/537.36"
191.232.199.39 - - [28/Jul/2026:06:06:16 +0200] "GET /wp-content/upgrade/index.php HTTP/1.1" 301 5690 "-" "Mozilla/5.0 (Windows NT 10.0; Win64; x64) AppleWebKit/537.36 (KHTML, like Gecko) Chrome/120.0.0.0 Safari/537.36"
84.246.212.44 - - [28/Jul/2026:06:06:17 +0200] "POST /wp-cron.php?doing_wp_cron=1785211577.1926391124725341796875 HTTP/1.1" 200 5525 "-" "WordPress/6.9; https://www.canterasdemuro.es"
191.232.199.39 - - [28/Jul/2026:06:06:16 +0200] "GET /cah.php HTTP/1.1" 301 5686 "-" "Mozilla/5.0 (Windows NT 10.0; Win64; x64) AppleWebKit/537.36 (KHTML, like Gecko) Chrome/120.0.0.0 Safari/537.36"
191.232.199.39 - - [28/Jul/2026:06:06:17 +0200] "GET /wp-includes/js/tinymce/plugins/compat3x/css/ HTTP/1.1" 403 6290 "-" "Mozilla/5.0 (Windows NT 10.0; Win64; x64) AppleWebKit/537.36 (KHTML, like Gecko) Chrome/120.0.0.0 Safari/537.36"
191.232.199.39 - - [28/Jul/2026:06:06:17 +0200] "GET /system_log.php HTTP/1.1" 301 5693 "-" "Mozilla/5.0 (Windows NT 10.0; Win64; x64) AppleWebKit/537.36 (KHTML, like Gecko) Chrome/120.0.0.0 Safari/537.36"
191.232.199.39 - - [28/Jul/2026:06:06:18 +0200] "GET /wp-includes/pomo/ HTTP/1.1" 403 6290 "-" "Mozilla/5.0 (Windows NT 10.0; Win64; x64) AppleWebKit/537.36 (KHTML, like Gecko) Chrome/120.0.0.0 Safari/537.36"
191.232.199.39 - - [28/Jul/2026:06:06:18 +0200] "GET /wp-admin/user/index.php HTTP/1.1" 302 5741 "-" "Mozilla/5.0 (Windows NT 10.0; Win64; x64) AppleWebKit/537.36 (KHTML, like Gecko) Chrome/120.0.0.0 Safari/537.36"
191.232.199.39 - - [28/Jul/2026:06:06:19 +0200] "GET /ioxi-o.php HTTP/1.1" 301 5689 "-" "Mozilla/5.0 (Windows NT 10.0; Win64; x64) AppleWebKit/537.36 (KHTML, like Gecko) Chrome/120.0.0.0 Safari/537.36"
191.232.199.39 - - [28/Jul/2026:06:06:19 +0200] "GET /abc.php HTTP/1.1" 301 5686 "-" "Mozilla/5.0 (Windows NT 10.0; Win64; x64) AppleWebKit/537.36 (KHTML, like Gecko) Chrome/120.0.0.0 Safari/537.36"
191.232.199.39 - - [28/Jul/2026:06:06:20 +0200] "GET /akcc.php HTTP/1.1" 301 5687 "-" "Mozilla/5.0 (Windows NT 10.0; Win64; x64) AppleWebKit/537.36 (KHTML, like Gecko) Chrome/120.0.0.0 Safari/537.36"
191.232.199.39 - - [28/Jul/2026:06:06:20 +0200] "GET /wk/index.php HTTP/1.1" 301 5691 "-" "Mozilla/5.0 (Windows NT 10.0; Win64; x64) AppleWebKit/537.36 (KHTML, like Gecko) Chrome/120.0.0.0 Safari/537.36"
191.232.199.39 - - [28/Jul/2026:06:06:21 +0200] "GET /1.php HTTP/1.1" 301 5684 "-" "Mozilla/5.0 (Windows NT 10.0; Win64; x64) AppleWebKit/537.36 (KHTML, like Gecko) Chrome/120.0.0.0 Safari/537.36"
191.232.199.39 - - [28/Jul/2026:06:06:21 +0200] "GET /wp-content/x/index.php HTTP/1.1" 301 5684 "-" "Mozilla/5.0 (Windows NT 10.0; Win64; x64) AppleWebKit/537.36 (KHTML, like Gecko) Chrome/120.0.0.0 Safari/537.36"
191.232.199.39 - - [28/Jul/2026:06:06:22 +0200] "GET /wp-content/index.php HTTP/1.1" 200 5432 "-" "Mozilla/5.0 (Windows NT 10.0; Win64; x64) AppleWebKit/537.36 (KHTML, like Gecko) Chrome/120.0.0.0 Safari/537.36"
191.232.199.39 - - [28/Jul/2026:06:06:22 +0200] "GET /as.php HTTP/1.1" 301 5685 "-" "Mozilla/5.0 (Windows NT 10.0; Win64; x64) AppleWebKit/537.36 (KHTML, like Gecko) Chrome/120.0.0.0 Safari/537.36"
191.232.199.39 - - [28/Jul/2026:06:06:22 +0200] "GET /wp-content/themes/admin.php HTTP/1.1" 301 5698 "-" "Mozilla/5.0 (Windows NT 10.0; Win64; x64) AppleWebKit/537.36 (KHTML, like Gecko) Chrome/120.0.0.0 Safari/537.36"
191.232.199.39 - - [28/Jul/2026:06:06:23 +0200] "GET /index.php HTTP/1.1" 301 5576 "-" "Mozilla/5.0 (Windows NT 10.0; Win64; x64) AppleWebKit/537.36 (KHTML, like Gecko) Chrome/120.0.0.0 Safari/537.36"
191.232.199.39 - - [28/Jul/2026:06:06:24 +0200] "GET /wp-includes/blocks/shortcode/index.php HTTP/1.1" 301 5717 "-" "Mozilla/5.0 (Windows NT 10.0; Win64; x64) AppleWebKit/537.36 (KHTML, like Gecko) Chrome/120.0.0.0 Safari/537.36"
191.232.199.39 - - [28/Jul/2026:06:06:24 +0200] "GET /wp-includes/images/smilies/ HTTP/1.1" 403 6290 "-" "Mozilla/5.0 (Windows NT 10.0; Win64; x64) AppleWebKit/537.36 (KHTML, like Gecko) Chrome/120.0.0.0 Safari/537.36"
191.232.199.39 - - [28/Jul/2026:06:06:24 +0200] "GET /cgi-bin/index.php HTTP/1.1" 404 6303 "-" "Mozilla/5.0 (Windows NT 10.0; Win64; x64) AppleWebKit/537.36 (KHTML, like Gecko) Chrome/120.0.0.0 Safari/537.36"
191.232.199.39 - - [28/Jul/2026:06:06:25 +0200] "GET /an.php HTTP/1.1" 301 5685 "-" "Mozilla/5.0 (Windows NT 10.0; Win64; x64) AppleWebKit/537.36 (KHTML, like Gecko) Chrome/120.0.0.0 Safari/537.36"
191.232.199.39 - - [28/Jul/2026:06:06:25 +0200] "GET /wp-admin/images/ HTTP/1.1" 403 6290 "-" "Mozilla/5.0 (Windows NT 10.0; Win64; x64) AppleWebKit/537.36 (KHTML, like Gecko) Chrome/120.0.0.0 Safari/537.36"
191.232.199.39 - - [28/Jul/2026:06:06:26 +0200] "GET /404.php HTTP/1.1" 301 5686 "-" "Mozilla/5.0 (Windows NT 10.0; Win64; x64) AppleWebKit/537.36 (KHTML, like Gecko) Chrome/120.0.0.0 Safari/537.36"
191.232.199.39 - - [28/Jul/2026:06:06:26 +0200] "GET /wp-login.php HTTP/1.1" 200 15898 "-" "Mozilla/5.0 (Windows NT 10.0; Win64; x64) AppleWebKit/537.36 (KHTML, like Gecko) Chrome/120.0.0.0 Safari/537.36"
191.232.199.39 - - [28/Jul/2026:06:06:27 +0200] "GET /wp-content/uploads/goods.php HTTP/1.1" 301 5699 "-" "Mozilla/5.0 (Windows NT 10.0; Win64; x64) AppleWebKit/537.36 (KHTML, like Gecko) Chrome/120.0.0.0 Safari/537.36"
191.232.199.39 - - [28/Jul/2026:06:06:27 +0200] "GET /wp-includes/ID3/ HTTP/1.1" 403 6290 "-" "Mozilla/5.0 (Windows NT 10.0; Win64; x64) AppleWebKit/537.36 (KHTML, like Gecko) Chrome/120.0.0.0 Safari/537.36"
191.232.199.39 - - [28/Jul/2026:06:06:28 +0200] "GET /.well-known/ HTTP/1.1" 403 6290 "-" "Mozilla/5.0 (Windows NT 10.0; Win64; x64) AppleWebKit/537.36 (KHTML, like Gecko) Chrome/120.0.0.0 Safari/537.36"
191.232.199.39 - - [28/Jul/2026:06:06:28 +0200] "GET /wso.php HTTP/1.1" 301 5686 "-" "Mozilla/5.0 (Windows NT 10.0; Win64; x64) AppleWebKit/537.36 (KHTML, like Gecko) Chrome/120.0.0.0 Safari/537.36"
191.232.199.39 - - [28/Jul/2026:06:06:29 +0200] "GET /sf.php HTTP/1.1" 301 5685 "-" "Mozilla/5.0 (Windows NT 10.0; Win64; x64) AppleWebKit/537.36 (KHTML, like Gecko) Chrome/120.0.0.0 Safari/537.36"
191.232.199.39 - - [28/Jul/2026:06:06:29 +0200] "GET /index/function.php HTTP/1.1" 301 5697 "-" "Mozilla/5.0 (Windows NT 10.0; Win64; x64) AppleWebKit/537.36 (KHTML, like Gecko) Chrome/120.0.0.0 Safari/537.36"
191.232.199.39 - - [28/Jul/2026:06:06:30 +0200] "GET /edit.php HTTP/1.1" 301 5687 "-" "Mozilla/5.0 (Windows NT 10.0; Win64; x64) AppleWebKit/537.36 (KHTML, like Gecko) Chrome/120.0.0.0 Safari/537.36"
191.232.199.39 - - [28/Jul/2026:06:06:30 +0200] "GET /wp-includes/rest-api/ HTTP/1.1" 403 6290 "-" "Mozilla/5.0 (Windows NT 10.0; Win64; x64) AppleWebKit/537.36 (KHTML, like Gecko) Chrome/120.0.0.0 Safari/537.36"
191.232.199.39 - - [28/Jul/2026:06:06:30 +0200] "GET /wp-content/themes/twentytwenty/404.php HTTP/1.1" 301 5709 "-" "Mozilla/5.0 (Windows NT 10.0; Win64; x64) AppleWebKit/537.36 (KHTML, like Gecko) Chrome/120.0.0.0 Safari/537.36"
191.232.199.39 - - [28/Jul/2026:06:06:31 +0200] "GET /wp-good.php HTTP/1.1" 301 5690 "-" "Mozilla/5.0 (Windows NT 10.0; Win64; x64) AppleWebKit/537.36 (KHTML, like Gecko) Chrome/120.0.0.0 Safari/537.36"
191.232.199.39 - - [28/Jul/2026:06:06:32 +0200] "GET /wp-admin/js/widgets/ HTTP/1.1" 403 6290 "-" "Mozilla/5.0 (Windows NT 10.0; Win64; x64) AppleWebKit/537.36 (KHTML, like Gecko) Chrome/120.0.0.0 Safari/537.36"
191.232.199.39 - - [28/Jul/2026:06:06:32 +0200] "GET /wp-admin/css/colors/midnight/ HTTP/1.1" 403 6290 "-" "Mozilla/5.0 (Windows NT 10.0; Win64; x64) AppleWebKit/537.36 (KHTML, like Gecko) Chrome/120.0.0.0 Safari/537.36"
191.232.199.39 - - [28/Jul/2026:06:06:32 +0200] "GET /tes.php HTTP/1.1" 301 5686 "-" "Mozilla/5.0 (Windows NT 10.0; Win64; x64) AppleWebKit/537.36 (KHTML, like Gecko) Chrome/120.0.0.0 Safari/537.36"
191.232.199.39 - - [28/Jul/2026:06:06:32 +0200] "GET /files/index.php HTTP/1.1" 301 5694 "-" "Mozilla/5.0 (Windows NT 10.0; Win64; x64) AppleWebKit/537.36 (KHTML, like Gecko) Chrome/120.0.0.0 Safari/537.36"
191.232.199.39 - - [28/Jul/2026:06:06:33 +0200] "GET /wp-content/uploads/index.php HTTP/1.1" 301 5690 "-" "Mozilla/5.0 (Windows NT 10.0; Win64; x64) AppleWebKit/537.36 (KHTML, like Gecko) Chrome/120.0.0.0 Safari/537.36"
191.232.199.39 - - [28/Jul/2026:06:06:33 +0200] "GET /images/images/about.php HTTP/1.1" 301 5702 "-" "Mozilla/5.0 (Windows NT 10.0; Win64; x64) AppleWebKit/537.36 (KHTML, like Gecko) Chrome/120.0.0.0 Safari/537.36"
191.232.199.39 - - [28/Jul/2026:06:06:34 +0200] "GET /ms-edit.php HTTP/1.1" 301 5690 "-" "Mozilla/5.0 (Windows NT 10.0; Win64; x64) AppleWebKit/537.36 (KHTML, like Gecko) Chrome/120.0.0.0 Safari/537.36"
191.232.199.39 - - [28/Jul/2026:06:06:34 +0200] "GET /rip.php HTTP/1.1" 301 5686 "-" "Mozilla/5.0 (Windows NT 10.0; Win64; x64) AppleWebKit/537.36 (KHTML, like Gecko) Chrome/120.0.0.0 Safari/537.36"
191.232.199.39 - - [28/Jul/2026:06:06:35 +0200] "GET /wp-content/uploads/ HTTP/1.1" 403 6290 "-" "Mozilla/5.0 (Windows NT 10.0; Win64; x64) AppleWebKit/537.36 (KHTML, like Gecko) Chrome/120.0.0.0 Safari/537.36"
191.232.199.39 - - [28/Jul/2026:06:06:35 +0200] "GET /xmlrpc.php HTTP/1.1" 405 5554 "-" "Mozilla/5.0 (Windows NT 10.0; Win64; x64) AppleWebKit/537.36 (KHTML, like Gecko) Chrome/120.0.0.0 Safari/537.36"
191.232.199.39 - - [28/Jul/2026:06:06:36 +0200] "GET /moon.php HTTP/1.1" 301 5687 "-" "Mozilla/5.0 (Windows NT 10.0; Win64; x64) AppleWebKit/537.36 (KHTML, like Gecko) Chrome/120.0.0.0 Safari/537.36"
191.232.199.39 - - [28/Jul/2026:06:06:36 +0200] "GET /cache.php HTTP/1.1" 301 5688 "-" "Mozilla/5.0 (Windows NT 10.0; Win64; x64) AppleWebKit/537.36 (KHTML, like Gecko) Chrome/120.0.0.0 Safari/537.36"
191.232.199.39 - - [28/Jul/2026:06:06:37 +0200] "GET /wp-includes/block-bindings/ HTTP/1.1" 403 6290 "-" "Mozilla/5.0 (Windows NT 10.0; Win64; x64) AppleWebKit/537.36 (KHTML, like Gecko) Chrome/120.0.0.0 Safari/537.36"
191.232.199.39 - - [28/Jul/2026:06:06:37 +0200] "GET /vendor/ HTTP/1.1" 301 5686 "-" "Mozilla/5.0 (Windows NT 10.0; Win64; x64) AppleWebKit/537.36 (KHTML, like Gecko) Chrome/120.0.0.0 Safari/537.36"
191.232.199.39 - - [28/Jul/2026:06:06:38 +0200] "GET /wp-content/themes/ HTTP/1.1" 200 5432 "-" "Mozilla/5.0 (Windows NT 10.0; Win64; x64) AppleWebKit/537.36 (KHTML, like Gecko) Chrome/120.0.0.0 Safari/537.36"
191.232.199.39 - - [28/Jul/2026:06:06:38 +0200] "GET /wp-includes/images/smilies/about.php HTTP/1.1" 301 5715 "-" "Mozilla/5.0 (Windows NT 10.0; Win64; x64) AppleWebKit/537.36 (KHTML, like Gecko) Chrome/120.0.0.0 Safari/537.36"
191.232.199.39 - - [28/Jul/2026:06:06:39 +0200] "GET /wp-includes/js/crop/ HTTP/1.1" 403 6290 "-" "Mozilla/5.0 (Windows NT 10.0; Win64; x64) AppleWebKit/537.36 (KHTML, like Gecko) Chrome/120.0.0.0 Safari/537.36"
191.232.199.39 - - [28/Jul/2026:06:06:39 +0200] "GET /wp-mail.php HTTP/1.1" 403 8126 "-" "Mozilla/5.0 (Windows NT 10.0; Win64; x64) AppleWebKit/537.36 (KHTML, like Gecko) Chrome/120.0.0.0 Safari/537.36"
191.232.199.39 - - [28/Jul/2026:06:06:39 +0200] "GET /o.php HTTP/1.1" 301 5684 "-" "Mozilla/5.0 (Windows NT 10.0; Win64; x64) AppleWebKit/537.36 (KHTML, like Gecko) Chrome/120.0.0.0 Safari/537.36"
191.232.199.39 - - [28/Jul/2026:06:06:40 +0200] "GET /bb.php HTTP/1.1" 301 5685 "-" "Mozilla/5.0 (Windows NT 10.0; Win64; x64) AppleWebKit/537.36 (KHTML, like Gecko) Chrome/120.0.0.0 Safari/537.36"
191.232.199.39 - - [28/Jul/2026:06:06:41 +0200] "GET /wp-admin/maint/admin.php HTTP/1.1" 301 5703 "-" "Mozilla/5.0 (Windows NT 10.0; Win64; x64) AppleWebKit/537.36 (KHTML, like Gecko) Chrome/120.0.0.0 Safari/537.36"
191.232.199.39 - - [28/Jul/2026:06:06:41 +0200] "GET /wp-admin/network/ HTTP/1.1" 302 5735 "-" "Mozilla/5.0 (Windows NT 10.0; Win64; x64) AppleWebKit/537.36 (KHTML, like Gecko) Chrome/120.0.0.0 Safari/537.36"
191.232.199.39 - - [28/Jul/2026:06:06:42 +0200] "GET /wp-includes/IXR/index.php HTTP/1.1" 301 5704 "-" "Mozilla/5.0 (Windows NT 10.0; Win64; x64) AppleWebKit/537.36 (KHTML, like Gecko) Chrome/120.0.0.0 Safari/537.36"
191.232.199.39 - - [28/Jul/2026:06:06:42 +0200] "GET /xmrlpc.php HTTP/1.1" 301 5689 "-" "Mozilla/5.0 (Windows NT 10.0; Win64; x64) AppleWebKit/537.36 (KHTML, like Gecko) Chrome/120.0.0.0 Safari/537.36"
191.232.199.39 - - [28/Jul/2026:06:06:43 +0200] "GET /file.php HTTP/1.1" 301 5687 "-" "Mozilla/5.0 (Windows NT 10.0; Win64; x64) AppleWebKit/537.36 (KHTML, like Gecko) Chrome/120.0.0.0 Safari/537.36"
191.232.199.39 - - [28/Jul/2026:06:06:43 +0200] "GET /epinyins.php HTTP/1.1" 301 5691 "-" "Mozilla/5.0 (Windows NT 10.0; Win64; x64) AppleWebKit/537.36 (KHTML, like Gecko) Chrome/120.0.0.0 Safari/537.36"
191.232.199.39 - - [28/Jul/2026:06:06:44 +0200] "GET /wp-admin/css/index.php HTTP/1.1" 301 5701 "-" "Mozilla/5.0 (Windows NT 10.0; Win64; x64) AppleWebKit/537.36 (KHTML, like Gecko) Chrome/120.0.0.0 Safari/537.36"
191.232.199.39 - - [28/Jul/2026:06:06:45 +0200] "GET /wp-includes/php-compat/ HTTP/1.1" 403 6290 "-" "Mozilla/5.0 (Windows NT 10.0; Win64; x64) AppleWebKit/537.36 (KHTML, like Gecko) Chrome/120.0.0.0 Safari/537.36"
191.232.199.39 - - [28/Jul/2026:06:06:45 +0200] "GET /wp-includes/style-engine/index.php HTTP/1.1" 301 5713 "-" "Mozilla/5.0 (Windows NT 10.0; Win64; x64) AppleWebKit/537.36 (KHTML, like Gecko) Chrome/120.0.0.0 Safari/537.36"
191.232.199.39 - - [28/Jul/2026:06:06:46 +0200] "GET /wp-admin/css/colors/coffee/index.php HTTP/1.1" 301 5715 "-" "Mozilla/5.0 (Windows NT 10.0; Win64; x64) AppleWebKit/537.36 (KHTML, like Gecko) Chrome/120.0.0.0 Safari/537.36"
191.232.199.39 - - [28/Jul/2026:06:06:46 +0200] "GET /wp.php HTTP/1.1" 301 5685 "-" "Mozilla/5.0 (Windows NT 10.0; Win64; x64) AppleWebKit/537.36 (KHTML, like Gecko) Chrome/120.0.0.0 Safari/537.36"
191.232.199.39 - - [28/Jul/2026:06:06:47 +0200] "GET /function/function.php HTTP/1.1" 301 5700 "-" "Mozilla/5.0 (Windows NT 10.0; Win64; x64) AppleWebKit/537.36 (KHTML, like Gecko) Chrome/120.0.0.0 Safari/537.36"
191.232.199.39 - - [28/Jul/2026:06:06:47 +0200] "GET /wp-includes/style-engine/autoload_classmap.php HTTP/1.1" 301 5725 "-" "Mozilla/5.0 (Windows NT 10.0; Win64; x64) AppleWebKit/537.36 (KHTML, like Gecko) Chrome/120.0.0.0 Safari/537.36"
191.232.199.39 - - [28/Jul/2026:06:06:48 +0200] "GET /wp-includes/SimplePie/admin.php HTTP/1.1" 301 5710 "-" "Mozilla/5.0 (Windows NT 10.0; Win64; x64) AppleWebKit/537.36 (KHTML, like Gecko) Chrome/120.0.0.0 Safari/537.36"
191.232.199.39 - - [28/Jul/2026:06:06:49 +0200] "GET /ok.php HTTP/1.1" 301 5685 "-" "Mozilla/5.0 (Windows NT 10.0; Win64; x64) AppleWebKit/537.36 (KHTML, like Gecko) Chrome/120.0.0.0 Safari/537.36"
191.232.199.39 - - [28/Jul/2026:06:06:49 +0200] "GET /item.php HTTP/1.1" 301 5687 "-" "Mozilla/5.0 (Windows NT 10.0; Win64; x64) AppleWebKit/537.36 (KHTML, like Gecko) Chrome/120.0.0.0 Safari/537.36"
84.246.212.44 - - [28/Jul/2026:06:10:00 +0200] "POST /wp-cron.php?doing_wp_cron=1785211800.4135420322418212890625 HTTP/1.1" 200 5525 "-" "WordPress/6.9; https://www.canterasdemuro.es"
107.172.180.205 - - [28/Jul/2026:06:09:59 +0200] "GET / HTTP/1.1" 301 5567 "-" "Mozilla/5.0 (Macintosh; Intel Mac OS X 10.15; rv:109.0) Gecko/20100101 Firefox/117.0"
84.246.212.44 - - [28/Jul/2026:06:10:01 +0200] "POST /wp-admin/admin-ajax.php?action=async_litespeed&nonce=f0j6qxyadooBguKEcIGw2t3wDI4h50sJ&litespeed_type=imgoptm HTTP/1.1" 200 5780 "-" "WordPress/6.9; https://www.canterasdemuro.es"
107.172.180.205 - - [28/Jul/2026:06:10:10 +0200] "GET / HTTP/1.1" 301 5567 "http://canterasdemuro.es" "Mozilla/5.0 (X11; Linux x86_64) AppleWebKit/537.36 (KHTML, like Gecko) Chrome/128.0.0.0 Safari/537.36"
84.246.212.44 - - [28/Jul/2026:06:14:03 +0200] "POST /wp-cron.php?doing_wp_cron=1785212043.8052289485931396484375 HTTP/1.1" 200 5525 "-" "WordPress/6.9; https://www.canterasdemuro.es"
162.158.41.44 - - [28/Jul/2026:06:14:03 +0200] "GET /robots.txt HTTP/1.1" 301 5577 "-" "-"
84.246.212.44 - - [28/Jul/2026:06:14:04 +0200] "POST /wp-admin/admin-ajax.php?action=async_litespeed&nonce=P1aLwf5b3giqLSYrxlOq3z5diydwO8zH&litespeed_type=imgoptm HTTP/1.1" 200 5780 "-" "WordPress/6.9; https://www.canterasdemuro.es"
172.71.150.31 - - [28/Jul/2026:06:14:04 +0200] "GET /robots.txt HTTP/1.1" 200 5680 "-" "-"
84.246.212.44 - - [28/Jul/2026:06:15:07 +0200] "POST /wp-cron.php?doing_wp_cron=1785212107.4489290714263916015625 HTTP/1.1" 200 5525 "-" "WordPress/6.9; https://www.canterasdemuro.es"
108.162.246.33 - - [28/Jul/2026:06:15:06 +0200] "GET / HTTP/1.1" 301 5567 "-" "Mozilla/5.0 (Macintosh; Intel Mac OS X 10_15_7) AppleWebKit/537.36 (KHTML, like Gecko) Chrome/147.0.0.0 Safari/537.36 CloudflareWebScanner/1.0"
84.246.212.44 - - [28/Jul/2026:06:15:08 +0200] "POST /wp-admin/admin-ajax.php?action=async_litespeed&nonce=Qr6iqV9gkv5xb3cOnYzt0dpdKElzW5ld&litespeed_type=imgoptm HTTP/1.1" 200 5780 "-" "WordPress/6.9; https://www.canterasdemuro.es"
108.162.245.190 - - [28/Jul/2026:06:15:08 +0200] "GET / HTTP/1.1" 200 100540 "-" "Mozilla/5.0 (Macintosh; Intel Mac OS X 10_15_7) AppleWebKit/537.36 (KHTML, like Gecko) Chrome/147.0.0.0 Safari/537.36 CloudflareWebScanner/1.0"
84.246.212.44 - - [28/Jul/2026:06:15:12 +0200] "GET /?wp_scrape_key=2c0d5acce34288a2cdbb705f401a6255&wp_scrape_nonce=1785212110 HTTP/1.1" 200 100652 "-" "WordPress/6.9; https://www.canterasdemuro.es"
84.246.212.44 - - [28/Jul/2026:06:15:16 +0200] "GET /?wp_scrape_key=678bb77914908095deee020b82051bc6&wp_scrape_nonce=1785212114 HTTP/1.1" 200 100652 "-" "WordPress/6.9; https://www.canterasdemuro.es"
84.246.212.44 - - [28/Jul/2026:06:15:20 +0200] "GET /?wp_scrape_key=02ff36a1af017b9c1f89fd437bb55d66&wp_scrape_nonce=1785212118 HTTP/1.1" 200 100652 "-" "WordPress/6.9; https://www.canterasdemuro.es"
84.246.212.44 - - [28/Jul/2026:06:15:25 +0200] "GET /?wp_scrape_key=e310c416e29e04e1b2bb2406aa602dba&wp_scrape_nonce=1785212123 HTTP/1.1" 200 100652 "-" "WordPress/6.9; https://www.canterasdemuro.es"
84.246.212.44 - - [28/Jul/2026:06:15:30 +0200] "GET /?wp_scrape_key=14e545a6acb48b7e86d3bbaeeb897e7b&wp_scrape_nonce=1785212128 HTTP/1.1" 200 100652 "-" "WordPress/6.9; https://www.canterasdemuro.es"
84.246.212.44 - - [28/Jul/2026:06:15:34 +0200] "GET /?wp_scrape_key=089721e7e6261c1ff35bf5a2002c7fd5&wp_scrape_nonce=1785212132 HTTP/1.1" 200 100652 "-" "WordPress/6.9; https://www.canterasdemuro.es"
84.246.212.44 - - [28/Jul/2026:06:15:38 +0200] "GET /?wp_scrape_key=e374666b4c8e512ce90e0195103908d0&wp_scrape_nonce=1785212136 HTTP/1.1" 200 100652 "-" "WordPress/6.9; https://www.canterasdemuro.es"
84.246.212.44 - - [28/Jul/2026:06:15:43 +0200] "GET /?wp_scrape_key=1849d536d5b4a49aa1d1accab679d09e&wp_scrape_nonce=1785212141 HTTP/1.1" 200 100652 "-" "WordPress/6.9; https://www.canterasdemuro.es"
84.246.212.44 - - [28/Jul/2026:06:15:47 +0200] "GET /?wp_scrape_key=4b070970aed729a04a7bda5f8f6487b3&wp_scrape_nonce=1785212145 HTTP/1.1" 200 100652 "-" "WordPress/6.9; https://www.canterasdemuro.es"
84.246.212.44 - - [28/Jul/2026:06:17:29 +0200] "POST /wp-cron.php?doing_wp_cron=1785212249.5853381156921386718750 HTTP/1.1" 200 5525 "-" "WordPress/6.9; https://www.canterasdemuro.es"
23.94.155.56 - - [28/Jul/2026:06:17:29 +0200] "POST /wp-login.php HTTP/1.1" 200 16314 "-" "Mozilla/5.0 (Windows NT 10.0; Win64; x64) AppleWebKit/537.36 Chrome/129.0.0.0 Safari/537.36"
84.246.212.44 - - [28/Jul/2026:06:17:30 +0200] "POST /wp-admin/admin-ajax.php?action=async_litespeed&nonce=ky9o9Z6QFmyBM40bbA75kly4DpIqTBiS&litespeed_type=imgoptm HTTP/1.1" 200 5780 "-" "WordPress/6.9; https://www.canterasdemuro.es"
