191.185.104.52 - - [28/Jul/2026:14:57:15 +0200] "POST /xmlrpc.php HTTP/1.1" 200 5889 "-" "Mozilla/5.0 (Windows NT 6.2; arm64) AppleWebKit/537.36 (KHTML, like Gecko) Edge/93.0.0.0 Safari/537.36"
84.246.212.44 - - [28/Jul/2026:14:57:16 +0200] "POST /wp-admin/admin-ajax.php?action=async_litespeed&nonce=jeOlo28Fitv8AdX5WWBqO6m3nO0mG43N&litespeed_type=imgoptm HTTP/1.1" 200 5780 "-" "WordPress/6.9; https://www.canterasdemuro.es"
84.246.212.44 - - [28/Jul/2026:14:57:38 +0200] "POST /wp-cron.php?doing_wp_cron=1785243458.6203548908233642578125 HTTP/1.1" 200 5525 "-" "WordPress/6.9; https://www.canterasdemuro.es"
191.185.104.52 - - [28/Jul/2026:14:57:38 +0200] "POST /xmlrpc.php HTTP/1.1" 200 5889 "-" "Mozilla/5.0 (X11; Ubuntu; Linux x86_64; arm64) AppleWebKit/537.36 (KHTML, like Gecko) Chrome/94.0.0.0 Safari/537.36"
191.185.104.52 - - [28/Jul/2026:14:58:01 +0200] "POST /xmlrpc.php HTTP/1.1" 200 5889 "-" "Mozilla/5.0 (Windows NT 10.0; arm64) AppleWebKit/537.36 (KHTML, like Gecko) Firefox/78.0.0.0 Safari/537.36"
203.159.90.248 - - [28/Jul/2026:14:58:04 +0200] "POST /?rest_route=/batch/v1 HTTP/1.1" 207 5830 "-" "Mozilla/5.0"
203.159.90.248 - - [28/Jul/2026:14:58:05 +0200] "POST /?rest_route=/batch/v1 HTTP/1.1" 207 648044 "-" "Mozilla/5.0"
203.159.90.248 - - [28/Jul/2026:14:58:10 +0200] "POST /wp-json/batch/v1 HTTP/1.1" 207 5830 "-" "Mozilla/5.0"
84.246.212.44 - - [28/Jul/2026:14:58:15 +0200] "POST /wp-cron.php?doing_wp_cron=1785243494.9751000404357910156250 HTTP/1.1" 200 5525 "-" "WordPress/6.9; https://www.canterasdemuro.es"
203.159.90.248 - - [28/Jul/2026:14:58:10 +0200] "POST /wp-json/batch/v1 HTTP/1.1" 207 648044 "-" "Mozilla/5.0"
35.95.32.14 - - [28/Jul/2026:14:58:13 +0200] "GET / HTTP/1.1" 200 100540 "-" "Mozilla/5.0 (Windows NT 10.0; Win64; x64) AppleWebKit/537.36 (KHTML, like Gecko) Chrome/113.0.0.0 Safari/537.36"
84.246.212.44 - - [28/Jul/2026:14:58:15 +0200] "POST /wp-admin/admin-ajax.php?action=async_litespeed&nonce=HMjQ5mmY4R0CqLeA2eXNLEp7YIj3rTjS&litespeed_type=imgoptm HTTP/1.1" 200 5780 "-" "WordPress/6.9; https://www.canterasdemuro.es"
84.246.212.44 - - [28/Jul/2026:14:58:24 +0200] "POST /wp-cron.php?doing_wp_cron=1785243504.6602070331573486328125 HTTP/1.1" 200 5525 "-" "WordPress/6.9; https://www.canterasdemuro.es"
191.185.104.52 - - [28/Jul/2026:14:58:24 +0200] "POST /xmlrpc.php HTTP/1.1" 200 5889 "-" "Mozilla/5.0 (Linux; Android 10; x64) AppleWebKit/537.36 (KHTML, like Gecko) Firefox/95.0.0.0 Safari/537.36"
84.246.212.44 - - [28/Jul/2026:14:58:25 +0200] "POST /wp-cron.php?doing_wp_cron=1785243505.5074880123138427734375 HTTP/1.1" 200 5525 "-" "WordPress/6.9; https://www.canterasdemuro.es"
40.68.190.20 - - [28/Jul/2026:14:58:24 +0200] "GET / HTTP/1.1" 200 100540 "-" "Mozilla/5.0 (Windows NT 10.0; WOW64) AppleWebKit/537.36 (KHTML, like Gecko) Chrome/63.0.3239.84 Safari/537.36"
40.68.190.20 - - [28/Jul/2026:14:58:26 +0200] "GET /wp-content/uploads/2024/06/FAVICON-1-CANTERAS-DE-MURO-150x150.png HTTP/1.1" 200 5531 "-" "Mozilla/5.0 (Windows NT 10.0; WOW64) AppleWebKit/537.36 (KHTML, like Gecko) Chrome/63.0.3239.84 Safari/537.36"
46.105.230.99 - - [28/Jul/2026:14:58:40 +0200] "POST /xmlrpc.php HTTP/1.1" 200 5889 "-" "Mozilla/5.0 (Windows NT 10.0; WOW64) AppleWebKit/537.43 (KHTML, like Gecko) Chrome/140.0.0.0 Safari/537.36 OPR/124.0.0.0"
191.185.104.52 - - [28/Jul/2026:14:58:48 +0200] "POST /xmlrpc.php HTTP/1.1" 200 5889 "-" "Mozilla/5.0 (Windows NT 6.2; x86) AppleWebKit/537.36 (KHTML, like Gecko) Safari/12.0.0.0 Safari/537.36"
191.185.104.52 - - [28/Jul/2026:14:59:08 +0200] "POST /xmlrpc.php HTTP/1.1" 200 5889 "-" "Mozilla/5.0 (Linux; Android 10; arm64) AppleWebKit/537.36 (KHTML, like Gecko) Firefox/71.0.0.0 Safari/537.36"
84.246.212.44 - - [28/Jul/2026:14:59:32 +0200] "POST /wp-cron.php?doing_wp_cron=1785243572.7820689678192138671875 HTTP/1.1" 200 5525 "-" "WordPress/6.9; https://www.canterasdemuro.es"
191.185.104.52 - - [28/Jul/2026:14:59:32 +0200] "POST /xmlrpc.php HTTP/1.1" 200 5889 "-" "Mozilla/5.0 (Windows NT 6.2; x86) AppleWebKit/537.36 (KHTML, like Gecko) Firefox/95.0.0.0 Safari/537.36"
84.246.212.44 - - [28/Jul/2026:14:59:33 +0200] "POST /wp-admin/admin-ajax.php?action=async_litespeed&nonce=CSdp5IQU6xZfWHlQkjpmnadwJ1m7pkeO&litespeed_type=imgoptm HTTP/1.1" 200 5780 "-" "WordPress/6.9; https://www.canterasdemuro.es"
191.185.104.52 - - [28/Jul/2026:14:59:56 +0200] "POST /xmlrpc.php HTTP/1.1" 200 5889 "-" "Mozilla/5.0 (Windows NT 10.0; x86) AppleWebKit/537.36 (KHTML, like Gecko) Firefox/99.0.0.0 Safari/537.36"
84.246.212.44 - - [28/Jul/2026:15:00:26 +0200] "POST /wp-cron.php?doing_wp_cron=1785243626.6759879589080810546875 HTTP/1.1" 200 5525 "-" "WordPress/6.9; https://www.canterasdemuro.es"
191.185.104.52 - - [28/Jul/2026:15:00:26 +0200] "POST /xmlrpc.php HTTP/1.1" 200 5889 "-" "Mozilla/5.0 (Windows NT 6.2; x86) AppleWebKit/537.36 (KHTML, like Gecko) Firefox/83.0.0.0 Safari/537.36"
84.246.212.44 - - [28/Jul/2026:15:00:27 +0200] "POST /wp-admin/admin-ajax.php?action=async_litespeed&nonce=uEb5FAR6u6MXisx69HeOBplIoaHqRCpw&litespeed_type=imgoptm HTTP/1.1" 200 5780 "-" "WordPress/6.9; https://www.canterasdemuro.es"
191.185.104.52 - - [28/Jul/2026:15:00:53 +0200] "POST /xmlrpc.php HTTP/1.1" 200 5889 "-" "Mozilla/5.0 (X11; Ubuntu; Linux x86_64; x64) AppleWebKit/537.36 (KHTML, like Gecko) Chrome/115.0.0.0 Safari/537.36"
84.246.212.44 - - [28/Jul/2026:15:01:16 +0200] "POST /wp-cron.php?doing_wp_cron=1785243676.7988069057464599609375 HTTP/1.1" 200 5525 "-" "WordPress/6.9; https://www.canterasdemuro.es"
191.185.104.52 - - [28/Jul/2026:15:01:16 +0200] "POST /xmlrpc.php HTTP/1.1" 200 5889 "-" "Mozilla/5.0 (X11; Ubuntu; Linux x86_64; arm64) AppleWebKit/537.36 (KHTML, like Gecko) Firefox/99.0.0.0 Safari/537.36"
84.246.212.44 - - [28/Jul/2026:15:01:17 +0200] "POST /wp-admin/admin-ajax.php?action=async_litespeed&nonce=HzZoikM92gazj9VDdHjwZZPMC0EMklpq&litespeed_type=imgoptm HTTP/1.1" 200 5780 "-" "WordPress/6.9; https://www.canterasdemuro.es"
191.185.104.52 - - [28/Jul/2026:15:01:37 +0200] "POST /xmlrpc.php HTTP/1.1" 200 5889 "-" "Mozilla/5.0 (Windows NT 10.0; x64) AppleWebKit/537.36 (KHTML, like Gecko) Firefox/96.0.0.0 Safari/537.36"
191.185.104.52 - - [28/Jul/2026:15:02:05 +0200] "POST /xmlrpc.php HTTP/1.1" 200 5889 "-" "Mozilla/5.0 (Windows NT 6.2; x64) AppleWebKit/537.36 (KHTML, like Gecko) Safari/12.0.0.0 Safari/537.36"
84.246.212.44 - - [28/Jul/2026:15:02:27 +0200] "POST /wp-cron.php?doing_wp_cron=1785243747.0043609142303466796875 HTTP/1.1" 200 5525 "-" "WordPress/6.9; https://www.canterasdemuro.es"
191.185.104.52 - - [28/Jul/2026:15:02:26 +0200] "POST /xmlrpc.php HTTP/1.1" 200 5889 "-" "Mozilla/5.0 (Macintosh; Intel Mac OS X 10_15_7; x86) AppleWebKit/537.36 (KHTML, like Gecko) Chrome/110.0.0.0 Safari/537.36"
84.246.212.44 - - [28/Jul/2026:15:02:27 +0200] "POST /wp-admin/admin-ajax.php?action=async_litespeed&nonce=yPsNGXLkmBJqLRjNmPlIwByabNJ87NU0&litespeed_type=imgoptm HTTP/1.1" 200 5780 "-" "WordPress/6.9; https://www.canterasdemuro.es"
191.185.104.52 - - [28/Jul/2026:15:02:51 +0200] "POST /xmlrpc.php HTTP/1.1" 200 5889 "-" "Mozilla/5.0 (Linux; Android 10; arm64) AppleWebKit/537.36 (KHTML, like Gecko) Chrome/115.0.0.0 Safari/537.36"
84.246.212.44 - - [28/Jul/2026:15:03:24 +0200] "POST /wp-cron.php?doing_wp_cron=1785243804.3066489696502685546875 HTTP/1.1" 200 5525 "-" "WordPress/6.9; https://www.canterasdemuro.es"
191.185.104.52 - - [28/Jul/2026:15:03:23 +0200] "POST /xmlrpc.php HTTP/1.1" 200 5889 "-" "Mozilla/5.0 (X11; Ubuntu; Linux x86_64; x86) AppleWebKit/537.36 (KHTML, like Gecko) Firefox/70.0.0.0 Safari/537.36"
84.246.212.44 - - [28/Jul/2026:15:03:24 +0200] "POST /wp-admin/admin-ajax.php?action=async_litespeed&nonce=d3XE8C6WROXepxilL8drqy1f97bTARUe&litespeed_type=imgoptm HTTP/1.1" 200 5780 "-" "WordPress/6.9; https://www.canterasdemuro.es"
191.185.104.52 - - [28/Jul/2026:15:03:51 +0200] "POST /xmlrpc.php HTTP/1.1" 200 5889 "-" "Mozilla/5.0 (Linux; Android 10; x64) AppleWebKit/537.36 (KHTML, like Gecko) Chrome/101.0.0.0 Safari/537.36"
84.246.212.44 - - [28/Jul/2026:15:04:21 +0200] "POST /wp-cron.php?doing_wp_cron=1785243861.8513779640197753906250 HTTP/1.1" 200 5525 "-" "WordPress/6.9; https://www.canterasdemuro.es"
191.185.104.52 - - [28/Jul/2026:15:04:21 +0200] "POST /xmlrpc.php HTTP/1.1" 200 5889 "-" "Mozilla/5.0 (Windows NT 6.2; x86) AppleWebKit/537.36 (KHTML, like Gecko) Safari/11.0.0.0 Safari/537.36"
84.246.212.44 - - [28/Jul/2026:15:04:22 +0200] "POST /wp-admin/admin-ajax.php?action=async_litespeed&nonce=KQgLrvKZNSPRiyzuc1uLXO3A4aoSWsL2&litespeed_type=imgoptm HTTP/1.1" 200 5780 "-" "WordPress/6.9; https://www.canterasdemuro.es"
191.185.104.52 - - [28/Jul/2026:15:04:48 +0200] "POST /xmlrpc.php HTTP/1.1" 200 5889 "-" "Mozilla/5.0 (Linux; Android 10; x64) AppleWebKit/537.36 (KHTML, like Gecko) Chrome/110.0.0.0 Safari/537.36"
84.246.212.44 - - [28/Jul/2026:15:05:19 +0200] "POST /wp-cron.php?doing_wp_cron=1785243919.3219819068908691406250 HTTP/1.1" 200 5525 "-" "WordPress/6.9; https://www.canterasdemuro.es"
191.185.104.52 - - [28/Jul/2026:15:05:18 +0200] "POST /xmlrpc.php HTTP/1.1" 200 5889 "-" "Mozilla/5.0 (Windows NT 10.0; x86) AppleWebKit/537.36 (KHTML, like Gecko) Safari/11.0.0.0 Safari/537.36"
84.246.212.44 - - [28/Jul/2026:15:05:19 +0200] "POST /wp-admin/admin-ajax.php?action=async_litespeed&nonce=Y9YGgJU7VEPoqo5fMYbkZwUbvKneR1ub&litespeed_type=imgoptm HTTP/1.1" 200 5780 "-" "WordPress/6.9; https://www.canterasdemuro.es"
191.185.104.52 - - [28/Jul/2026:15:05:50 +0200] "POST /xmlrpc.php HTTP/1.1" 200 5889 "-" "Mozilla/5.0 (Windows NT 6.3; x86) AppleWebKit/537.36 (KHTML, like Gecko) Edge/98.0.0.0 Safari/537.36"
84.246.212.44 - - [28/Jul/2026:15:06:16 +0200] "POST /wp-cron.php?doing_wp_cron=1785243976.6620979309082031250000 HTTP/1.1" 200 5525 "-" "WordPress/6.9; https://www.canterasdemuro.es"
191.185.104.52 - - [28/Jul/2026:15:06:16 +0200] "POST /xmlrpc.php HTTP/1.1" 200 5889 "-" "Mozilla/5.0 (Windows NT 6.2; x64) AppleWebKit/537.36 (KHTML, like Gecko) Firefox/71.0.0.0 Safari/537.36"
84.246.212.44 - - [28/Jul/2026:15:06:17 +0200] "POST /wp-admin/admin-ajax.php?action=async_litespeed&nonce=dNeJ0DDocKruoCvPKNefc0ikWfO8Thp1&litespeed_type=imgoptm HTTP/1.1" 200 5780 "-" "WordPress/6.9; https://www.canterasdemuro.es"
191.185.104.52 - - [28/Jul/2026:15:06:39 +0200] "POST /xmlrpc.php HTTP/1.1" 200 5889 "-" "Mozilla/5.0 (Windows NT 6.3; x86) AppleWebKit/537.36 (KHTML, like Gecko) Edge/83.0.0.0 Safari/537.36"
89.124.124.95 - - [28/Jul/2026:15:06:54 +0200] "GET /hello-world/ HTTP/1.1" 200 93783 "https://www.canterasdemuro.es/hello-world/" "Mozilla/5.0 (Windows NT 10.0; Win64; x64) AppleWebKit/537.36 (KHTML, like Gecko) Chrome/131.0.0.0 Safari/537.36"
89.124.124.95 - - [28/Jul/2026:15:06:56 +0200] "POST /wp-comments-post.php HTTP/1.1" 302 6298 "https://www.canterasdemuro.es/hello-world/" "Mozilla/5.0 (Windows NT 10.0; Win64; x64) AppleWebKit/537.36 (KHTML, like Gecko) Chrome/131.0.0.0 Safari/537.36"
89.124.124.95 - - [28/Jul/2026:15:06:58 +0200] "GET /hello-world/ HTTP/1.1" 200 97521 "https://www.canterasdemuro.es/hello-world/#comment-615" "Mozilla/5.0 (Windows NT 10.0; Win64; x64) AppleWebKit/537.36 (KHTML, like Gecko) Chrome/131.0.0.0 Safari/537.36"
84.246.212.44 - - [28/Jul/2026:15:07:11 +0200] "POST /wp-cron.php?doing_wp_cron=1785244031.7178421020507812500000 HTTP/1.1" 200 5525 "-" "WordPress/6.9; https://www.canterasdemuro.es"
191.185.104.52 - - [28/Jul/2026:15:07:11 +0200] "POST /xmlrpc.php HTTP/1.1" 200 5889 "-" "Mozilla/5.0 (Linux; Android 10; arm64) AppleWebKit/537.36 (KHTML, like Gecko) Firefox/72.0.0.0 Safari/537.36"
84.246.212.44 - - [28/Jul/2026:15:07:36 +0200] "POST /wp-cron.php?doing_wp_cron=1785244056.5630578994750976562500 HTTP/1.1" 200 5525 "-" "WordPress/6.9; https://www.canterasdemuro.es"
191.185.104.52 - - [28/Jul/2026:15:07:36 +0200] "POST /xmlrpc.php HTTP/1.1" 200 5889 "-" "Mozilla/5.0 (Windows NT 6.3; arm64) AppleWebKit/537.36 (KHTML, like Gecko) Firefox/97.0.0.0 Safari/537.36"
84.246.212.44 - - [28/Jul/2026:15:07:37 +0200] "POST /wp-admin/admin-ajax.php?action=async_litespeed&nonce=d7cyknP2RbXuNb1JAsfwGyMNcuetg6Ob&litespeed_type=imgoptm HTTP/1.1" 200 5780 "-" "WordPress/6.9; https://www.canterasdemuro.es"
191.185.104.52 - - [28/Jul/2026:15:08:01 +0200] "POST /xmlrpc.php HTTP/1.1" 200 5889 "-" "Mozilla/5.0 (Macintosh; Intel Mac OS X 10_15_7; arm64) AppleWebKit/537.36 (KHTML, like Gecko) Opera/60.0.0.0 Safari/537.36"
84.246.212.44 - - [28/Jul/2026:15:08:29 +0200] "POST /wp-cron.php?doing_wp_cron=1785244109.2187800407409667968750 HTTP/1.1" 200 5525 "-" "WordPress/6.9; https://www.canterasdemuro.es"
191.185.104.52 - - [28/Jul/2026:15:08:28 +0200] "POST /xmlrpc.php HTTP/1.1" 200 5889 "-" "Mozilla/5.0 (Windows NT 6.3; x64) AppleWebKit/537.36 (KHTML, like Gecko) Firefox/72.0.0.0 Safari/537.36"
84.246.212.44 - - [28/Jul/2026:15:08:29 +0200] "POST /wp-admin/admin-ajax.php?action=async_litespeed&nonce=M7h77WzPueAdUCLofO0NZpmVx68MtlNl&litespeed_type=imgoptm HTTP/1.1" 200 5780 "-" "WordPress/6.9; https://www.canterasdemuro.es"
191.185.104.52 - - [28/Jul/2026:15:08:49 +0200] "POST /xmlrpc.php HTTP/1.1" 200 5889 "-" "Mozilla/5.0 (Windows NT 10.0; arm64) AppleWebKit/537.36 (KHTML, like Gecko) Firefox/72.0.0.0 Safari/537.36"
84.246.212.44 - - [28/Jul/2026:15:09:12 +0200] "POST /wp-cron.php?doing_wp_cron=1785244152.9047830104827880859375 HTTP/1.1" 200 5525 "-" "WordPress/6.9; https://www.canterasdemuro.es"
191.185.104.52 - - [28/Jul/2026:15:09:12 +0200] "POST /xmlrpc.php HTTP/1.1" 200 5889 "-" "Mozilla/5.0 (X11; Ubuntu; Linux x86_64; x86) AppleWebKit/537.36 (KHTML, like Gecko) Opera/74.0.0.0 Safari/537.36"
84.246.212.44 - - [28/Jul/2026:15:09:13 +0200] "POST /wp-admin/admin-ajax.php?action=async_litespeed&nonce=aooxBJyzsSilhDejyN4peLEZ5Uod9GnY&litespeed_type=imgoptm HTTP/1.1" 200 5780 "-" "WordPress/6.9; https://www.canterasdemuro.es"
84.246.212.44 - - [28/Jul/2026:15:09:34 +0200] "POST /wp-cron.php?doing_wp_cron=1785244174.1894190311431884765625 HTTP/1.1" 200 5525 "-" "WordPress/6.9; https://www.canterasdemuro.es"
191.185.104.52 - - [28/Jul/2026:15:09:33 +0200] "POST /xmlrpc.php HTTP/1.1" 200 5889 "-" "Mozilla/5.0 (Windows NT 6.2; x64) AppleWebKit/537.36 (KHTML, like Gecko) Chrome/115.0.0.0 Safari/537.36"
191.185.104.52 - - [28/Jul/2026:15:09:55 +0200] "POST /xmlrpc.php HTTP/1.1" 200 5889 "-" "Mozilla/5.0 (Linux; Android 10; arm64) AppleWebKit/537.36 (KHTML, like Gecko) Edge/96.0.0.0 Safari/537.36"
84.246.212.44 - - [28/Jul/2026:15:10:22 +0200] "POST /wp-cron.php?doing_wp_cron=1785244222.2987639904022216796875 HTTP/1.1" 200 5525 "-" "WordPress/6.9; https://www.canterasdemuro.es"
191.185.104.52 - - [28/Jul/2026:15:10:21 +0200] "POST /xmlrpc.php HTTP/1.1" 200 5889 "-" "Mozilla/5.0 (Windows NT 6.3; x86) AppleWebKit/537.36 (KHTML, like Gecko) Firefox/85.0.0.0 Safari/537.36"
84.246.212.44 - - [28/Jul/2026:15:10:23 +0200] "POST /wp-admin/admin-ajax.php?action=async_litespeed&nonce=Ee4R99nI0QIi2D4GlKppU1k3KRCrCwYM&litespeed_type=imgoptm HTTP/1.1" 200 5780 "-" "WordPress/6.9; https://www.canterasdemuro.es"
191.185.104.52 - - [28/Jul/2026:15:10:45 +0200] "POST /xmlrpc.php HTTP/1.1" 200 5889 "-" "Mozilla/5.0 (Windows NT 6.2; arm64) AppleWebKit/537.36 (KHTML, like Gecko) Edge/85.0.0.0 Safari/537.36"
191.185.104.52 - - [28/Jul/2026:15:11:07 +0200] "POST /xmlrpc.php HTTP/1.1" 200 5889 "-" "Mozilla/5.0 (Windows NT 6.2; x64) AppleWebKit/537.36 (KHTML, like Gecko) Firefox/70.0.0.0 Safari/537.36"
84.246.212.44 - - [28/Jul/2026:15:11:32 +0200] "POST /wp-cron.php?doing_wp_cron=1785244292.0973041057586669921875 HTTP/1.1" 200 5525 "-" "WordPress/6.9; https://www.canterasdemuro.es"
191.185.104.52 - - [28/Jul/2026:15:11:31 +0200] "POST /xmlrpc.php HTTP/1.1" 200 5889 "-" "Mozilla/5.0 (Linux; Android 10; x64) AppleWebKit/537.36 (KHTML, like Gecko) Chrome/97.0.0.0 Safari/537.36"
84.246.212.44 - - [28/Jul/2026:15:11:32 +0200] "POST /wp-admin/admin-ajax.php?action=async_litespeed&nonce=TQ9Vxw9S56XZZTT09XbB9vojZqX1fwb0&litespeed_type=imgoptm HTTP/1.1" 200 5780 "-" "WordPress/6.9; https://www.canterasdemuro.es"
191.185.104.52 - - [28/Jul/2026:15:11:58 +0200] "POST /xmlrpc.php HTTP/1.1" 200 5889 "-" "Mozilla/5.0 (Windows NT 6.2; x86) AppleWebKit/537.36 (KHTML, like Gecko) Edge/95.0.0.0 Safari/537.36"
84.246.212.44 - - [28/Jul/2026:15:12:21 +0200] "POST /wp-cron.php?doing_wp_cron=1785244341.1501560211181640625000 HTTP/1.1" 200 5525 "-" "WordPress/6.9; https://www.canterasdemuro.es"
191.185.104.52 - - [28/Jul/2026:15:12:20 +0200] "POST /xmlrpc.php HTTP/1.1" 200 5889 "-" "Mozilla/5.0 (Linux; Android 10; x86) AppleWebKit/537.36 (KHTML, like Gecko) Safari/11.0.0.0 Safari/537.36"
84.246.212.44 - - [28/Jul/2026:15:12:21 +0200] "POST /wp-admin/admin-ajax.php?action=async_litespeed&nonce=oMGmKH7f1FI26ZnaesiZyDkNJixhZFGR&litespeed_type=imgoptm HTTP/1.1" 200 5780 "-" "WordPress/6.9; https://www.canterasdemuro.es"
191.185.104.52 - - [28/Jul/2026:15:12:42 +0200] "POST /xmlrpc.php HTTP/1.1" 200 5889 "-" "Mozilla/5.0 (Macintosh; Intel Mac OS X 10_15_7; arm64) AppleWebKit/537.36 (KHTML, like Gecko) Safari/15.0.0.0 Safari/537.36"
191.185.104.52 - - [28/Jul/2026:15:13:02 +0200] "POST /xmlrpc.php HTTP/1.1" 200 5889 "-" "Mozilla/5.0 (Linux; Android 10; x64) AppleWebKit/537.36 (KHTML, like Gecko) Edge/97.0.0.0 Safari/537.36"
84.246.212.44 - - [28/Jul/2026:15:13:23 +0200] "POST /wp-cron.php?doing_wp_cron=1785244403.8502049446105957031250 HTTP/1.1" 200 5525 "-" "WordPress/6.9; https://www.canterasdemuro.es"
191.185.104.52 - - [28/Jul/2026:15:13:23 +0200] "POST /xmlrpc.php HTTP/1.1" 200 5889 "-" "Mozilla/5.0 (Windows NT 6.2; x64) AppleWebKit/537.36 (KHTML, like Gecko) Opera/69.0.0.0 Safari/537.36"
84.246.212.44 - - [28/Jul/2026:15:13:24 +0200] "POST /wp-admin/admin-ajax.php?action=async_litespeed&nonce=dlTh84nPdvMQwo0zaqTZjQlXRhU4TzTJ&litespeed_type=imgoptm HTTP/1.1" 200 5780 "-" "WordPress/6.9; https://www.canterasdemuro.es"
191.185.104.52 - - [28/Jul/2026:15:13:46 +0200] "POST /xmlrpc.php HTTP/1.1" 200 5889 "-" "Mozilla/5.0 (Windows NT 6.3; arm64) AppleWebKit/537.36 (KHTML, like Gecko) Safari/11.0.0.0 Safari/537.36"
191.185.104.52 - - [28/Jul/2026:15:14:09 +0200] "POST /xmlrpc.php HTTP/1.1" 200 5889 "-" "Mozilla/5.0 (Linux; Android 10; x64) AppleWebKit/537.36 (KHTML, like Gecko) Safari/15.0.0.0 Safari/537.36"
84.246.212.44 - - [28/Jul/2026:15:14:33 +0200] "POST /wp-cron.php?doing_wp_cron=1785244473.0543439388275146484375 HTTP/1.1" 200 5525 "-" "WordPress/6.9; https://www.canterasdemuro.es"
191.185.104.52 - - [28/Jul/2026:15:14:32 +0200] "POST /xmlrpc.php HTTP/1.1" 200 5889 "-" "Mozilla/5.0 (Macintosh; Intel Mac OS X 10_15_7; arm64) AppleWebKit/537.36 (KHTML, like Gecko) Firefox/72.0.0.0 Safari/537.36"
84.246.212.44 - - [28/Jul/2026:15:14:33 +0200] "POST /wp-admin/admin-ajax.php?action=async_litespeed&nonce=3PGTLDB8WHVDVaIUPfWn6g8lszPhXI9S&litespeed_type=imgoptm HTTP/1.1" 200 5780 "-" "WordPress/6.9; https://www.canterasdemuro.es"
191.185.104.52 - - [28/Jul/2026:15:14:56 +0200] "POST /xmlrpc.php HTTP/1.1" 200 5889 "-" "Mozilla/5.0 (Linux; Android 10; x86) AppleWebKit/537.36 (KHTML, like Gecko) Edge/90.0.0.0 Safari/537.36"
84.246.212.44 - - [28/Jul/2026:15:15:21 +0200] "POST /wp-cron.php?doing_wp_cron=1785244521.3629701137542724609375 HTTP/1.1" 200 5525 "-" "WordPress/6.9; https://www.canterasdemuro.es"
191.185.104.52 - - [28/Jul/2026:15:15:20 +0200] "POST /xmlrpc.php HTTP/1.1" 200 5889 "-" "Mozilla/5.0 (Macintosh; Intel Mac OS X 10_15_7; x64) AppleWebKit/537.36 (KHTML, like Gecko) Chrome/114.0.0.0 Safari/537.36"
84.246.212.44 - - [28/Jul/2026:15:15:21 +0200] "POST /wp-admin/admin-ajax.php?action=async_litespeed&nonce=jdUElTyNjaLdAbAfEyTXtDQahmTJuwMi&litespeed_type=imgoptm HTTP/1.1" 200 5780 "-" "WordPress/6.9; https://www.canterasdemuro.es"
191.185.104.52 - - [28/Jul/2026:15:15:41 +0200] "POST /xmlrpc.php HTTP/1.1" 200 5889 "-" "Mozilla/5.0 (Windows NT 10.0; arm64) AppleWebKit/537.36 (KHTML, like Gecko) Chrome/104.0.0.0 Safari/537.36"
191.185.104.52 - - [28/Jul/2026:15:16:06 +0200] "POST /xmlrpc.php HTTP/1.1" 200 5889 "-" "Mozilla/5.0 (Windows NT 10.0; x86) AppleWebKit/537.36 (KHTML, like Gecko) Firefox/96.0.0.0 Safari/537.36"
84.246.212.44 - - [28/Jul/2026:15:16:27 +0200] "POST /wp-cron.php?doing_wp_cron=1785244587.5760750770568847656250 HTTP/1.1" 200 5525 "-" "WordPress/6.9; https://www.canterasdemuro.es"
191.185.104.52 - - [28/Jul/2026:15:16:27 +0200] "POST /xmlrpc.php HTTP/1.1" 200 5889 "-" "Mozilla/5.0 (Linux; Android 10; x86) AppleWebKit/537.36 (KHTML, like Gecko) Opera/70.0.0.0 Safari/537.36"
84.246.212.44 - - [28/Jul/2026:15:16:28 +0200] "POST /wp-admin/admin-ajax.php?action=async_litespeed&nonce=fR256ww5Xbq2CBn4TPHEzo0ycVE7wgKQ&litespeed_type=imgoptm HTTP/1.1" 200 5780 "-" "WordPress/6.9; https://www.canterasdemuro.es"
191.185.104.52 - - [28/Jul/2026:15:16:52 +0200] "POST /xmlrpc.php HTTP/1.1" 200 5889 "-" "Mozilla/5.0 (Linux; Android 10; x86) AppleWebKit/537.36 (KHTML, like Gecko) Safari/10.0.0.0 Safari/537.36"
84.246.212.44 - - [28/Jul/2026:15:17:15 +0200] "POST /wp-cron.php?doing_wp_cron=1785244635.2071568965911865234375 HTTP/1.1" 200 5525 "-" "WordPress/6.9; https://www.canterasdemuro.es"
191.185.104.52 - - [28/Jul/2026:15:17:14 +0200] "POST /xmlrpc.php HTTP/1.1" 200 5889 "-" "Mozilla/5.0 (Windows NT 6.3; x64) AppleWebKit/537.36 (KHTML, like Gecko) Edge/82.0.0.0 Safari/537.36"
84.246.212.44 - - [28/Jul/2026:15:17:15 +0200] "POST /wp-admin/admin-ajax.php?action=async_litespeed&nonce=LfimZqWTebYyDeRvTIYZNgpNsOI6GKuE&litespeed_type=imgoptm HTTP/1.1" 200 5780 "-" "WordPress/6.9; https://www.canterasdemuro.es"
84.246.212.44 - - [28/Jul/2026:15:17:38 +0200] "POST /wp-cron.php?doing_wp_cron=1785244658.8824820518493652343750 HTTP/1.1" 200 5525 "-" "WordPress/6.9; https://www.canterasdemuro.es"
191.185.104.52 - - [28/Jul/2026:15:17:38 +0200] "POST /xmlrpc.php HTTP/1.1" 200 5889 "-" "Mozilla/5.0 (Macintosh; Intel Mac OS X 10_15_7; x64) AppleWebKit/537.36 (KHTML, like Gecko) Safari/13.0.0.0 Safari/537.36"
191.185.104.52 - - [28/Jul/2026:15:18:09 +0200] "POST /xmlrpc.php HTTP/1.1" 200 5889 "-" "Mozilla/5.0 (Linux; Android 10; x86) AppleWebKit/537.36 (KHTML, like Gecko) Edge/95.0.0.0 Safari/537.36"
84.246.212.44 - - [28/Jul/2026:15:18:33 +0200] "POST /wp-cron.php?doing_wp_cron=1785244713.6012980937957763671875 HTTP/1.1" 200 5525 "-" "WordPress/6.9; https://www.canterasdemuro.es"
191.185.104.52 - - [28/Jul/2026:15:18:33 +0200] "POST /xmlrpc.php HTTP/1.1" 200 5889 "-" "Mozilla/5.0 (X11; Ubuntu; Linux x86_64; arm64) AppleWebKit/537.36 (KHTML, like Gecko) Firefox/97.0.0.0 Safari/537.36"
84.246.212.44 - - [28/Jul/2026:15:18:33 +0200] "POST /wp-admin/admin-ajax.php?action=async_litespeed&nonce=v9FioCqCFCG6VnrB2yEwoIAlD4vXPx4H&litespeed_type=imgoptm HTTP/1.1" 200 5780 "-" "WordPress/6.9; https://www.canterasdemuro.es"
191.185.104.52 - - [28/Jul/2026:15:18:53 +0200] "POST /xmlrpc.php HTTP/1.1" 200 5889 "-" "Mozilla/5.0 (Linux; Android 10; x64) AppleWebKit/537.36 (KHTML, like Gecko) Safari/15.0.0.0 Safari/537.36"
84.246.212.44 - - [28/Jul/2026:15:19:14 +0200] "POST /wp-cron.php?doing_wp_cron=1785244754.9342570304870605468750 HTTP/1.1" 200 5525 "-" "WordPress/6.9; https://www.canterasdemuro.es"
191.185.104.52 - - [28/Jul/2026:15:19:14 +0200] "POST /xmlrpc.php HTTP/1.1" 200 5889 "-" "Mozilla/5.0 (X11; Ubuntu; Linux x86_64; arm64) AppleWebKit/537.36 (KHTML, like Gecko) Edge/91.0.0.0 Safari/537.36"
84.246.212.44 - - [28/Jul/2026:15:19:15 +0200] "POST /wp-admin/admin-ajax.php?action=async_litespeed&nonce=HiWGyWLCoyTYl08QjwsTLxpCyVTor3WE&litespeed_type=imgoptm HTTP/1.1" 200 5780 "-" "WordPress/6.9; https://www.canterasdemuro.es"
84.246.212.44 - - [28/Jul/2026:15:19:34 +0200] "POST /wp-cron.php?doing_wp_cron=1785244774.4957211017608642578125 HTTP/1.1" 200 5525 "-" "WordPress/6.9; https://www.canterasdemuro.es"
191.185.104.52 - - [28/Jul/2026:15:19:34 +0200] "POST /xmlrpc.php HTTP/1.1" 200 5889 "-" "Mozilla/5.0 (Linux; Android 10; arm64) AppleWebKit/537.36 (KHTML, like Gecko) Opera/75.0.0.0 Safari/537.36"
191.185.104.52 - - [28/Jul/2026:15:19:56 +0200] "POST /xmlrpc.php HTTP/1.1" 200 5889 "-" "Mozilla/5.0 (Windows NT 6.2; arm64) AppleWebKit/537.36 (KHTML, like Gecko) Safari/11.0.0.0 Safari/537.36"
84.246.212.44 - - [28/Jul/2026:15:20:20 +0200] "POST /wp-cron.php?doing_wp_cron=1785244820.1929409503936767578125 HTTP/1.1" 200 5525 "-" "WordPress/6.9; https://www.canterasdemuro.es"
191.185.104.52 - - [28/Jul/2026:15:20:19 +0200] "POST /xmlrpc.php HTTP/1.1" 200 5889 "-" "Mozilla/5.0 (Linux; Android 10; x64) AppleWebKit/537.36 (KHTML, like Gecko) Edge/85.0.0.0 Safari/537.36"
84.246.212.44 - - [28/Jul/2026:15:20:20 +0200] "POST /wp-admin/admin-ajax.php?action=async_litespeed&nonce=sbpPkmVBbS8hfxGPC1jKYyEALcoHrOrW&litespeed_type=imgoptm HTTP/1.1" 200 5780 "-" "WordPress/6.9; https://www.canterasdemuro.es"
191.185.104.52 - - [28/Jul/2026:15:20:41 +0200] "POST /xmlrpc.php HTTP/1.1" 200 5889 "-" "Mozilla/5.0 (Windows NT 10.0; x64) AppleWebKit/537.36 (KHTML, like Gecko) Safari/15.0.0.0 Safari/537.36"
191.185.104.52 - - [28/Jul/2026:15:21:02 +0200] "POST /xmlrpc.php HTTP/1.1" 200 5889 "-" "Mozilla/5.0 (Windows NT 6.2; x64) AppleWebKit/537.36 (KHTML, like Gecko) Opera/72.0.0.0 Safari/537.36"
84.246.212.44 - - [28/Jul/2026:15:21:24 +0200] "POST /wp-cron.php?doing_wp_cron=1785244884.1616780757904052734375 HTTP/1.1" 200 5525 "-" "WordPress/6.9; https://www.canterasdemuro.es"
191.185.104.52 - - [28/Jul/2026:15:21:23 +0200] "POST /xmlrpc.php HTTP/1.1" 200 5889 "-" "Mozilla/5.0 (Linux; Android 10; x64) AppleWebKit/537.36 (KHTML, like Gecko) Opera/75.0.0.0 Safari/537.36"
84.246.212.44 - - [28/Jul/2026:15:21:24 +0200] "POST /wp-admin/admin-ajax.php?action=async_litespeed&nonce=z7fj06Hc8qWPy0U8pXncehBl50Hq2E7F&litespeed_type=imgoptm HTTP/1.1" 200 5780 "-" "WordPress/6.9; https://www.canterasdemuro.es"
191.185.104.52 - - [28/Jul/2026:15:21:42 +0200] "POST /xmlrpc.php HTTP/1.1" 200 5889 "-" "Mozilla/5.0 (Macintosh; Intel Mac OS X 10_15_7; x64) AppleWebKit/537.36 (KHTML, like Gecko) Safari/13.0.0.0 Safari/537.36"
191.185.104.52 - - [28/Jul/2026:15:22:04 +0200] "POST /xmlrpc.php HTTP/1.1" 200 5889 "-" "Mozilla/5.0 (Windows NT 6.3; arm64) AppleWebKit/537.36 (KHTML, like Gecko) Safari/14.0.0.0 Safari/537.36"
84.246.212.44 - - [28/Jul/2026:15:22:28 +0200] "POST /wp-cron.php?doing_wp_cron=1785244948.1318459510803222656250 HTTP/1.1" 200 5525 "-" "WordPress/6.9; https://www.canterasdemuro.es"
191.185.104.52 - - [28/Jul/2026:15:22:27 +0200] "POST /xmlrpc.php HTTP/1.1" 200 5889 "-" "Mozilla/5.0 (Windows NT 10.0; x64) AppleWebKit/537.36 (KHTML, like Gecko) Chrome/90.0.0.0 Safari/537.36"
84.246.212.44 - - [28/Jul/2026:15:22:28 +0200] "POST /wp-admin/admin-ajax.php?action=async_litespeed&nonce=XHHEy3qUILtdBY0bbhT8eetQIxrqajlR&litespeed_type=imgoptm HTTP/1.1" 200 5780 "-" "WordPress/6.9; https://www.canterasdemuro.es"
191.185.104.52 - - [28/Jul/2026:15:22:48 +0200] "POST /xmlrpc.php HTTP/1.1" 200 5889 "-" "Mozilla/5.0 (Windows NT 6.3; x86) AppleWebKit/537.36 (KHTML, like Gecko) Safari/15.0.0.0 Safari/537.36"
191.185.104.52 - - [28/Jul/2026:15:23:09 +0200] "POST /xmlrpc.php HTTP/1.1" 200 5889 "-" "Mozilla/5.0 (Windows NT 10.0; arm64) AppleWebKit/537.36 (KHTML, like Gecko) Firefox/88.0.0.0 Safari/537.36"
84.246.212.44 - - [28/Jul/2026:15:23:28 +0200] "POST /wp-cron.php?doing_wp_cron=1785245008.3318800926208496093750 HTTP/1.1" 200 5525 "-" "WordPress/6.9; https://www.canterasdemuro.es"
198.244.226.28 - - [28/Jul/2026:15:23:27 +0200] "GET /autorizaciones/ HTTP/1.1" 200 97503 "-" "Mozilla/5.0 (compatible; AhrefsBot/7.0; +http://ahrefs.com/robot/)"
191.185.104.52 - - [28/Jul/2026:15:23:28 +0200] "POST /xmlrpc.php HTTP/1.1" 200 5889 "-" "Mozilla/5.0 (Windows NT 6.2; arm64) AppleWebKit/537.36 (KHTML, like Gecko) Chrome/101.0.0.0 Safari/537.36"
84.246.212.44 - - [28/Jul/2026:15:23:28 +0200] "POST /wp-admin/admin-ajax.php?action=async_litespeed&nonce=g2GMtVaDPuyk3ow7FIuaWfAUaq7xD1QV&litespeed_type=imgoptm HTTP/1.1" 200 5780 "-" "WordPress/6.9; https://www.canterasdemuro.es"
191.185.104.52 - - [28/Jul/2026:15:23:47 +0200] "POST /xmlrpc.php HTTP/1.1" 200 5889 "-" "Mozilla/5.0 (Windows NT 6.2; arm64) AppleWebKit/537.36 (KHTML, like Gecko) Safari/13.0.0.0 Safari/537.36"
191.185.104.52 - - [28/Jul/2026:15:24:08 +0200] "POST /xmlrpc.php HTTP/1.1" 200 5889 "-" "Mozilla/5.0 (Windows NT 10.0; x64) AppleWebKit/537.36 (KHTML, like Gecko) Firefox/99.0.0.0 Safari/537.36"
84.246.212.44 - - [28/Jul/2026:15:24:33 +0200] "POST /wp-cron.php?doing_wp_cron=1785245073.6644840240478515625000 HTTP/1.1" 200 5525 "-" "WordPress/6.9; https://www.canterasdemuro.es"
191.185.104.52 - - [28/Jul/2026:15:24:32 +0200] "POST /xmlrpc.php HTTP/1.1" 200 5889 "-" "Mozilla/5.0 (Linux; Android 10; x64) AppleWebKit/537.36 (KHTML, like Gecko) Chrome/102.0.0.0 Safari/537.36"
84.246.212.44 - - [28/Jul/2026:15:24:34 +0200] "POST /wp-admin/admin-ajax.php?action=async_litespeed&nonce=Buo37L5QgL0uTIOAWUlMUmEhIvfewSI5&litespeed_type=imgoptm HTTP/1.1" 200 5780 "-" "WordPress/6.9; https://www.canterasdemuro.es"
191.185.104.52 - - [28/Jul/2026:15:24:52 +0200] "POST /xmlrpc.php HTTP/1.1" 200 5889 "-" "Mozilla/5.0 (Windows NT 6.2; x86) AppleWebKit/537.36 (KHTML, like Gecko) Opera/73.0.0.0 Safari/537.36"
84.246.212.44 - - [28/Jul/2026:15:25:19 +0200] "POST /wp-cron.php?doing_wp_cron=1785245119.6618020534515380859375 HTTP/1.1" 200 5525 "-" "WordPress/6.9; https://www.canterasdemuro.es"
191.185.104.52 - - [28/Jul/2026:15:25:19 +0200] "POST /xmlrpc.php HTTP/1.1" 200 5889 "-" "Mozilla/5.0 (Linux; Android 10; x86) AppleWebKit/537.36 (KHTML, like Gecko) Firefox/98.0.0.0 Safari/537.36"
84.246.212.44 - - [28/Jul/2026:15:25:20 +0200] "POST /wp-admin/admin-ajax.php?action=async_litespeed&nonce=ekP9Qmy8HyuopY3La3YcmCfkGeZ2iUNM&litespeed_type=imgoptm HTTP/1.1" 200 5780 "-" "WordPress/6.9; https://www.canterasdemuro.es"
191.185.104.52 - - [28/Jul/2026:15:25:39 +0200] "POST /xmlrpc.php HTTP/1.1" 200 5889 "-" "Mozilla/5.0 (Windows NT 6.2; x86) AppleWebKit/537.36 (KHTML, like Gecko) Chrome/104.0.0.0 Safari/537.36"
191.185.104.52 - - [28/Jul/2026:15:25:58 +0200] "POST /xmlrpc.php HTTP/1.1" 200 5889 "-" "Mozilla/5.0 (Macintosh; Intel Mac OS X 10_15_7; arm64) AppleWebKit/537.36 (KHTML, like Gecko) Firefox/71.0.0.0 Safari/537.36"
84.246.212.44 - - [28/Jul/2026:15:26:17 +0200] "POST /wp-cron.php?doing_wp_cron=1785245177.8788011074066162109375 HTTP/1.1" 200 5525 "-" "WordPress/6.9; https://www.canterasdemuro.es"
191.185.104.52 - - [28/Jul/2026:15:26:17 +0200] "POST /xmlrpc.php HTTP/1.1" 200 5889 "-" "Mozilla/5.0 (Windows NT 6.2; arm64) AppleWebKit/537.36 (KHTML, like Gecko) Chrome/86.0.0.0 Safari/537.36"
84.246.212.44 - - [28/Jul/2026:15:26:18 +0200] "POST /wp-admin/admin-ajax.php?action=async_litespeed&nonce=urenJTeiHJwtm8x1Jpip6deWLb9UPeV3&litespeed_type=imgoptm HTTP/1.1" 200 5780 "-" "WordPress/6.9; https://www.canterasdemuro.es"
191.185.104.52 - - [28/Jul/2026:15:26:36 +0200] "POST /xmlrpc.php HTTP/1.1" 200 5889 "-" "Mozilla/5.0 (Windows NT 10.0; x86) AppleWebKit/537.36 (KHTML, like Gecko) Edge/88.0.0.0 Safari/537.36"
51.195.215.8 - - [28/Jul/2026:15:26:38 +0200] "GET /wp-content/uploads/elementor/css/post-41.css?ver=1733313344 HTTP/1.1" 200 5509 "-" "Mozilla/5.0 (compatible; AhrefsBot/7.0; +http://ahrefs.com/robot/)"
191.185.104.52 - - [28/Jul/2026:15:26:55 +0200] "POST /xmlrpc.php HTTP/1.1" 200 5889 "-" "Mozilla/5.0 (Windows NT 6.3; x86) AppleWebKit/537.36 (KHTML, like Gecko) Edge/80.0.0.0 Safari/537.36"
195.178.110.48 - - [28/Jul/2026:15:27:04 +0200] "GET / HTTP/1.1" 200 100540 "-" "Mozilla/5.0 (Windows NT 10.0; Win64; x64) AppleWebKit/537.36 Chrome/122.0.0.0 Safari/537.36"
195.178.110.48 - - [28/Jul/2026:15:27:06 +0200] "POST / HTTP/1.1" 200 100467 "-" "Mozilla/5.0 (Windows NT 10.0; Win64; x64) AppleWebKit/537.36 Chrome/122.0.0.0 Safari/537.36"
195.178.110.48 - - [28/Jul/2026:15:27:07 +0200] "POST /en HTTP/1.1" 404 89359 "-" "Mozilla/5.0 (Windows NT 10.0; Win64; x64) AppleWebKit/537.36 Chrome/122.0.0.0 Safari/537.36"
84.246.212.44 - - [28/Jul/2026:15:27:17 +0200] "POST /wp-cron.php?doing_wp_cron=1785245237.3373219966888427734375 HTTP/1.1" 200 5525 "-" "WordPress/6.9; https://www.canterasdemuro.es"
191.185.104.52 - - [28/Jul/2026:15:27:16 +0200] "POST /xmlrpc.php HTTP/1.1" 200 5889 "-" "Mozilla/5.0 (Windows NT 6.3; x64) AppleWebKit/537.36 (KHTML, like Gecko) Opera/60.0.0.0 Safari/537.36"
84.246.212.44 - - [28/Jul/2026:15:27:17 +0200] "POST /wp-admin/admin-ajax.php?action=async_litespeed&nonce=zCFuPxWg8dek6L4T44PdnOCYCtJ2FTB7&litespeed_type=imgoptm HTTP/1.1" 200 5780 "-" "WordPress/6.9; https://www.canterasdemuro.es"
191.185.104.52 - - [28/Jul/2026:15:27:35 +0200] "POST /xmlrpc.php HTTP/1.1" 200 5889 "-" "Mozilla/5.0 (Macintosh; Intel Mac OS X 10_15_7; x64) AppleWebKit/537.36 (KHTML, like Gecko) Firefox/98.0.0.0 Safari/537.36"
191.185.104.52 - - [28/Jul/2026:15:27:55 +0200] "POST /xmlrpc.php HTTP/1.1" 200 5889 "-" "Mozilla/5.0 (Linux; Android 10; arm64) AppleWebKit/537.36 (KHTML, like Gecko) Edge/85.0.0.0 Safari/537.36"
84.246.212.44 - - [28/Jul/2026:15:28:15 +0200] "POST /wp-cron.php?doing_wp_cron=1785245295.1991200447082519531250 HTTP/1.1" 200 5525 "-" "WordPress/6.9; https://www.canterasdemuro.es"
191.185.104.52 - - [28/Jul/2026:15:28:14 +0200] "POST /xmlrpc.php HTTP/1.1" 200 5889 "-" "Mozilla/5.0 (Windows NT 10.0; x86) AppleWebKit/537.36 (KHTML, like Gecko) Safari/14.0.0.0 Safari/537.36"
84.246.212.44 - - [28/Jul/2026:15:28:15 +0200] "POST /wp-admin/admin-ajax.php?action=async_litespeed&nonce=uWUmzM2JDeEYVBOHo8S2QF00rnJ17FxG&litespeed_type=imgoptm HTTP/1.1" 200 5780 "-" "WordPress/6.9; https://www.canterasdemuro.es"
84.246.212.44 - - [28/Jul/2026:15:28:34 +0200] "POST /wp-cron.php?doing_wp_cron=1785245314.7657051086425781250000 HTTP/1.1" 200 5525 "-" "WordPress/6.9; https://www.canterasdemuro.es"
191.185.104.52 - - [28/Jul/2026:15:28:34 +0200] "POST /xmlrpc.php HTTP/1.1" 200 5889 "-" "Mozilla/5.0 (Windows NT 6.3; x64) AppleWebKit/537.36 (KHTML, like Gecko) Opera/80.0.0.0 Safari/537.36"
191.185.104.52 - - [28/Jul/2026:15:28:53 +0200] "POST /xmlrpc.php HTTP/1.1" 200 5889 "-" "Mozilla/5.0 (X11; Ubuntu; Linux x86_64; arm64) AppleWebKit/537.36 (KHTML, like Gecko) Chrome/100.0.0.0 Safari/537.36"
84.246.212.44 - - [28/Jul/2026:15:29:12 +0200] "POST /wp-cron.php?doing_wp_cron=1785245352.6529300212860107421875 HTTP/1.1" 200 5525 "-" "WordPress/6.9; https://www.canterasdemuro.es"
191.185.104.52 - - [28/Jul/2026:15:29:12 +0200] "POST /xmlrpc.php HTTP/1.1" 200 5889 "-" "Mozilla/5.0 (X11; Ubuntu; Linux x86_64; arm64) AppleWebKit/537.36 (KHTML, like Gecko) Chrome/108.0.0.0 Safari/537.36"
84.246.212.44 - - [28/Jul/2026:15:29:13 +0200] "POST /wp-admin/admin-ajax.php?action=async_litespeed&nonce=aKqgEKLuVYeXYnUahvOP4nlzRD7fogXu&litespeed_type=imgoptm HTTP/1.1" 200 5780 "-" "WordPress/6.9; https://www.canterasdemuro.es"
84.246.212.44 - - [28/Jul/2026:15:29:31 +0200] "POST /wp-cron.php?doing_wp_cron=1785245371.8910119533538818359375 HTTP/1.1" 200 5525 "-" "WordPress/6.9; https://www.canterasdemuro.es"
191.185.104.52 - - [28/Jul/2026:15:29:31 +0200] "POST /xmlrpc.php HTTP/1.1" 200 5889 "-" "Mozilla/5.0 (Windows NT 6.3; x64) AppleWebKit/537.36 (KHTML, like Gecko) Firefox/72.0.0.0 Safari/537.36"
84.246.212.44 - - [28/Jul/2026:15:29:35 +0200] "GET /?wp_scrape_key=68ce0e8a1aaef577ac884c8714e55a92&wp_scrape_nonce=1785245373 HTTP/1.1" 200 100652 "-" "WordPress/6.9; https://www.canterasdemuro.es"
84.246.212.44 - - [28/Jul/2026:15:29:40 +0200] "GET /?wp_scrape_key=4496b7edc19b00e1a10e63c877873d33&wp_scrape_nonce=1785245378 HTTP/1.1" 200 100652 "-" "WordPress/6.9; https://www.canterasdemuro.es"
84.246.212.44 - - [28/Jul/2026:15:29:45 +0200] "GET /?wp_scrape_key=77e375fd8b2045a46daf99a66038c058&wp_scrape_nonce=1785245383 HTTP/1.1" 200 100652 "-" "WordPress/6.9; https://www.canterasdemuro.es"
191.185.104.52 - - [28/Jul/2026:15:29:49 +0200] "POST /xmlrpc.php HTTP/1.1" 503 7329 "-" "Mozilla/5.0 (Macintosh; Intel Mac OS X 10_15_7; arm64) AppleWebKit/537.36 (KHTML, like Gecko) Chrome/112.0.0.0 Safari/537.36"
84.246.212.44 - - [28/Jul/2026:15:29:50 +0200] "GET /?wp_scrape_key=899dd1a676bf26ed934cf9a368e4e7ae&wp_scrape_nonce=1785245388 HTTP/1.1" 200 100652 "-" "WordPress/6.9; https://www.canterasdemuro.es"
84.246.212.44 - - [28/Jul/2026:15:29:54 +0200] "GET /?wp_scrape_key=86bf1adb8a649ce6539b2ef849fade7b&wp_scrape_nonce=1785245392 HTTP/1.1" 200 100652 "-" "WordPress/6.9; https://www.canterasdemuro.es"
84.246.212.44 - - [28/Jul/2026:15:29:58 +0200] "GET /?wp_scrape_key=954f67086cbd19dd5add65b3bd239f65&wp_scrape_nonce=1785245396 HTTP/1.1" 200 100652 "-" "WordPress/6.9; https://www.canterasdemuro.es"
84.246.212.44 - - [28/Jul/2026:15:30:02 +0200] "GET /?wp_scrape_key=c8163866a03e24b3784d3375227a223c&wp_scrape_nonce=1785245400 HTTP/1.1" 200 100652 "-" "WordPress/6.9; https://www.canterasdemuro.es"
84.246.212.44 - - [28/Jul/2026:15:30:06 +0200] "GET /?wp_scrape_key=8a0a16b7416e1745cfc4fdcbb6c3e73f&wp_scrape_nonce=1785245404 HTTP/1.1" 200 100652 "-" "WordPress/6.9; https://www.canterasdemuro.es"
191.185.104.52 - - [28/Jul/2026:15:30:08 +0200] "POST /xmlrpc.php HTTP/1.1" 503 7329 "-" "Mozilla/5.0 (Windows NT 6.3; x86) AppleWebKit/537.36 (KHTML, like Gecko) Firefox/87.0.0.0 Safari/537.36"
84.246.212.44 - - [28/Jul/2026:15:30:11 +0200] "GET /?wp_scrape_key=d70c4494551b678b588dcacf4a3dce5b&wp_scrape_nonce=1785245409 HTTP/1.1" 200 100652 "-" "WordPress/6.9; https://www.canterasdemuro.es"
84.246.212.44 - - [28/Jul/2026:15:30:28 +0200] "POST /wp-cron.php?doing_wp_cron=1785245428.3263878822326660156250 HTTP/1.1" 200 5525 "-" "WordPress/6.9; https://www.canterasdemuro.es"
191.185.104.52 - - [28/Jul/2026:15:30:27 +0200] "POST /xmlrpc.php HTTP/1.1" 200 5889 "-" "Mozilla/5.0 (X11; Ubuntu; Linux x86_64; x86) AppleWebKit/537.36 (KHTML, like Gecko) Edge/89.0.0.0 Safari/537.36"
84.246.212.44 - - [28/Jul/2026:15:30:28 +0200] "POST /wp-admin/admin-ajax.php?action=async_litespeed&nonce=E10mIvt5VxhoeQm5A7iFmq1GTJtAEZbi&litespeed_type=imgoptm HTTP/1.1" 200 5780 "-" "WordPress/6.9; https://www.canterasdemuro.es"
191.185.104.52 - - [28/Jul/2026:15:30:46 +0200] "POST /xmlrpc.php HTTP/1.1" 200 5889 "-" "Mozilla/5.0 (Windows NT 6.3; x64) AppleWebKit/537.36 (KHTML, like Gecko) Chrome/90.0.0.0 Safari/537.36"
51.89.129.87 - - [28/Jul/2026:15:30:55 +0200] "GET /productos/ HTTP/1.1" 200 142234 "-" "Mozilla/5.0 (compatible; AhrefsBot/7.0; +http://ahrefs.com/robot/)"
191.185.104.52 - - [28/Jul/2026:15:31:05 +0200] "POST /xmlrpc.php HTTP/1.1" 200 5889 "-" "Mozilla/5.0 (Windows NT 10.0; x86) AppleWebKit/537.36 (KHTML, like Gecko) Safari/10.0.0.0 Safari/537.36"
84.246.212.44 - - [28/Jul/2026:15:31:24 +0200] "POST /wp-cron.php?doing_wp_cron=1785245483.9693889617919921875000 HTTP/1.1" 200 5525 "-" "WordPress/6.9; https://www.canterasdemuro.es"
191.185.104.52 - - [28/Jul/2026:15:31:23 +0200] "POST /xmlrpc.php HTTP/1.1" 200 5889 "-" "Mozilla/5.0 (Linux; Android 10; x64) AppleWebKit/537.36 (KHTML, like Gecko) Firefox/71.0.0.0 Safari/537.36"
84.246.212.44 - - [28/Jul/2026:15:31:24 +0200] "POST /wp-admin/admin-ajax.php?action=async_litespeed&nonce=teDyjjHiEMEjRnFQv5ZMUq0lboIVXJQM&litespeed_type=imgoptm HTTP/1.1" 200 5780 "-" "WordPress/6.9; https://www.canterasdemuro.es"
191.185.104.52 - - [28/Jul/2026:15:31:42 +0200] "POST /xmlrpc.php HTTP/1.1" 200 5889 "-" "Mozilla/5.0 (Windows NT 10.0; x64) AppleWebKit/537.36 (KHTML, like Gecko) Edge/90.0.0.0 Safari/537.36"
191.185.104.52 - - [28/Jul/2026:15:32:00 +0200] "POST /xmlrpc.php HTTP/1.1" 200 5889 "-" "Mozilla/5.0 (Macintosh; Intel Mac OS X 10_15_7; arm64) AppleWebKit/537.36 (KHTML, like Gecko) Safari/14.0.0.0 Safari/537.36"
84.246.212.44 - - [28/Jul/2026:15:32:20 +0200] "POST /wp-cron.php?doing_wp_cron=1785245540.2740700244903564453125 HTTP/1.1" 200 5525 "-" "WordPress/6.9; https://www.canterasdemuro.es"
191.185.104.52 - - [28/Jul/2026:15:32:19 +0200] "POST /xmlrpc.php HTTP/1.1" 200 5889 "-" "Mozilla/5.0 (Linux; Android 10; x86) AppleWebKit/537.36 (KHTML, like Gecko) Opera/67.0.0.0 Safari/537.36"
84.246.212.44 - - [28/Jul/2026:15:32:20 +0200] "POST /wp-admin/admin-ajax.php?action=async_litespeed&nonce=uQpYJwBZtSH9a2rRH9qHujAmH2i6PLjU&litespeed_type=imgoptm HTTP/1.1" 200 5780 "-" "WordPress/6.9; https://www.canterasdemuro.es"
191.185.104.52 - - [28/Jul/2026:15:32:39 +0200] "POST /xmlrpc.php HTTP/1.1" 200 5889 "-" "Mozilla/5.0 (Linux; Android 10; x86) AppleWebKit/537.36 (KHTML, like Gecko) Chrome/109.0.0.0 Safari/537.36"
191.185.104.52 - - [28/Jul/2026:15:32:59 +0200] "POST /xmlrpc.php HTTP/1.1" 200 5889 "-" "Mozilla/5.0 (Windows NT 10.0; x64) AppleWebKit/537.36 (KHTML, like Gecko) Opera/76.0.0.0 Safari/537.36"
198.244.183.50 - - [28/Jul/2026:15:34:21 +0200] "GET /wp-content/uploads/2024/10/Canteras-de-muro-057.jpg HTTP/1.1" 200 5518 "-" "Mozilla/5.0 (compatible; AhrefsBot/7.0; +http://ahrefs.com/robot/)"
51.195.244.55 - - [28/Jul/2026:15:34:23 +0200] "GET /wp-content/uploads/2024/10/Canteras-de-muro-058.jpg HTTP/1.1" 200 5518 "-" "Mozilla/5.0 (compatible; AhrefsBot/7.0; +http://ahrefs.com/robot/)"
198.244.183.5 - - [28/Jul/2026:15:34:24 +0200] "GET /wp-content/uploads/2024/10/Canteras-de-muro-059.jpg HTTP/1.1" 200 5518 "-" "Mozilla/5.0 (compatible; AhrefsBot/7.0; +http://ahrefs.com/robot/)"
51.195.183.12 - - [28/Jul/2026:15:34:26 +0200] "GET /wp-content/uploads/elementor/css/post-39.css?ver=1779874078 HTTP/1.1" 200 5509 "-" "Mozilla/5.0 (compatible; AhrefsBot/7.0; +http://ahrefs.com/robot/)"
84.246.212.44 - - [28/Jul/2026:15:41:33 +0200] "POST /wp-cron.php?doing_wp_cron=1785246093.1639089584350585937500 HTTP/1.1" 200 5525 "-" "WordPress/6.9; https://www.canterasdemuro.es"
20.171.55.167 - - [28/Jul/2026:15:41:32 +0200] "GET /admin.php HTTP/1.1" 301 5688 "-" "Mozilla/5.0 (Windows NT 10.0; Win64; x64) AppleWebKit/537.36 (KHTML, like Gecko) Chrome/120.0.0.0 Safari/537.36"
20.171.55.167 - - [28/Jul/2026:15:41:33 +0200] "GET /about.php HTTP/1.1" 301 5688 "-" "Mozilla/5.0 (Windows NT 10.0; Win64; x64) AppleWebKit/537.36 (KHTML, like Gecko) Chrome/120.0.0.0 Safari/537.36"
20.171.55.167 - - [28/Jul/2026:15:41:34 +0200] "GET /cgi-bin/ HTTP/1.1" 403 6290 "-" "Mozilla/5.0 (Windows NT 10.0; Win64; x64) AppleWebKit/537.36 (KHTML, like Gecko) Chrome/120.0.0.0 Safari/537.36"
20.171.55.167 - - [28/Jul/2026:15:41:34 +0200] "GET /wp-content/themes/ HTTP/1.1" 200 5432 "-" "Mozilla/5.0 (Windows NT 10.0; Win64; x64) AppleWebKit/537.36 (KHTML, like Gecko) Chrome/120.0.0.0 Safari/537.36"
84.246.212.44 - - [28/Jul/2026:15:41:33 +0200] "POST /wp-admin/admin-ajax.php?action=async_litespeed&nonce=3FTUgXLIC7MIGU8pIeXtQZG1lmG3hL9w&litespeed_type=imgoptm HTTP/1.1" 200 5780 "-" "WordPress/6.9; https://www.canterasdemuro.es"
20.171.55.167 - - [28/Jul/2026:15:41:34 +0200] "GET /adminfuns.php HTTP/1.1" 301 5692 "-" "Mozilla/5.0 (Windows NT 10.0; Win64; x64) AppleWebKit/537.36 (KHTML, like Gecko) Chrome/120.0.0.0 Safari/537.36"
20.171.55.167 - - [28/Jul/2026:15:41:35 +0200] "GET /edit.php HTTP/1.1" 301 5687 "-" "Mozilla/5.0 (Windows NT 10.0; Win64; x64) AppleWebKit/537.36 (KHTML, like Gecko) Chrome/120.0.0.0 Safari/537.36"
20.171.55.167 - - [28/Jul/2026:15:41:35 +0200] "GET /.well-known/logs233/index.php HTTP/1.1" 301 5708 "-" "Mozilla/5.0 (Windows NT 10.0; Win64; x64) AppleWebKit/537.36 (KHTML, like Gecko) Chrome/120.0.0.0 Safari/537.36"
20.171.55.167 - - [28/Jul/2026:15:41:36 +0200] "GET /wp-admin/maint/ HTTP/1.1" 403 6290 "-" "Mozilla/5.0 (Windows NT 10.0; Win64; x64) AppleWebKit/537.36 (KHTML, like Gecko) Chrome/120.0.0.0 Safari/537.36"
20.171.55.167 - - [28/Jul/2026:15:41:36 +0200] "GET /wp-admin/ HTTP/1.1" 302 5725 "-" "Mozilla/5.0 (Windows NT 10.0; Win64; x64) AppleWebKit/537.36 (KHTML, like Gecko) Chrome/120.0.0.0 Safari/537.36"
20.171.55.167 - - [28/Jul/2026:15:41:36 +0200] "GET /lite.php HTTP/1.1" 301 5687 "-" "Mozilla/5.0 (Windows NT 10.0; Win64; x64) AppleWebKit/537.36 (KHTML, like Gecko) Chrome/120.0.0.0 Safari/537.36"
20.171.55.167 - - [28/Jul/2026:15:41:37 +0200] "GET /wp-admin/js/ HTTP/1.1" 403 6290 "-" "Mozilla/5.0 (Windows NT 10.0; Win64; x64) AppleWebKit/537.36 (KHTML, like Gecko) Chrome/120.0.0.0 Safari/537.36"
20.171.55.167 - - [28/Jul/2026:15:41:37 +0200] "GET /wp-includes/ HTTP/1.1" 403 6290 "-" "Mozilla/5.0 (Windows NT 10.0; Win64; x64) AppleWebKit/537.36 (KHTML, like Gecko) Chrome/120.0.0.0 Safari/537.36"
20.171.55.167 - - [28/Jul/2026:15:41:37 +0200] "GET /wp-content/uploads/ HTTP/1.1" 403 6290 "-" "Mozilla/5.0 (Windows NT 10.0; Win64; x64) AppleWebKit/537.36 (KHTML, like Gecko) Chrome/120.0.0.0 Safari/537.36"
20.171.55.167 - - [28/Jul/2026:15:41:37 +0200] "GET /wp-admin/js/widgets/ HTTP/1.1" 403 6290 "-" "Mozilla/5.0 (Windows NT 10.0; Win64; x64) AppleWebKit/537.36 (KHTML, like Gecko) Chrome/120.0.0.0 Safari/537.36"
20.171.55.167 - - [28/Jul/2026:15:41:37 +0200] "GET /wp-content/themes/admin.php HTTP/1.1" 301 5698 "-" "Mozilla/5.0 (Windows NT 10.0; Win64; x64) AppleWebKit/537.36 (KHTML, like Gecko) Chrome/120.0.0.0 Safari/537.36"
20.171.55.167 - - [28/Jul/2026:15:41:38 +0200] "GET /wk/index.php HTTP/1.1" 301 5691 "-" "Mozilla/5.0 (Windows NT 10.0; Win64; x64) AppleWebKit/537.36 (KHTML, like Gecko) Chrome/120.0.0.0 Safari/537.36"
20.171.55.167 - - [28/Jul/2026:15:41:38 +0200] "GET /wp-content/plugins/plugin/index.php HTTP/1.1" 301 5697 "-" "Mozilla/5.0 (Windows NT 10.0; Win64; x64) AppleWebKit/537.36 (KHTML, like Gecko) Chrome/120.0.0.0 Safari/537.36"
20.171.55.167 - - [28/Jul/2026:15:41:39 +0200] "GET /wp-content/themes/index.php HTTP/1.1" 200 5432 "-" "Mozilla/5.0 (Windows NT 10.0; Win64; x64) AppleWebKit/537.36 (KHTML, like Gecko) Chrome/120.0.0.0 Safari/537.36"
20.171.55.167 - - [28/Jul/2026:15:41:39 +0200] "GET /wp-content/themes/theme/about.php HTTP/1.1" 301 5704 "-" "Mozilla/5.0 (Windows NT 10.0; Win64; x64) AppleWebKit/537.36 (KHTML, like Gecko) Chrome/120.0.0.0 Safari/537.36"
20.171.55.167 - - [28/Jul/2026:15:41:40 +0200] "GET /file.php HTTP/1.1" 301 5687 "-" "Mozilla/5.0 (Windows NT 10.0; Win64; x64) AppleWebKit/537.36 (KHTML, like Gecko) Chrome/120.0.0.0 Safari/537.36"
20.171.55.167 - - [28/Jul/2026:15:41:40 +0200] "GET /inputs.php HTTP/1.1" 301 5689 "-" "Mozilla/5.0 (Windows NT 10.0; Win64; x64) AppleWebKit/537.36 (KHTML, like Gecko) Chrome/120.0.0.0 Safari/537.36"
20.171.55.167 - - [28/Jul/2026:15:41:41 +0200] "GET /wp-includes/js/crop/ HTTP/1.1" 403 6290 "-" "Mozilla/5.0 (Windows NT 10.0; Win64; x64) AppleWebKit/537.36 (KHTML, like Gecko) Chrome/120.0.0.0 Safari/537.36"
84.246.212.44 - - [28/Jul/2026:15:42:49 +0200] "POST /wp-cron.php?doing_wp_cron=1785246169.3154060840606689453125 HTTP/1.1" 200 5525 "-" "WordPress/6.9; https://www.canterasdemuro.es"
18.119.10.72 - - [28/Jul/2026:15:42:48 +0200] "GET //feed/ HTTP/1.1" 301 5665 "-" "Mozilla/5.0 (Windows NT 10.0; Win64; x64) AppleWebKit/537.36 (KHTML, like Gecko) Chrome/95.0.4638.69 Safari/537.36"
18.119.10.72 - - [28/Jul/2026:15:42:49 +0200] "GET //xmlrpc.php?rsd HTTP/1.1" 200 6292 "-" "Mozilla/5.0 (Windows NT 10.0; Win64; x64) AppleWebKit/537.36 (KHTML, like Gecko) Chrome/95.0.4638.69 Safari/537.36"
84.246.212.44 - - [28/Jul/2026:15:42:49 +0200] "POST /wp-admin/admin-ajax.php?action=async_litespeed&nonce=c6BHJQk8n7xU1iSZuUQb1S2NR8MHP1Rg&litespeed_type=imgoptm HTTP/1.1" 200 5780 "-" "WordPress/6.9; https://www.canterasdemuro.es"
18.119.10.72 - - [28/Jul/2026:15:42:50 +0200] "GET //?author=1 HTTP/1.1" 301 5576 "-" "Mozilla/5.0 (Windows NT 10.0; Win64; x64) AppleWebKit/537.36 (KHTML, like Gecko) Chrome/95.0.4638.69 Safari/537.36"
18.119.10.72 - - [28/Jul/2026:15:42:50 +0200] "GET //wp-json/wp/v2/users/ HTTP/1.1" 403 6290 "-" "Mozilla/5.0 (Windows NT 10.0; Win64; x64) AppleWebKit/537.36 (KHTML, like Gecko) Chrome/95.0.4638.69 Safari/537.36"
18.119.10.72 - - [28/Jul/2026:15:42:50 +0200] "GET //wp-json/oembed/1.0/embed?url=https://canterasdemuro.es/ HTTP/1.1" 200 7967 "-" "Mozilla/5.0 (Windows NT 10.0; Win64; x64) AppleWebKit/537.36 (KHTML, like Gecko) Chrome/95.0.4638.69 Safari/537.36"
18.119.10.72 - - [28/Jul/2026:15:42:51 +0200] "POST //xmlrpc.php HTTP/1.1" 200 5887 "-" "Mozilla/5.0 (Windows NT 10.0; Win64; x64) AppleWebKit/537.36 (KHTML, like Gecko) Chrome/95.0.4638.69 Safari/537.36"
18.119.10.72 - - [28/Jul/2026:15:42:52 +0200] "POST //xmlrpc.php HTTP/1.1" 200 5887 "-" "Mozilla/5.0 (Windows NT 10.0; Win64; x64) AppleWebKit/537.36 (KHTML, like Gecko) Chrome/95.0.4638.69 Safari/537.36"
18.119.10.72 - - [28/Jul/2026:15:42:52 +0200] "POST //xmlrpc.php HTTP/1.1" 200 5887 "-" "Mozilla/5.0 (Windows NT 10.0; Win64; x64) AppleWebKit/537.36 (KHTML, like Gecko) Chrome/95.0.4638.69 Safari/537.36"
18.119.10.72 - - [28/Jul/2026:15:42:53 +0200] "POST //xmlrpc.php HTTP/1.1" 200 5887 "-" "Mozilla/5.0 (Windows NT 10.0; Win64; x64) AppleWebKit/537.36 (KHTML, like Gecko) Chrome/95.0.4638.69 Safari/537.36"
18.119.10.72 - - [28/Jul/2026:15:42:54 +0200] "POST //xmlrpc.php HTTP/1.1" 200 5887 "-" "Mozilla/5.0 (Windows NT 10.0; Win64; x64) AppleWebKit/537.36 (KHTML, like Gecko) Chrome/95.0.4638.69 Safari/537.36"
18.119.10.72 - - [28/Jul/2026:15:42:54 +0200] "POST //xmlrpc.php HTTP/1.1" 403 6290 "-" "Mozilla/5.0 (Windows NT 10.0; Win64; x64) AppleWebKit/537.36 (KHTML, like Gecko) Chrome/95.0.4638.69 Safari/537.36"
84.246.212.44 - - [28/Jul/2026:15:54:58 +0200] "POST /wp-cron.php?doing_wp_cron=1785246898.3442759513854980468750 HTTP/1.1" 200 5525 "-" "WordPress/6.9; https://www.canterasdemuro.es"
160.191.139.115 - - [28/Jul/2026:15:54:57 +0200] "POST /xmlrpc.php HTTP/1.1" 200 5887 "-" "Mozilla/5.0 (Windows NT 10.0; Win64; x64) AppleWebKit/537.36 (KHTML, like Gecko) Chrome/120.0.0.0 Safari/537.36"
84.246.212.44 - - [28/Jul/2026:15:54:58 +0200] "POST /wp-admin/admin-ajax.php?action=async_litespeed&nonce=xw6JKJ8dkF2XXG1cAAFSXCoQrWRoco6l&litespeed_type=imgoptm HTTP/1.1" 200 5780 "-" "WordPress/6.9; https://www.canterasdemuro.es"
84.246.212.44 - - [28/Jul/2026:15:57:25 +0200] "POST /wp-cron.php?doing_wp_cron=1785247045.3101480007171630859375 HTTP/1.1" 200 5525 "-" "WordPress/6.9; https://www.canterasdemuro.es"
23.98.148.92 - - [28/Jul/2026:15:57:24 +0200] "POST /xmlrpc.php HTTP/1.1" 200 5889 "-" "Mozilla/5.0 (Windows NT 10.0; WOW64) AppleWebKit/537.36 (KHTML, like Gecko) Chrome/138.0.0.0 Safari/537.36 Edg/138.0.0.0"
