84.246.212.44 - - [29/Jul/2026:18:17:38 +0200] "GET /?wp_scrape_key=023777a174258346ee3a94bc77b72616&wp_scrape_nonce=1785341856 HTTP/1.1" 200 100654 "-" "WordPress/6.9; https://www.canterasdemuro.es"
84.246.212.44 - - [29/Jul/2026:18:37:49 +0200] "POST /wp-cron.php?doing_wp_cron=1785343069.0902309417724609375000 HTTP/1.1" 200 5527 "-" "WordPress/6.9; https://www.canterasdemuro.es"
100.28.57.133 - - [29/Jul/2026:18:37:47 +0200] "GET /gl/instalacions/ HTTP/1.1" 200 107052 "-" "Mozilla/5.0 AppleWebKit/537.36 (KHTML, like Gecko; compatible; Amazonbot/0.1; +https://developer.amazon.com/support/amazonbot) Chrome/119.0.6045.214 Safari/537.36"
84.246.212.44 - - [29/Jul/2026:18:37:49 +0200] "POST /wp-admin/admin-ajax.php?action=async_litespeed&nonce=EMnZb6CN9K5Nu3agsabodVI2wdrIH2o6&litespeed_type=imgoptm HTTP/1.1" 200 5782 "-" "WordPress/6.9; https://www.canterasdemuro.es"
84.246.212.44 - - [29/Jul/2026:18:41:40 +0200] "POST /wp-cron.php?doing_wp_cron=1785343300.5434908866882324218750 HTTP/1.1" 200 5527 "-" "WordPress/6.9; https://www.canterasdemuro.es"
220.181.108.81 - - [29/Jul/2026:18:41:39 +0200] "GET /gl/nosa-empresa/ HTTP/1.1" 200 95084 "-" "Mozilla/5.0 (compatible; Baiduspider/2.0; +http://www.baidu.com/search/spider.html)"
84.246.212.44 - - [29/Jul/2026:18:41:41 +0200] "POST /wp-admin/admin-ajax.php?action=async_litespeed&nonce=lzxTLgcrPDh1eLB5QTCNbehASW0xD51T&litespeed_type=imgoptm HTTP/1.1" 200 5782 "-" "WordPress/6.9; https://www.canterasdemuro.es"
116.179.37.93 - - [29/Jul/2026:18:42:04 +0200] "GET /wp-content/plugins/elementor/assets/css/widget-text-editor.min.css?ver=3.28.1 HTTP/1.1" 200 6232 "https://www.canterasdemuro.es/gl/nosa-empresa/" "Mozilla/5.0 (compatible; Baiduspider-render/2.0; +http://www.baidu.com/search/spider.html)"
116.179.37.141 - - [29/Jul/2026:18:42:04 +0200] "GET /wp-content/uploads/elementor/css/post-8.css?ver=1733139880 HTTP/1.1" 200 5510 "https://www.canterasdemuro.es/gl/nosa-empresa/" "Mozilla/5.0 (compatible; Baiduspider-render/2.0; +http://www.baidu.com/search/spider.html)"
116.179.37.61 - - [29/Jul/2026:18:42:04 +0200] "GET /wp-content/uploads/elementor/css/post-614.css?ver=1733197878 HTTP/1.1" 200 5512 "https://www.canterasdemuro.es/gl/nosa-empresa/" "Mozilla/5.0 (compatible; Baiduspider-render/2.0; +http://www.baidu.com/search/spider.html)"
116.179.37.249 - - [29/Jul/2026:18:42:04 +0200] "GET /wp-content/themes/hello-elementor/assets/js/hello-frontend.min.js?ver=3.3.0 HTTP/1.1" 200 5546 "https://www.canterasdemuro.es/gl/nosa-empresa/" "Mozilla/5.0 (compatible; Baiduspider-render/2.0; +http://www.baidu.com/search/spider.html)"
116.179.37.241 - - [29/Jul/2026:18:42:04 +0200] "GET /wp-includes/js/jquery/jquery-migrate.min.js?ver=3.4.1 HTTP/1.1" 200 5524 "https://www.canterasdemuro.es/gl/nosa-empresa/" "Mozilla/5.0 (compatible; Baiduspider-render/2.0; +http://www.baidu.com/search/spider.html)"
116.179.37.253 - - [29/Jul/2026:18:42:04 +0200] "GET /wp-includes/js/jquery/jquery.min.js?ver=3.7.1 HTTP/1.1" 200 5516 "https://www.canterasdemuro.es/gl/nosa-empresa/" "Mozilla/5.0 (compatible; Baiduspider-render/2.0; +http://www.baidu.com/search/spider.html)"
116.179.37.248 - - [29/Jul/2026:18:42:04 +0200] "GET /wp-content/plugins/elementor-pro/assets/lib/smartmenus/jquery.smartmenus.min.js?ver=1.2.1 HTTP/1.1" 200 5560 "https://www.canterasdemuro.es/gl/nosa-empresa/" "Mozilla/5.0 (compatible; Baiduspider-render/2.0; +http://www.baidu.com/search/spider.html)"
116.179.37.200 - - [29/Jul/2026:18:42:04 +0200] "GET /wp-content/plugins/elementor-pro/assets/lib/sticky/jquery.sticky.min.js?ver=3.28.1 HTTP/1.1" 200 5552 "https://www.canterasdemuro.es/gl/nosa-empresa/" "Mozilla/5.0 (compatible; Baiduspider-render/2.0; +http://www.baidu.com/search/spider.html)"
116.179.37.38 - - [29/Jul/2026:18:42:05 +0200] "GET /wp-content/plugins/gdpr-cookie-compliance/dist/scripts/main.js?ver=4.16.1 HTTP/1.1" 200 5543 "https://www.canterasdemuro.es/gl/nosa-empresa/" "Mozilla/5.0 (compatible; Baiduspider-render/2.0; +http://www.baidu.com/search/spider.html)"
116.179.37.183 - - [29/Jul/2026:18:42:06 +0200] "GET /wp-content/plugins/elementor/assets/js/webpack.runtime.min.js?ver=3.28.1 HTTP/1.1" 200 5542 "https://www.canterasdemuro.es/gl/nosa-empresa/" "Mozilla/5.0 (compatible; Baiduspider-render/2.0; +http://www.baidu.com/search/spider.html)"
116.179.37.122 - - [29/Jul/2026:18:42:06 +0200] "GET /wp-content/plugins/elementor-pro/assets/js/webpack-pro.runtime.min.js?ver=3.28.1 HTTP/1.1" 200 5550 "https://www.canterasdemuro.es/gl/nosa-empresa/" "Mozilla/5.0 (compatible; Baiduspider-render/2.0; +http://www.baidu.com/search/spider.html)"
116.179.37.52 - - [29/Jul/2026:18:42:07 +0200] "GET /wp-content/plugins/elementor/assets/js/frontend-modules.min.js?ver=3.28.1 HTTP/1.1" 200 5543 "https://www.canterasdemuro.es/gl/nosa-empresa/" "Mozilla/5.0 (compatible; Baiduspider-render/2.0; +http://www.baidu.com/search/spider.html)"
116.179.37.123 - - [29/Jul/2026:18:42:08 +0200] "GET /wp-includes/js/dist/hooks.min.js?ver=dd5603f07f9220ed27f1 HTTP/1.1" 200 5513 "https://www.canterasdemuro.es/gl/nosa-empresa/" "Mozilla/5.0 (compatible; Baiduspider-render/2.0; +http://www.baidu.com/search/spider.html)"
116.179.37.146 - - [29/Jul/2026:18:42:08 +0200] "GET /wp-includes/js/dist/i18n.min.js?ver=c26c3dc7bed366793375 HTTP/1.1" 200 5512 "https://www.canterasdemuro.es/gl/nosa-empresa/" "Mozilla/5.0 (compatible; Baiduspider-render/2.0; +http://www.baidu.com/search/spider.html)"
116.179.37.94 - - [29/Jul/2026:18:42:09 +0200] "GET /wp-content/plugins/elementor-pro/assets/js/frontend.min.js?ver=3.28.1 HTTP/1.1" 200 5539 "https://www.canterasdemuro.es/gl/nosa-empresa/" "Mozilla/5.0 (compatible; Baiduspider-render/2.0; +http://www.baidu.com/search/spider.html)"
116.179.37.160 - - [29/Jul/2026:18:42:09 +0200] "GET /wp-content/plugins/elementor-pro/assets/js/elements-handlers.min.js?ver=3.28.1 HTTP/1.1" 200 5548 "https://www.canterasdemuro.es/gl/nosa-empresa/" "Mozilla/5.0 (compatible; Baiduspider-render/2.0; +http://www.baidu.com/search/spider.html)"
116.179.37.224 - - [29/Jul/2026:18:42:09 +0200] "GET /wp-content/uploads/2024/09/Canteras-de-muro-023.jpg HTTP/1.1" 200 5520 "https://www.canterasdemuro.es/wp-content/uploads/elementor/css/post-614.css?ver=1733197878" "Mozilla/5.0 (compatible; Baiduspider-render/2.0; +http://www.baidu.com/search/spider.html)"
116.179.37.182 - - [29/Jul/2026:18:42:09 +0200] "GET /wp-content/plugins/elementor/assets/js/frontend.min.js?ver=3.28.1 HTTP/1.1" 200 5535 "https://www.canterasdemuro.es/gl/nosa-empresa/" "Mozilla/5.0 (compatible; Baiduspider-render/2.0; +http://www.baidu.com/search/spider.html)"
116.179.37.70 - - [29/Jul/2026:18:42:10 +0200] "GET /wp-includes/js/jquery/ui/core.min.js?ver=1.13.3 HTTP/1.1" 200 5517 "https://www.canterasdemuro.es/gl/nosa-empresa/" "Mozilla/5.0 (compatible; Baiduspider-render/2.0; +http://www.baidu.com/search/spider.html)"
116.179.37.123 - - [29/Jul/2026:18:42:12 +0200] "GET /wp-content/plugins/elementor-pro/assets/js/nav-menu.a23fbd67486c5bedf26c.bundle.min.js HTTP/1.1" 200 5567 "https://www.canterasdemuro.es/gl/nosa-empresa/" "Mozilla/5.0 (compatible; Baiduspider-render/2.0; +http://www.baidu.com/search/spider.html)"
116.179.37.246 - - [29/Jul/2026:18:42:12 +0200] "GET /wp-includes/js/wp-emoji-release.min.js?ver=6.9 HTTP/1.1" 200 5519 "https://www.canterasdemuro.es/gl/nosa-empresa/" "Mozilla/5.0 (compatible; Baiduspider-render/2.0; +http://www.baidu.com/search/spider.html)"
116.179.37.231 - - [29/Jul/2026:18:42:13 +0200] "GET /wp-content/plugins/elementor/assets/js/text-editor.c084ef86600b6f11690d.bundle.min.js HTTP/1.1" 200 5566 "https://www.canterasdemuro.es/gl/nosa-empresa/" "Mozilla/5.0 (compatible; Baiduspider-render/2.0; +http://www.baidu.com/search/spider.html)"
116.179.37.228 - - [29/Jul/2026:18:42:14 +0200] "GET /wp-content/plugins/elementor/assets/lib/dialog/dialog.min.js?ver=4.9.3 HTTP/1.1" 200 5541 "https://www.canterasdemuro.es/gl/nosa-empresa/" "Mozilla/5.0 (compatible; Baiduspider-render/2.0; +http://www.baidu.com/search/spider.html)"
84.246.212.44 - - [29/Jul/2026:18:45:53 +0200] "POST /wp-cron.php?doing_wp_cron=1785343553.2139909267425537109375 HTTP/1.1" 200 5527 "-" "WordPress/6.9; https://www.canterasdemuro.es"
144.172.104.196 - - [29/Jul/2026:18:45:52 +0200] "GET /?post_type=wfacp_checkout HTTP/1.1" 301 5594 "-" "Mozilla/5.0 (Macintosh; Intel Mac OS X 10_15_7) AppleWebKit/605.1.15 (KHTML, like Gecko) Version/17.1 Safari/605.1.15"
84.246.212.44 - - [29/Jul/2026:18:45:53 +0200] "POST /wp-admin/admin-ajax.php?action=async_litespeed&nonce=fI8B9BKcOuAxZzncdRM26SSl53q4wsTm&litespeed_type=imgoptm HTTP/1.1" 200 5782 "-" "WordPress/6.9; https://www.canterasdemuro.es"
144.172.104.196 - - [29/Jul/2026:18:45:53 +0200] "GET /?post_type=wfacp_checkout HTTP/1.1" 200 100506 "https://canterasdemuro.es/?post_type=wfacp_checkout" "Mozilla/5.0 (Macintosh; Intel Mac OS X 10_15_7) AppleWebKit/605.1.15 (KHTML, like Gecko) Version/17.1 Safari/605.1.15"
144.172.104.196 - - [29/Jul/2026:18:45:55 +0200] "HEAD /wp-content/plugins/funnel-builder/assets/css/wfacp-style.css HTTP/1.1" 301 5714 "-" "Mozilla/5.0 (Windows NT 10.0; Win64; x64; rv:121.0) Gecko/20100101 Firefox/121.0"
144.172.104.196 - - [29/Jul/2026:18:45:56 +0200] "HEAD /wp-content/plugins/funnel-builder/assets/css/wfacp-style.css HTTP/1.1" 404 5639 "https://canterasdemuro.es/wp-content/plugins/funnel-builder/assets/css/wfacp-style.css" "Mozilla/5.0 (Windows NT 10.0; Win64; x64; rv:121.0) Gecko/20100101 Firefox/121.0"
84.246.212.44 - - [29/Jul/2026:18:53:39 +0200] "POST /wp-cron.php?doing_wp_cron=1785344019.0975720882415771484375 HTTP/1.1" 200 5527 "-" "WordPress/6.9; https://www.canterasdemuro.es"
47.128.53.48 - - [29/Jul/2026:18:53:37 +0200] "GET / HTTP/1.1" 200 100542 "-" "Mozilla/5.0 (Linux; Android 5.0) AppleWebKit/537.36 (KHTML, like Gecko) Mobile Safari/537.36 (compatible; Bytespider; spider-feedback@bytedance.com)"
84.246.212.44 - - [29/Jul/2026:18:53:39 +0200] "POST /wp-admin/admin-ajax.php?action=async_litespeed&nonce=WBkMdkWDFjFsHvAXVnuQQITmreP02g7N&litespeed_type=imgoptm HTTP/1.1" 200 5782 "-" "WordPress/6.9; https://www.canterasdemuro.es"
84.246.212.44 - - [29/Jul/2026:18:57:30 +0200] "POST /wp-cron.php?doing_wp_cron=1785344250.1047329902648925781250 HTTP/1.1" 200 5527 "-" "WordPress/6.9; https://www.canterasdemuro.es"
89.124.112.117 - - [29/Jul/2026:18:57:28 +0200] "GET /hello-world/ HTTP/1.1" 200 93785 "https://www.canterasdemuro.es/hello-world/" "Mozilla/5.0 (Windows NT 10.0; Win64; x64) AppleWebKit/537.36 (KHTML, like Gecko) Chrome/130.0.0.0 Safari/537.36"
84.246.212.44 - - [29/Jul/2026:18:57:30 +0200] "POST /wp-admin/admin-ajax.php?action=async_litespeed&nonce=mJPEtIv7yEZNvVAk78jI9ERMh16lv1gT&litespeed_type=imgoptm HTTP/1.1" 200 5782 "-" "WordPress/6.9; https://www.canterasdemuro.es"
89.124.112.117 - - [29/Jul/2026:18:57:30 +0200] "POST /wp-comments-post.php HTTP/1.1" 302 6304 "https://www.canterasdemuro.es/hello-world/" "Mozilla/5.0 (Windows NT 10.0; Win64; x64) AppleWebKit/537.36 (KHTML, like Gecko) Chrome/130.0.0.0 Safari/537.36"
89.124.112.117 - - [29/Jul/2026:18:57:32 +0200] "GET /hello-world/ HTTP/1.1" 200 97739 "https://www.canterasdemuro.es/hello-world/#comment-625" "Mozilla/5.0 (Windows NT 10.0; Win64; x64) AppleWebKit/537.36 (KHTML, like Gecko) Chrome/130.0.0.0 Safari/537.36"
47.128.53.24 - - [29/Jul/2026:18:57:42 +0200] "GET /robots.txt HTTP/1.1" 200 5682 "-" "Mozilla/5.0 (Linux; Android 5.0) AppleWebKit/537.36 (KHTML, like Gecko) Mobile Safari/537.36 (compatible; Bytespider; spider-feedback@bytedance.com)"
84.246.212.44 - - [29/Jul/2026:19:03:33 +0200] "POST /wp-cron.php?doing_wp_cron=1785344613.3603041172027587890625 HTTP/1.1" 200 5527 "-" "WordPress/6.9; https://www.canterasdemuro.es"
216.73.217.86 - - [29/Jul/2026:19:03:32 +0200] "GET /robots.txt HTTP/1.1" 200 5682 "-" "Mozilla/5.0 AppleWebKit/537.36 (KHTML, like Gecko; compatible; ClaudeBot/1.0; +claudebot@anthropic.com)"
84.246.212.44 - - [29/Jul/2026:19:03:33 +0200] "POST /wp-admin/admin-ajax.php?action=async_litespeed&nonce=MJiw6ScnnMhUpCzSWqSAfAnAIcVksEfk&litespeed_type=imgoptm HTTP/1.1" 200 5782 "-" "WordPress/6.9; https://www.canterasdemuro.es"
216.73.217.86 - - [29/Jul/2026:19:03:34 +0200] "GET /wp-sitemap.xml HTTP/1.1" 200 6234 "-" "Mozilla/5.0 AppleWebKit/537.36 (KHTML, like Gecko; compatible; ClaudeBot/1.0; +claudebot@anthropic.com)"
84.246.212.44 - - [29/Jul/2026:19:23:46 +0200] "POST /wp-cron.php?doing_wp_cron=1785345825.9424080848693847656250 HTTP/1.1" 200 5527 "-" "WordPress/6.9; https://www.canterasdemuro.es"
20.63.98.115 - - [29/Jul/2026:19:23:45 +0200] "GET /inputs.php HTTP/1.1" 301 5691 "-" "Mozilla/5.0 (Windows NT 10.0; Win64; x64) AppleWebKit/537.36 (KHTML, like Gecko) Chrome/120.0.0.0 Safari/537.36"
20.63.98.115 - - [29/Jul/2026:19:23:46 +0200] "GET /admin.php HTTP/1.1" 301 5690 "-" "Mozilla/5.0 (Windows NT 10.0; Win64; x64) AppleWebKit/537.36 (KHTML, like Gecko) Chrome/120.0.0.0 Safari/537.36"
84.246.212.44 - - [29/Jul/2026:19:23:46 +0200] "POST /wp-admin/admin-ajax.php?action=async_litespeed&nonce=PVA2eCVhqypdNghPoQzd3M5jQ5Mhq48u&litespeed_type=imgoptm HTTP/1.1" 200 5782 "-" "WordPress/6.9; https://www.canterasdemuro.es"
20.63.98.115 - - [29/Jul/2026:19:23:46 +0200] "GET /goods.php HTTP/1.1" 301 5690 "-" "Mozilla/5.0 (Windows NT 10.0; Win64; x64) AppleWebKit/537.36 (KHTML, like Gecko) Chrome/120.0.0.0 Safari/537.36"
20.63.98.115 - - [29/Jul/2026:19:23:47 +0200] "GET /file.php HTTP/1.1" 301 5689 "-" "Mozilla/5.0 (Windows NT 10.0; Win64; x64) AppleWebKit/537.36 (KHTML, like Gecko) Chrome/120.0.0.0 Safari/537.36"
20.63.98.115 - - [29/Jul/2026:19:23:47 +0200] "GET /adminfuns.php HTTP/1.1" 503 7331 "-" "Mozilla/5.0 (Windows NT 10.0; Win64; x64) AppleWebKit/537.36 (KHTML, like Gecko) Chrome/120.0.0.0 Safari/537.36"
20.63.98.115 - - [29/Jul/2026:19:23:47 +0200] "GET /404.php HTTP/1.1" 503 7331 "-" "Mozilla/5.0 (Windows NT 10.0; Win64; x64) AppleWebKit/537.36 (KHTML, like Gecko) Chrome/120.0.0.0 Safari/537.36"
20.63.98.115 - - [29/Jul/2026:19:23:48 +0200] "GET /wk/index.php HTTP/1.1" 503 7331 "-" "Mozilla/5.0 (Windows NT 10.0; Win64; x64) AppleWebKit/537.36 (KHTML, like Gecko) Chrome/120.0.0.0 Safari/537.36"
20.63.98.115 - - [29/Jul/2026:19:23:48 +0200] "GET /about.php HTTP/1.1" 503 7331 "-" "Mozilla/5.0 (Windows NT 10.0; Win64; x64) AppleWebKit/537.36 (KHTML, like Gecko) Chrome/120.0.0.0 Safari/537.36"
20.63.98.115 - - [29/Jul/2026:19:23:48 +0200] "GET /term.php HTTP/1.1" 503 7331 "-" "Mozilla/5.0 (Windows NT 10.0; Win64; x64) AppleWebKit/537.36 (KHTML, like Gecko) Chrome/120.0.0.0 Safari/537.36"
20.63.98.115 - - [29/Jul/2026:19:23:48 +0200] "GET /ioxi-o.php HTTP/1.1" 503 7331 "-" "Mozilla/5.0 (Windows NT 10.0; Win64; x64) AppleWebKit/537.36 (KHTML, like Gecko) Chrome/120.0.0.0 Safari/537.36"
20.63.98.115 - - [29/Jul/2026:19:23:48 +0200] "GET /1.php HTTP/1.1" 503 7331 "-" "Mozilla/5.0 (Windows NT 10.0; Win64; x64) AppleWebKit/537.36 (KHTML, like Gecko) Chrome/120.0.0.0 Safari/537.36"
20.63.98.115 - - [29/Jul/2026:19:23:48 +0200] "GET /alfa.php HTTP/1.1" 503 7331 "-" "Mozilla/5.0 (Windows NT 10.0; Win64; x64) AppleWebKit/537.36 (KHTML, like Gecko) Chrome/120.0.0.0 Safari/537.36"
20.63.98.115 - - [29/Jul/2026:19:23:48 +0200] "GET /edit.php HTTP/1.1" 503 7331 "-" "Mozilla/5.0 (Windows NT 10.0; Win64; x64) AppleWebKit/537.36 (KHTML, like Gecko) Chrome/120.0.0.0 Safari/537.36"
20.63.98.115 - - [29/Jul/2026:19:23:48 +0200] "GET /elp.php HTTP/1.1" 503 7331 "-" "Mozilla/5.0 (Windows NT 10.0; Win64; x64) AppleWebKit/537.36 (KHTML, like Gecko) Chrome/120.0.0.0 Safari/537.36"
20.63.98.115 - - [29/Jul/2026:19:23:49 +0200] "GET /classwithtostring.php HTTP/1.1" 503 7331 "-" "Mozilla/5.0 (Windows NT 10.0; Win64; x64) AppleWebKit/537.36 (KHTML, like Gecko) Chrome/120.0.0.0 Safari/537.36"
20.63.98.115 - - [29/Jul/2026:19:23:49 +0200] "GET /666.php HTTP/1.1" 503 7331 "-" "Mozilla/5.0 (Windows NT 10.0; Win64; x64) AppleWebKit/537.36 (KHTML, like Gecko) Chrome/120.0.0.0 Safari/537.36"
20.63.98.115 - - [29/Jul/2026:19:23:49 +0200] "GET /wp-admin/ HTTP/1.1" 503 7313 "-" "Mozilla/5.0 (Windows NT 10.0; Win64; x64) AppleWebKit/537.36 (KHTML, like Gecko) Chrome/120.0.0.0 Safari/537.36"
20.63.98.115 - - [29/Jul/2026:19:23:49 +0200] "GET /ws54.php HTTP/1.1" 503 7331 "-" "Mozilla/5.0 (Windows NT 10.0; Win64; x64) AppleWebKit/537.36 (KHTML, like Gecko) Chrome/120.0.0.0 Safari/537.36"
20.63.98.115 - - [29/Jul/2026:19:23:49 +0200] "GET /deepseek_d.php HTTP/1.1" 503 7331 "-" "Mozilla/5.0 (Windows NT 10.0; Win64; x64) AppleWebKit/537.36 (KHTML, like Gecko) Chrome/120.0.0.0 Safari/537.36"
20.63.98.115 - - [29/Jul/2026:19:23:49 +0200] "GET /function/function.php HTTP/1.1" 503 7331 "-" "Mozilla/5.0 (Windows NT 10.0; Win64; x64) AppleWebKit/537.36 (KHTML, like Gecko) Chrome/120.0.0.0 Safari/537.36"
20.63.98.115 - - [29/Jul/2026:19:23:49 +0200] "GET /nw.php HTTP/1.1" 503 7331 "-" "Mozilla/5.0 (Windows NT 10.0; Win64; x64) AppleWebKit/537.36 (KHTML, like Gecko) Chrome/120.0.0.0 Safari/537.36"
20.63.98.115 - - [29/Jul/2026:19:23:50 +0200] "GET /xleet.php HTTP/1.1" 503 7331 "-" "Mozilla/5.0 (Windows NT 10.0; Win64; x64) AppleWebKit/537.36 (KHTML, like Gecko) Chrome/120.0.0.0 Safari/537.36"
20.63.98.115 - - [29/Jul/2026:19:23:50 +0200] "GET /wp.php HTTP/1.1" 503 7331 "-" "Mozilla/5.0 (Windows NT 10.0; Win64; x64) AppleWebKit/537.36 (KHTML, like Gecko) Chrome/120.0.0.0 Safari/537.36"
20.63.98.115 - - [29/Jul/2026:19:23:50 +0200] "GET /155.php HTTP/1.1" 503 7331 "-" "Mozilla/5.0 (Windows NT 10.0; Win64; x64) AppleWebKit/537.36 (KHTML, like Gecko) Chrome/120.0.0.0 Safari/537.36"
20.63.98.115 - - [29/Jul/2026:19:23:50 +0200] "GET /96i.php HTTP/1.1" 503 7331 "-" "Mozilla/5.0 (Windows NT 10.0; Win64; x64) AppleWebKit/537.36 (KHTML, like Gecko) Chrome/120.0.0.0 Safari/537.36"
20.63.98.115 - - [29/Jul/2026:19:23:50 +0200] "GET /as.php HTTP/1.1" 503 7331 "-" "Mozilla/5.0 (Windows NT 10.0; Win64; x64) AppleWebKit/537.36 (KHTML, like Gecko) Chrome/120.0.0.0 Safari/537.36"
20.63.98.115 - - [29/Jul/2026:19:23:50 +0200] "GET /min.php HTTP/1.1" 503 7331 "-" "Mozilla/5.0 (Windows NT 10.0; Win64; x64) AppleWebKit/537.36 (KHTML, like Gecko) Chrome/120.0.0.0 Safari/537.36"
20.63.98.115 - - [29/Jul/2026:19:23:50 +0200] "GET /.well-known/ HTTP/1.1" 403 6292 "-" "Mozilla/5.0 (Windows NT 10.0; Win64; x64) AppleWebKit/537.36 (KHTML, like Gecko) Chrome/120.0.0.0 Safari/537.36"
20.63.98.115 - - [29/Jul/2026:19:23:51 +0200] "GET /php8.php HTTP/1.1" 503 7331 "-" "Mozilla/5.0 (Windows NT 10.0; Win64; x64) AppleWebKit/537.36 (KHTML, like Gecko) Chrome/120.0.0.0 Safari/537.36"
20.63.98.115 - - [29/Jul/2026:19:23:51 +0200] "GET /wp-content/admin.php HTTP/1.1" 503 7331 "-" "Mozilla/5.0 (Windows NT 10.0; Win64; x64) AppleWebKit/537.36 (KHTML, like Gecko) Chrome/120.0.0.0 Safari/537.36"
20.63.98.115 - - [29/Jul/2026:19:23:51 +0200] "GET /222.php HTTP/1.1" 503 7331 "-" "Mozilla/5.0 (Windows NT 10.0; Win64; x64) AppleWebKit/537.36 (KHTML, like Gecko) Chrome/120.0.0.0 Safari/537.36"
20.63.98.115 - - [29/Jul/2026:19:23:51 +0200] "GET /wp-content/themes/pridmag/il.php HTTP/1.1" 503 7331 "-" "Mozilla/5.0 (Windows NT 10.0; Win64; x64) AppleWebKit/537.36 (KHTML, like Gecko) Chrome/120.0.0.0 Safari/537.36"
84.246.212.44 - - [29/Jul/2026:19:23:50 +0200] "GET /?wp_scrape_key=66e340c57a1f31cf47be790c5fe5f902&wp_scrape_nonce=1785345828 HTTP/1.1" 200 100654 "-" "WordPress/6.9; https://www.canterasdemuro.es"
20.63.98.115 - - [29/Jul/2026:19:23:51 +0200] "GET /info.php HTTP/1.1" 503 7331 "-" "Mozilla/5.0 (Windows NT 10.0; Win64; x64) AppleWebKit/537.36 (KHTML, like Gecko) Chrome/120.0.0.0 Safari/537.36"
20.63.98.115 - - [29/Jul/2026:19:23:51 +0200] "GET /a.php HTTP/1.1" 503 7331 "-" "Mozilla/5.0 (Windows NT 10.0; Win64; x64) AppleWebKit/537.36 (KHTML, like Gecko) Chrome/120.0.0.0 Safari/537.36"
20.63.98.115 - - [29/Jul/2026:19:23:52 +0200] "GET /chosen.php HTTP/1.1" 503 7331 "-" "Mozilla/5.0 (Windows NT 10.0; Win64; x64) AppleWebKit/537.36 (KHTML, like Gecko) Chrome/120.0.0.0 Safari/537.36"
20.63.98.115 - - [29/Jul/2026:19:23:52 +0200] "GET /wp-content/index.php HTTP/1.1" 200 5434 "-" "Mozilla/5.0 (Windows NT 10.0; Win64; x64) AppleWebKit/537.36 (KHTML, like Gecko) Chrome/120.0.0.0 Safari/537.36"
20.63.98.115 - - [29/Jul/2026:19:23:52 +0200] "GET /vx.php HTTP/1.1" 503 7331 "-" "Mozilla/5.0 (Windows NT 10.0; Win64; x64) AppleWebKit/537.36 (KHTML, like Gecko) Chrome/120.0.0.0 Safari/537.36"
20.63.98.115 - - [29/Jul/2026:19:23:52 +0200] "GET /admin/controller/extension/ HTTP/1.1" 503 7331 "-" "Mozilla/5.0 (Windows NT 10.0; Win64; x64) AppleWebKit/537.36 (KHTML, like Gecko) Chrome/120.0.0.0 Safari/537.36"
20.63.98.115 - - [29/Jul/2026:19:23:52 +0200] "GET /wap.php HTTP/1.1" 503 7331 "-" "Mozilla/5.0 (Windows NT 10.0; Win64; x64) AppleWebKit/537.36 (KHTML, like Gecko) Chrome/120.0.0.0 Safari/537.36"
20.63.98.115 - - [29/Jul/2026:19:23:52 +0200] "GET /wp-admin/wp.php HTTP/1.1" 503 7331 "-" "Mozilla/5.0 (Windows NT 10.0; Win64; x64) AppleWebKit/537.36 (KHTML, like Gecko) Chrome/120.0.0.0 Safari/537.36"
20.63.98.115 - - [29/Jul/2026:19:23:52 +0200] "GET /bgymj.php HTTP/1.1" 503 7331 "-" "Mozilla/5.0 (Windows NT 10.0; Win64; x64) AppleWebKit/537.36 (KHTML, like Gecko) Chrome/120.0.0.0 Safari/537.36"
20.63.98.115 - - [29/Jul/2026:19:23:53 +0200] "GET /aa.php HTTP/1.1" 503 7331 "-" "Mozilla/5.0 (Windows NT 10.0; Win64; x64) AppleWebKit/537.36 (KHTML, like Gecko) Chrome/120.0.0.0 Safari/537.36"
20.63.98.115 - - [29/Jul/2026:19:23:53 +0200] "GET /wp-mail.php HTTP/1.1" 503 7331 "-" "Mozilla/5.0 (Windows NT 10.0; Win64; x64) AppleWebKit/537.36 (KHTML, like Gecko) Chrome/120.0.0.0 Safari/537.36"
20.63.98.115 - - [29/Jul/2026:19:23:53 +0200] "GET /bolt.php HTTP/1.1" 503 7331 "-" "Mozilla/5.0 (Windows NT 10.0; Win64; x64) AppleWebKit/537.36 (KHTML, like Gecko) Chrome/120.0.0.0 Safari/537.36"
20.63.98.115 - - [29/Jul/2026:19:23:53 +0200] "GET /bthil.php HTTP/1.1" 503 7331 "-" "Mozilla/5.0 (Windows NT 10.0; Win64; x64) AppleWebKit/537.36 (KHTML, like Gecko) Chrome/120.0.0.0 Safari/537.36"
20.63.98.115 - - [29/Jul/2026:19:23:53 +0200] "GET /cgi-bin/ HTTP/1.1" 403 6292 "-" "Mozilla/5.0 (Windows NT 10.0; Win64; x64) AppleWebKit/537.36 (KHTML, like Gecko) Chrome/120.0.0.0 Safari/537.36"
20.63.98.115 - - [29/Jul/2026:19:23:53 +0200] "GET /x.php HTTP/1.1" 503 7331 "-" "Mozilla/5.0 (Windows NT 10.0; Win64; x64) AppleWebKit/537.36 (KHTML, like Gecko) Chrome/120.0.0.0 Safari/537.36"
20.63.98.115 - - [29/Jul/2026:19:23:54 +0200] "GET /index/function.php HTTP/1.1" 503 7331 "-" "Mozilla/5.0 (Windows NT 10.0; Win64; x64) AppleWebKit/537.36 (KHTML, like Gecko) Chrome/120.0.0.0 Safari/537.36"
20.63.98.115 - - [29/Jul/2026:19:23:54 +0200] "GET /aaa.php HTTP/1.1" 503 7331 "-" "Mozilla/5.0 (Windows NT 10.0; Win64; x64) AppleWebKit/537.36 (KHTML, like Gecko) Chrome/120.0.0.0 Safari/537.36"
20.63.98.115 - - [29/Jul/2026:19:23:54 +0200] "GET /abcd.php HTTP/1.1" 503 7331 "-" "Mozilla/5.0 (Windows NT 10.0; Win64; x64) AppleWebKit/537.36 (KHTML, like Gecko) Chrome/120.0.0.0 Safari/537.36"
20.63.98.115 - - [29/Jul/2026:19:23:54 +0200] "GET /wp-good.php HTTP/1.1" 503 7331 "-" "Mozilla/5.0 (Windows NT 10.0; Win64; x64) AppleWebKit/537.36 (KHTML, like Gecko) Chrome/120.0.0.0 Safari/537.36"
20.63.98.115 - - [29/Jul/2026:19:23:54 +0200] "GET /simple.php HTTP/1.1" 503 7331 "-" "Mozilla/5.0 (Windows NT 10.0; Win64; x64) AppleWebKit/537.36 (KHTML, like Gecko) Chrome/120.0.0.0 Safari/537.36"
20.63.98.115 - - [29/Jul/2026:19:23:54 +0200] "GET /edit-tags.php HTTP/1.1" 503 7331 "-" "Mozilla/5.0 (Windows NT 10.0; Win64; x64) AppleWebKit/537.36 (KHTML, like Gecko) Chrome/120.0.0.0 Safari/537.36"
20.63.98.115 - - [29/Jul/2026:19:23:54 +0200] "GET /u.php HTTP/1.1" 503 7331 "-" "Mozilla/5.0 (Windows NT 10.0; Win64; x64) AppleWebKit/537.36 (KHTML, like Gecko) Chrome/120.0.0.0 Safari/537.36"
20.63.98.115 - - [29/Jul/2026:19:23:55 +0200] "GET /wp-content/themes/admin.php HTTP/1.1" 503 7331 "-" "Mozilla/5.0 (Windows NT 10.0; Win64; x64) AppleWebKit/537.36 (KHTML, like Gecko) Chrome/120.0.0.0 Safari/537.36"
20.63.98.115 - - [29/Jul/2026:19:23:55 +0200] "GET /h.php HTTP/1.1" 503 7331 "-" "Mozilla/5.0 (Windows NT 10.0; Win64; x64) AppleWebKit/537.36 (KHTML, like Gecko) Chrome/120.0.0.0 Safari/537.36"
20.63.98.115 - - [29/Jul/2026:19:23:55 +0200] "GET /ms-edit.php HTTP/1.1" 503 7331 "-" "Mozilla/5.0 (Windows NT 10.0; Win64; x64) AppleWebKit/537.36 (KHTML, like Gecko) Chrome/120.0.0.0 Safari/537.36"
20.63.98.115 - - [29/Jul/2026:19:23:55 +0200] "GET /a7.php HTTP/1.1" 503 7331 "-" "Mozilla/5.0 (Windows NT 10.0; Win64; x64) AppleWebKit/537.36 (KHTML, like Gecko) Chrome/120.0.0.0 Safari/537.36"
20.63.98.115 - - [29/Jul/2026:19:23:55 +0200] "GET /manager.php HTTP/1.1" 503 7331 "-" "Mozilla/5.0 (Windows NT 10.0; Win64; x64) AppleWebKit/537.36 (KHTML, like Gecko) Chrome/120.0.0.0 Safari/537.36"
20.63.98.115 - - [29/Jul/2026:19:23:55 +0200] "GET /w1.php HTTP/1.1" 503 7331 "-" "Mozilla/5.0 (Windows NT 10.0; Win64; x64) AppleWebKit/537.36 (KHTML, like Gecko) Chrome/120.0.0.0 Safari/537.36"
20.63.98.115 - - [29/Jul/2026:19:23:55 +0200] "GET /wp-includes/fonts/ HTTP/1.1" 403 6292 "-" "Mozilla/5.0 (Windows NT 10.0; Win64; x64) AppleWebKit/537.36 (KHTML, like Gecko) Chrome/120.0.0.0 Safari/537.36"
20.63.98.115 - - [29/Jul/2026:19:23:55 +0200] "GET /wp-login.php HTTP/1.1" 503 7331 "-" "Mozilla/5.0 (Windows NT 10.0; Win64; x64) AppleWebKit/537.36 (KHTML, like Gecko) Chrome/120.0.0.0 Safari/537.36"
20.63.98.115 - - [29/Jul/2026:19:23:56 +0200] "GET /default.php HTTP/1.1" 503 7331 "-" "Mozilla/5.0 (Windows NT 10.0; Win64; x64) AppleWebKit/537.36 (KHTML, like Gecko) Chrome/120.0.0.0 Safari/537.36"
20.63.98.115 - - [29/Jul/2026:19:23:56 +0200] "GET /i.php HTTP/1.1" 503 7331 "-" "Mozilla/5.0 (Windows NT 10.0; Win64; x64) AppleWebKit/537.36 (KHTML, like Gecko) Chrome/120.0.0.0 Safari/537.36"
20.63.98.115 - - [29/Jul/2026:19:23:56 +0200] "GET /wp-content/uploads/ HTTP/1.1" 403 6292 "-" "Mozilla/5.0 (Windows NT 10.0; Win64; x64) AppleWebKit/537.36 (KHTML, like Gecko) Chrome/120.0.0.0 Safari/537.36"
84.246.212.44 - - [29/Jul/2026:19:23:54 +0200] "GET /?wp_scrape_key=61a01c5f4d7a66b3e2d22673001e973c&wp_scrape_nonce=1785345832 HTTP/1.1" 200 100654 "-" "WordPress/6.9; https://www.canterasdemuro.es"
20.63.98.115 - - [29/Jul/2026:19:23:56 +0200] "GET /wp-includes/Requests/library/index.php HTTP/1.1" 503 7331 "-" "Mozilla/5.0 (Windows NT 10.0; Win64; x64) AppleWebKit/537.36 (KHTML, like Gecko) Chrome/120.0.0.0 Safari/537.36"
20.63.98.115 - - [29/Jul/2026:19:23:56 +0200] "GET /wp-content/themes/index.php HTTP/1.1" 200 5434 "-" "Mozilla/5.0 (Windows NT 10.0; Win64; x64) AppleWebKit/537.36 (KHTML, like Gecko) Chrome/120.0.0.0 Safari/537.36"
20.63.98.115 - - [29/Jul/2026:19:23:56 +0200] "GET /gecko-new.php HTTP/1.1" 503 7331 "-" "Mozilla/5.0 (Windows NT 10.0; Win64; x64) AppleWebKit/537.36 (KHTML, like Gecko) Chrome/120.0.0.0 Safari/537.36"
20.63.98.115 - - [29/Jul/2026:19:23:56 +0200] "GET /NewFile.php HTTP/1.1" 503 7331 "-" "Mozilla/5.0 (Windows NT 10.0; Win64; x64) AppleWebKit/537.36 (KHTML, like Gecko) Chrome/120.0.0.0 Safari/537.36"
20.63.98.115 - - [29/Jul/2026:19:23:56 +0200] "GET /wp-Blogs.php HTTP/1.1" 503 7331 "-" "Mozilla/5.0 (Windows NT 10.0; Win64; x64) AppleWebKit/537.36 (KHTML, like Gecko) Chrome/120.0.0.0 Safari/537.36"
20.63.98.115 - - [29/Jul/2026:19:23:57 +0200] "GET /wp-includes/fonts/index.php HTTP/1.1" 503 7331 "-" "Mozilla/5.0 (Windows NT 10.0; Win64; x64) AppleWebKit/537.36 (KHTML, like Gecko) Chrome/120.0.0.0 Safari/537.36"
20.63.98.115 - - [29/Jul/2026:19:23:57 +0200] "GET /themes.php HTTP/1.1" 503 7331 "-" "Mozilla/5.0 (Windows NT 10.0; Win64; x64) AppleWebKit/537.36 (KHTML, like Gecko) Chrome/120.0.0.0 Safari/537.36"
20.63.98.115 - - [29/Jul/2026:19:23:57 +0200] "GET /cv.php HTTP/1.1" 503 7331 "-" "Mozilla/5.0 (Windows NT 10.0; Win64; x64) AppleWebKit/537.36 (KHTML, like Gecko) Chrome/120.0.0.0 Safari/537.36"
20.63.98.115 - - [29/Jul/2026:19:23:57 +0200] "GET /wp-admin/js/ HTTP/1.1" 403 6292 "-" "Mozilla/5.0 (Windows NT 10.0; Win64; x64) AppleWebKit/537.36 (KHTML, like Gecko) Chrome/120.0.0.0 Safari/537.36"
20.63.98.115 - - [29/Jul/2026:19:23:57 +0200] "GET /wp-content/uploads/index.php HTTP/1.1" 503 7331 "-" "Mozilla/5.0 (Windows NT 10.0; Win64; x64) AppleWebKit/537.36 (KHTML, like Gecko) Chrome/120.0.0.0 Safari/537.36"
20.63.98.115 - - [29/Jul/2026:19:23:57 +0200] "GET /ws83.php HTTP/1.1" 503 7331 "-" "Mozilla/5.0 (Windows NT 10.0; Win64; x64) AppleWebKit/537.36 (KHTML, like Gecko) Chrome/120.0.0.0 Safari/537.36"
20.63.98.115 - - [29/Jul/2026:19:23:57 +0200] "GET /atex1.php HTTP/1.1" 503 7331 "-" "Mozilla/5.0 (Windows NT 10.0; Win64; x64) AppleWebKit/537.36 (KHTML, like Gecko) Chrome/120.0.0.0 Safari/537.36"
20.63.98.115 - - [29/Jul/2026:19:23:58 +0200] "GET /class-t.api.php HTTP/1.1" 503 7331 "-" "Mozilla/5.0 (Windows NT 10.0; Win64; x64) AppleWebKit/537.36 (KHTML, like Gecko) Chrome/120.0.0.0 Safari/537.36"
20.63.98.115 - - [29/Jul/2026:19:23:58 +0200] "GET /w.php HTTP/1.1" 503 7331 "-" "Mozilla/5.0 (Windows NT 10.0; Win64; x64) AppleWebKit/537.36 (KHTML, like Gecko) Chrome/120.0.0.0 Safari/537.36"
20.63.98.115 - - [29/Jul/2026:19:23:58 +0200] "GET /archive.php HTTP/1.1" 503 7331 "-" "Mozilla/5.0 (Windows NT 10.0; Win64; x64) AppleWebKit/537.36 (KHTML, like Gecko) Chrome/120.0.0.0 Safari/537.36"
20.63.98.115 - - [29/Jul/2026:19:23:58 +0200] "GET /bless.php HTTP/1.1" 503 7331 "-" "Mozilla/5.0 (Windows NT 10.0; Win64; x64) AppleWebKit/537.36 (KHTML, like Gecko) Chrome/120.0.0.0 Safari/537.36"
20.63.98.115 - - [29/Jul/2026:19:23:58 +0200] "GET /sagax1.php HTTP/1.1" 503 7331 "-" "Mozilla/5.0 (Windows NT 10.0; Win64; x64) AppleWebKit/537.36 (KHTML, like Gecko) Chrome/120.0.0.0 Safari/537.36"
20.63.98.115 - - [29/Jul/2026:19:23:58 +0200] "GET /wpc.php HTTP/1.1" 503 7331 "-" "Mozilla/5.0 (Windows NT 10.0; Win64; x64) AppleWebKit/537.36 (KHTML, like Gecko) Chrome/120.0.0.0 Safari/537.36"
20.63.98.115 - - [29/Jul/2026:19:23:58 +0200] "GET /fone1.php HTTP/1.1" 503 7331 "-" "Mozilla/5.0 (Windows NT 10.0; Win64; x64) AppleWebKit/537.36 (KHTML, like Gecko) Chrome/120.0.0.0 Safari/537.36"
20.63.98.115 - - [29/Jul/2026:19:23:59 +0200] "GET /ncx.php HTTP/1.1" 503 7331 "-" "Mozilla/5.0 (Windows NT 10.0; Win64; x64) AppleWebKit/537.36 (KHTML, like Gecko) Chrome/120.0.0.0 Safari/537.36"
20.63.98.115 - - [29/Jul/2026:19:23:59 +0200] "GET /wp-admin/js/index.php HTTP/1.1" 503 7331 "-" "Mozilla/5.0 (Windows NT 10.0; Win64; x64) AppleWebKit/537.36 (KHTML, like Gecko) Chrome/120.0.0.0 Safari/537.36"
20.63.98.115 - - [29/Jul/2026:19:23:59 +0200] "GET /wso.php HTTP/1.1" 503 7331 "-" "Mozilla/5.0 (Windows NT 10.0; Win64; x64) AppleWebKit/537.36 (KHTML, like Gecko) Chrome/120.0.0.0 Safari/537.36"
20.63.98.115 - - [29/Jul/2026:19:23:59 +0200] "GET /zup.php73 HTTP/1.1" 503 7331 "-" "Mozilla/5.0 (Windows NT 10.0; Win64; x64) AppleWebKit/537.36 (KHTML, like Gecko) Chrome/120.0.0.0 Safari/537.36"
20.63.98.115 - - [29/Jul/2026:19:23:59 +0200] "GET /k.php HTTP/1.1" 503 7331 "-" "Mozilla/5.0 (Windows NT 10.0; Win64; x64) AppleWebKit/537.36 (KHTML, like Gecko) Chrome/120.0.0.0 Safari/537.36"
20.63.98.115 - - [29/Jul/2026:19:23:59 +0200] "GET /wp-blink.php HTTP/1.1" 503 7331 "-" "Mozilla/5.0 (Windows NT 10.0; Win64; x64) AppleWebKit/537.36 (KHTML, like Gecko) Chrome/120.0.0.0 Safari/537.36"
20.63.98.115 - - [29/Jul/2026:19:24:00 +0200] "GET /randkeyword.PhP7 HTTP/1.1" 503 7331 "-" "Mozilla/5.0 (Windows NT 10.0; Win64; x64) AppleWebKit/537.36 (KHTML, like Gecko) Chrome/120.0.0.0 Safari/537.36"
20.63.98.115 - - [29/Jul/2026:19:24:00 +0200] "GET /wp-admin/css/colors/ectoplasm/ HTTP/1.1" 403 6292 "-" "Mozilla/5.0 (Windows NT 10.0; Win64; x64) AppleWebKit/537.36 (KHTML, like Gecko) Chrome/120.0.0.0 Safari/537.36"
20.63.98.115 - - [29/Jul/2026:19:24:00 +0200] "GET /wp-content/ HTTP/1.1" 200 5434 "-" "Mozilla/5.0 (Windows NT 10.0; Win64; x64) AppleWebKit/537.36 (KHTML, like Gecko) Chrome/120.0.0.0 Safari/537.36"
84.246.212.44 - - [29/Jul/2026:19:23:59 +0200] "GET /?wp_scrape_key=990d5b7db25bfe458631d5e1b20cc91f&wp_scrape_nonce=1785345837 HTTP/1.1" 200 100654 "-" "WordPress/6.9; https://www.canterasdemuro.es"
20.63.98.115 - - [29/Jul/2026:19:24:00 +0200] "GET /ww5.php HTTP/1.1" 503 7331 "-" "Mozilla/5.0 (Windows NT 10.0; Win64; x64) AppleWebKit/537.36 (KHTML, like Gecko) Chrome/120.0.0.0 Safari/537.36"
20.63.98.115 - - [29/Jul/2026:19:24:00 +0200] "GET /2.php HTTP/1.1" 503 7331 "-" "Mozilla/5.0 (Windows NT 10.0; Win64; x64) AppleWebKit/537.36 (KHTML, like Gecko) Chrome/120.0.0.0 Safari/537.36"
20.63.98.115 - - [29/Jul/2026:19:24:00 +0200] "GET /wp-admin/classwithtostring.php HTTP/1.1" 503 7331 "-" "Mozilla/5.0 (Windows NT 10.0; Win64; x64) AppleWebKit/537.36 (KHTML, like Gecko) Chrome/120.0.0.0 Safari/537.36"
20.63.98.115 - - [29/Jul/2026:19:24:00 +0200] "GET /atomlib.php HTTP/1.1" 503 7331 "-" "Mozilla/5.0 (Windows NT 10.0; Win64; x64) AppleWebKit/537.36 (KHTML, like Gecko) Chrome/120.0.0.0 Safari/537.36"
20.63.98.115 - - [29/Jul/2026:19:24:00 +0200] "GET /rip.php HTTP/1.1" 503 7331 "-" "Mozilla/5.0 (Windows NT 10.0; Win64; x64) AppleWebKit/537.36 (KHTML, like Gecko) Chrome/120.0.0.0 Safari/537.36"
20.63.98.115 - - [29/Jul/2026:19:24:00 +0200] "GET /p.php HTTP/1.1" 503 7331 "-" "Mozilla/5.0 (Windows NT 10.0; Win64; x64) AppleWebKit/537.36 (KHTML, like Gecko) Chrome/120.0.0.0 Safari/537.36"
20.63.98.115 - - [29/Jul/2026:19:24:01 +0200] "GET /php.php HTTP/1.1" 503 7331 "-" "Mozilla/5.0 (Windows NT 10.0; Win64; x64) AppleWebKit/537.36 (KHTML, like Gecko) Chrome/120.0.0.0 Safari/537.36"
84.246.212.44 - - [29/Jul/2026:19:24:04 +0200] "GET /?wp_scrape_key=85a1865172e74e3ab1fe2bf7ceb3913f&wp_scrape_nonce=1785345842 HTTP/1.1" 200 100654 "-" "WordPress/6.9; https://www.canterasdemuro.es"
84.246.212.44 - - [29/Jul/2026:19:24:08 +0200] "GET /?wp_scrape_key=4b04d37b36d4849c20857f193610b7ef&wp_scrape_nonce=1785345846 HTTP/1.1" 200 100654 "-" "WordPress/6.9; https://www.canterasdemuro.es"
84.246.212.44 - - [29/Jul/2026:19:24:12 +0200] "GET /?wp_scrape_key=40af092d2bf4b06f48603e4dd29ce0b9&wp_scrape_nonce=1785345850 HTTP/1.1" 200 100654 "-" "WordPress/6.9; https://www.canterasdemuro.es"
84.246.212.44 - - [29/Jul/2026:19:24:17 +0200] "GET /?wp_scrape_key=cd805a8657aa6b6f78d887b9f7f472ec&wp_scrape_nonce=1785345854 HTTP/1.1" 200 100654 "-" "WordPress/6.9; https://www.canterasdemuro.es"
84.246.212.44 - - [29/Jul/2026:19:24:21 +0200] "GET /?wp_scrape_key=88658970e82f594e761ad2e4c26a60d2&wp_scrape_nonce=1785345859 HTTP/1.1" 200 100654 "-" "WordPress/6.9; https://www.canterasdemuro.es"
84.246.212.44 - - [29/Jul/2026:19:24:25 +0200] "GET /?wp_scrape_key=a97c25b559ba805e737b542014e8e326&wp_scrape_nonce=1785345863 HTTP/1.1" 200 100654 "-" "WordPress/6.9; https://www.canterasdemuro.es"
51.195.183.50 - - [29/Jul/2026:19:24:27 +0200] "GET /wp-sitemap.xml HTTP/1.1" 503 7331 "-" "Mozilla/5.0 (compatible; AhrefsBot/7.0; +http://ahrefs.com/robot/)"
84.246.212.44 - - [29/Jul/2026:19:26:03 +0200] "POST /wp-cron.php?doing_wp_cron=1785345963.0135018825531005859375 HTTP/1.1" 200 5527 "-" "WordPress/6.9; https://www.canterasdemuro.es"
20.226.5.174 - - [29/Jul/2026:19:26:02 +0200] "GET /geju.php HTTP/1.1" 301 5689 "-" "Mozilla/5.0 (Windows NT 10.0; Win64; x64) AppleWebKit/537.36 (KHTML, like Gecko) Chrome/120.0.0.0 Safari/537.36"
20.226.5.174 - - [29/Jul/2026:19:26:03 +0200] "GET /wp-content/plugins/about.php HTTP/1.1" 301 5701 "-" "Mozilla/5.0 (Windows NT 10.0; Win64; x64) AppleWebKit/537.36 (KHTML, like Gecko) Chrome/120.0.0.0 Safari/537.36"
84.246.212.44 - - [29/Jul/2026:19:26:03 +0200] "POST /wp-admin/admin-ajax.php?action=async_litespeed&nonce=nwuv2DDqPdD95yhfh3rWWEsYitylE8Hs&litespeed_type=imgoptm HTTP/1.1" 200 5782 "-" "WordPress/6.9; https://www.canterasdemuro.es"
20.226.5.174 - - [29/Jul/2026:19:26:03 +0200] "GET /wp.php HTTP/1.1" 301 5687 "-" "Mozilla/5.0 (Windows NT 10.0; Win64; x64) AppleWebKit/537.36 (KHTML, like Gecko) Chrome/120.0.0.0 Safari/537.36"
20.226.5.174 - - [29/Jul/2026:19:26:04 +0200] "GET /aaa.php HTTP/1.1" 301 5688 "-" "Mozilla/5.0 (Windows NT 10.0; Win64; x64) AppleWebKit/537.36 (KHTML, like Gecko) Chrome/120.0.0.0 Safari/537.36"
20.226.5.174 - - [29/Jul/2026:19:26:04 +0200] "GET /hoot.php HTTP/1.1" 301 5689 "-" "Mozilla/5.0 (Windows NT 10.0; Win64; x64) AppleWebKit/537.36 (KHTML, like Gecko) Chrome/120.0.0.0 Safari/537.36"
20.226.5.174 - - [29/Jul/2026:19:26:05 +0200] "GET /about.php HTTP/1.1" 301 5690 "-" "Mozilla/5.0 (Windows NT 10.0; Win64; x64) AppleWebKit/537.36 (KHTML, like Gecko) Chrome/120.0.0.0 Safari/537.36"
20.226.5.174 - - [29/Jul/2026:19:26:06 +0200] "GET /admin.php HTTP/1.1" 301 5690 "-" "Mozilla/5.0 (Windows NT 10.0; Win64; x64) AppleWebKit/537.36 (KHTML, like Gecko) Chrome/120.0.0.0 Safari/537.36"
20.226.5.174 - - [29/Jul/2026:19:26:06 +0200] "GET /wp-content/plugins/admin.php HTTP/1.1" 301 5701 "-" "Mozilla/5.0 (Windows NT 10.0; Win64; x64) AppleWebKit/537.36 (KHTML, like Gecko) Chrome/120.0.0.0 Safari/537.36"
20.226.5.174 - - [29/Jul/2026:19:26:07 +0200] "GET /wp-content/db-cache.php HTTP/1.1" 301 5696 "-" "Mozilla/5.0 (Windows NT 10.0; Win64; x64) AppleWebKit/537.36 (KHTML, like Gecko) Chrome/120.0.0.0 Safari/537.36"
20.226.5.174 - - [29/Jul/2026:19:26:08 +0200] "GET /wp-content/themes/twentyeleven/functions.php HTTP/1.1" 301 5717 "-" "Mozilla/5.0 (Windows NT 10.0; Win64; x64) AppleWebKit/537.36 (KHTML, like Gecko) Chrome/120.0.0.0 Safari/537.36"
20.226.5.174 - - [29/Jul/2026:19:26:08 +0200] "GET /wp-content/themes/oceanwp/functions.php HTTP/1.1" 301 5712 "-" "Mozilla/5.0 (Windows NT 10.0; Win64; x64) AppleWebKit/537.36 (KHTML, like Gecko) Chrome/120.0.0.0 Safari/537.36"
20.226.5.174 - - [29/Jul/2026:19:26:09 +0200] "GET /wp-content/themes/twentythirteen/functions.php HTTP/1.1" 301 5719 "-" "Mozilla/5.0 (Windows NT 10.0; Win64; x64) AppleWebKit/537.36 (KHTML, like Gecko) Chrome/120.0.0.0 Safari/537.36"
20.226.5.174 - - [29/Jul/2026:19:26:09 +0200] "GET /wp-content/themes/kadence/functions.php HTTP/1.1" 301 5712 "-" "Mozilla/5.0 (Windows NT 10.0; Win64; x64) AppleWebKit/537.36 (KHTML, like Gecko) Chrome/120.0.0.0 Safari/537.36"
84.246.212.44 - - [29/Jul/2026:19:26:11 +0200] "POST /wp-cron.php?doing_wp_cron=1785345971.0242090225219726562500 HTTP/1.1" 200 5527 "-" "WordPress/6.9; https://www.canterasdemuro.es"
20.226.5.174 - - [29/Jul/2026:19:26:10 +0200] "GET /wp-content/themes/twentytwenty/functions.php HTTP/1.1" 301 5717 "-" "Mozilla/5.0 (Windows NT 10.0; Win64; x64) AppleWebKit/537.36 (KHTML, like Gecko) Chrome/120.0.0.0 Safari/537.36"
20.226.5.174 - - [29/Jul/2026:19:26:11 +0200] "GET /content.php HTTP/1.1" 301 5692 "-" "Mozilla/5.0 (Windows NT 10.0; Win64; x64) AppleWebKit/537.36 (KHTML, like Gecko) Chrome/120.0.0.0 Safari/537.36"
20.226.5.174 - - [29/Jul/2026:19:26:11 +0200] "GET /wp-content/plugins/not/includes/about.php HTTP/1.1" 301 5714 "-" "Mozilla/5.0 (Windows NT 10.0; Win64; x64) AppleWebKit/537.36 (KHTML, like Gecko) Chrome/120.0.0.0 Safari/537.36"
20.226.5.174 - - [29/Jul/2026:19:26:12 +0200] "GET /wp-content/plugins/simple/simple.php HTTP/1.1" 301 5709 "-" "Mozilla/5.0 (Windows NT 10.0; Win64; x64) AppleWebKit/537.36 (KHTML, like Gecko) Chrome/120.0.0.0 Safari/537.36"
84.246.212.44 - - [29/Jul/2026:19:26:13 +0200] "POST /wp-cron.php?doing_wp_cron=1785345973.5459260940551757812500 HTTP/1.1" 200 5527 "-" "WordPress/6.9; https://www.canterasdemuro.es"
20.226.5.174 - - [29/Jul/2026:19:26:13 +0200] "GET /wp-content/plugins/wp-theme-editor/include.php HTTP/1.1" 301 5719 "-" "Mozilla/5.0 (Windows NT 10.0; Win64; x64) AppleWebKit/537.36 (KHTML, like Gecko) Chrome/120.0.0.0 Safari/537.36"
20.226.5.174 - - [29/Jul/2026:19:26:13 +0200] "GET /wp-content/themes/aahana/json.php HTTP/1.1" 301 5706 "-" "Mozilla/5.0 (Windows NT 10.0; Win64; x64) AppleWebKit/537.36 (KHTML, like Gecko) Chrome/120.0.0.0 Safari/537.36"
84.246.212.44 - - [29/Jul/2026:19:26:14 +0200] "POST /wp-admin/admin-ajax.php?action=async_litespeed&nonce=8V8x2jwmdWlG6rDNDd6v6p8BX1caPDRx&litespeed_type=imgoptm HTTP/1.1" 200 5782 "-" "WordPress/6.9; https://www.canterasdemuro.es"
20.226.5.174 - - [29/Jul/2026:19:26:14 +0200] "GET /wp-content/plugins/awesome-coming-soon/come.php HTTP/1.1" 301 5720 "-" "Mozilla/5.0 (Windows NT 10.0; Win64; x64) AppleWebKit/537.36 (KHTML, like Gecko) Chrome/120.0.0.0 Safari/537.36"
20.226.5.174 - - [29/Jul/2026:19:26:15 +0200] "GET /wp-content/plugins/wp-conflg.php HTTP/1.1" 301 5705 "-" "Mozilla/5.0 (Windows NT 10.0; Win64; x64) AppleWebKit/537.36 (KHTML, like Gecko) Chrome/120.0.0.0 Safari/537.36"
20.226.5.174 - - [29/Jul/2026:19:26:15 +0200] "GET /wp-includes/Requests/about.php HTTP/1.1" 301 5711 "-" "Mozilla/5.0 (Windows NT 10.0; Win64; x64) AppleWebKit/537.36 (KHTML, like Gecko) Chrome/120.0.0.0 Safari/537.36"
20.226.5.174 - - [29/Jul/2026:19:26:16 +0200] "GET /wp-includes/style-engine/about.php HTTP/1.1" 301 5715 "-" "Mozilla/5.0 (Windows NT 10.0; Win64; x64) AppleWebKit/537.36 (KHTML, like Gecko) Chrome/120.0.0.0 Safari/537.36"
84.246.212.44 - - [29/Jul/2026:19:26:17 +0200] "POST /wp-cron.php?doing_wp_cron=1785345977.4447140693664550781250 HTTP/1.1" 200 5527 "-" "WordPress/6.9; https://www.canterasdemuro.es"
20.226.5.174 - - [29/Jul/2026:19:26:17 +0200] "GET /wp-includes/rest-api/about.php HTTP/1.1" 301 5711 "-" "Mozilla/5.0 (Windows NT 10.0; Win64; x64) AppleWebKit/537.36 (KHTML, like Gecko) Chrome/120.0.0.0 Safari/537.36"
20.226.5.174 - - [29/Jul/2026:19:26:17 +0200] "GET /wp-includes/SimplePie/about.php HTTP/1.1" 301 5712 "-" "Mozilla/5.0 (Windows NT 10.0; Win64; x64) AppleWebKit/537.36 (KHTML, like Gecko) Chrome/120.0.0.0 Safari/537.36"
20.226.5.174 - - [29/Jul/2026:19:26:18 +0200] "GET /wp-content/banners/about.php HTTP/1.1" 301 5701 "-" "Mozilla/5.0 (Windows NT 10.0; Win64; x64) AppleWebKit/537.36 (KHTML, like Gecko) Chrome/120.0.0.0 Safari/537.36"
20.226.5.174 - - [29/Jul/2026:19:26:18 +0200] "GET /wp-content/about.php HTTP/1.1" 301 5693 "-" "Mozilla/5.0 (Windows NT 10.0; Win64; x64) AppleWebKit/537.36 (KHTML, like Gecko) Chrome/120.0.0.0 Safari/537.36"
20.226.5.174 - - [29/Jul/2026:19:26:19 +0200] "GET /.well-known/about.php HTTP/1.1" 301 5702 "-" "Mozilla/5.0 (Windows NT 10.0; Win64; x64) AppleWebKit/537.36 (KHTML, like Gecko) Chrome/120.0.0.0 Safari/537.36"
20.226.5.174 - - [29/Jul/2026:19:26:20 +0200] "GET /wp-includes/Text/about.php HTTP/1.1" 301 5707 "-" "Mozilla/5.0 (Windows NT 10.0; Win64; x64) AppleWebKit/537.36 (KHTML, like Gecko) Chrome/120.0.0.0 Safari/537.36"
20.226.5.174 - - [29/Jul/2026:19:26:20 +0200] "GET /wp-includes/ID3/about.php HTTP/1.1" 301 5706 "-" "Mozilla/5.0 (Windows NT 10.0; Win64; x64) AppleWebKit/537.36 (KHTML, like Gecko) Chrome/120.0.0.0 Safari/537.36"
20.226.5.174 - - [29/Jul/2026:19:26:21 +0200] "GET /img/about.php HTTP/1.1" 301 5694 "-" "Mozilla/5.0 (Windows NT 10.0; Win64; x64) AppleWebKit/537.36 (KHTML, like Gecko) Chrome/120.0.0.0 Safari/537.36"
20.226.5.174 - - [29/Jul/2026:19:26:22 +0200] "GET /wp-content/languages/about.php HTTP/1.1" 301 5703 "-" "Mozilla/5.0 (Windows NT 10.0; Win64; x64) AppleWebKit/537.36 (KHTML, like Gecko) Chrome/120.0.0.0 Safari/537.36"
20.226.5.174 - - [29/Jul/2026:19:26:22 +0200] "GET /wp-includes/customize/about.php HTTP/1.1" 301 5712 "-" "Mozilla/5.0 (Windows NT 10.0; Win64; x64) AppleWebKit/537.36 (KHTML, like Gecko) Chrome/120.0.0.0 Safari/537.36"
20.226.5.174 - - [29/Jul/2026:19:26:23 +0200] "GET /wp-includes.bak/html-api/about.php HTTP/1.1" 301 5715 "-" "Mozilla/5.0 (Windows NT 10.0; Win64; x64) AppleWebKit/537.36 (KHTML, like Gecko) Chrome/120.0.0.0 Safari/537.36"
20.226.5.174 - - [29/Jul/2026:19:26:23 +0200] "GET /wp-includes/widgets/about.php HTTP/1.1" 301 5710 "-" "Mozilla/5.0 (Windows NT 10.0; Win64; x64) AppleWebKit/537.36 (KHTML, like Gecko) Chrome/120.0.0.0 Safari/537.36"
20.226.5.174 - - [29/Jul/2026:19:26:24 +0200] "GET /wp-includes/IXR/about.php HTTP/1.1" 301 5706 "-" "Mozilla/5.0 (Windows NT 10.0; Win64; x64) AppleWebKit/537.36 (KHTML, like Gecko) Chrome/120.0.0.0 Safari/537.36"
20.226.5.174 - - [29/Jul/2026:19:26:25 +0200] "GET /wp-admin/js/about.php HTTP/1.1" 301 5702 "-" "Mozilla/5.0 (Windows NT 10.0; Win64; x64) AppleWebKit/537.36 (KHTML, like Gecko) Chrome/120.0.0.0 Safari/537.36"
20.226.5.174 - - [29/Jul/2026:19:26:25 +0200] "GET /.well-known/pki-validation/about.php HTTP/1.1" 301 5717 "-" "Mozilla/5.0 (Windows NT 10.0; Win64; x64) AppleWebKit/537.36 (KHTML, like Gecko) Chrome/120.0.0.0 Safari/537.36"
20.226.5.174 - - [29/Jul/2026:19:26:26 +0200] "GET /wp-includes/pomo/about.php HTTP/1.1" 301 5707 "-" "Mozilla/5.0 (Windows NT 10.0; Win64; x64) AppleWebKit/537.36 (KHTML, like Gecko) Chrome/120.0.0.0 Safari/537.36"
20.226.5.174 - - [29/Jul/2026:19:26:26 +0200] "GET /wp-includes/block-patterns/about.php HTTP/1.1" 301 5717 "-" "Mozilla/5.0 (Windows NT 10.0; Win64; x64) AppleWebKit/537.36 (KHTML, like Gecko) Chrome/120.0.0.0 Safari/537.36"
20.226.5.174 - - [29/Jul/2026:19:26:27 +0200] "GET /wp-content/updraft/about.php HTTP/1.1" 301 5701 "-" "Mozilla/5.0 (Windows NT 10.0; Win64; x64) AppleWebKit/537.36 (KHTML, like Gecko) Chrome/120.0.0.0 Safari/537.36"
20.226.5.174 - - [29/Jul/2026:19:26:28 +0200] "GET /wp-content/upgrade-temp-backup/about.php HTTP/1.1" 301 5713 "-" "Mozilla/5.0 (Windows NT 10.0; Win64; x64) AppleWebKit/537.36 (KHTML, like Gecko) Chrome/120.0.0.0 Safari/537.36"
20.226.5.174 - - [29/Jul/2026:19:26:28 +0200] "GET /wp-content/themes/about.php HTTP/1.1" 301 5700 "-" "Mozilla/5.0 (Windows NT 10.0; Win64; x64) AppleWebKit/537.36 (KHTML, like Gecko) Chrome/120.0.0.0 Safari/537.36"
20.226.5.174 - - [29/Jul/2026:19:26:29 +0200] "GET /wp-admin/includes/about.php HTTP/1.1" 403 6292 "-" "Mozilla/5.0 (Windows NT 10.0; Win64; x64) AppleWebKit/537.36 (KHTML, like Gecko) Chrome/120.0.0.0 Safari/537.36"
20.226.5.174 - - [29/Jul/2026:19:26:29 +0200] "GET /images/about.php HTTP/1.1" 301 5697 "-" "Mozilla/5.0 (Windows NT 10.0; Win64; x64) AppleWebKit/537.36 (KHTML, like Gecko) Chrome/120.0.0.0 Safari/537.36"
20.226.5.174 - - [29/Jul/2026:19:26:30 +0200] "GET /wp-content/blogs.dir/about.php HTTP/1.1" 301 5703 "-" "Mozilla/5.0 (Windows NT 10.0; Win64; x64) AppleWebKit/537.36 (KHTML, like Gecko) Chrome/120.0.0.0 Safari/537.36"
20.226.5.174 - - [29/Jul/2026:19:26:30 +0200] "GET /wp-includes/images/about.php HTTP/1.1" 301 5709 "-" "Mozilla/5.0 (Windows NT 10.0; Win64; x64) AppleWebKit/537.36 (KHTML, like Gecko) Chrome/120.0.0.0 Safari/537.36"
20.226.5.174 - - [29/Jul/2026:19:26:31 +0200] "GET /wp-includes/about.php HTTP/1.1" 403 6292 "-" "Mozilla/5.0 (Windows NT 10.0; Win64; x64) AppleWebKit/537.36 (KHTML, like Gecko) Chrome/120.0.0.0 Safari/537.36"
20.226.5.174 - - [29/Jul/2026:19:26:31 +0200] "GET /cgi-bin/about.php HTTP/1.1" 404 6305 "-" "Mozilla/5.0 (Windows NT 10.0; Win64; x64) AppleWebKit/537.36 (KHTML, like Gecko) Chrome/120.0.0.0 Safari/537.36"
20.226.5.174 - - [29/Jul/2026:19:26:31 +0200] "GET /wp-content/gallery/about.php HTTP/1.1" 301 5701 "-" "Mozilla/5.0 (Windows NT 10.0; Win64; x64) AppleWebKit/537.36 (KHTML, like Gecko) Chrome/120.0.0.0 Safari/537.36"
20.226.5.174 - - [29/Jul/2026:19:26:32 +0200] "GET /wp-includes/blocks/about.php HTTP/1.1" 301 5709 "-" "Mozilla/5.0 (Windows NT 10.0; Win64; x64) AppleWebKit/537.36 (KHTML, like Gecko) Chrome/120.0.0.0 Safari/537.36"
20.226.5.174 - - [29/Jul/2026:19:26:33 +0200] "GET /wp-admin/css/about.php HTTP/1.1" 301 5703 "-" "Mozilla/5.0 (Windows NT 10.0; Win64; x64) AppleWebKit/537.36 (KHTML, like Gecko) Chrome/120.0.0.0 Safari/537.36"
20.226.5.174 - - [29/Jul/2026:19:26:33 +0200] "GET /wp-admin/images/about.php HTTP/1.1" 301 5706 "-" "Mozilla/5.0 (Windows NT 10.0; Win64; x64) AppleWebKit/537.36 (KHTML, like Gecko) Chrome/120.0.0.0 Safari/537.36"
20.226.5.174 - - [29/Jul/2026:19:26:34 +0200] "GET /.well-known/pki-validation/cloud.php HTTP/1.1" 301 5717 "-" "Mozilla/5.0 (Windows NT 10.0; Win64; x64) AppleWebKit/537.36 (KHTML, like Gecko) Chrome/120.0.0.0 Safari/537.36"
20.226.5.174 - - [29/Jul/2026:19:26:35 +0200] "GET /index.php HTTP/1.1" 301 5578 "-" "Mozilla/5.0 (Windows NT 10.0; Win64; x64) AppleWebKit/537.36 (KHTML, like Gecko) Chrome/120.0.0.0 Safari/537.36"
20.226.5.174 - - [29/Jul/2026:19:26:35 +0200] "GET /wp-admin/network/cloud.php HTTP/1.1" 301 5707 "-" "Mozilla/5.0 (Windows NT 10.0; Win64; x64) AppleWebKit/537.36 (KHTML, like Gecko) Chrome/120.0.0.0 Safari/537.36"
20.226.5.174 - - [29/Jul/2026:19:26:36 +0200] "GET /cloud.php HTTP/1.1" 301 5690 "-" "Mozilla/5.0 (Windows NT 10.0; Win64; x64) AppleWebKit/537.36 (KHTML, like Gecko) Chrome/120.0.0.0 Safari/537.36"
20.226.5.174 - - [29/Jul/2026:19:26:37 +0200] "GET /cgi-bin/cloud.php HTTP/1.1" 404 6305 "-" "Mozilla/5.0 (Windows NT 10.0; Win64; x64) AppleWebKit/537.36 (KHTML, like Gecko) Chrome/120.0.0.0 Safari/537.36"
20.226.5.174 - - [29/Jul/2026:19:26:37 +0200] "GET /wp-content/updates.php HTTP/1.1" 301 5695 "-" "Mozilla/5.0 (Windows NT 10.0; Win64; x64) AppleWebKit/537.36 (KHTML, like Gecko) Chrome/120.0.0.0 Safari/537.36"
20.226.5.174 - - [29/Jul/2026:19:26:37 +0200] "GET /css/cloud.php HTTP/1.1" 301 5694 "-" "Mozilla/5.0 (Windows NT 10.0; Win64; x64) AppleWebKit/537.36 (KHTML, like Gecko) Chrome/120.0.0.0 Safari/537.36"
20.226.5.174 - - [29/Jul/2026:19:26:38 +0200] "GET /wp-admin/user/cloud.php HTTP/1.1" 301 5704 "-" "Mozilla/5.0 (Windows NT 10.0; Win64; x64) AppleWebKit/537.36 (KHTML, like Gecko) Chrome/120.0.0.0 Safari/537.36"
20.226.5.174 - - [29/Jul/2026:19:26:39 +0200] "GET /img/cloud.php HTTP/1.1" 301 5694 "-" "Mozilla/5.0 (Windows NT 10.0; Win64; x64) AppleWebKit/537.36 (KHTML, like Gecko) Chrome/120.0.0.0 Safari/537.36"
20.226.5.174 - - [29/Jul/2026:19:26:39 +0200] "GET /wp-admin/css/colors/coffee/cloud.php HTTP/1.1" 301 5717 "-" "Mozilla/5.0 (Windows NT 10.0; Win64; x64) AppleWebKit/537.36 (KHTML, like Gecko) Chrome/120.0.0.0 Safari/537.36"
20.226.5.174 - - [29/Jul/2026:19:26:40 +0200] "GET /wp-admin/images/cloud.php HTTP/1.1" 301 5706 "-" "Mozilla/5.0 (Windows NT 10.0; Win64; x64) AppleWebKit/537.36 (KHTML, like Gecko) Chrome/120.0.0.0 Safari/537.36"
