84.246.212.44 - - [28/Jul/2026:11:12:59 +0200] "POST /wp-admin/admin-ajax.php?action=async_litespeed&nonce=pXMNyzFkLaNBZr4VFEMxrellbcYKkI6w&litespeed_type=imgoptm HTTP/1.1" 200 5780 "-" "WordPress/6.9; https://www.canterasdemuro.es"
103.171.189.94 - - [28/Jul/2026:11:13:08 +0200] "POST /xmlrpc.php HTTP/1.1" 200 5889 "-" "WordPress.com; https://wordpress.com"
84.246.212.44 - - [28/Jul/2026:11:13:20 +0200] "POST /wp-cron.php?doing_wp_cron=1785230000.1261670589447021484375 HTTP/1.1" 200 5525 "-" "WordPress/6.9; https://www.canterasdemuro.es"
103.171.189.94 - - [28/Jul/2026:11:13:19 +0200] "POST /xmlrpc.php HTTP/1.1" 200 5889 "-" "Jetpack by WordPress.com"
84.246.212.44 - - [28/Jul/2026:11:13:20 +0200] "POST /wp-admin/admin-ajax.php?action=async_litespeed&nonce=yfIbW42w8H6e9CS6P5WUOp1SxsYvCorp&litespeed_type=imgoptm HTTP/1.1" 200 5780 "-" "WordPress/6.9; https://www.canterasdemuro.es"
103.171.189.94 - - [28/Jul/2026:11:13:30 +0200] "POST /xmlrpc.php HTTP/1.1" 200 5889 "-" "Jetpack by WordPress.com (Jetpack 13.0; WordPress 6.4)"
103.171.189.94 - - [28/Jul/2026:11:13:41 +0200] "POST /xmlrpc.php HTTP/1.1" 200 5889 "-" "Jetpack by WordPress.com (Jetpack 13.0; WordPress 6.1)"
103.171.189.94 - - [28/Jul/2026:11:13:51 +0200] "POST /xmlrpc.php HTTP/1.1" 200 5889 "-" "Jetpack/12.5; WordPress/6.4; http://site21495023.com"
103.171.189.94 - - [28/Jul/2026:11:14:02 +0200] "POST /xmlrpc.php HTTP/1.1" 200 5889 "-" "Jetpack by WordPress.com"
84.246.212.44 - - [28/Jul/2026:11:14:13 +0200] "POST /wp-cron.php?doing_wp_cron=1785230053.8275160789489746093750 HTTP/1.1" 200 5525 "-" "WordPress/6.9; https://www.canterasdemuro.es"
103.171.189.94 - - [28/Jul/2026:11:14:13 +0200] "POST /xmlrpc.php HTTP/1.1" 200 5889 "-" "Jetpack by WordPress.com"
84.246.212.44 - - [28/Jul/2026:11:14:14 +0200] "POST /wp-admin/admin-ajax.php?action=async_litespeed&nonce=doQYDnoiCKSa1ZUy2RQj1xc1fbOaWCat&litespeed_type=imgoptm HTTP/1.1" 200 5780 "-" "WordPress/6.9; https://www.canterasdemuro.es"
84.246.212.44 - - [28/Jul/2026:11:14:24 +0200] "POST /wp-cron.php?doing_wp_cron=1785230064.3266270160675048828125 HTTP/1.1" 200 5525 "-" "WordPress/6.9; https://www.canterasdemuro.es"
103.171.189.94 - - [28/Jul/2026:11:14:24 +0200] "POST /xmlrpc.php HTTP/1.1" 200 5889 "-" "Jetpack by WordPress.com (Jetpack 13.0; WordPress 6.2)"
147.135.230.19 - - [28/Jul/2026:11:14:32 +0200] "GET /robots.txt HTTP/1.1" 200 5680 "-" "ethicrawl/0.1 (Ethical crawler respecting robots and AI directives; http://ethicrawl.ai/crawler; contact@ethicrawl.ai)"
147.135.230.19 - - [28/Jul/2026:11:14:33 +0200] "GET /llms.txt HTTP/1.1" 404 89432 "-" "ethicrawl/0.1 (Ethical crawler respecting robots and AI directives; http://ethicrawl.ai/crawler; contact@ethicrawl.ai)"
147.135.230.19 - - [28/Jul/2026:11:14:33 +0200] "GET /.well-known/tdmrep.json HTTP/1.1" 404 89432 "-" "ethicrawl/0.1 (Ethical crawler respecting robots and AI directives; http://ethicrawl.ai/crawler; contact@ethicrawl.ai)"
103.171.189.94 - - [28/Jul/2026:11:14:34 +0200] "POST /xmlrpc.php HTTP/1.1" 200 5889 "-" "WordPress.com; https://wordpress.com"
103.171.189.94 - - [28/Jul/2026:11:14:45 +0200] "POST /xmlrpc.php HTTP/1.1" 200 5889 "-" "WordPress.com; https://wordpress.com"
72.14.201.123 - - [28/Jul/2026:11:14:51 +0200] "GET / HTTP/1.1" 200 100540 "https://www.google.com/" "Mozilla/5.0 (Windows NT 10.0; Win64; x64) AppleWebKit/537.36 (KHTML, like Gecko) Chrome/150.0.0.0 Safari/537.36"
103.171.189.94 - - [28/Jul/2026:11:14:56 +0200] "POST /xmlrpc.php HTTP/1.1" 200 5889 "-" "Jetpack by WordPress.com"
103.171.189.94 - - [28/Jul/2026:11:15:06 +0200] "POST /xmlrpc.php HTTP/1.1" 200 5889 "-" "Jetpack by WordPress.com (Jetpack 13.0; WordPress 6.1)"
84.246.212.44 - - [28/Jul/2026:11:15:18 +0200] "POST /wp-cron.php?doing_wp_cron=1785230118.2860651016235351562500 HTTP/1.1" 200 5525 "-" "WordPress/6.9; https://www.canterasdemuro.es"
103.171.189.94 - - [28/Jul/2026:11:15:17 +0200] "POST /xmlrpc.php HTTP/1.1" 200 5889 "-" "Jetpack/12.0; WordPress/6.3; http://site96969616.com"
84.246.212.44 - - [28/Jul/2026:11:15:18 +0200] "POST /wp-admin/admin-ajax.php?action=async_litespeed&nonce=7mnBFSMXkqCtmMeYosuOzMzS1k1Uv1Iu&litespeed_type=imgoptm HTTP/1.1" 200 5780 "-" "WordPress/6.9; https://www.canterasdemuro.es"
103.171.189.94 - - [28/Jul/2026:11:15:28 +0200] "POST /xmlrpc.php HTTP/1.1" 200 5889 "-" "WordPress.com; https://wordpress.com"
103.171.189.94 - - [28/Jul/2026:11:15:39 +0200] "POST /xmlrpc.php HTTP/1.1" 403 6290 "-" "Jetpack by WordPress.com"
103.171.189.94 - - [28/Jul/2026:11:15:49 +0200] "POST /xmlrpc.php HTTP/1.1" 200 5889 "-" "WordPress.com; https://wordpress.com"
103.171.189.94 - - [28/Jul/2026:11:16:00 +0200] "POST /xmlrpc.php HTTP/1.1" 403 6290 "-" "Jetpack by WordPress.com"
103.171.189.94 - - [28/Jul/2026:11:16:11 +0200] "POST /xmlrpc.php HTTP/1.1" 403 6290 "-" "Jetpack by WordPress.com"
84.246.212.44 - - [28/Jul/2026:11:16:22 +0200] "POST /wp-cron.php?doing_wp_cron=1785230182.4779379367828369140625 HTTP/1.1" 200 5525 "-" "WordPress/6.9; https://www.canterasdemuro.es"
103.171.189.94 - - [28/Jul/2026:11:16:22 +0200] "POST /xmlrpc.php HTTP/1.1" 200 5889 "-" "Jetpack by WordPress.com (Jetpack 12.1; WordPress 6.1)"
84.246.212.44 - - [28/Jul/2026:11:16:23 +0200] "POST /wp-admin/admin-ajax.php?action=async_litespeed&nonce=w5BBmozxAcfwV7zJ80zSLnUXTVvpX2k8&litespeed_type=imgoptm HTTP/1.1" 200 5780 "-" "WordPress/6.9; https://www.canterasdemuro.es"
103.171.189.94 - - [28/Jul/2026:11:16:32 +0200] "POST /xmlrpc.php HTTP/1.1" 200 5889 "-" "Jetpack by WordPress.com (Jetpack 13.0; WordPress 6.2)"
103.171.189.94 - - [28/Jul/2026:11:16:43 +0200] "POST /xmlrpc.php HTTP/1.1" 200 5889 "-" "Jetpack by WordPress.com (Jetpack 12.5; WordPress 6.2)"
103.171.189.94 - - [28/Jul/2026:11:16:54 +0200] "POST /xmlrpc.php HTTP/1.1" 403 6290 "-" "WordPress.com; https://wordpress.com"
103.171.189.94 - - [28/Jul/2026:11:17:05 +0200] "POST /xmlrpc.php HTTP/1.1" 200 5889 "-" "Jetpack/12.0; WordPress/6.3; http://site70624707.com"
84.246.212.44 - - [28/Jul/2026:11:17:16 +0200] "POST /wp-cron.php?doing_wp_cron=1785230236.4419538974761962890625 HTTP/1.1" 200 5525 "-" "WordPress/6.9; https://www.canterasdemuro.es"
103.171.189.94 - - [28/Jul/2026:11:17:15 +0200] "POST /xmlrpc.php HTTP/1.1" 200 5889 "-" "Jetpack by WordPress.com (Jetpack 13.0; WordPress 6.1)"
84.246.212.44 - - [28/Jul/2026:11:17:17 +0200] "POST /wp-admin/admin-ajax.php?action=async_litespeed&nonce=QboBUw8ScQ6IZYGhcD2amCXdrbKeJAvQ&litespeed_type=imgoptm HTTP/1.1" 200 5780 "-" "WordPress/6.9; https://www.canterasdemuro.es"
84.246.212.44 - - [28/Jul/2026:11:17:27 +0200] "POST /wp-cron.php?doing_wp_cron=1785230247.0426421165466308593750 HTTP/1.1" 200 5525 "-" "WordPress/6.9; https://www.canterasdemuro.es"
103.171.189.94 - - [28/Jul/2026:11:17:26 +0200] "POST /xmlrpc.php HTTP/1.1" 200 5889 "-" "Jetpack/13.0; WordPress/6.4; http://site86364501.com"
103.171.189.94 - - [28/Jul/2026:11:17:37 +0200] "POST /xmlrpc.php HTTP/1.1" 403 6290 "-" "Jetpack by WordPress.com"
103.171.189.94 - - [28/Jul/2026:11:17:48 +0200] "POST /xmlrpc.php HTTP/1.1" 200 5889 "-" "Jetpack/13.0; WordPress/6.2; http://site28419146.com"
103.171.189.94 - - [28/Jul/2026:11:17:58 +0200] "POST /xmlrpc.php HTTP/1.1" 403 6290 "-" "WordPress.com; https://wordpress.com"
147.135.230.19 - - [28/Jul/2026:11:18:06 +0200] "GET /robots.txt HTTP/1.1" 200 5680 "-" "ethicrawl/0.1 (Ethical crawler respecting robots and AI directives; http://ethicrawl.ai/crawler; contact@ethicrawl.ai)"
147.135.230.19 - - [28/Jul/2026:11:18:06 +0200] "GET /.well-known/tdmrep.json HTTP/1.1" 404 89432 "-" "ethicrawl/0.1 (Ethical crawler respecting robots and AI directives; http://ethicrawl.ai/crawler; contact@ethicrawl.ai)"
147.135.230.19 - - [28/Jul/2026:11:18:06 +0200] "GET /llms.txt HTTP/1.1" 404 89432 "-" "ethicrawl/0.1 (Ethical crawler respecting robots and AI directives; http://ethicrawl.ai/crawler; contact@ethicrawl.ai)"
103.171.189.94 - - [28/Jul/2026:11:18:09 +0200] "POST /xmlrpc.php HTTP/1.1" 403 6290 "-" "WordPress.com; https://wordpress.com"
84.246.212.44 - - [28/Jul/2026:11:18:20 +0200] "POST /wp-cron.php?doing_wp_cron=1785230300.7855019569396972656250 HTTP/1.1" 200 5525 "-" "WordPress/6.9; https://www.canterasdemuro.es"
103.171.189.94 - - [28/Jul/2026:11:18:20 +0200] "POST /xmlrpc.php HTTP/1.1" 200 5889 "-" "Jetpack by WordPress.com (Jetpack 12.0; WordPress 6.2)"
84.246.212.44 - - [28/Jul/2026:11:18:21 +0200] "POST /wp-admin/admin-ajax.php?action=async_litespeed&nonce=fcjfnHN9BTzPcbXZ3JXIc6tDiLc5nQut&litespeed_type=imgoptm HTTP/1.1" 200 5780 "-" "WordPress/6.9; https://www.canterasdemuro.es"
103.171.189.94 - - [28/Jul/2026:11:18:31 +0200] "POST /xmlrpc.php HTTP/1.1" 403 6290 "-" "WordPress.com; https://wordpress.com"
103.171.189.94 - - [28/Jul/2026:11:18:41 +0200] "POST /xmlrpc.php HTTP/1.1" 200 5889 "-" "Jetpack by WordPress.com (Jetpack 13.0; WordPress 6.3)"
103.171.189.94 - - [28/Jul/2026:11:18:52 +0200] "POST /xmlrpc.php HTTP/1.1" 200 5889 "-" "Jetpack by WordPress.com (Jetpack 12.1; WordPress 6.2)"
103.171.189.94 - - [28/Jul/2026:11:19:03 +0200] "POST /xmlrpc.php HTTP/1.1" 200 5889 "-" "Jetpack by WordPress.com (Jetpack 12.0; WordPress 6.4)"
84.246.212.44 - - [28/Jul/2026:11:19:14 +0200] "POST /wp-cron.php?doing_wp_cron=1785230354.3976559638977050781250 HTTP/1.1" 200 5525 "-" "WordPress/6.9; https://www.canterasdemuro.es"
103.171.189.94 - - [28/Jul/2026:11:19:14 +0200] "POST /xmlrpc.php HTTP/1.1" 200 5889 "-" "Jetpack by WordPress.com (Jetpack 12.0; WordPress 6.4)"
84.246.212.44 - - [28/Jul/2026:11:19:15 +0200] "POST /wp-admin/admin-ajax.php?action=async_litespeed&nonce=xWWxLrF0xtUJk7MKoql6Zv8JUBEqpzpk&litespeed_type=imgoptm HTTP/1.1" 200 5780 "-" "WordPress/6.9; https://www.canterasdemuro.es"
103.171.189.94 - - [28/Jul/2026:11:19:24 +0200] "POST /xmlrpc.php HTTP/1.1" 403 6290 "-" "WordPress.com; https://wordpress.com"
84.246.212.44 - - [28/Jul/2026:11:19:47 +0200] "POST /wp-cron.php?doing_wp_cron=1785230387.1312289237976074218750 HTTP/1.1" 200 5525 "-" "WordPress/6.9; https://www.canterasdemuro.es"
103.171.189.66 - - [28/Jul/2026:11:19:46 +0200] "POST /xmlrpc.php HTTP/1.1" 200 5889 "-" "WordPress.com; https://wordpress.com"
103.171.189.66 - - [28/Jul/2026:11:19:56 +0200] "POST /xmlrpc.php HTTP/1.1" 200 5889 "-" "Jetpack/13.0; WordPress/6.4; http://site91244748.com"
103.171.189.66 - - [28/Jul/2026:11:20:07 +0200] "POST /xmlrpc.php HTTP/1.1" 200 5889 "-" "Jetpack by WordPress.com"
84.246.212.44 - - [28/Jul/2026:11:20:18 +0200] "POST /wp-cron.php?doing_wp_cron=1785230418.6322500705718994140625 HTTP/1.1" 200 5525 "-" "WordPress/6.9; https://www.canterasdemuro.es"
103.171.189.66 - - [28/Jul/2026:11:20:18 +0200] "POST /xmlrpc.php HTTP/1.1" 200 5889 "-" "Jetpack by WordPress.com"
84.246.212.44 - - [28/Jul/2026:11:20:19 +0200] "POST /wp-admin/admin-ajax.php?action=async_litespeed&nonce=RAkHOhY3Xh0dT6KqZA6UWEnCVQhw2YW4&litespeed_type=imgoptm HTTP/1.1" 200 5780 "-" "WordPress/6.9; https://www.canterasdemuro.es"
103.171.189.66 - - [28/Jul/2026:11:20:28 +0200] "POST /xmlrpc.php HTTP/1.1" 200 5889 "-" "Jetpack by WordPress.com"
103.171.189.66 - - [28/Jul/2026:11:20:39 +0200] "POST /xmlrpc.php HTTP/1.1" 200 5889 "-" "WordPress.com; https://wordpress.com"
103.171.189.66 - - [28/Jul/2026:11:20:50 +0200] "POST /xmlrpc.php HTTP/1.1" 200 5889 "-" "Jetpack by WordPress.com"
103.171.189.66 - - [28/Jul/2026:11:21:00 +0200] "POST /xmlrpc.php HTTP/1.1" 200 5889 "-" "Jetpack/12.0; WordPress/6.1; http://site88309424.com"
84.246.212.44 - - [28/Jul/2026:11:21:11 +0200] "POST /wp-cron.php?doing_wp_cron=1785230471.9646039009094238281250 HTTP/1.1" 200 5525 "-" "WordPress/6.9; https://www.canterasdemuro.es"
103.171.189.66 - - [28/Jul/2026:11:21:11 +0200] "POST /xmlrpc.php HTTP/1.1" 200 5889 "-" "Jetpack by WordPress.com (Jetpack 13.0; WordPress 6.1)"
84.246.212.44 - - [28/Jul/2026:11:21:22 +0200] "POST /wp-cron.php?doing_wp_cron=1785230482.8697741031646728515625 HTTP/1.1" 200 5525 "-" "WordPress/6.9; https://www.canterasdemuro.es"
103.171.189.66 - - [28/Jul/2026:11:21:22 +0200] "POST /xmlrpc.php HTTP/1.1" 200 5889 "-" "WordPress.com; https://wordpress.com"
84.246.212.44 - - [28/Jul/2026:11:21:23 +0200] "POST /wp-admin/admin-ajax.php?action=async_litespeed&nonce=eAPe9B0B6QqGjKnlqmwB7tHPfX2XXb85&litespeed_type=imgoptm HTTP/1.1" 200 5780 "-" "WordPress/6.9; https://www.canterasdemuro.es"
103.171.189.66 - - [28/Jul/2026:11:21:33 +0200] "POST /xmlrpc.php HTTP/1.1" 200 5889 "-" "WordPress.com; https://wordpress.com"
103.171.189.66 - - [28/Jul/2026:11:21:43 +0200] "POST /xmlrpc.php HTTP/1.1" 200 5889 "-" "Jetpack by WordPress.com (Jetpack 12.0; WordPress 6.1)"
103.171.189.66 - - [28/Jul/2026:11:21:54 +0200] "POST /xmlrpc.php HTTP/1.1" 200 5889 "-" "Jetpack by WordPress.com (Jetpack 13.0; WordPress 6.3)"
103.171.189.66 - - [28/Jul/2026:11:22:05 +0200] "POST /xmlrpc.php HTTP/1.1" 200 5889 "-" "Jetpack by WordPress.com (Jetpack 13.0; WordPress 6.3)"
84.246.212.44 - - [28/Jul/2026:11:22:16 +0200] "POST /wp-cron.php?doing_wp_cron=1785230536.1329739093780517578125 HTTP/1.1" 200 5525 "-" "WordPress/6.9; https://www.canterasdemuro.es"
103.171.189.66 - - [28/Jul/2026:11:22:15 +0200] "POST /xmlrpc.php HTTP/1.1" 200 5889 "-" "Jetpack/12.1; WordPress/6.3; http://site18498125.com"
84.246.212.44 - - [28/Jul/2026:11:22:16 +0200] "POST /wp-admin/admin-ajax.php?action=async_litespeed&nonce=VOqaNPII29YpXYqkGrIWIkkglLh82YdL&litespeed_type=imgoptm HTTP/1.1" 200 5780 "-" "WordPress/6.9; https://www.canterasdemuro.es"
84.246.212.44 - - [28/Jul/2026:11:22:26 +0200] "POST /wp-cron.php?doing_wp_cron=1785230546.8973560333251953125000 HTTP/1.1" 200 5525 "-" "WordPress/6.9; https://www.canterasdemuro.es"
103.171.189.66 - - [28/Jul/2026:11:22:26 +0200] "POST /xmlrpc.php HTTP/1.1" 200 5889 "-" "Jetpack by WordPress.com (Jetpack 12.5; WordPress 6.3)"
103.171.189.66 - - [28/Jul/2026:11:22:37 +0200] "POST /xmlrpc.php HTTP/1.1" 200 5889 "-" "WordPress.com; https://wordpress.com"
103.171.189.66 - - [28/Jul/2026:11:22:47 +0200] "POST /xmlrpc.php HTTP/1.1" 403 6290 "-" "WordPress.com; https://wordpress.com"
84.246.212.44 - - [28/Jul/2026:11:22:59 +0200] "POST /wp-cron.php?doing_wp_cron=1785230579.0791850090026855468750 HTTP/1.1" 200 5525 "-" "WordPress/6.9; https://www.canterasdemuro.es"
103.171.189.66 - - [28/Jul/2026:11:22:58 +0200] "POST /xmlrpc.php HTTP/1.1" 200 5889 "-" "Jetpack by WordPress.com"
84.246.212.44 - - [28/Jul/2026:11:23:02 +0200] "GET /?wp_scrape_key=06aa00958f1614f7564d7b8c62b67116&wp_scrape_nonce=1785230580 HTTP/1.1" 200 100652 "-" "WordPress/6.9; https://www.canterasdemuro.es"
84.246.212.44 - - [28/Jul/2026:11:23:07 +0200] "GET /?wp_scrape_key=125641d72a803be93ab35456db18988b&wp_scrape_nonce=1785230585 HTTP/1.1" 200 100652 "-" "WordPress/6.9; https://www.canterasdemuro.es"
103.171.189.66 - - [28/Jul/2026:11:23:09 +0200] "POST /xmlrpc.php HTTP/1.1" 503 7329 "-" "Jetpack by WordPress.com (Jetpack 12.1; WordPress 6.3)"
84.246.212.44 - - [28/Jul/2026:11:23:10 +0200] "GET /?wp_scrape_key=3b741fe0d226aebb2cd1c0647b97bde4&wp_scrape_nonce=1785230588 HTTP/1.1" 200 100652 "-" "WordPress/6.9; https://www.canterasdemuro.es"
84.246.212.44 - - [28/Jul/2026:11:23:15 +0200] "GET /?wp_scrape_key=642639292e3e7e3d065d5bc78044ea04&wp_scrape_nonce=1785230593 HTTP/1.1" 200 100674 "-" "WordPress/6.9; https://www.canterasdemuro.es"
103.171.189.66 - - [28/Jul/2026:11:23:20 +0200] "POST /xmlrpc.php HTTP/1.1" 403 6290 "-" "WordPress.com; https://wordpress.com"
84.246.212.44 - - [28/Jul/2026:11:23:20 +0200] "GET /?wp_scrape_key=022892c692f1365120f77394986d2a17&wp_scrape_nonce=1785230598 HTTP/1.1" 200 100652 "-" "WordPress/6.9; https://www.canterasdemuro.es"
84.246.212.44 - - [28/Jul/2026:11:23:24 +0200] "GET /?wp_scrape_key=cd470800f06ca45328f30254d623414f&wp_scrape_nonce=1785230602 HTTP/1.1" 200 100652 "-" "WordPress/6.9; https://www.canterasdemuro.es"
84.246.212.44 - - [28/Jul/2026:11:23:28 +0200] "GET /?wp_scrape_key=7a9f6dd2470675a13420227b54aa2243&wp_scrape_nonce=1785230606 HTTP/1.1" 200 100652 "-" "WordPress/6.9; https://www.canterasdemuro.es"
103.171.189.66 - - [28/Jul/2026:11:23:30 +0200] "POST /xmlrpc.php HTTP/1.1" 403 6290 "-" "WordPress.com; https://wordpress.com"
84.246.212.44 - - [28/Jul/2026:11:23:32 +0200] "GET /?wp_scrape_key=aa08c16707d298a71c65f595c41f19c5&wp_scrape_nonce=1785230610 HTTP/1.1" 200 100652 "-" "WordPress/6.9; https://www.canterasdemuro.es"
84.246.212.44 - - [28/Jul/2026:11:23:37 +0200] "GET /?wp_scrape_key=54a305645fb75c05c428b197297f4298&wp_scrape_nonce=1785230615 HTTP/1.1" 200 100652 "-" "WordPress/6.9; https://www.canterasdemuro.es"
103.171.189.66 - - [28/Jul/2026:11:23:41 +0200] "POST /xmlrpc.php HTTP/1.1" 403 6290 "-" "WordPress.com; https://wordpress.com"
103.171.189.66 - - [28/Jul/2026:11:23:52 +0200] "POST /xmlrpc.php HTTP/1.1" 403 6290 "-" "Jetpack by WordPress.com"
84.246.212.44 - - [28/Jul/2026:11:24:03 +0200] "POST /wp-cron.php?doing_wp_cron=1785230643.6908490657806396484375 HTTP/1.1" 200 5525 "-" "WordPress/6.9; https://www.canterasdemuro.es"
103.171.189.66 - - [28/Jul/2026:11:24:03 +0200] "POST /xmlrpc.php HTTP/1.1" 200 5889 "-" "Jetpack by WordPress.com (Jetpack 12.1; WordPress 6.1)"
84.246.212.44 - - [28/Jul/2026:11:24:04 +0200] "POST /wp-admin/admin-ajax.php?action=async_litespeed&nonce=ABvKX2nXXDOnOeeTY96DclbpJqgoQUML&litespeed_type=imgoptm HTTP/1.1" 200 5780 "-" "WordPress/6.9; https://www.canterasdemuro.es"
103.171.189.66 - - [28/Jul/2026:11:24:13 +0200] "POST /xmlrpc.php HTTP/1.1" 403 6290 "-" "Jetpack by WordPress.com"
103.171.189.66 - - [28/Jul/2026:11:24:24 +0200] "POST /xmlrpc.php HTTP/1.1" 403 6290 "-" "Jetpack by WordPress.com"
84.246.212.44 - - [28/Jul/2026:11:24:35 +0200] "POST /wp-cron.php?doing_wp_cron=1785230675.6393139362335205078125 HTTP/1.1" 200 5525 "-" "WordPress/6.9; https://www.canterasdemuro.es"
103.171.189.66 - - [28/Jul/2026:11:24:35 +0200] "POST /xmlrpc.php HTTP/1.1" 200 5889 "-" "Jetpack/12.0; WordPress/6.4; http://site54300069.com"
84.246.212.44 - - [28/Jul/2026:11:24:36 +0200] "POST /wp-admin/admin-ajax.php?action=async_litespeed&nonce=Pzz6wyR93xuGKAYUdp8kdJoc3wg69gDq&litespeed_type=imgoptm HTTP/1.1" 200 5780 "-" "WordPress/6.9; https://www.canterasdemuro.es"
103.171.189.66 - - [28/Jul/2026:11:24:45 +0200] "POST /xmlrpc.php HTTP/1.1" 403 6290 "-" "WordPress.com; https://wordpress.com"
103.171.189.66 - - [28/Jul/2026:11:24:56 +0200] "POST /xmlrpc.php HTTP/1.1" 200 5889 "-" "Jetpack/12.1; WordPress/6.2; http://site55701213.com"
103.171.189.66 - - [28/Jul/2026:11:25:07 +0200] "POST /xmlrpc.php HTTP/1.1" 403 6290 "-" "WordPress.com; https://wordpress.com"
84.246.212.44 - - [28/Jul/2026:11:25:18 +0200] "POST /wp-cron.php?doing_wp_cron=1785230718.6471199989318847656250 HTTP/1.1" 200 5525 "-" "WordPress/6.9; https://www.canterasdemuro.es"
103.171.189.66 - - [28/Jul/2026:11:25:18 +0200] "POST /xmlrpc.php HTTP/1.1" 200 5889 "-" "Jetpack/12.5; WordPress/6.1; http://site29979881.com"
84.246.212.44 - - [28/Jul/2026:11:25:19 +0200] "POST /wp-admin/admin-ajax.php?action=async_litespeed&nonce=dvAKxsesfGEPAQqJdiLoJD21Wh3VRto9&litespeed_type=imgoptm HTTP/1.1" 200 5780 "-" "WordPress/6.9; https://www.canterasdemuro.es"
103.171.189.66 - - [28/Jul/2026:11:25:28 +0200] "POST /xmlrpc.php HTTP/1.1" 403 6290 "-" "WordPress.com; https://wordpress.com"
103.171.189.66 - - [28/Jul/2026:11:25:39 +0200] "POST /xmlrpc.php HTTP/1.1" 403 6290 "-" "Jetpack by WordPress.com"
103.171.189.66 - - [28/Jul/2026:11:25:50 +0200] "POST /xmlrpc.php HTTP/1.1" 200 5889 "-" "Jetpack by WordPress.com (Jetpack 12.1; WordPress 6.4)"
103.171.189.66 - - [28/Jul/2026:11:26:12 +0200] "POST /xmlrpc.php HTTP/1.1" 200 5889 "-" "Jetpack by WordPress.com (Jetpack 12.0; WordPress 6.4)"
84.246.212.44 - - [28/Jul/2026:11:26:12 +0200] "POST /wp-cron.php?doing_wp_cron=1785230772.6604259014129638671875 HTTP/1.1" 200 5525 "-" "WordPress/6.9; https://www.canterasdemuro.es"
103.171.189.66 - - [28/Jul/2026:11:26:01 +0200] "POST /xmlrpc.php HTTP/1.1" 200 5889 "-" "Jetpack/12.1; WordPress/6.4; http://site32515248.com"
84.246.212.44 - - [28/Jul/2026:11:26:13 +0200] "POST /wp-admin/admin-ajax.php?action=async_litespeed&nonce=GXivN1p5p2grmwN05Aqmwm7eFuLiQWiM&litespeed_type=imgoptm HTTP/1.1" 200 5780 "-" "WordPress/6.9; https://www.canterasdemuro.es"
84.246.212.44 - - [28/Jul/2026:11:26:22 +0200] "POST /wp-cron.php?doing_wp_cron=1785230782.8292300701141357421875 HTTP/1.1" 200 5525 "-" "WordPress/6.9; https://www.canterasdemuro.es"
103.171.189.66 - - [28/Jul/2026:11:26:22 +0200] "POST /xmlrpc.php HTTP/1.1" 200 5889 "-" "Jetpack/12.1; WordPress/6.2; http://site74670949.com"
103.171.189.66 - - [28/Jul/2026:11:26:33 +0200] "POST /xmlrpc.php HTTP/1.1" 403 6290 "-" "Jetpack by WordPress.com"
103.171.189.66 - - [28/Jul/2026:11:26:43 +0200] "POST /xmlrpc.php HTTP/1.1" 200 5889 "-" "Jetpack/12.5; WordPress/6.1; http://site27305192.com"
103.171.189.66 - - [28/Jul/2026:11:26:54 +0200] "POST /xmlrpc.php HTTP/1.1" 403 6290 "-" "Jetpack by WordPress.com"
84.246.212.44 - - [28/Jul/2026:11:28:14 +0200] "POST /wp-cron.php?doing_wp_cron=1785230894.8266789913177490234375 HTTP/1.1" 200 5525 "-" "WordPress/6.9; https://www.canterasdemuro.es"
162.120.188.88 - - [28/Jul/2026:11:28:13 +0200] "GET /autorizaciones/ HTTP/1.1" 200 97503 "https://www.google.com/" "Mozilla/5.0 (Windows NT 10.0; Win64; x64) AppleWebKit/537.36 (KHTML, like Gecko) Chrome/150.0.0.0 Safari/537.36"
84.246.212.44 - - [28/Jul/2026:11:28:15 +0200] "POST /wp-admin/admin-ajax.php?action=async_litespeed&nonce=NfzspISBOqQquzjOjrlw7pMRol5Wtrq0&litespeed_type=imgoptm HTTP/1.1" 200 5780 "-" "WordPress/6.9; https://www.canterasdemuro.es"
139.47.51.213 - - [28/Jul/2026:11:29:11 +0200] "GET /wp-content/themes/hello-elementor/style.min.css?ver=3.3.0 HTTP/1.1" 200 5512 "https://www.canterasdemuro.es/autorizaciones/" "Mozilla/5.0 (Windows NT 10.0; Win64; x64) AppleWebKit/537.36 (KHTML, like Gecko) Chrome/150.0.0.0 Safari/537.36"
139.47.51.213 - - [28/Jul/2026:11:29:11 +0200] "GET /wp-content/themes/hello-elementor/theme.min.css?ver=3.3.0 HTTP/1.1" 200 5512 "https://www.canterasdemuro.es/autorizaciones/" "Mozilla/5.0 (Windows NT 10.0; Win64; x64) AppleWebKit/537.36 (KHTML, like Gecko) Chrome/150.0.0.0 Safari/537.36"
139.47.51.213 - - [28/Jul/2026:11:29:11 +0200] "GET /wp-content/themes/hello-elementor/header-footer.min.css?ver=3.3.0 HTTP/1.1" 200 5520 "https://www.canterasdemuro.es/autorizaciones/" "Mozilla/5.0 (Windows NT 10.0; Win64; x64) AppleWebKit/537.36 (KHTML, like Gecko) Chrome/150.0.0.0 Safari/537.36"
139.47.51.213 - - [28/Jul/2026:11:29:11 +0200] "GET /wp-content/themes/hello-elementor-child/style.css?ver=6.9 HTTP/1.1" 200 5514 "https://www.canterasdemuro.es/autorizaciones/" "Mozilla/5.0 (Windows NT 10.0; Win64; x64) AppleWebKit/537.36 (KHTML, like Gecko) Chrome/150.0.0.0 Safari/537.36"
139.47.51.213 - - [28/Jul/2026:11:29:11 +0200] "GET /wp-content/uploads/elementor/css/custom-frontend.min.css?ver=1733139880 HTTP/1.1" 200 5521 "https://www.canterasdemuro.es/autorizaciones/" "Mozilla/5.0 (Windows NT 10.0; Win64; x64) AppleWebKit/537.36 (KHTML, like Gecko) Chrome/150.0.0.0 Safari/537.36"
139.47.51.213 - - [28/Jul/2026:11:29:11 +0200] "GET /wp-content/plugins/elementor/assets/css/widget-image.min.css?ver=3.28.1 HTTP/1.1" 200 5763 "https://www.canterasdemuro.es/autorizaciones/" "Mozilla/5.0 (Windows NT 10.0; Win64; x64) AppleWebKit/537.36 (KHTML, like Gecko) Chrome/150.0.0.0 Safari/537.36"
139.47.51.213 - - [28/Jul/2026:11:29:11 +0200] "GET /wp-content/uploads/elementor/css/post-8.css?ver=1733139880 HTTP/1.1" 200 5508 "https://www.canterasdemuro.es/autorizaciones/" "Mozilla/5.0 (Windows NT 10.0; Win64; x64) AppleWebKit/537.36 (KHTML, like Gecko) Chrome/150.0.0.0 Safari/537.36"
139.47.51.213 - - [28/Jul/2026:11:29:11 +0200] "GET /wp-content/uploads/elementor/css/custom-pro-widget-nav-menu.min.css?ver=1733139880 HTTP/1.1" 200 5532 "https://www.canterasdemuro.es/autorizaciones/" "Mozilla/5.0 (Windows NT 10.0; Win64; x64) AppleWebKit/537.36 (KHTML, like Gecko) Chrome/150.0.0.0 Safari/537.36"
139.47.51.213 - - [28/Jul/2026:11:29:11 +0200] "GET /wp-content/plugins/elementor/assets/css/widget-heading.min.css?ver=3.28.1 HTTP/1.1" 200 6110 "https://www.canterasdemuro.es/autorizaciones/" "Mozilla/5.0 (Windows NT 10.0; Win64; x64) AppleWebKit/537.36 (KHTML, like Gecko) Chrome/150.0.0.0 Safari/537.36"
139.47.51.213 - - [28/Jul/2026:11:29:11 +0200] "GET /wp-content/plugins/elementor-pro/assets/css/modules/sticky.min.css?ver=3.28.1 HTTP/1.1" 200 5671 "https://www.canterasdemuro.es/autorizaciones/" "Mozilla/5.0 (Windows NT 10.0; Win64; x64) AppleWebKit/537.36 (KHTML, like Gecko) Chrome/150.0.0.0 Safari/537.36"
139.47.51.213 - - [28/Jul/2026:11:29:11 +0200] "GET /wp-content/plugins/elementor/assets/lib/animations/styles/e-animation-float.min.css?ver=3.28.1 HTTP/1.1" 200 5753 "https://www.canterasdemuro.es/autorizaciones/" "Mozilla/5.0 (Windows NT 10.0; Win64; x64) AppleWebKit/537.36 (KHTML, like Gecko) Chrome/150.0.0.0 Safari/537.36"
139.47.51.213 - - [28/Jul/2026:11:29:11 +0200] "GET /wp-content/uploads/elementor/css/custom-widget-icon-list.min.css?ver=1733139880 HTTP/1.1" 200 5529 "https://www.canterasdemuro.es/autorizaciones/" "Mozilla/5.0 (Windows NT 10.0; Win64; x64) AppleWebKit/537.36 (KHTML, like Gecko) Chrome/150.0.0.0 Safari/537.36"
139.47.51.213 - - [28/Jul/2026:11:29:11 +0200] "GET /wp-content/plugins/elementor/assets/css/widget-spacer.min.css?ver=3.28.1 HTTP/1.1" 200 5526 "https://www.canterasdemuro.es/autorizaciones/" "Mozilla/5.0 (Windows NT 10.0; Win64; x64) AppleWebKit/537.36 (KHTML, like Gecko) Chrome/150.0.0.0 Safari/537.36"
139.47.51.213 - - [28/Jul/2026:11:29:11 +0200] "GET /wp-content/plugins/elementor/assets/css/widget-text-editor.min.css?ver=3.28.1 HTTP/1.1" 200 6230 "https://www.canterasdemuro.es/autorizaciones/" "Mozilla/5.0 (Windows NT 10.0; Win64; x64) AppleWebKit/537.36 (KHTML, like Gecko) Chrome/150.0.0.0 Safari/537.36"
139.47.51.213 - - [28/Jul/2026:11:29:11 +0200] "GET /wp-content/uploads/elementor/css/post-41.css?ver=1733313344 HTTP/1.1" 200 5509 "https://www.canterasdemuro.es/autorizaciones/" "Mozilla/5.0 (Windows NT 10.0; Win64; x64) AppleWebKit/537.36 (KHTML, like Gecko) Chrome/150.0.0.0 Safari/537.36"
139.47.51.213 - - [28/Jul/2026:11:29:11 +0200] "GET /wp-content/uploads/elementor/css/post-33.css?ver=1733139880 HTTP/1.1" 200 5509 "https://www.canterasdemuro.es/autorizaciones/" "Mozilla/5.0 (Windows NT 10.0; Win64; x64) AppleWebKit/537.36 (KHTML, like Gecko) Chrome/150.0.0.0 Safari/537.36"
139.47.51.213 - - [28/Jul/2026:11:29:11 +0200] "GET /wp-content/uploads/elementor/css/post-72.css?ver=1751037830 HTTP/1.1" 200 5509 "https://www.canterasdemuro.es/autorizaciones/" "Mozilla/5.0 (Windows NT 10.0; Win64; x64) AppleWebKit/537.36 (KHTML, like Gecko) Chrome/150.0.0.0 Safari/537.36"
139.47.51.213 - - [28/Jul/2026:11:29:11 +0200] "GET /wp-content/plugins/gdpr-cookie-compliance/dist/styles/gdpr-main-nf.css?ver=4.16.1 HTTP/1.1" 200 5535 "https://www.canterasdemuro.es/autorizaciones/" "Mozilla/5.0 (Windows NT 10.0; Win64; x64) AppleWebKit/537.36 (KHTML, like Gecko) Chrome/150.0.0.0 Safari/537.36"
139.47.51.213 - - [28/Jul/2026:11:29:11 +0200] "GET /wp-content/uploads/elementor/google-fonts/css/nunitosans.css?ver=1742899037 HTTP/1.1" 200 5525 "https://www.canterasdemuro.es/autorizaciones/" "Mozilla/5.0 (Windows NT 10.0; Win64; x64) AppleWebKit/537.36 (KHTML, like Gecko) Chrome/150.0.0.0 Safari/537.36"
139.47.51.213 - - [28/Jul/2026:11:29:11 +0200] "GET /wp-content/uploads/elementor/css/post-459.css?ver=1733139881 HTTP/1.1" 200 5510 "https://www.canterasdemuro.es/autorizaciones/" "Mozilla/5.0 (Windows NT 10.0; Win64; x64) AppleWebKit/537.36 (KHTML, like Gecko) Chrome/150.0.0.0 Safari/537.36"
139.47.51.213 - - [28/Jul/2026:11:29:11 +0200] "GET /wp-content/uploads/elementor/google-fonts/css/plusjakartasans.css?ver=1742899034 HTTP/1.1" 200 5530 "https://www.canterasdemuro.es/autorizaciones/" "Mozilla/5.0 (Windows NT 10.0; Win64; x64) AppleWebKit/537.36 (KHTML, like Gecko) Chrome/150.0.0.0 Safari/537.36"
139.47.51.213 - - [28/Jul/2026:11:29:11 +0200] "GET /wp-content/plugins/elementor/assets/css/widget-social-icons.min.css?ver=3.28.1 HTTP/1.1" 200 5532 "https://www.canterasdemuro.es/autorizaciones/" "Mozilla/5.0 (Windows NT 10.0; Win64; x64) AppleWebKit/537.36 (KHTML, like Gecko) Chrome/150.0.0.0 Safari/537.36"
139.47.51.213 - - [28/Jul/2026:11:29:11 +0200] "GET /wp-content/uploads/elementor/css/custom-apple-webkit.min.css?ver=1733139880 HTTP/1.1" 200 5525 "https://www.canterasdemuro.es/autorizaciones/" "Mozilla/5.0 (Windows NT 10.0; Win64; x64) AppleWebKit/537.36 (KHTML, like Gecko) Chrome/150.0.0.0 Safari/537.36"
139.47.51.213 - - [28/Jul/2026:11:29:11 +0200] "GET /wp-content/uploads/2024/06/canterasdemuro_blanco-2048x1113.png HTTP/1.1" 200 5528 "https://www.canterasdemuro.es/autorizaciones/" "Mozilla/5.0 (Windows NT 10.0; Win64; x64) AppleWebKit/537.36 (KHTML, like Gecko) Chrome/150.0.0.0 Safari/537.36"
139.47.51.213 - - [28/Jul/2026:11:29:11 +0200] "GET /wp-includes/js/jquery/jquery-migrate.min.js?ver=3.4.1 HTTP/1.1" 200 5522 "https://www.canterasdemuro.es/autorizaciones/" "Mozilla/5.0 (Windows NT 10.0; Win64; x64) AppleWebKit/537.36 (KHTML, like Gecko) Chrome/150.0.0.0 Safari/537.36"
139.47.51.213 - - [28/Jul/2026:11:29:11 +0200] "GET /wp-content/uploads/2024/06/Menu-minimalista.png HTTP/1.1" 200 6386 "https://www.canterasdemuro.es/autorizaciones/" "Mozilla/5.0 (Windows NT 10.0; Win64; x64) AppleWebKit/537.36 (KHTML, like Gecko) Chrome/150.0.0.0 Safari/537.36"
139.47.51.213 - - [28/Jul/2026:11:29:11 +0200] "GET /wp-includes/js/jquery/jquery.min.js?ver=3.7.1 HTTP/1.1" 200 5514 "https://www.canterasdemuro.es/autorizaciones/" "Mozilla/5.0 (Windows NT 10.0; Win64; x64) AppleWebKit/537.36 (KHTML, like Gecko) Chrome/150.0.0.0 Safari/537.36"
139.47.51.213 - - [28/Jul/2026:11:29:11 +0200] "GET /wp-content/uploads/2024/06/canterasdemuro_blanco-1024x557.png HTTP/1.1" 200 5527 "https://www.canterasdemuro.es/autorizaciones/" "Mozilla/5.0 (Windows NT 10.0; Win64; x64) AppleWebKit/537.36 (KHTML, like Gecko) Chrome/150.0.0.0 Safari/537.36"
139.47.51.213 - - [28/Jul/2026:11:29:11 +0200] "GET /wp-content/uploads/2024/06/canterasdemuro_negativo-1024x557.png HTTP/1.1" 200 5529 "https://www.canterasdemuro.es/autorizaciones/" "Mozilla/5.0 (Windows NT 10.0; Win64; x64) AppleWebKit/537.36 (KHTML, like Gecko) Chrome/150.0.0.0 Safari/537.36"
139.47.51.213 - - [28/Jul/2026:11:29:11 +0200] "GET /wp-content/themes/hello-elementor/assets/js/hello-frontend.min.js?ver=3.3.0 HTTP/1.1" 200 5544 "https://www.canterasdemuro.es/autorizaciones/" "Mozilla/5.0 (Windows NT 10.0; Win64; x64) AppleWebKit/537.36 (KHTML, like Gecko) Chrome/150.0.0.0 Safari/537.36"
139.47.51.213 - - [28/Jul/2026:11:29:11 +0200] "GET /wp-content/plugins/elementor-pro/assets/lib/smartmenus/jquery.smartmenus.min.js?ver=1.2.1 HTTP/1.1" 200 5558 "https://www.canterasdemuro.es/autorizaciones/" "Mozilla/5.0 (Windows NT 10.0; Win64; x64) AppleWebKit/537.36 (KHTML, like Gecko) Chrome/150.0.0.0 Safari/537.36"
139.47.51.213 - - [28/Jul/2026:11:29:11 +0200] "GET /wp-content/plugins/gdpr-cookie-compliance/dist/scripts/main.js?ver=4.16.1 HTTP/1.1" 200 5541 "https://www.canterasdemuro.es/autorizaciones/" "Mozilla/5.0 (Windows NT 10.0; Win64; x64) AppleWebKit/537.36 (KHTML, like Gecko) Chrome/150.0.0.0 Safari/537.36"
139.47.51.213 - - [28/Jul/2026:11:29:11 +0200] "GET /wp-content/plugins/elementor-pro/assets/js/webpack-pro.runtime.min.js?ver=3.28.1 HTTP/1.1" 200 5548 "https://www.canterasdemuro.es/autorizaciones/" "Mozilla/5.0 (Windows NT 10.0; Win64; x64) AppleWebKit/537.36 (KHTML, like Gecko) Chrome/150.0.0.0 Safari/537.36"
139.47.51.213 - - [28/Jul/2026:11:29:11 +0200] "GET /wp-content/plugins/elementor-pro/assets/lib/sticky/jquery.sticky.min.js?ver=3.28.1 HTTP/1.1" 200 5550 "https://www.canterasdemuro.es/autorizaciones/" "Mozilla/5.0 (Windows NT 10.0; Win64; x64) AppleWebKit/537.36 (KHTML, like Gecko) Chrome/150.0.0.0 Safari/537.36"
139.47.51.213 - - [28/Jul/2026:11:29:11 +0200] "GET /wp-content/plugins/elementor/assets/js/webpack.runtime.min.js?ver=3.28.1 HTTP/1.1" 200 5540 "https://www.canterasdemuro.es/autorizaciones/" "Mozilla/5.0 (Windows NT 10.0; Win64; x64) AppleWebKit/537.36 (KHTML, like Gecko) Chrome/150.0.0.0 Safari/537.36"
139.47.51.213 - - [28/Jul/2026:11:29:11 +0200] "GET /wp-content/plugins/elementor/assets/js/frontend-modules.min.js?ver=3.28.1 HTTP/1.1" 200 5541 "https://www.canterasdemuro.es/autorizaciones/" "Mozilla/5.0 (Windows NT 10.0; Win64; x64) AppleWebKit/537.36 (KHTML, like Gecko) Chrome/150.0.0.0 Safari/537.36"
139.47.51.213 - - [28/Jul/2026:11:29:11 +0200] "GET /wp-includes/js/dist/hooks.min.js?ver=dd5603f07f9220ed27f1 HTTP/1.1" 200 5511 "https://www.canterasdemuro.es/autorizaciones/" "Mozilla/5.0 (Windows NT 10.0; Win64; x64) AppleWebKit/537.36 (KHTML, like Gecko) Chrome/150.0.0.0 Safari/537.36"
139.47.51.213 - - [28/Jul/2026:11:29:11 +0200] "GET /wp-content/plugins/elementor-pro/assets/js/frontend.min.js?ver=3.28.1 HTTP/1.1" 200 5537 "https://www.canterasdemuro.es/autorizaciones/" "Mozilla/5.0 (Windows NT 10.0; Win64; x64) AppleWebKit/537.36 (KHTML, like Gecko) Chrome/150.0.0.0 Safari/537.36"
139.47.51.213 - - [28/Jul/2026:11:29:11 +0200] "GET /wp-includes/js/dist/i18n.min.js?ver=c26c3dc7bed366793375 HTTP/1.1" 200 5510 "https://www.canterasdemuro.es/autorizaciones/" "Mozilla/5.0 (Windows NT 10.0; Win64; x64) AppleWebKit/537.36 (KHTML, like Gecko) Chrome/150.0.0.0 Safari/537.36"
139.47.51.213 - - [28/Jul/2026:11:29:11 +0200] "GET /wp-content/plugins/elementor/assets/js/frontend.min.js?ver=3.28.1 HTTP/1.1" 200 5533 "https://www.canterasdemuro.es/autorizaciones/" "Mozilla/5.0 (Windows NT 10.0; Win64; x64) AppleWebKit/537.36 (KHTML, like Gecko) Chrome/150.0.0.0 Safari/537.36"
139.47.51.213 - - [28/Jul/2026:11:29:11 +0200] "GET /wp-includes/js/jquery/ui/core.min.js?ver=1.13.3 HTTP/1.1" 200 5515 "https://www.canterasdemuro.es/autorizaciones/" "Mozilla/5.0 (Windows NT 10.0; Win64; x64) AppleWebKit/537.36 (KHTML, like Gecko) Chrome/150.0.0.0 Safari/537.36"
139.47.51.213 - - [28/Jul/2026:11:29:11 +0200] "GET /wp-content/uploads/elementor/google-fonts/fonts/nunitosans-pe0tmimslybiv1o4x1m8ce2xcx3yop4tqpf_metm0lfgwvpnn64cl7u8uphzibmv51q42ptcp7t1r-s.woff2 HTTP/1.1" 200 5611 "https://www.canterasdemuro.es/wp-content/uploads/elementor/google-fonts/css/nunitosans.css?ver=1742899037" "Mozilla/5.0 (Windows NT 10.0; Win64; x64) AppleWebKit/537.36 (KHTML, like Gecko) Chrome/150.0.0.0 Safari/537.36"
139.47.51.213 - - [28/Jul/2026:11:29:11 +0200] "GET /wp-content/uploads/elementor/google-fonts/fonts/plusjakartasans-ldioaomqnqcsa88c7o9yz4kmcoog4ko20yw.woff2 HTTP/1.1" 200 5572 "https://www.canterasdemuro.es/wp-content/uploads/elementor/google-fonts/css/plusjakartasans.css?ver=1742899034" "Mozilla/5.0 (Windows NT 10.0; Win64; x64) AppleWebKit/537.36 (KHTML, like Gecko) Chrome/150.0.0.0 Safari/537.36"
139.47.51.213 - - [28/Jul/2026:11:29:11 +0200] "GET /wp-content/uploads/2024/10/Canteras-de-muro-064.jpg HTTP/1.1" 200 5518 "https://www.canterasdemuro.es/wp-content/uploads/elementor/css/post-41.css?ver=1733313344" "Mozilla/5.0 (Windows NT 10.0; Win64; x64) AppleWebKit/537.36 (KHTML, like Gecko) Chrome/150.0.0.0 Safari/537.36"
139.47.51.213 - - [28/Jul/2026:11:29:11 +0200] "GET /wp-content/uploads/2024/10/Canteras-de-muro-065.jpg HTTP/1.1" 200 5518 "https://www.canterasdemuro.es/wp-content/uploads/elementor/css/post-41.css?ver=1733313344" "Mozilla/5.0 (Windows NT 10.0; Win64; x64) AppleWebKit/537.36 (KHTML, like Gecko) Chrome/150.0.0.0 Safari/537.36"
139.47.51.213 - - [28/Jul/2026:11:29:11 +0200] "GET /wp-content/plugins/elementor-pro/assets/js/elements-handlers.min.js?ver=3.28.1 HTTP/1.1" 200 5546 "https://www.canterasdemuro.es/autorizaciones/" "Mozilla/5.0 (Windows NT 10.0; Win64; x64) AppleWebKit/537.36 (KHTML, like Gecko) Chrome/150.0.0.0 Safari/537.36"
139.47.51.213 - - [28/Jul/2026:11:29:11 +0200] "GET /wp-content/uploads/2024/06/canterasdemuro_negativo-300x163.png HTTP/1.1" 200 5528 "https://www.canterasdemuro.es/autorizaciones/" "Mozilla/5.0 (Windows NT 10.0; Win64; x64) AppleWebKit/537.36 (KHTML, like Gecko) Chrome/150.0.0.0 Safari/537.36"
139.47.51.213 - - [28/Jul/2026:11:29:11 +0200] "GET /wp-content/plugins/elementor/assets/lib/dialog/dialog.min.js?ver=4.9.3 HTTP/1.1" 200 5539 "https://www.canterasdemuro.es/autorizaciones/" "Mozilla/5.0 (Windows NT 10.0; Win64; x64) AppleWebKit/537.36 (KHTML, like Gecko) Chrome/150.0.0.0 Safari/537.36"
139.47.51.213 - - [28/Jul/2026:11:29:11 +0200] "GET /wp-content/plugins/elementor-pro/assets/js/nav-menu.a23fbd67486c5bedf26c.bundle.min.js HTTP/1.1" 200 5565 "https://www.canterasdemuro.es/autorizaciones/" "Mozilla/5.0 (Windows NT 10.0; Win64; x64) AppleWebKit/537.36 (KHTML, like Gecko) Chrome/150.0.0.0 Safari/537.36"
139.47.51.213 - - [28/Jul/2026:11:29:11 +0200] "GET /wp-content/plugins/elementor/assets/js/text-editor.c084ef86600b6f11690d.bundle.min.js HTTP/1.1" 200 5564 "https://www.canterasdemuro.es/autorizaciones/" "Mozilla/5.0 (Windows NT 10.0; Win64; x64) AppleWebKit/537.36 (KHTML, like Gecko) Chrome/150.0.0.0 Safari/537.36"
139.47.51.213 - - [28/Jul/2026:11:29:11 +0200] "GET /wp-content/uploads/2024/06/FAVICON-1-CANTERAS-DE-MURO-150x150.png HTTP/1.1" 200 5531 "https://www.canterasdemuro.es/autorizaciones/" "Mozilla/5.0 (Windows NT 10.0; Win64; x64) AppleWebKit/537.36 (KHTML, like Gecko) Chrome/150.0.0.0 Safari/537.36"
139.47.51.213 - - [28/Jul/2026:11:29:11 +0200] "GET /wp-includes/js/wp-emoji-release.min.js?ver=6.9 HTTP/1.1" 200 5517 "https://www.canterasdemuro.es/autorizaciones/" "Mozilla/5.0 (Windows NT 10.0; Win64; x64) AppleWebKit/537.36 (KHTML, like Gecko) Chrome/150.0.0.0 Safari/537.36"
139.47.51.213 - - [28/Jul/2026:11:29:23 +0200] "GET /wp-content/uploads/2024/10/Autorizacion-Transportista-Profesional-de-Residuos-No-Peligrosos-CANTERAS-DE-MURO.pdf HTTP/1.1" 200 5584 "https://www.canterasdemuro.es/autorizaciones/" "Mozilla/5.0 (Windows NT 10.0; Win64; x64) AppleWebKit/537.36 (KHTML, like Gecko) Chrome/150.0.0.0 Safari/537.36"
84.246.212.44 - - [28/Jul/2026:11:29:23 +0200] "POST /wp-cron.php?doing_wp_cron=1785230963.8455059528350830078125 HTTP/1.1" 200 5525 "-" "WordPress/6.9; https://www.canterasdemuro.es"
139.47.51.213 - - [28/Jul/2026:11:29:23 +0200] "GET /favicon.ico HTTP/1.1" 302 5686 "https://www.canterasdemuro.es/wp-content/uploads/2024/10/Autorizacion-Transportista-Profesional-de-Residuos-No-Peligrosos-CANTERAS-DE-MURO.pdf" "Mozilla/5.0 (Windows NT 10.0; Win64; x64) AppleWebKit/537.36 (KHTML, like Gecko) Chrome/150.0.0.0 Safari/537.36"
84.246.212.44 - - [28/Jul/2026:11:29:24 +0200] "POST /wp-admin/admin-ajax.php?action=async_litespeed&nonce=zlwOJMOPFUrcMS58K0bVXITWNqdrNmIW&litespeed_type=imgoptm HTTP/1.1" 200 5780 "-" "WordPress/6.9; https://www.canterasdemuro.es"
139.47.51.213 - - [28/Jul/2026:11:29:44 +0200] "GET /wp-content/uploads/2024/10/Autorizacion-Gestor-de-Valoracion-de-Materiales-Excavados-LER-170504-CANTERAS-DE-MURO.pdf HTTP/1.1" 200 5588 "https://www.canterasdemuro.es/autorizaciones/" "Mozilla/5.0 (Windows NT 10.0; Win64; x64) AppleWebKit/537.36 (KHTML, like Gecko) Chrome/150.0.0.0 Safari/537.36"
84.246.212.44 - - [28/Jul/2026:11:30:21 +0200] "POST /wp-cron.php?doing_wp_cron=1785231021.1703269481658935546875 HTTP/1.1" 200 5525 "-" "WordPress/6.9; https://www.canterasdemuro.es"
72.14.201.62 - - [28/Jul/2026:11:30:19 +0200] "GET /autorizaciones/ HTTP/1.1" 200 97503 "https://www.google.com/" "Mozilla/5.0 (Windows NT 10.0; Win64; x64) AppleWebKit/537.36 (KHTML, like Gecko) Chrome/150.0.0.0 Safari/537.36"
84.246.212.44 - - [28/Jul/2026:11:30:21 +0200] "POST /wp-admin/admin-ajax.php?action=async_litespeed&nonce=Qe0rt7yOrfqqlsQCamC7O8GSu2x8UrBK&litespeed_type=imgoptm HTTP/1.1" 200 5780 "-" "WordPress/6.9; https://www.canterasdemuro.es"
84.246.212.44 - - [28/Jul/2026:11:31:38 +0200] "POST /wp-cron.php?doing_wp_cron=1785231098.4065489768981933593750 HTTP/1.1" 200 5525 "-" "WordPress/6.9; https://www.canterasdemuro.es"
51.195.39.150 - - [28/Jul/2026:11:31:37 +0200] "POST /wp-admin/admin-ajax.php?action=ai1wm_import&secret_key=K7d1XFr76hlx&priority=5&storage=0c0b86bbd81b&archive=probe.wpress HTTP/1.1" 400 5939 "-" "Mozilla/5.0 (Windows NT 10.0; Win64; x64) AppleWebKit/537.36 (KHTML, like Gecko) Chrome/114.0.0.0 Safari/537.36"
84.246.212.44 - - [28/Jul/2026:11:31:38 +0200] "POST /wp-admin/admin-ajax.php?action=async_litespeed&nonce=IVkUwQl82DLebUCXmEhEqdHhAkN4JjMW&litespeed_type=imgoptm HTTP/1.1" 200 5780 "-" "WordPress/6.9; https://www.canterasdemuro.es"
84.246.212.44 - - [28/Jul/2026:11:51:57 +0200] "POST /wp-cron.php?doing_wp_cron=1785232317.5837199687957763671875 HTTP/1.1" 200 5525 "-" "WordPress/6.9; https://www.canterasdemuro.es"
40.76.136.8 - - [28/Jul/2026:11:51:56 +0200] "POST /wp-admin/admin-ajax.php?action=ai1wm_import&secret_key=K7d1XFr76hlx&priority=5&storage=cbd9feb8bb84&archive=probe.wpress HTTP/1.1" 400 5939 "-" "Mozilla/5.0 (Windows NT 10.0; Win64; x64) AppleWebKit/537.36 (KHTML, like Gecko) Chrome/114.0.0.0 Safari/537.36"
84.246.212.44 - - [28/Jul/2026:11:51:58 +0200] "POST /wp-admin/admin-ajax.php?action=async_litespeed&nonce=dii433bJ6RIvYlv94MPNmnqxbrbmK3nQ&litespeed_type=imgoptm HTTP/1.1" 200 5780 "-" "WordPress/6.9; https://www.canterasdemuro.es"
84.246.212.44 - - [28/Jul/2026:11:53:23 +0200] "POST /wp-cron.php?doing_wp_cron=1785232403.3989520072937011718750 HTTP/1.1" 200 5525 "-" "WordPress/6.9; https://www.canterasdemuro.es"
158.173.79.68 - - [28/Jul/2026:11:53:21 +0200] "GET /contacto/ HTTP/1.1" 200 104498 "https://www.canterasdemuro.es/contacto/" "Mozilla/5.0 (Windows NT 6.1) AppleWebKit/537.36 (KHTML, like Gecko) Chrome/103.0.5060.114 Safari/537.36"
84.246.212.44 - - [28/Jul/2026:11:53:24 +0200] "POST /wp-admin/admin-ajax.php?action=async_litespeed&nonce=7LbF6720TIR0Ngt6CsNabD8AvY0csAW4&litespeed_type=imgoptm HTTP/1.1" 200 5780 "-" "WordPress/6.9; https://www.canterasdemuro.es"
158.173.79.68 - - [28/Jul/2026:11:53:23 +0200] "POST /wp-admin/admin-ajax.php HTTP/1.1" 200 5848 "https://www.canterasdemuro.es/contacto/" "Mozilla/5.0 (Windows NT 6.1) AppleWebKit/537.36 (KHTML, like Gecko) Chrome/103.0.5060.114 Safari/537.36"
84.246.212.44 - - [28/Jul/2026:11:54:18 +0200] "POST /wp-cron.php?doing_wp_cron=1785232458.6414229869842529296875 HTTP/1.1" 200 5525 "-" "WordPress/6.9; https://www.canterasdemuro.es"
51.195.215.90 - - [28/Jul/2026:11:54:18 +0200] "GET /wp-sitemap.xml HTTP/1.1" 200 6232 "-" "Mozilla/5.0 (compatible; AhrefsBot/7.0; +http://ahrefs.com/robot/)"
84.246.212.44 - - [28/Jul/2026:11:54:19 +0200] "POST /wp-admin/admin-ajax.php?action=async_litespeed&nonce=GcgNBg3qCR1jHUtofdqtq57jSWZyLA2c&litespeed_type=imgoptm HTTP/1.1" 200 5780 "-" "WordPress/6.9; https://www.canterasdemuro.es"
51.195.183.212 - - [28/Jul/2026:11:54:20 +0200] "GET /wp-sitemap-posts-post-1.xml HTTP/1.1" 200 5795 "-" "Mozilla/5.0 (compatible; AhrefsBot/7.0; +http://ahrefs.com/robot/)"
51.89.129.55 - - [28/Jul/2026:11:54:21 +0200] "GET /wp-sitemap-posts-page-1.xml HTTP/1.1" 200 6781 "-" "Mozilla/5.0 (compatible; AhrefsBot/7.0; +http://ahrefs.com/robot/)"
198.244.168.174 - - [28/Jul/2026:11:54:23 +0200] "GET /gl/wp-sitemap-posts-page-1.xml HTTP/1.1" 200 6808 "-" "Mozilla/5.0 (compatible; AhrefsBot/7.0; +http://ahrefs.com/robot/)"
198.244.183.17 - - [28/Jul/2026:11:54:25 +0200] "GET /wp-sitemap-taxonomies-category-1.xml HTTP/1.1" 200 5762 "-" "Mozilla/5.0 (compatible; AhrefsBot/7.0; +http://ahrefs.com/robot/)"
51.195.244.28 - - [28/Jul/2026:11:54:26 +0200] "GET /wp-sitemap-users-1.xml HTTP/1.1" 200 5752 "-" "Mozilla/5.0 (compatible; AhrefsBot/7.0; +http://ahrefs.com/robot/)"
198.244.242.199 - - [28/Jul/2026:11:54:28 +0200] "GET /gl/wp-sitemap-users-1.xml HTTP/1.1" 200 5755 "-" "Mozilla/5.0 (compatible; AhrefsBot/7.0; +http://ahrefs.com/robot/)"
84.246.212.44 - - [28/Jul/2026:12:00:30 +0200] "POST /wp-cron.php?doing_wp_cron=1785232830.5796411037445068359375 HTTP/1.1" 200 5525 "-" "WordPress/6.9; https://www.canterasdemuro.es"
207.46.13.51 - - [28/Jul/2026:12:00:29 +0200] "GET /wp-sitemap.xml HTTP/1.1" 200 6232 "-" "Mozilla/5.0 AppleWebKit/537.36 (KHTML, like Gecko; compatible; bingbot/2.0; +http://www.bing.com/bingbot.htm) Chrome/116.0.1938.76 Safari/537.36"
84.246.212.44 - - [28/Jul/2026:12:00:31 +0200] "POST /wp-admin/admin-ajax.php?action=async_litespeed&nonce=3PnqlfB4om1bDiYwKGB7Z21OB5ygS0JZ&litespeed_type=imgoptm HTTP/1.1" 200 5780 "-" "WordPress/6.9; https://www.canterasdemuro.es"
84.246.212.44 - - [28/Jul/2026:12:04:56 +0200] "POST /wp-cron.php?doing_wp_cron=1785233096.9389300346374511718750 HTTP/1.1" 200 5525 "-" "WordPress/6.9; https://www.canterasdemuro.es"
57.141.0.9 - - [28/Jul/2026:12:04:55 +0200] "GET /news-sitemap.xml HTTP/1.1" 404 89432 "-" "Mozilla/5.0 (Windows NT 10.0; Win64; x64) AppleWebKit/537.36 (KHTML, like Gecko) Chrome/145.0.0.0 Safari/537.36 (compatible; meta-externalagent/1.1 (+https://developers.facebook.com/docs/sharing/webmasters/crawler))"
84.246.212.44 - - [28/Jul/2026:12:04:57 +0200] "POST /wp-admin/admin-ajax.php?action=async_litespeed&nonce=q4b8vwvNs8gfdjoOAXdkPHwK3J6P94ik&litespeed_type=imgoptm HTTP/1.1" 200 5780 "-" "WordPress/6.9; https://www.canterasdemuro.es"
84.246.212.44 - - [28/Jul/2026:12:12:22 +0200] "POST /wp-cron.php?doing_wp_cron=1785233542.7839899063110351562500 HTTP/1.1" 200 5525 "-" "WordPress/6.9; https://www.canterasdemuro.es"
54.38.122.177 - - [28/Jul/2026:12:12:22 +0200] "POST /xmlrpc.php HTTP/1.1" 200 5889 "-" "Mozilla/5.0 (Windows NT 10.0; Win64; x64) AppleWebKit/537.36 (KHTML, like Gecko) Chrome/137.0.0.0 Safari/537.36 Edg/137.0.0.0"
84.246.212.44 - - [28/Jul/2026:12:12:23 +0200] "POST /wp-admin/admin-ajax.php?action=async_litespeed&nonce=stVzoSwvW0xWXJfnvsFSxoFdKAS3Gkoz&litespeed_type=imgoptm HTTP/1.1" 200 5780 "-" "WordPress/6.9; https://www.canterasdemuro.es"
84.246.212.44 - - [28/Jul/2026:12:13:45 +0200] "POST /wp-cron.php?doing_wp_cron=1785233625.5508940219879150390625 HTTP/1.1" 200 5525 "-" "WordPress/6.9; https://www.canterasdemuro.es"
57.141.0.10 - - [28/Jul/2026:12:13:44 +0200] "GET / HTTP/1.1" 301 5567 "-" "Mozilla/5.0 (Windows NT 10.0; Win64; x64) AppleWebKit/537.36 (KHTML, like Gecko) Chrome/145.0.0.0 Safari/537.36 Edg/145.0.0.0 (compatible; meta-webindexer/1.1 (+https://developers.facebook.com/docs/sharing/webmasters/crawler))"
84.246.212.44 - - [28/Jul/2026:12:13:46 +0200] "POST /wp-admin/admin-ajax.php?action=async_litespeed&nonce=GULA91Pkegyj8FHaDGMv0evp0VYn5xY1&litespeed_type=imgoptm HTTP/1.1" 200 5780 "-" "WordPress/6.9; https://www.canterasdemuro.es"
57.141.0.52 - - [28/Jul/2026:12:13:49 +0200] "GET / HTTP/1.1" 200 100540 "-" "Mozilla/5.0 (Windows NT 10.0; Win64; x64) AppleWebKit/537.36 (KHTML, like Gecko) Chrome/145.0.0.0 Safari/537.36 Edg/145.0.0.0 (compatible; meta-webindexer/1.1 (+https://developers.facebook.com/docs/sharing/webmasters/crawler))"
84.246.212.44 - - [28/Jul/2026:12:16:28 +0200] "POST /wp-cron.php?doing_wp_cron=1785233788.4637229442596435546875 HTTP/1.1" 200 5525 "-" "WordPress/6.9; https://www.canterasdemuro.es"
146.103.120.184 - - [28/Jul/2026:12:16:26 +0200] "GET /hello-world/ HTTP/1.1" 200 93783 "https://www.canterasdemuro.es/hello-world/" "Mozilla/5.0 (Windows NT 10.0; Win64; x64) AppleWebKit/537.36 (KHTML, like Gecko) Chrome/131.0.0.0 Safari/537.36 Avast/131.0.0.0"
84.246.212.44 - - [28/Jul/2026:12:16:29 +0200] "POST /wp-admin/admin-ajax.php?action=async_litespeed&nonce=uIs2ehNO0OlLP7EVkqwKEGisnPxzkAlT&litespeed_type=imgoptm HTTP/1.1" 200 5780 "-" "WordPress/6.9; https://www.canterasdemuro.es"
146.103.120.184 - - [28/Jul/2026:12:16:28 +0200] "POST /wp-comments-post.php HTTP/1.1" 302 6298 "https://www.canterasdemuro.es/hello-world/" "Mozilla/5.0 (Windows NT 10.0; Win64; x64) AppleWebKit/537.36 (KHTML, like Gecko) Chrome/131.0.0.0 Safari/537.36 Avast/131.0.0.0"
146.103.120.184 - - [28/Jul/2026:12:16:30 +0200] "GET /hello-world/ HTTP/1.1" 200 97617 "https://www.canterasdemuro.es/hello-world/#comment-612" "Mozilla/5.0 (Windows NT 10.0; Win64; x64) AppleWebKit/537.36 (KHTML, like Gecko) Chrome/131.0.0.0 Safari/537.36 Avast/131.0.0.0"
84.246.212.44 - - [28/Jul/2026:12:24:06 +0200] "POST /wp-cron.php?doing_wp_cron=1785234246.9221220016479492187500 HTTP/1.1" 200 5525 "-" "WordPress/6.9; https://www.canterasdemuro.es"
177.244.228.242 - - [28/Jul/2026:12:24:05 +0200] "GET /gl/autorizacions/ HTTP/1.1" 200 95851 "-" "Mozilla/5.0 (X11; Linux i686; rv:1.9.6.20) Gecko/5312-05-24 09:57:39.998016 Firefox/12.0"
84.246.212.44 - - [28/Jul/2026:12:24:07 +0200] "POST /wp-admin/admin-ajax.php?action=async_litespeed&nonce=BpxT10nO3J3CxQ6msHKHwWKdIdjXqp14&litespeed_type=imgoptm HTTP/1.1" 200 5780 "-" "WordPress/6.9; https://www.canterasdemuro.es"
212.95.141.247 - - [28/Jul/2026:12:24:08 +0200] "GET /gl/ HTTP/1.1" 200 99382 "-" "Mozilla/5.0 (iPod; U; CPU iPhone OS 3_1 like Mac OS X; mr-IN) AppleWebKit/534.2.7 (KHTML, like Gecko) Version/4.0.5 Mobile/8B113 Safari/6534.2.7"
84.246.212.44 - - [28/Jul/2026:12:24:11 +0200] "GET /?wp_scrape_key=a69c5d26af0affa968fa03e61e6c4bc7&wp_scrape_nonce=1785234249 HTTP/1.1" 200 100652 "-" "WordPress/6.9; https://www.canterasdemuro.es"
84.246.212.44 - - [28/Jul/2026:12:24:16 +0200] "GET /?wp_scrape_key=ef399dcf581a62c12b7a7263bff83eb6&wp_scrape_nonce=1785234254 HTTP/1.1" 200 100652 "-" "WordPress/6.9; https://www.canterasdemuro.es"
84.246.212.44 - - [28/Jul/2026:12:24:20 +0200] "GET /?wp_scrape_key=fbdc4892bf2268d7c669675a322a1370&wp_scrape_nonce=1785234258 HTTP/1.1" 200 100652 "-" "WordPress/6.9; https://www.canterasdemuro.es"
84.246.212.44 - - [28/Jul/2026:12:24:26 +0200] "GET /?wp_scrape_key=3e13451a249f0aee8f4eb9b3448308d4&wp_scrape_nonce=1785234264 HTTP/1.1" 200 100652 "-" "WordPress/6.9; https://www.canterasdemuro.es"
84.246.212.44 - - [28/Jul/2026:12:24:30 +0200] "GET /?wp_scrape_key=ac192057316cf28ba6b46e562694d8f1&wp_scrape_nonce=1785234268 HTTP/1.1" 200 100652 "-" "WordPress/6.9; https://www.canterasdemuro.es"
84.246.212.44 - - [28/Jul/2026:12:24:35 +0200] "GET /?wp_scrape_key=c7680d00773d806dbde117ad5ab4a057&wp_scrape_nonce=1785234273 HTTP/1.1" 200 100652 "-" "WordPress/6.9; https://www.canterasdemuro.es"
