84.246.212.44 - - [30/Jul/2026:00:52:15 +0200] "POST /wp-cron.php?doing_wp_cron=1785365535.0280649662017822265625 HTTP/1.1" 200 5527 "-" "WordPress/6.9; https://www.canterasdemuro.es"
43.165.1.24 - - [30/Jul/2026:00:52:13 +0200] "POST /?wpfi-ajax=wp_freeio_ajax_register HTTP/1.1" 200 100433 "-" "Mozilla/5.0 (iPhone; CPU iPhone OS 16_1_1 like Mac OS X) AppleWebKit/605.1.15 (KHTML, like Gecko) Version/16.1 Mobile/15E148 Safari/604.1"
84.246.212.44 - - [30/Jul/2026:00:52:16 +0200] "POST /wp-admin/admin-ajax.php?action=async_litespeed&nonce=a8eT104p9BmzhcXB4qICBNIZphmmfNm0&litespeed_type=imgoptm HTTP/1.1" 200 5782 "-" "WordPress/6.9; https://www.canterasdemuro.es"
84.246.212.44 - - [30/Jul/2026:00:59:20 +0200] "POST /wp-cron.php?doing_wp_cron=1785365960.8206589221954345703125 HTTP/1.1" 200 5527 "-" "WordPress/6.9; https://www.canterasdemuro.es"
173.239.218.9 - - [30/Jul/2026:00:59:20 +0200] "POST /wp-login.php HTTP/1.1" 200 16316 "-" "Mozilla/5.0 (Windows NT 10.0; Win64; rv:143.0) Gecko/20100101 Firefox/143.0"
84.246.212.44 - - [30/Jul/2026:00:59:21 +0200] "POST /wp-admin/admin-ajax.php?action=async_litespeed&nonce=GukaTQFQGplrv6hTdoY5U45IAfxNNEr3&litespeed_type=imgoptm HTTP/1.1" 200 5782 "-" "WordPress/6.9; https://www.canterasdemuro.es"
84.246.212.44 - - [30/Jul/2026:01:02:15 +0200] "POST /wp-cron.php?doing_wp_cron=1785366135.7636039257049560546875 HTTP/1.1" 200 5527 "-" "WordPress/6.9; https://www.canterasdemuro.es"
74.114.151.68 - - [30/Jul/2026:01:02:14 +0200] "GET /hello-world/ HTTP/1.1" 200 93785 "https://www.canterasdemuro.es/hello-world/" "Mozilla/5.0 (Windows NT 10.0; Win64; x64) AppleWebKit/537.36 (KHTML, like Gecko) Chrome/131.0.0.0 Safari/537.36 Avast/131.0.0.0"
84.246.212.44 - - [30/Jul/2026:01:02:16 +0200] "POST /wp-admin/admin-ajax.php?action=async_litespeed&nonce=YUAGtwYVh8XQvwpM1hLRCmIBcGHfdF7Y&litespeed_type=imgoptm HTTP/1.1" 200 5782 "-" "WordPress/6.9; https://www.canterasdemuro.es"
84.246.212.44 - - [30/Jul/2026:01:02:18 +0200] "POST /wp-cron.php?doing_wp_cron=1785366138.9567520618438720703125 HTTP/1.1" 200 5527 "-" "WordPress/6.9; https://www.canterasdemuro.es"
74.114.151.68 - - [30/Jul/2026:01:02:17 +0200] "POST /wp-comments-post.php HTTP/1.1" 302 6283 "https://www.canterasdemuro.es/hello-world/" "Mozilla/5.0 (Windows NT 10.0; Win64; x64) AppleWebKit/537.36 (KHTML, like Gecko) Chrome/131.0.0.0 Safari/537.36 Avast/131.0.0.0"
74.114.151.68 - - [30/Jul/2026:01:02:20 +0200] "GET /hello-world/ HTTP/1.1" 200 97378 "https://www.canterasdemuro.es/hello-world/#comment-628" "Mozilla/5.0 (Windows NT 10.0; Win64; x64) AppleWebKit/537.36 (KHTML, like Gecko) Chrome/131.0.0.0 Safari/537.36 Avast/131.0.0.0"
84.246.212.44 - - [30/Jul/2026:01:08:33 +0200] "POST /wp-cron.php?doing_wp_cron=1785366512.9746129512786865234375 HTTP/1.1" 200 5527 "-" "WordPress/6.9; https://www.canterasdemuro.es"
216.24.210.72 - - [30/Jul/2026:01:08:32 +0200] "POST /wp-login.php HTTP/1.1" 200 16316 "-" "Mozilla/5.0 (Macintosh; Intel Mac OS X 10_15_7) AppleWebKit/605.1.15 Version/17.0 Safari/605.1.15"
84.246.212.44 - - [30/Jul/2026:01:08:33 +0200] "POST /wp-admin/admin-ajax.php?action=async_litespeed&nonce=QRXmecLP6sXdDzBsZ1EprdqGOaDOYORP&litespeed_type=imgoptm HTTP/1.1" 200 5782 "-" "WordPress/6.9; https://www.canterasdemuro.es"
84.246.212.44 - - [30/Jul/2026:01:10:34 +0200] "POST /wp-cron.php?doing_wp_cron=1785366634.7471139430999755859375 HTTP/1.1" 200 5527 "-" "WordPress/6.9; https://www.canterasdemuro.es"
74.7.175.129 - - [30/Jul/2026:01:10:34 +0200] "GET /robots.txt HTTP/1.1" 200 5682 "-" "Mozilla/5.0 (Macintosh; Intel Mac OS X 10_15_7) AppleWebKit/537.36 (KHTML, like Gecko) Chrome/131.0.0.0 Safari/537.36; compatible; OAI-SearchBot/1.4; robots.txt; +https://openai.com/searchbot"
84.246.212.44 - - [30/Jul/2026:01:10:35 +0200] "POST /wp-admin/admin-ajax.php?action=async_litespeed&nonce=5Hpy6okEqwOM7SsMlLPi9ltuu6NsWwpy&litespeed_type=imgoptm HTTP/1.1" 200 5782 "-" "WordPress/6.9; https://www.canterasdemuro.es"
74.7.227.173 - - [30/Jul/2026:01:10:37 +0200] "GET /wp-sitemap.xml HTTP/1.1" 200 6234 "-" "Mozilla/5.0 AppleWebKit/537.36 (KHTML, like Gecko; compatible; GPTBot/1.4; +https://openai.com/gptbot)"
84.246.212.44 - - [30/Jul/2026:01:12:35 +0200] "POST /wp-cron.php?doing_wp_cron=1785366755.7757298946380615234375 HTTP/1.1" 200 5527 "-" "WordPress/6.9; https://www.canterasdemuro.es"
74.114.151.68 - - [30/Jul/2026:01:12:34 +0200] "GET /hello-world/ HTTP/1.1" 200 93785 "https://www.canterasdemuro.es/hello-world/" "Mozilla/5.0 (Windows NT 10.0; Win64; x64) AppleWebKit/537.36 (KHTML, like Gecko) Chrome/130.0.0.0 Safari/537.36 CCleaner/130.0.0.0"
84.246.212.44 - - [30/Jul/2026:01:12:36 +0200] "POST /wp-admin/admin-ajax.php?action=async_litespeed&nonce=mlgxyYbwJ6FJFAz6AxfLjzdcuVLtxrJP&litespeed_type=imgoptm HTTP/1.1" 200 5782 "-" "WordPress/6.9; https://www.canterasdemuro.es"
74.114.151.68 - - [30/Jul/2026:01:12:37 +0200] "POST /wp-comments-post.php HTTP/1.1" 302 6305 "https://www.canterasdemuro.es/hello-world/" "Mozilla/5.0 (Windows NT 10.0; Win64; x64) AppleWebKit/537.36 (KHTML, like Gecko) Chrome/130.0.0.0 Safari/537.36 CCleaner/130.0.0.0"
74.114.151.68 - - [30/Jul/2026:01:12:40 +0200] "GET /hello-world/ HTTP/1.1" 200 96564 "https://www.canterasdemuro.es/hello-world/#comment-629" "Mozilla/5.0 (Windows NT 10.0; Win64; x64) AppleWebKit/537.36 (KHTML, like Gecko) Chrome/130.0.0.0 Safari/537.36 CCleaner/130.0.0.0"
84.246.212.44 - - [30/Jul/2026:01:17:44 +0200] "POST /wp-cron.php?doing_wp_cron=1785367064.8158218860626220703125 HTTP/1.1" 200 5527 "-" "WordPress/6.9; https://www.canterasdemuro.es"
98.159.37.14 - - [30/Jul/2026:01:17:44 +0200] "POST /wp-login.php HTTP/1.1" 200 16316 "-" "Mozilla/5.0 (Macintosh; Intel Mac OS X 10_15_7) AppleWebKit/605.1.15 Version/17.0 Safari/605.1.15"
84.246.212.44 - - [30/Jul/2026:01:17:45 +0200] "POST /wp-admin/admin-ajax.php?action=async_litespeed&nonce=m2dZxuMK23EagAVndilZ77vwWf9iVIOM&litespeed_type=imgoptm HTTP/1.1" 200 5782 "-" "WordPress/6.9; https://www.canterasdemuro.es"
85.248.226.9 - - [30/Jul/2026:01:18:07 +0200] "POST /xmlrpc.php HTTP/1.1" 200 5891 "-" "Mozilla/5.0 (Windows NT 10.0; Win64; x64; rv:145.0) Gecko/20100101 Firefox/145.0"
84.246.212.44 - - [30/Jul/2026:01:20:37 +0200] "POST /wp-cron.php?doing_wp_cron=1785367237.5397219657897949218750 HTTP/1.1" 200 5527 "-" "WordPress/6.9; https://www.canterasdemuro.es"
47.128.53.230 - - [30/Jul/2026:01:20:35 +0200] "GET /aviso-legal/ HTTP/1.1" 200 107615 "-" "Mozilla/5.0 (Linux; Android 5.0) AppleWebKit/537.36 (KHTML, like Gecko) Mobile Safari/537.36 (compatible; Bytespider; spider-feedback@bytedance.com)"
47.128.53.230 - - [30/Jul/2026:01:20:38 +0200] "GET /wp-content/uploads/elementor/css/post-33.css?ver=1733139880 HTTP/1.1" 200 5511 "https://www.canterasdemuro.es/aviso-legal/" "Mozilla/5.0 (Linux; Android 5.0) AppleWebKit/537.36 (KHTML, like Gecko) Mobile Safari/537.36 (compatible; Bytespider; spider-feedback@bytedance.com)"
84.246.212.44 - - [30/Jul/2026:01:20:38 +0200] "POST /wp-admin/admin-ajax.php?action=async_litespeed&nonce=1QQoF6GCCvGY6MIL49puPDgCgqEZAtU1&litespeed_type=imgoptm HTTP/1.1" 200 5782 "-" "WordPress/6.9; https://www.canterasdemuro.es"
47.128.53.230 - - [30/Jul/2026:01:20:38 +0200] "GET /wp-content/uploads/elementor/css/post-510.css?ver=1733140306 HTTP/1.1" 200 5512 "https://www.canterasdemuro.es/aviso-legal/" "Mozilla/5.0 (Linux; Android 5.0) AppleWebKit/537.36 (KHTML, like Gecko) Mobile Safari/537.36 (compatible; Bytespider; spider-feedback@bytedance.com)"
47.128.53.230 - - [30/Jul/2026:01:20:38 +0200] "GET /wp-content/uploads/2024/06/canterasdemuro_blanco-768x418.png HTTP/1.1" 200 5528 "https://www.canterasdemuro.es/aviso-legal/" "Mozilla/5.0 (Linux; Android 5.0) AppleWebKit/537.36 (KHTML, like Gecko) Mobile Safari/537.36 (compatible; Bytespider; spider-feedback@bytedance.com)"
47.128.53.230 - - [30/Jul/2026:01:20:38 +0200] "GET /wp-content/uploads/elementor/css/post-72.css?ver=1751037830 HTTP/1.1" 200 5511 "https://www.canterasdemuro.es/aviso-legal/" "Mozilla/5.0 (Linux; Android 5.0) AppleWebKit/537.36 (KHTML, like Gecko) Mobile Safari/537.36 (compatible; Bytespider; spider-feedback@bytedance.com)"
47.128.53.230 - - [30/Jul/2026:01:20:39 +0200] "GET /wp-content/uploads/2024/06/canterasdemuro_negativo-768x418.png HTTP/1.1" 200 5530 "https://www.canterasdemuro.es/aviso-legal/" "Mozilla/5.0 (Linux; Android 5.0) AppleWebKit/537.36 (KHTML, like Gecko) Mobile Safari/537.36 (compatible; Bytespider; spider-feedback@bytedance.com)"
47.128.53.230 - - [30/Jul/2026:01:20:39 +0200] "GET /wp-content/uploads/2024/09/Canteras-de-muro-027.jpg HTTP/1.1" 200 5520 "https://www.canterasdemuro.es/wp-content/uploads/elementor/css/post-510.css?ver=1733140306" "Mozilla/5.0 (Linux; Android 5.0) AppleWebKit/537.36 (KHTML, like Gecko) Mobile Safari/537.36 (compatible; Bytespider; spider-feedback@bytedance.com)"
47.128.53.230 - - [30/Jul/2026:01:20:39 +0200] "GET /wp-content/uploads/2024/09/Canteras-de-muro-027.jpg HTTP/1.1" 200 5520 "https://www.canterasdemuro.es/wp-content/uploads/elementor/css/post-510.css?ver=1733140306" "Mozilla/5.0 (Linux; Android 5.0) AppleWebKit/537.36 (KHTML, like Gecko) Mobile Safari/537.36 (compatible; Bytespider; spider-feedback@bytedance.com)"
47.128.53.230 - - [30/Jul/2026:01:20:39 +0200] "GET /wp-content/uploads/2024/09/Canteras-de-muro-027.jpg HTTP/1.1" 200 5520 "https://www.canterasdemuro.es/wp-content/uploads/elementor/css/post-510.css?ver=1733140306" "Mozilla/5.0 (Linux; Android 5.0) AppleWebKit/537.36 (KHTML, like Gecko) Mobile Safari/537.36 (compatible; Bytespider; spider-feedback@bytedance.com)"
84.246.212.44 - - [30/Jul/2026:01:23:17 +0200] "POST /wp-cron.php?doing_wp_cron=1785367397.7540481090545654296875 HTTP/1.1" 200 5527 "-" "WordPress/6.9; https://www.canterasdemuro.es"
198.244.183.60 - - [30/Jul/2026:01:23:17 +0200] "GET /wp-sitemap.xml HTTP/1.1" 200 6234 "-" "Mozilla/5.0 (compatible; AhrefsBot/7.0; +http://ahrefs.com/robot/)"
84.246.212.44 - - [30/Jul/2026:01:23:18 +0200] "POST /wp-admin/admin-ajax.php?action=async_litespeed&nonce=6KdS4sj0fvVHL1Mme4jRlaApGoKEReGj&litespeed_type=imgoptm HTTP/1.1" 200 5782 "-" "WordPress/6.9; https://www.canterasdemuro.es"
51.195.183.200 - - [30/Jul/2026:01:23:19 +0200] "GET /wp-sitemap-posts-post-1.xml HTTP/1.1" 200 5797 "-" "Mozilla/5.0 (compatible; AhrefsBot/7.0; +http://ahrefs.com/robot/)"
198.244.240.226 - - [30/Jul/2026:01:23:20 +0200] "GET /wp-sitemap-posts-page-1.xml HTTP/1.1" 200 6783 "-" "Mozilla/5.0 (compatible; AhrefsBot/7.0; +http://ahrefs.com/robot/)"
51.89.129.164 - - [30/Jul/2026:01:23:22 +0200] "GET /gl/wp-sitemap-posts-page-1.xml HTTP/1.1" 200 6810 "-" "Mozilla/5.0 (compatible; AhrefsBot/7.0; +http://ahrefs.com/robot/)"
51.195.244.26 - - [30/Jul/2026:01:23:24 +0200] "GET /wp-sitemap-taxonomies-category-1.xml HTTP/1.1" 200 5764 "-" "Mozilla/5.0 (compatible; AhrefsBot/7.0; +http://ahrefs.com/robot/)"
51.195.215.114 - - [30/Jul/2026:01:23:26 +0200] "GET /wp-sitemap-users-1.xml HTTP/1.1" 200 5754 "-" "Mozilla/5.0 (compatible; AhrefsBot/7.0; +http://ahrefs.com/robot/)"
198.244.168.219 - - [30/Jul/2026:01:23:28 +0200] "GET /gl/wp-sitemap-users-1.xml HTTP/1.1" 200 5757 "-" "Mozilla/5.0 (compatible; AhrefsBot/7.0; +http://ahrefs.com/robot/)"
84.246.212.44 - - [30/Jul/2026:01:26:56 +0200] "POST /wp-cron.php?doing_wp_cron=1785367616.3948180675506591796875 HTTP/1.1" 200 5527 "-" "WordPress/6.9; https://www.canterasdemuro.es"
173.239.218.9 - - [30/Jul/2026:01:26:55 +0200] "POST /wp-login.php HTTP/1.1" 200 16316 "-" "Mozilla/5.0 (Windows NT 10.0; Win64; rv:143.0) Gecko/20100101 Firefox/143.0"
84.246.212.44 - - [30/Jul/2026:01:26:56 +0200] "POST /wp-admin/admin-ajax.php?action=async_litespeed&nonce=W1rcgp3BvacQc9U3vKIYEd3SolunVch9&litespeed_type=imgoptm HTTP/1.1" 200 5782 "-" "WordPress/6.9; https://www.canterasdemuro.es"
84.246.212.44 - - [30/Jul/2026:01:36:11 +0200] "POST /wp-cron.php?doing_wp_cron=1785368171.3638210296630859375000 HTTP/1.1" 200 5527 "-" "WordPress/6.9; https://www.canterasdemuro.es"
98.159.37.21 - - [30/Jul/2026:01:36:10 +0200] "POST /wp-login.php HTTP/1.1" 200 16316 "-" "Mozilla/5.0 (Windows NT 10.0; Win64; x64) AppleWebKit/537.36 Chrome/129.0.0.0 Safari/537.36"
84.246.212.44 - - [30/Jul/2026:01:36:11 +0200] "POST /wp-admin/admin-ajax.php?action=async_litespeed&nonce=SsbZd2nHuV5nd3F4YYYTcBZkApMiRzg4&litespeed_type=imgoptm HTTP/1.1" 200 5782 "-" "WordPress/6.9; https://www.canterasdemuro.es"
84.246.212.44 - - [30/Jul/2026:01:36:15 +0200] "GET /?wp_scrape_key=afe17145f57f772132d5c8ff43bd1936&wp_scrape_nonce=1785368173 HTTP/1.1" 200 100654 "-" "WordPress/6.9; https://www.canterasdemuro.es"
84.246.212.44 - - [30/Jul/2026:01:36:20 +0200] "GET /?wp_scrape_key=77c0a185e6db26d9d1c379a49f9c0026&wp_scrape_nonce=1785368178 HTTP/1.1" 200 100654 "-" "WordPress/6.9; https://www.canterasdemuro.es"
84.246.212.44 - - [30/Jul/2026:01:36:24 +0200] "GET /?wp_scrape_key=478ba2af4f81452c3ca22463c8357f5c&wp_scrape_nonce=1785368182 HTTP/1.1" 200 100654 "-" "WordPress/6.9; https://www.canterasdemuro.es"
84.246.212.44 - - [30/Jul/2026:01:36:29 +0200] "GET /?wp_scrape_key=afcbb70659a521f79c1162805a6cfb30&wp_scrape_nonce=1785368187 HTTP/1.1" 200 100676 "-" "WordPress/6.9; https://www.canterasdemuro.es"
84.246.212.44 - - [30/Jul/2026:01:36:34 +0200] "GET /?wp_scrape_key=6de789157fc0cf2f63f20bf77b426002&wp_scrape_nonce=1785368192 HTTP/1.1" 200 100654 "-" "WordPress/6.9; https://www.canterasdemuro.es"
84.246.212.44 - - [30/Jul/2026:01:36:38 +0200] "GET /?wp_scrape_key=0de8e21b61b57e048abc86db8be60019&wp_scrape_nonce=1785368196 HTTP/1.1" 200 100654 "-" "WordPress/6.9; https://www.canterasdemuro.es"
84.246.212.44 - - [30/Jul/2026:01:36:42 +0200] "GET /?wp_scrape_key=acecf96425ca571cba2511fe5bafa8d8&wp_scrape_nonce=1785368200 HTTP/1.1" 200 100654 "-" "WordPress/6.9; https://www.canterasdemuro.es"
84.246.212.44 - - [30/Jul/2026:01:36:46 +0200] "GET /?wp_scrape_key=f0fac87dd387f329c9b92bd632a25f15&wp_scrape_nonce=1785368204 HTTP/1.1" 200 100654 "-" "WordPress/6.9; https://www.canterasdemuro.es"
84.246.212.44 - - [30/Jul/2026:01:36:51 +0200] "GET /?wp_scrape_key=3309a334dcd7df6a29ef292308b30f63&wp_scrape_nonce=1785368209 HTTP/1.1" 200 100654 "-" "WordPress/6.9; https://www.canterasdemuro.es"
84.246.212.44 - - [30/Jul/2026:01:45:18 +0200] "POST /wp-cron.php?doing_wp_cron=1785368718.5712599754333496093750 HTTP/1.1" 200 5527 "-" "WordPress/6.9; https://www.canterasdemuro.es"
216.24.210.87 - - [30/Jul/2026:01:45:17 +0200] "POST /wp-login.php HTTP/1.1" 200 16316 "-" "Mozilla/5.0 (Windows NT 10.0; Win64; rv:143.0) Gecko/20100101 Firefox/143.0"
84.246.212.44 - - [30/Jul/2026:01:45:19 +0200] "POST /wp-admin/admin-ajax.php?action=async_litespeed&nonce=ggDQSl5dTpOkd7lGQt44QUW9jLAhHCd1&litespeed_type=imgoptm HTTP/1.1" 200 5782 "-" "WordPress/6.9; https://www.canterasdemuro.es"
84.246.212.44 - - [30/Jul/2026:01:46:33 +0200] "POST /wp-cron.php?doing_wp_cron=1785368793.1065630912780761718750 HTTP/1.1" 200 5527 "-" "WordPress/6.9; https://www.canterasdemuro.es"
104.210.140.140 - - [30/Jul/2026:01:46:32 +0200] "GET /robots.txt HTTP/1.1" 301 5579 "-" "Mozilla/5.0 (Macintosh; Intel Mac OS X 10_15_7) AppleWebKit/537.36 (KHTML, like Gecko) Chrome/131.0.0.0 Safari/537.36; compatible; OAI-SearchBot/1.0; +https://openai.com/searchbot"
84.246.212.44 - - [30/Jul/2026:01:46:33 +0200] "POST /wp-admin/admin-ajax.php?action=async_litespeed&nonce=wN1QKmWLUe85q6P3VJxPHoa1Bhhei1T6&litespeed_type=imgoptm HTTP/1.1" 200 5782 "-" "WordPress/6.9; https://www.canterasdemuro.es"
104.210.140.140 - - [30/Jul/2026:01:46:50 +0200] "GET /robots.txt HTTP/1.1" 200 5682 "-" "Mozilla/5.0 (Macintosh; Intel Mac OS X 10_15_7) AppleWebKit/537.36 (KHTML, like Gecko) Chrome/131.0.0.0 Safari/537.36; compatible; OAI-SearchBot/1.0; +https://openai.com/searchbot"
84.246.212.44 - - [30/Jul/2026:01:54:36 +0200] "POST /wp-cron.php?doing_wp_cron=1785369276.5565209388732910156250 HTTP/1.1" 200 5527 "-" "WordPress/6.9; https://www.canterasdemuro.es"
98.159.37.14 - - [30/Jul/2026:01:54:36 +0200] "POST /wp-login.php HTTP/1.1" 200 16316 "-" "Mozilla/5.0 (Macintosh; Intel Mac OS X 10_15_7) AppleWebKit/605.1.15 Version/17.0 Safari/605.1.15"
84.246.212.44 - - [30/Jul/2026:01:54:37 +0200] "POST /wp-admin/admin-ajax.php?action=async_litespeed&nonce=PJHUvbJtDnB4EGiH4aGfaFJgW2OoIAC3&litespeed_type=imgoptm HTTP/1.1" 200 5782 "-" "WordPress/6.9; https://www.canterasdemuro.es"
84.246.212.44 - - [30/Jul/2026:02:03:56 +0200] "POST /wp-cron.php?doing_wp_cron=1785369836.5970160961151123046875 HTTP/1.1" 200 5527 "-" "WordPress/6.9; https://www.canterasdemuro.es"
216.24.210.47 - - [30/Jul/2026:02:03:55 +0200] "POST /wp-login.php HTTP/1.1" 200 16316 "-" "Mozilla/5.0 (Windows NT 10.0; Win64; x64) AppleWebKit/537.36 Chrome/129.0.0.0 Safari/537.36"
84.246.212.44 - - [30/Jul/2026:02:03:57 +0200] "POST /wp-admin/admin-ajax.php?action=async_litespeed&nonce=UGkegEmxdAK2jk4wniTzBk9puzNyImx4&litespeed_type=imgoptm HTTP/1.1" 200 5782 "-" "WordPress/6.9; https://www.canterasdemuro.es"
217.114.214.248 - - [30/Jul/2026:02:04:04 +0200] "POST /xmlrpc.php HTTP/1.1" 200 5891 "-" "Mozilla/5.0 (Windows NT 10.0; WOW64) AppleWebKit/537.43 (KHTML, like Gecko) Chrome/134.0.0.0 Safari/537.36 OPR/119.0.0.0"
84.246.212.44 - - [30/Jul/2026:02:07:35 +0200] "POST /wp-cron.php?doing_wp_cron=1785370055.7138600349426269531250 HTTP/1.1" 200 5527 "-" "WordPress/6.9; https://www.canterasdemuro.es"
84.246.212.44 - - [30/Jul/2026:02:07:36 +0200] "POST /wp-admin/admin-ajax.php?action=async_litespeed&nonce=KgKW8xgMlzG0S6mha1OUL6lL5J6MMKkl&litespeed_type=imgoptm HTTP/1.1" 200 5782 "-" "WordPress/6.9; https://www.canterasdemuro.es"
84.246.212.44 - - [30/Jul/2026:02:07:50 +0200] "HEAD / HTTP/1.1" 200 5682 "-" "-"
84.246.212.44 - - [30/Jul/2026:02:07:59 +0200] "GET /wp-admin/admin-ajax.php HTTP/1.1" 400 5680 "-" "WordPress/6.9; https://www.canterasdemuro.es"
84.246.212.44 - - [30/Jul/2026:02:08:11 +0200] "POST /wp-cron.php?doing_wp_cron=1785370091.1185600757598876953125 HTTP/1.1" 200 5527 "-" "WordPress/6.9; https://www.canterasdemuro.es"
84.246.212.44 - - [30/Jul/2026:02:08:10 +0200] "GET /wp-admin/admin-ajax.php HTTP/1.1" 400 5680 "-" "WordPress/6.9; https://www.canterasdemuro.es"
84.246.212.44 - - [30/Jul/2026:02:08:14 +0200] "POST /wp-cron.php?doing_wp_cron=1785370094.2029991149902343750000 HTTP/1.1" 200 5527 "-" "WordPress/6.9; https://www.canterasdemuro.es"
84.246.212.44 - - [30/Jul/2026:02:08:14 +0200] "POST /wp-admin/admin-ajax.php?action=async_litespeed&nonce=HmwLdtXs7lOtoRWXSKLhRPP6vbRfHolu&litespeed_type=imgoptm HTTP/1.1" 200 5782 "-" "WordPress/6.9; https://www.canterasdemuro.es"
84.246.212.44 - - [30/Jul/2026:02:08:20 +0200] "POST /wp-cron.php?doing_wp_cron=1785370100.1228799819946289062500 HTTP/1.1" 200 5527 "-" "WordPress/6.9; https://www.canterasdemuro.es"
84.246.212.44 - - [30/Jul/2026:02:08:26 +0200] "GET /wp-admin/admin-ajax.php HTTP/1.1" 400 5680 "-" "WordPress/6.9; https://www.canterasdemuro.es"
84.246.212.44 - - [30/Jul/2026:02:08:34 +0200] "GET /wp-admin/admin-ajax.php HTTP/1.1" 400 5680 "-" "WordPress/6.9; https://www.canterasdemuro.es"
84.246.212.44 - - [30/Jul/2026:02:08:42 +0200] "POST /wp-admin/admin-ajax.php?action=wp_mail_smtp_init_migrations HTTP/1.1" 200 5806 "-" "WordPress/6.9; https://www.canterasdemuro.es"
84.246.212.44 - - [30/Jul/2026:02:08:45 +0200] "POST /wp-admin/admin-ajax.php?action=wp_mail_smtp_init_migrations HTTP/1.1" 200 5774 "-" "WordPress/6.9; https://www.canterasdemuro.es"
84.246.212.44 - - [30/Jul/2026:02:10:09 +0200] "POST /wp-cron.php?doing_wp_cron=1785370209.4980459213256835937500 HTTP/1.1" 200 5527 "-" "WordPress/6.9; https://www.canterasdemuro.es"
84.246.212.44 - - [30/Jul/2026:02:10:10 +0200] "POST /wp-admin/admin-ajax.php?action=async_litespeed&nonce=SohQzfbI17nu5FyyxZ1B1qWxX9Obr5oD&litespeed_type=imgoptm HTTP/1.1" 200 5782 "-" "WordPress/6.9; https://www.canterasdemuro.es"
84.246.212.44 - - [30/Jul/2026:02:13:09 +0200] "POST /wp-cron.php?doing_wp_cron=1785370389.7844851016998291015625 HTTP/1.1" 200 5527 "-" "WordPress/6.9; https://www.canterasdemuro.es"
173.239.218.13 - - [30/Jul/2026:02:13:09 +0200] "POST /wp-login.php HTTP/1.1" 200 16316 "-" "Mozilla/5.0 (Windows NT 10.0; Win64; rv:143.0) Gecko/20100101 Firefox/143.0"
84.246.212.44 - - [30/Jul/2026:02:13:10 +0200] "POST /wp-admin/admin-ajax.php?action=async_litespeed&nonce=8OZmoRiwKdsKJvst6cd5PeLQgyGzKawe&litespeed_type=imgoptm HTTP/1.1" 200 5782 "-" "WordPress/6.9; https://www.canterasdemuro.es"
84.246.212.44 - - [30/Jul/2026:02:17:22 +0200] "POST /wp-cron.php?doing_wp_cron=1785370641.9946129322052001953125 HTTP/1.1" 200 5527 "-" "WordPress/6.9; https://www.canterasdemuro.es"
167.172.55.225 - - [30/Jul/2026:02:17:21 +0200] "POST /xmlrpc.php HTTP/1.1" 200 5891 "-" "Mozilla/5.0 (Windows NT 10.0) AppleWebKit/537.43 (KHTML, like Gecko) Chrome/139.0.0.0 Safari/537.36 OPR/123.0.0.0"
84.246.212.44 - - [30/Jul/2026:02:17:22 +0200] "POST /wp-admin/admin-ajax.php?action=async_litespeed&nonce=8crYSvslXWtneoonrMYyixNEuoTjPNBz&litespeed_type=imgoptm HTTP/1.1" 200 5782 "-" "WordPress/6.9; https://www.canterasdemuro.es"
84.246.212.44 - - [30/Jul/2026:02:22:25 +0200] "POST /wp-cron.php?doing_wp_cron=1785370944.9517259597778320312500 HTTP/1.1" 200 5527 "-" "WordPress/6.9; https://www.canterasdemuro.es"
216.24.210.81 - - [30/Jul/2026:02:22:24 +0200] "POST /wp-login.php HTTP/1.1" 200 16316 "-" "Mozilla/5.0 (Windows NT 10.0; Win64; rv:143.0) Gecko/20100101 Firefox/143.0"
84.246.212.44 - - [30/Jul/2026:02:22:25 +0200] "POST /wp-admin/admin-ajax.php?action=async_litespeed&nonce=9iVwiuBO1t21jFtJzVZw3tt284vuonHV&litespeed_type=imgoptm HTTP/1.1" 200 5782 "-" "WordPress/6.9; https://www.canterasdemuro.es"
114.119.129.25 - - [30/Jul/2026:02:22:56 +0200] "GET /sostenibilidad HTTP/1.1" 301 5575 "https://www.canterasdemuro.es/hello-world" "Mozilla/5.0 (Linux; Android 7.0;) AppleWebKit/537.36 (HTML, like Gecko) Mobile Safari/537.36 (compatible; PetalBot;+https://webmaster.petalsearch.com/site/petalbot)"
114.119.129.25 - - [30/Jul/2026:02:22:57 +0200] "GET /sostenibilidad/ HTTP/1.1" 200 96233 "https://www.canterasdemuro.es/hello-world" "Mozilla/5.0 (Linux; Android 7.0;) AppleWebKit/537.36 (HTML, like Gecko) Mobile Safari/537.36 (compatible; PetalBot;+https://webmaster.petalsearch.com/site/petalbot)"
84.246.212.44 - - [30/Jul/2026:02:31:41 +0200] "POST /wp-cron.php?doing_wp_cron=1785371501.2373158931732177734375 HTTP/1.1" 200 5527 "-" "WordPress/6.9; https://www.canterasdemuro.es"
98.159.37.22 - - [30/Jul/2026:02:31:40 +0200] "POST /wp-login.php HTTP/1.1" 200 16316 "-" "Mozilla/5.0 (Windows NT 10.0; Win64; x64) AppleWebKit/537.36 Chrome/129.0.0.0 Safari/537.36"
84.246.212.44 - - [30/Jul/2026:02:31:41 +0200] "POST /wp-admin/admin-ajax.php?action=async_litespeed&nonce=fIXvyWO5cexBrS6ozzeuugregrT0ZVlS&litespeed_type=imgoptm HTTP/1.1" 200 5782 "-" "WordPress/6.9; https://www.canterasdemuro.es"
84.246.212.44 - - [30/Jul/2026:02:35:45 +0200] "POST /wp-cron.php?doing_wp_cron=1785371745.2657909393310546875000 HTTP/1.1" 200 5527 "-" "WordPress/6.9; https://www.canterasdemuro.es"
43.165.198.224 - - [30/Jul/2026:02:35:44 +0200] "GET / HTTP/1.1" 301 5569 "http://canterasdemuro.es" "Mozilla/5.0 (iPhone; CPU iPhone OS 13_2_3 like Mac OS X) AppleWebKit/605.1.15 (KHTML, like Gecko) Version/13.0.3 Mobile/15E148 Safari/604.1"
84.246.212.44 - - [30/Jul/2026:02:35:45 +0200] "POST /wp-admin/admin-ajax.php?action=async_litespeed&nonce=StjBxYJZnvEDrrXZo20CD4z8YnNneV8F&litespeed_type=imgoptm HTTP/1.1" 200 5782 "-" "WordPress/6.9; https://www.canterasdemuro.es"
43.165.198.224 - - [30/Jul/2026:02:35:46 +0200] "GET / HTTP/1.1" 200 100542 "https://canterasdemuro.es/" "Mozilla/5.0 (iPhone; CPU iPhone OS 13_2_3 like Mac OS X) AppleWebKit/605.1.15 (KHTML, like Gecko) Version/13.0.3 Mobile/15E148 Safari/604.1"
84.246.212.44 - - [30/Jul/2026:02:38:22 +0200] "POST /wp-cron.php?doing_wp_cron=1785371901.9517190456390380859375 HTTP/1.1" 200 5527 "-" "WordPress/6.9; https://www.canterasdemuro.es"
51.210.113.223 - - [30/Jul/2026:02:38:21 +0200] "POST /xmlrpc.php HTTP/1.1" 200 5891 "-" "Mozilla/5.0 (Windows NT 10.0; Win64; x64) AppleWebKit/537.36 (KHTML, like Gecko) Chrome/139.0.0.0 Safari/537.36"
185.220.100.246 - - [30/Jul/2026:02:38:22 +0200] "GET / HTTP/1.1" 301 5569 "-" "Mozilla/5.0 (iPhone; CPU iPhone OS 18_7 like Mac OS X) AppleWebKit/605.1.15 (KHTML, like Gecko) Version/18.7.5 Mobile/15E148 Safari/604.1"
84.246.212.44 - - [30/Jul/2026:02:38:22 +0200] "POST /wp-admin/admin-ajax.php?action=async_litespeed&nonce=O9uAY8Rfg4hyz44CoRVhPW8VJuylcXGP&litespeed_type=imgoptm HTTP/1.1" 200 5782 "-" "WordPress/6.9; https://www.canterasdemuro.es"
84.246.212.44 - - [30/Jul/2026:02:40:21 +0200] "POST /wp-cron.php?doing_wp_cron=1785372021.9140460491180419921875 HTTP/1.1" 200 5527 "-" "WordPress/6.9; https://www.canterasdemuro.es"
74.7.230.8 - - [30/Jul/2026:02:40:21 +0200] "GET /robots.txt HTTP/1.1" 301 5579 "http://canterasdemuro.es/robots.txt" "Mozilla/5.0 (Macintosh; Intel Mac OS X 10_15_7) AppleWebKit/537.36 (KHTML, like Gecko) Chrome/131.0.0.0 Safari/537.36; compatible; OAI-SearchBot/1.4; robots.txt; +https://openai.com/searchbot"
74.7.230.8 - - [30/Jul/2026:02:40:22 +0200] "GET /robots.txt HTTP/1.1" 200 5682 "https://canterasdemuro.es/robots.txt" "Mozilla/5.0 (Macintosh; Intel Mac OS X 10_15_7) AppleWebKit/537.36 (KHTML, like Gecko) Chrome/131.0.0.0 Safari/537.36; compatible; OAI-SearchBot/1.4; robots.txt; +https://openai.com/searchbot"
84.246.212.44 - - [30/Jul/2026:02:40:22 +0200] "POST /wp-admin/admin-ajax.php?action=async_litespeed&nonce=RZrKpXLuPn6mtXE7PkxmZcNgQTs2N2BV&litespeed_type=imgoptm HTTP/1.1" 200 5782 "-" "WordPress/6.9; https://www.canterasdemuro.es"
216.24.210.73 - - [30/Jul/2026:02:41:02 +0200] "POST /wp-login.php HTTP/1.1" 200 16316 "-" "Mozilla/5.0 (Windows NT 10.0; Win64; x64) AppleWebKit/537.36 Chrome/129.0.0.0 Safari/537.36"
74.7.230.8 - - [30/Jul/2026:02:43:05 +0200] "GET /robots.txt HTTP/1.1" 301 5579 "-" "Mozilla/5.0 (Macintosh; Intel Mac OS X 10_15_7) AppleWebKit/537.36 (KHTML, like Gecko) Chrome/131.0.0.0 Safari/537.36; compatible; OAI-SearchBot/1.4; robots.txt; +https://openai.com/searchbot"
84.246.212.44 - - [30/Jul/2026:02:43:06 +0200] "POST /wp-cron.php?doing_wp_cron=1785372186.0447139739990234375000 HTTP/1.1" 200 5527 "-" "WordPress/6.9; https://www.canterasdemuro.es"
74.7.242.30 - - [30/Jul/2026:02:43:05 +0200] "GET / HTTP/1.1" 301 5569 "http://canterasdemuro.es" "Mozilla/5.0 AppleWebKit/537.36 (KHTML, like Gecko; compatible; GPTBot/1.4; +https://openai.com/gptbot)"
74.7.230.8 - - [30/Jul/2026:02:43:06 +0200] "GET /robots.txt HTTP/1.1" 200 5682 "https://canterasdemuro.es/robots.txt" "Mozilla/5.0 (Macintosh; Intel Mac OS X 10_15_7) AppleWebKit/537.36 (KHTML, like Gecko) Chrome/131.0.0.0 Safari/537.36; compatible; OAI-SearchBot/1.4; robots.txt; +https://openai.com/searchbot"
84.246.212.44 - - [30/Jul/2026:02:43:06 +0200] "POST /wp-admin/admin-ajax.php?action=async_litespeed&nonce=9kc9lD0h2i9vQBKzGDIxtmRaNU4Ofpuz&litespeed_type=imgoptm HTTP/1.1" 200 5782 "-" "WordPress/6.9; https://www.canterasdemuro.es"
84.246.212.44 - - [30/Jul/2026:02:47:43 +0200] "POST /wp-cron.php?doing_wp_cron=1785372462.9840788841247558593750 HTTP/1.1" 200 5527 "-" "WordPress/6.9; https://www.canterasdemuro.es"
173.230.153.146 - - [30/Jul/2026:02:47:41 +0200] "GET / HTTP/1.1" 301 5569 "-" "Mozilla/5.0 (Windows NT 10.0; Win64; x64) AppleWebKit/537.36 (KHTML, like Gecko) Chrome/120.0.0.0 Safari/537.36"
84.246.212.44 - - [30/Jul/2026:02:47:44 +0200] "POST /wp-admin/admin-ajax.php?action=async_litespeed&nonce=dOHjRBB9JKciIHgO4Ko7D5ph3HOp4G6C&litespeed_type=imgoptm HTTP/1.1" 200 5782 "-" "WordPress/6.9; https://www.canterasdemuro.es"
173.230.153.146 - - [30/Jul/2026:02:47:43 +0200] "GET / HTTP/1.1" 200 100542 "https://canterasdemuro.es" "Mozilla/5.0 (Windows NT 10.0; Win64; x64) AppleWebKit/537.36 (KHTML, like Gecko) Chrome/120.0.0.0 Safari/537.36"
84.246.212.44 - - [30/Jul/2026:02:50:15 +0200] "POST /wp-cron.php?doing_wp_cron=1785372615.8070149421691894531250 HTTP/1.1" 200 5527 "-" "WordPress/6.9; https://www.canterasdemuro.es"
216.24.210.86 - - [30/Jul/2026:02:50:15 +0200] "POST /wp-login.php HTTP/1.1" 200 16316 "-" "Mozilla/5.0 (Windows NT 10.0; Win64; rv:143.0) Gecko/20100101 Firefox/143.0"
84.246.212.44 - - [30/Jul/2026:02:50:16 +0200] "POST /wp-admin/admin-ajax.php?action=async_litespeed&nonce=VIKCayuNa003Tq5wLCY5JW3HfujUACAO&litespeed_type=imgoptm HTTP/1.1" 200 5782 "-" "WordPress/6.9; https://www.canterasdemuro.es"
84.246.212.44 - - [30/Jul/2026:02:52:39 +0200] "POST /wp-cron.php?doing_wp_cron=1785372759.8835430145263671875000 HTTP/1.1" 200 5527 "-" "WordPress/6.9; https://www.canterasdemuro.es"
69.57.172.96 - - [30/Jul/2026:02:52:39 +0200] "POST /xmlrpc.php HTTP/1.1" 200 5891 "-" "Mozilla/5.0 (Windows NT 10.0; Win64; x64) AppleWebKit/537.43 (KHTML, like Gecko) Chrome/135.0.0.0 Safari/537.36 OPR/120.0.0.0"
84.246.212.44 - - [30/Jul/2026:02:52:40 +0200] "POST /wp-admin/admin-ajax.php?action=async_litespeed&nonce=KXG7VJHUEz2gWtMSJKfhNd2z8frX6tlx&litespeed_type=imgoptm HTTP/1.1" 200 5782 "-" "WordPress/6.9; https://www.canterasdemuro.es"
84.246.212.44 - - [30/Jul/2026:02:53:18 +0200] "POST /wp-cron.php?doing_wp_cron=1785372798.1577761173248291015625 HTTP/1.1" 200 5527 "-" "WordPress/6.9; https://www.canterasdemuro.es"
198.244.168.162 - - [30/Jul/2026:02:53:17 +0200] "GET /wp-sitemap.xml HTTP/1.1" 200 6234 "-" "Mozilla/5.0 (compatible; AhrefsBot/7.0; +http://ahrefs.com/robot/)"
84.246.212.44 - - [30/Jul/2026:02:53:18 +0200] "POST /wp-admin/admin-ajax.php?action=async_litespeed&nonce=rgWsCgqxv9g7cGfA4oJnxgayyHeJu6Tn&litespeed_type=imgoptm HTTP/1.1" 200 5782 "-" "WordPress/6.9; https://www.canterasdemuro.es"
198.244.168.51 - - [30/Jul/2026:02:53:19 +0200] "GET /wp-sitemap-posts-post-1.xml HTTP/1.1" 200 5797 "-" "Mozilla/5.0 (compatible; AhrefsBot/7.0; +http://ahrefs.com/robot/)"
198.244.240.123 - - [30/Jul/2026:02:53:21 +0200] "GET /wp-sitemap-posts-page-1.xml HTTP/1.1" 200 6783 "-" "Mozilla/5.0 (compatible; AhrefsBot/7.0; +http://ahrefs.com/robot/)"
198.244.183.168 - - [30/Jul/2026:02:53:23 +0200] "GET /gl/wp-sitemap-posts-page-1.xml HTTP/1.1" 200 6810 "-" "Mozilla/5.0 (compatible; AhrefsBot/7.0; +http://ahrefs.com/robot/)"
54.38.147.105 - - [30/Jul/2026:02:53:24 +0200] "GET /wp-sitemap-taxonomies-category-1.xml HTTP/1.1" 200 5764 "-" "Mozilla/5.0 (compatible; AhrefsBot/7.0; +http://ahrefs.com/robot/)"
198.244.226.127 - - [30/Jul/2026:02:53:26 +0200] "GET /wp-sitemap-users-1.xml HTTP/1.1" 200 5754 "-" "Mozilla/5.0 (compatible; AhrefsBot/7.0; +http://ahrefs.com/robot/)"
51.195.244.41 - - [30/Jul/2026:02:53:28 +0200] "GET /gl/wp-sitemap-users-1.xml HTTP/1.1" 200 5757 "-" "Mozilla/5.0 (compatible; AhrefsBot/7.0; +http://ahrefs.com/robot/)"
84.246.212.44 - - [30/Jul/2026:02:58:06 +0200] "POST /wp-cron.php?doing_wp_cron=1785373086.2603869438171386718750 HTTP/1.1" 200 5527 "-" "WordPress/6.9; https://www.canterasdemuro.es"
57.141.0.40 - - [30/Jul/2026:02:58:05 +0200] "GET /wp-sitemap-posts-post-1.xml HTTP/1.1" 200 5797 "-" "Mozilla/5.0 (Windows NT 10.0; Win64; x64) AppleWebKit/537.36 (KHTML, like Gecko) Chrome/145.0.0.0 Safari/537.36 (compatible; meta-externalagent/1.1 (+https://developers.facebook.com/docs/sharing/webmasters/crawler))"
84.246.212.44 - - [30/Jul/2026:02:58:06 +0200] "POST /wp-admin/admin-ajax.php?action=async_litespeed&nonce=2mNUfYQi4kSsC0ueYLFX4WKXDgjWfsdq&litespeed_type=imgoptm HTTP/1.1" 200 5782 "-" "WordPress/6.9; https://www.canterasdemuro.es"
84.246.212.44 - - [30/Jul/2026:02:58:54 +0200] "POST /wp-cron.php?doing_wp_cron=1785373134.0216729640960693359375 HTTP/1.1" 200 5527 "-" "WordPress/6.9; https://www.canterasdemuro.es"
216.73.217.86 - - [30/Jul/2026:02:58:53 +0200] "GET /robots.txt HTTP/1.1" 200 5682 "-" "Mozilla/5.0 AppleWebKit/537.36 (KHTML, like Gecko; compatible; ClaudeBot/1.0; +claudebot@anthropic.com)"
84.246.212.44 - - [30/Jul/2026:02:58:54 +0200] "POST /wp-admin/admin-ajax.php?action=async_litespeed&nonce=TZvbskRRun6UCth5gyWu2Ca9e4OrlHfi&litespeed_type=imgoptm HTTP/1.1" 200 5782 "-" "WordPress/6.9; https://www.canterasdemuro.es"
216.73.217.86 - - [30/Jul/2026:02:58:56 +0200] "GET /wp-sitemap.xml HTTP/1.1" 200 6234 "-" "Mozilla/5.0 AppleWebKit/537.36 (KHTML, like Gecko; compatible; ClaudeBot/1.0; +claudebot@anthropic.com)"
84.246.212.44 - - [30/Jul/2026:02:59:27 +0200] "POST /wp-cron.php?doing_wp_cron=1785373167.6574230194091796875000 HTTP/1.1" 200 5527 "-" "WordPress/6.9; https://www.canterasdemuro.es"
216.24.210.86 - - [30/Jul/2026:02:59:27 +0200] "POST /wp-login.php HTTP/1.1" 200 16316 "-" "Mozilla/5.0 (Windows NT 10.0; Win64; x64) AppleWebKit/537.36 Chrome/129.0.0.0 Safari/537.36"
84.246.212.44 - - [30/Jul/2026:02:59:28 +0200] "POST /wp-admin/admin-ajax.php?action=async_litespeed&nonce=pJtySIzosaqDGSnoN3klTNyhZcUR6vS0&litespeed_type=imgoptm HTTP/1.1" 200 5782 "-" "WordPress/6.9; https://www.canterasdemuro.es"
84.246.212.44 - - [30/Jul/2026:03:01:33 +0200] "POST /wp-cron.php?doing_wp_cron=1785373293.7988069057464599609375 HTTP/1.1" 200 5527 "-" "WordPress/6.9; https://www.canterasdemuro.es"
47.82.11.140 - - [30/Jul/2026:03:01:33 +0200] "GET /robots.txt HTTP/1.1" 301 5579 "-" "Mozilla/5.0 (Macintosh; Intel Mac OS X 10_15_7) AppleWebKit/537.36 (KHTML, like Gecko) Chrome/128.0.0.0 Safari/537.36"
84.246.212.44 - - [30/Jul/2026:03:01:34 +0200] "POST /wp-admin/admin-ajax.php?action=async_litespeed&nonce=a1Ky3u1wONCIKUHaRnsO3F80Gw0d27iN&litespeed_type=imgoptm HTTP/1.1" 200 5782 "-" "WordPress/6.9; https://www.canterasdemuro.es"
47.82.11.140 - - [30/Jul/2026:03:01:37 +0200] "GET /robots.txt HTTP/1.1" 200 5682 "-" "Mozilla/5.0 (Macintosh; Intel Mac OS X 10_15_7) AppleWebKit/537.36 (KHTML, like Gecko) Chrome/128.0.0.0 Safari/537.36"
47.82.11.140 - - [30/Jul/2026:03:01:37 +0200] "GET /wp-sitemap.xml HTTP/1.1" 200 6234 "-" "Mozilla/5.0 (Macintosh; Intel Mac OS X 10_15_7) AppleWebKit/537.36 (KHTML, like Gecko) Chrome/128.0.0.0 Safari/537.36"
47.82.11.140 - - [30/Jul/2026:03:01:40 +0200] "GET /wp-sitemap-posts-post-1.xml HTTP/1.1" 200 5797 "-" "Mozilla/5.0 (Macintosh; Intel Mac OS X 10_15_7) AppleWebKit/537.36 (KHTML, like Gecko) Chrome/128.0.0.0 Safari/537.36"
47.82.11.140 - - [30/Jul/2026:03:01:41 +0200] "GET /wp-sitemap-posts-page-1.xml HTTP/1.1" 200 6783 "-" "Mozilla/5.0 (Macintosh; Intel Mac OS X 10_15_7) AppleWebKit/537.36 (KHTML, like Gecko) Chrome/128.0.0.0 Safari/537.36"
47.82.11.140 - - [30/Jul/2026:03:01:41 +0200] "GET /gl/wp-sitemap-posts-page-1.xml HTTP/1.1" 200 6810 "-" "Mozilla/5.0 (Macintosh; Intel Mac OS X 10_15_7) AppleWebKit/537.36 (KHTML, like Gecko) Chrome/128.0.0.0 Safari/537.36"
47.82.11.140 - - [30/Jul/2026:03:01:42 +0200] "GET /wp-sitemap-taxonomies-category-1.xml HTTP/1.1" 200 5764 "-" "Mozilla/5.0 (Macintosh; Intel Mac OS X 10_15_7) AppleWebKit/537.36 (KHTML, like Gecko) Chrome/128.0.0.0 Safari/537.36"
47.82.11.140 - - [30/Jul/2026:03:01:45 +0200] "GET /wp-sitemap-users-1.xml HTTP/1.1" 200 5754 "-" "Mozilla/5.0 (Macintosh; Intel Mac OS X 10_15_7) AppleWebKit/537.36 (KHTML, like Gecko) Chrome/128.0.0.0 Safari/537.36"
47.82.11.140 - - [30/Jul/2026:03:01:45 +0200] "GET /gl/wp-sitemap-users-1.xml HTTP/1.1" 200 5757 "-" "Mozilla/5.0 (Macintosh; Intel Mac OS X 10_15_7) AppleWebKit/537.36 (KHTML, like Gecko) Chrome/128.0.0.0 Safari/537.36"
84.246.212.44 - - [30/Jul/2026:03:03:51 +0200] "POST /wp-cron.php?doing_wp_cron=1785373431.2408928871154785156250 HTTP/1.1" 200 5527 "-" "WordPress/6.9; https://www.canterasdemuro.es"
85.122.114.146 - - [30/Jul/2026:03:03:50 +0200] "GET /wp-login.php HTTP/1.1" 200 15900 "-" "Apache-HttpClient/4.5.2 (Java/1.8.0_202)"
84.246.212.44 - - [30/Jul/2026:03:03:51 +0200] "POST /wp-admin/admin-ajax.php?action=async_litespeed&nonce=CWor6eowcudLKUij9iSTKWymBl5sOQ52&litespeed_type=imgoptm HTTP/1.1" 200 5782 "-" "WordPress/6.9; https://www.canterasdemuro.es"
85.122.114.146 - - [30/Jul/2026:03:03:52 +0200] "GET /?author=1 HTTP/1.1" 301 5574 "-" "Apache-HttpClient/4.5.2 (Java/1.8.0_202)"
85.122.114.146 - - [30/Jul/2026:03:03:52 +0200] "GET /author/admin/ HTTP/1.1" 200 88977 "-" "Apache-HttpClient/4.5.2 (Java/1.8.0_202)"
85.122.114.146 - - [30/Jul/2026:03:03:54 +0200] "GET /?author=2 HTTP/1.1" 200 87607 "-" "Apache-HttpClient/4.5.2 (Java/1.8.0_202)"
85.122.114.146 - - [30/Jul/2026:03:03:55 +0200] "GET /?author=3 HTTP/1.1" 301 5583 "-" "Apache-HttpClient/4.5.2 (Java/1.8.0_202)"
85.122.114.146 - - [30/Jul/2026:03:03:56 +0200] "GET /author/admin_c4nteras/ HTTP/1.1" 200 87986 "-" "Apache-HttpClient/4.5.2 (Java/1.8.0_202)"
85.122.114.146 - - [30/Jul/2026:03:03:57 +0200] "GET /?author=4 HTTP/1.1" 200 87565 "-" "Apache-HttpClient/4.5.2 (Java/1.8.0_202)"
85.122.114.146 - - [30/Jul/2026:03:03:59 +0200] "GET /?author=5 HTTP/1.1" 200 87607 "-" "Apache-HttpClient/4.5.2 (Java/1.8.0_202)"
85.122.114.146 - - [30/Jul/2026:03:04:00 +0200] "GET /?author=6 HTTP/1.1" 200 87571 "-" "Apache-HttpClient/4.5.2 (Java/1.8.0_202)"
85.122.114.146 - - [30/Jul/2026:03:04:02 +0200] "GET /?author=7 HTTP/1.1" 200 87595 "-" "Apache-HttpClient/4.5.2 (Java/1.8.0_202)"
85.122.114.146 - - [30/Jul/2026:03:04:03 +0200] "GET /?author=8 HTTP/1.1" 200 87595 "-" "Apache-HttpClient/4.5.2 (Java/1.8.0_202)"
85.122.114.146 - - [30/Jul/2026:03:04:04 +0200] "GET /?author=9 HTTP/1.1" 200 87595 "-" "Apache-HttpClient/4.5.2 (Java/1.8.0_202)"
85.122.114.146 - - [30/Jul/2026:03:04:05 +0200] "GET /?author=10 HTTP/1.1" 200 87598 "-" "Apache-HttpClient/4.5.2 (Java/1.8.0_202)"
85.122.114.146 - - [30/Jul/2026:03:04:07 +0200] "GET /?author=11 HTTP/1.1" 200 87598 "-" "Apache-HttpClient/4.5.2 (Java/1.8.0_202)"
85.122.114.146 - - [30/Jul/2026:03:04:08 +0200] "GET /?author=12 HTTP/1.1" 200 87598 "-" "Apache-HttpClient/4.5.2 (Java/1.8.0_202)"
85.122.114.146 - - [30/Jul/2026:03:04:09 +0200] "GET /?author=13 HTTP/1.1" 200 87598 "-" "Apache-HttpClient/4.5.2 (Java/1.8.0_202)"
84.246.212.44 - - [30/Jul/2026:03:04:12 +0200] "POST /wp-cron.php?doing_wp_cron=1785373452.1515619754791259765625 HTTP/1.1" 200 5527 "-" "WordPress/6.9; https://www.canterasdemuro.es"
85.122.114.146 - - [30/Jul/2026:03:04:11 +0200] "GET /?author=14 HTTP/1.1" 200 87598 "-" "Apache-HttpClient/4.5.2 (Java/1.8.0_202)"
85.122.114.146 - - [30/Jul/2026:03:04:12 +0200] "GET /?author=15 HTTP/1.1" 404 88980 "-" "Apache-HttpClient/4.5.2 (Java/1.8.0_202)"
84.246.212.44 - - [30/Jul/2026:03:04:15 +0200] "POST /wp-cron.php?doing_wp_cron=1785373455.1897969245910644531250 HTTP/1.1" 200 5527 "-" "WordPress/6.9; https://www.canterasdemuro.es"
85.122.114.146 - - [30/Jul/2026:03:04:14 +0200] "GET /?author=16 HTTP/1.1" 404 88980 "-" "Apache-HttpClient/4.5.2 (Java/1.8.0_202)"
84.246.212.44 - - [30/Jul/2026:03:04:15 +0200] "POST /wp-admin/admin-ajax.php?action=async_litespeed&nonce=VYCU9D2CZ1joGZjqvoDMcAGXogCSHiEk&litespeed_type=imgoptm HTTP/1.1" 200 5782 "-" "WordPress/6.9; https://www.canterasdemuro.es"
85.122.114.146 - - [30/Jul/2026:03:04:15 +0200] "GET /?author=17 HTTP/1.1" 404 88980 "-" "Apache-HttpClient/4.5.2 (Java/1.8.0_202)"
84.246.212.44 - - [30/Jul/2026:03:04:18 +0200] "POST /wp-cron.php?doing_wp_cron=1785373458.2328510284423828125000 HTTP/1.1" 200 5527 "-" "WordPress/6.9; https://www.canterasdemuro.es"
85.122.114.146 - - [30/Jul/2026:03:04:17 +0200] "GET /?author=18 HTTP/1.1" 404 88980 "-" "Apache-HttpClient/4.5.2 (Java/1.8.0_202)"
85.122.114.146 - - [30/Jul/2026:03:04:18 +0200] "GET /?author=19 HTTP/1.1" 404 88980 "-" "Apache-HttpClient/4.5.2 (Java/1.8.0_202)"
85.122.114.146 - - [30/Jul/2026:03:04:19 +0200] "GET /?author=20 HTTP/1.1" 404 88980 "-" "Apache-HttpClient/4.5.2 (Java/1.8.0_202)"
85.122.114.146 - - [30/Jul/2026:03:04:21 +0200] "GET /xmlrpc.php HTTP/1.1" 405 5556 "-" "Apache-HttpClient/4.5.2 (Java/1.8.0_202)"
85.122.114.146 - - [30/Jul/2026:03:04:22 +0200] "POST /xmlrpc.php HTTP/1.1" 200 5891 "-" "Apache-HttpClient/4.5.2 (Java/1.8.0_202)"
85.122.114.146 - - [30/Jul/2026:03:04:22 +0200] "POST /xmlrpc.php HTTP/1.1" 200 5891 "-" "Apache-HttpClient/4.5.2 (Java/1.8.0_202)"
85.122.114.146 - - [30/Jul/2026:03:04:22 +0200] "POST /xmlrpc.php HTTP/1.1" 200 5891 "-" "Apache-HttpClient/4.5.2 (Java/1.8.0_202)"
85.122.114.146 - - [30/Jul/2026:03:04:23 +0200] "POST /xmlrpc.php HTTP/1.1" 200 5891 "-" "Apache-HttpClient/4.5.2 (Java/1.8.0_202)"
85.122.114.146 - - [30/Jul/2026:03:04:23 +0200] "POST /xmlrpc.php HTTP/1.1" 200 5891 "-" "Apache-HttpClient/4.5.2 (Java/1.8.0_202)"
85.122.114.146 - - [30/Jul/2026:03:04:23 +0200] "POST /xmlrpc.php HTTP/1.1" 403 6292 "-" "Apache-HttpClient/4.5.2 (Java/1.8.0_202)"
85.122.114.146 - - [30/Jul/2026:03:04:24 +0200] "POST /xmlrpc.php HTTP/1.1" 403 6292 "-" "Apache-HttpClient/4.5.2 (Java/1.8.0_202)"
85.122.114.146 - - [30/Jul/2026:03:04:24 +0200] "POST /xmlrpc.php HTTP/1.1" 403 6292 "-" "Apache-HttpClient/4.5.2 (Java/1.8.0_202)"
85.122.114.146 - - [30/Jul/2026:03:04:24 +0200] "POST /xmlrpc.php HTTP/1.1" 403 6292 "-" "Apache-HttpClient/4.5.2 (Java/1.8.0_202)"
85.122.114.146 - - [30/Jul/2026:03:04:24 +0200] "POST /xmlrpc.php HTTP/1.1" 403 6292 "-" "Apache-HttpClient/4.5.2 (Java/1.8.0_202)"
85.122.114.146 - - [30/Jul/2026:03:04:24 +0200] "POST /xmlrpc.php HTTP/1.1" 403 6292 "-" "Apache-HttpClient/4.5.2 (Java/1.8.0_202)"
85.122.114.146 - - [30/Jul/2026:03:04:24 +0200] "POST /xmlrpc.php HTTP/1.1" 403 6292 "-" "Apache-HttpClient/4.5.2 (Java/1.8.0_202)"
85.122.114.146 - - [30/Jul/2026:03:04:24 +0200] "POST /xmlrpc.php HTTP/1.1" 403 6292 "-" "Apache-HttpClient/4.5.2 (Java/1.8.0_202)"
85.122.114.146 - - [30/Jul/2026:03:04:24 +0200] "POST /xmlrpc.php HTTP/1.1" 403 6292 "-" "Apache-HttpClient/4.5.2 (Java/1.8.0_202)"
85.122.114.146 - - [30/Jul/2026:03:04:25 +0200] "POST /xmlrpc.php HTTP/1.1" 403 6292 "-" "Apache-HttpClient/4.5.2 (Java/1.8.0_202)"
85.122.114.146 - - [30/Jul/2026:03:04:25 +0200] "POST /xmlrpc.php HTTP/1.1" 403 6292 "-" "Apache-HttpClient/4.5.2 (Java/1.8.0_202)"
85.122.114.146 - - [30/Jul/2026:03:04:25 +0200] "POST /xmlrpc.php HTTP/1.1" 403 6292 "-" "Apache-HttpClient/4.5.2 (Java/1.8.0_202)"
85.122.114.146 - - [30/Jul/2026:03:04:25 +0200] "POST /xmlrpc.php HTTP/1.1" 403 6292 "-" "Apache-HttpClient/4.5.2 (Java/1.8.0_202)"
85.122.114.146 - - [30/Jul/2026:03:04:25 +0200] "POST /xmlrpc.php HTTP/1.1" 403 6292 "-" "Apache-HttpClient/4.5.2 (Java/1.8.0_202)"
85.122.114.146 - - [30/Jul/2026:03:04:25 +0200] "POST /xmlrpc.php HTTP/1.1" 403 6292 "-" "Apache-HttpClient/4.5.2 (Java/1.8.0_202)"
85.122.114.146 - - [30/Jul/2026:03:04:25 +0200] "POST /xmlrpc.php HTTP/1.1" 403 6292 "-" "Apache-HttpClient/4.5.2 (Java/1.8.0_202)"
85.122.114.146 - - [30/Jul/2026:03:04:26 +0200] "POST /xmlrpc.php HTTP/1.1" 403 6292 "-" "Apache-HttpClient/4.5.2 (Java/1.8.0_202)"
85.122.114.146 - - [30/Jul/2026:03:04:26 +0200] "POST /xmlrpc.php HTTP/1.1" 403 6292 "-" "Apache-HttpClient/4.5.2 (Java/1.8.0_202)"
85.122.114.146 - - [30/Jul/2026:03:04:26 +0200] "POST /xmlrpc.php HTTP/1.1" 403 6292 "-" "Apache-HttpClient/4.5.2 (Java/1.8.0_202)"
85.122.114.146 - - [30/Jul/2026:03:04:26 +0200] "POST /xmlrpc.php HTTP/1.1" 403 6292 "-" "Apache-HttpClient/4.5.2 (Java/1.8.0_202)"
85.122.114.146 - - [30/Jul/2026:03:04:26 +0200] "POST /xmlrpc.php HTTP/1.1" 403 6292 "-" "Apache-HttpClient/4.5.2 (Java/1.8.0_202)"
85.122.114.146 - - [30/Jul/2026:03:04:26 +0200] "POST /xmlrpc.php HTTP/1.1" 403 6292 "-" "Apache-HttpClient/4.5.2 (Java/1.8.0_202)"
85.122.114.146 - - [30/Jul/2026:03:04:26 +0200] "POST /xmlrpc.php HTTP/1.1" 403 6292 "-" "Apache-HttpClient/4.5.2 (Java/1.8.0_202)"
85.122.114.146 - - [30/Jul/2026:03:04:27 +0200] "POST /xmlrpc.php HTTP/1.1" 403 6292 "-" "Apache-HttpClient/4.5.2 (Java/1.8.0_202)"
85.122.114.146 - - [30/Jul/2026:03:04:27 +0200] "POST /xmlrpc.php HTTP/1.1" 403 6292 "-" "Apache-HttpClient/4.5.2 (Java/1.8.0_202)"
85.122.114.146 - - [30/Jul/2026:03:04:27 +0200] "POST /xmlrpc.php HTTP/1.1" 403 6292 "-" "Apache-HttpClient/4.5.2 (Java/1.8.0_202)"
85.122.114.146 - - [30/Jul/2026:03:04:27 +0200] "POST /xmlrpc.php HTTP/1.1" 403 6292 "-" "Apache-HttpClient/4.5.2 (Java/1.8.0_202)"
85.122.114.146 - - [30/Jul/2026:03:04:27 +0200] "POST /xmlrpc.php HTTP/1.1" 403 6292 "-" "Apache-HttpClient/4.5.2 (Java/1.8.0_202)"
85.122.114.146 - - [30/Jul/2026:03:04:27 +0200] "POST /xmlrpc.php HTTP/1.1" 403 6292 "-" "Apache-HttpClient/4.5.2 (Java/1.8.0_202)"
85.122.114.146 - - [30/Jul/2026:03:04:27 +0200] "POST /xmlrpc.php HTTP/1.1" 403 6292 "-" "Apache-HttpClient/4.5.2 (Java/1.8.0_202)"
85.122.114.146 - - [30/Jul/2026:03:04:27 +0200] "POST /xmlrpc.php HTTP/1.1" 403 6292 "-" "Apache-HttpClient/4.5.2 (Java/1.8.0_202)"
85.122.114.146 - - [30/Jul/2026:03:04:27 +0200] "POST /xmlrpc.php HTTP/1.1" 403 6292 "-" "Apache-HttpClient/4.5.2 (Java/1.8.0_202)"
85.122.114.146 - - [30/Jul/2026:03:04:27 +0200] "POST /xmlrpc.php HTTP/1.1" 403 6292 "-" "Apache-HttpClient/4.5.2 (Java/1.8.0_202)"
85.122.114.146 - - [30/Jul/2026:03:04:28 +0200] "POST /xmlrpc.php HTTP/1.1" 403 6292 "-" "Apache-HttpClient/4.5.2 (Java/1.8.0_202)"
85.122.114.146 - - [30/Jul/2026:03:04:28 +0200] "POST /xmlrpc.php HTTP/1.1" 403 6292 "-" "Apache-HttpClient/4.5.2 (Java/1.8.0_202)"
85.122.114.146 - - [30/Jul/2026:03:04:28 +0200] "POST /xmlrpc.php HTTP/1.1" 403 6292 "-" "Apache-HttpClient/4.5.2 (Java/1.8.0_202)"
85.122.114.146 - - [30/Jul/2026:03:04:28 +0200] "POST /xmlrpc.php HTTP/1.1" 403 6292 "-" "Apache-HttpClient/4.5.2 (Java/1.8.0_202)"
85.122.114.146 - - [30/Jul/2026:03:04:28 +0200] "POST /xmlrpc.php HTTP/1.1" 403 6292 "-" "Apache-HttpClient/4.5.2 (Java/1.8.0_202)"
85.122.114.146 - - [30/Jul/2026:03:04:28 +0200] "POST /xmlrpc.php HTTP/1.1" 403 6292 "-" "Apache-HttpClient/4.5.2 (Java/1.8.0_202)"
85.122.114.146 - - [30/Jul/2026:03:04:28 +0200] "POST /xmlrpc.php HTTP/1.1" 403 6292 "-" "Apache-HttpClient/4.5.2 (Java/1.8.0_202)"
85.122.114.146 - - [30/Jul/2026:03:04:28 +0200] "POST /xmlrpc.php HTTP/1.1" 403 6292 "-" "Apache-HttpClient/4.5.2 (Java/1.8.0_202)"
85.122.114.146 - - [30/Jul/2026:03:04:28 +0200] "POST /xmlrpc.php HTTP/1.1" 403 6292 "-" "Apache-HttpClient/4.5.2 (Java/1.8.0_202)"
85.122.114.146 - - [30/Jul/2026:03:04:28 +0200] "POST /xmlrpc.php HTTP/1.1" 403 6292 "-" "Apache-HttpClient/4.5.2 (Java/1.8.0_202)"
85.122.114.146 - - [30/Jul/2026:03:04:29 +0200] "POST /xmlrpc.php HTTP/1.1" 403 6292 "-" "Apache-HttpClient/4.5.2 (Java/1.8.0_202)"
85.122.114.146 - - [30/Jul/2026:03:04:29 +0200] "POST /xmlrpc.php HTTP/1.1" 403 6292 "-" "Apache-HttpClient/4.5.2 (Java/1.8.0_202)"
85.122.114.146 - - [30/Jul/2026:03:04:29 +0200] "POST /xmlrpc.php HTTP/1.1" 403 6292 "-" "Apache-HttpClient/4.5.2 (Java/1.8.0_202)"
85.122.114.146 - - [30/Jul/2026:03:04:29 +0200] "POST /xmlrpc.php HTTP/1.1" 403 6292 "-" "Apache-HttpClient/4.5.2 (Java/1.8.0_202)"
85.122.114.146 - - [30/Jul/2026:03:04:29 +0200] "POST /xmlrpc.php HTTP/1.1" 403 6292 "-" "Apache-HttpClient/4.5.2 (Java/1.8.0_202)"
85.122.114.146 - - [30/Jul/2026:03:04:29 +0200] "POST /xmlrpc.php HTTP/1.1" 403 6292 "-" "Apache-HttpClient/4.5.2 (Java/1.8.0_202)"
85.122.114.146 - - [30/Jul/2026:03:04:29 +0200] "POST /xmlrpc.php HTTP/1.1" 403 6292 "-" "Apache-HttpClient/4.5.2 (Java/1.8.0_202)"
85.122.114.146 - - [30/Jul/2026:03:04:29 +0200] "POST /xmlrpc.php HTTP/1.1" 403 6292 "-" "Apache-HttpClient/4.5.2 (Java/1.8.0_202)"
85.122.114.146 - - [30/Jul/2026:03:04:29 +0200] "POST /xmlrpc.php HTTP/1.1" 403 6292 "-" "Apache-HttpClient/4.5.2 (Java/1.8.0_202)"
85.122.114.146 - - [30/Jul/2026:03:04:29 +0200] "POST /xmlrpc.php HTTP/1.1" 403 6292 "-" "Apache-HttpClient/4.5.2 (Java/1.8.0_202)"
85.122.114.146 - - [30/Jul/2026:03:04:30 +0200] "POST /xmlrpc.php HTTP/1.1" 403 6292 "-" "Apache-HttpClient/4.5.2 (Java/1.8.0_202)"
85.122.114.146 - - [30/Jul/2026:03:04:30 +0200] "POST /xmlrpc.php HTTP/1.1" 403 6292 "-" "Apache-HttpClient/4.5.2 (Java/1.8.0_202)"
85.122.114.146 - - [30/Jul/2026:03:04:30 +0200] "POST /xmlrpc.php HTTP/1.1" 403 6292 "-" "Apache-HttpClient/4.5.2 (Java/1.8.0_202)"
85.122.114.146 - - [30/Jul/2026:03:04:30 +0200] "POST /xmlrpc.php HTTP/1.1" 403 6292 "-" "Apache-HttpClient/4.5.2 (Java/1.8.0_202)"
85.122.114.146 - - [30/Jul/2026:03:04:30 +0200] "POST /xmlrpc.php HTTP/1.1" 403 6292 "-" "Apache-HttpClient/4.5.2 (Java/1.8.0_202)"
85.122.114.146 - - [30/Jul/2026:03:04:30 +0200] "POST /xmlrpc.php HTTP/1.1" 403 6292 "-" "Apache-HttpClient/4.5.2 (Java/1.8.0_202)"
85.122.114.146 - - [30/Jul/2026:03:04:30 +0200] "POST /xmlrpc.php HTTP/1.1" 403 6292 "-" "Apache-HttpClient/4.5.2 (Java/1.8.0_202)"
85.122.114.146 - - [30/Jul/2026:03:04:30 +0200] "POST /xmlrpc.php HTTP/1.1" 403 6292 "-" "Apache-HttpClient/4.5.2 (Java/1.8.0_202)"
85.122.114.146 - - [30/Jul/2026:03:04:30 +0200] "POST /xmlrpc.php HTTP/1.1" 403 6292 "-" "Apache-HttpClient/4.5.2 (Java/1.8.0_202)"
85.122.114.146 - - [30/Jul/2026:03:04:30 +0200] "POST /xmlrpc.php HTTP/1.1" 403 6292 "-" "Apache-HttpClient/4.5.2 (Java/1.8.0_202)"
85.122.114.146 - - [30/Jul/2026:03:04:30 +0200] "POST /xmlrpc.php HTTP/1.1" 403 6292 "-" "Apache-HttpClient/4.5.2 (Java/1.8.0_202)"
85.122.114.146 - - [30/Jul/2026:03:04:30 +0200] "POST /xmlrpc.php HTTP/1.1" 403 6292 "-" "Apache-HttpClient/4.5.2 (Java/1.8.0_202)"
85.122.114.146 - - [30/Jul/2026:03:04:31 +0200] "POST /xmlrpc.php HTTP/1.1" 403 6292 "-" "Apache-HttpClient/4.5.2 (Java/1.8.0_202)"
85.122.114.146 - - [30/Jul/2026:03:04:31 +0200] "POST /xmlrpc.php HTTP/1.1" 403 6292 "-" "Apache-HttpClient/4.5.2 (Java/1.8.0_202)"
85.122.114.146 - - [30/Jul/2026:03:04:31 +0200] "POST /xmlrpc.php HTTP/1.1" 403 6292 "-" "Apache-HttpClient/4.5.2 (Java/1.8.0_202)"
85.122.114.146 - - [30/Jul/2026:03:04:31 +0200] "POST /xmlrpc.php HTTP/1.1" 403 6292 "-" "Apache-HttpClient/4.5.2 (Java/1.8.0_202)"
85.122.114.146 - - [30/Jul/2026:03:04:31 +0200] "POST /xmlrpc.php HTTP/1.1" 403 6292 "-" "Apache-HttpClient/4.5.2 (Java/1.8.0_202)"
85.122.114.146 - - [30/Jul/2026:03:04:31 +0200] "POST /xmlrpc.php HTTP/1.1" 403 6292 "-" "Apache-HttpClient/4.5.2 (Java/1.8.0_202)"
85.122.114.146 - - [30/Jul/2026:03:04:31 +0200] "POST /xmlrpc.php HTTP/1.1" 403 6292 "-" "Apache-HttpClient/4.5.2 (Java/1.8.0_202)"
85.122.114.146 - - [30/Jul/2026:03:04:31 +0200] "POST /xmlrpc.php HTTP/1.1" 403 6292 "-" "Apache-HttpClient/4.5.2 (Java/1.8.0_202)"
85.122.114.146 - - [30/Jul/2026:03:04:31 +0200] "POST /xmlrpc.php HTTP/1.1" 403 6292 "-" "Apache-HttpClient/4.5.2 (Java/1.8.0_202)"
