208.68.93.231 - - [29/Jul/2026:15:50:07 +0200] "GET /wp-content/plugins/elementor-pro/assets/lib/sticky/jquery.sticky.min.js?ver=3.28.1 HTTP/1.1" 200 5552 "https://www.canterasdemuro.es/" "Mozilla/5.0 (Macintosh; Intel Mac OS X 10_15_7) AppleWebKit/537.36 (KHTML, like Gecko) Chrome/114.0.0.0 Safari/537.36"
208.68.93.231 - - [29/Jul/2026:15:50:07 +0200] "GET /wp-includes/js/jquery/ui/core.min.js?ver=1.13.3 HTTP/1.1" 200 5517 "https://www.canterasdemuro.es/" "Mozilla/5.0 (Macintosh; Intel Mac OS X 10_15_7) AppleWebKit/537.36 (KHTML, like Gecko) Chrome/114.0.0.0 Safari/537.36"
208.68.93.231 - - [29/Jul/2026:15:50:07 +0200] "GET /wp-content/plugins/elementor-pro/assets/js/elements-handlers.min.js?ver=3.28.1 HTTP/1.1" 200 5548 "https://www.canterasdemuro.es/" "Mozilla/5.0 (Macintosh; Intel Mac OS X 10_15_7) AppleWebKit/537.36 (KHTML, like Gecko) Chrome/114.0.0.0 Safari/537.36"
208.68.93.231 - - [29/Jul/2026:15:50:07 +0200] "GET /wp-content/plugins/elementor/assets/js/webpack.runtime.min.js?ver=3.28.1 HTTP/1.1" 200 5542 "https://www.canterasdemuro.es/" "Mozilla/5.0 (Macintosh; Intel Mac OS X 10_15_7) AppleWebKit/537.36 (KHTML, like Gecko) Chrome/114.0.0.0 Safari/537.36"
208.68.93.231 - - [29/Jul/2026:15:50:07 +0200] "GET /wp-includes/js/dist/hooks.min.js?ver=dd5603f07f9220ed27f1 HTTP/1.1" 200 5513 "https://www.canterasdemuro.es/" "Mozilla/5.0 (Macintosh; Intel Mac OS X 10_15_7) AppleWebKit/537.36 (KHTML, like Gecko) Chrome/114.0.0.0 Safari/537.36"
208.68.93.231 - - [29/Jul/2026:15:50:11 +0200] "GET /wp-content/plugins/elementor/assets/js/text-editor.c084ef86600b6f11690d.bundle.min.js HTTP/1.1" 200 5566 "https://www.canterasdemuro.es/" "Mozilla/5.0 (Macintosh; Intel Mac OS X 10_15_7) AppleWebKit/537.36 (KHTML, like Gecko) Chrome/114.0.0.0 Safari/537.36"
208.68.93.231 - - [29/Jul/2026:15:50:11 +0200] "GET /wp-content/plugins/elementor/assets/lib/dialog/dialog.min.js?ver=4.9.3 HTTP/1.1" 200 5541 "https://www.canterasdemuro.es/" "Mozilla/5.0 (Macintosh; Intel Mac OS X 10_15_7) AppleWebKit/537.36 (KHTML, like Gecko) Chrome/114.0.0.0 Safari/537.36"
208.68.93.231 - - [29/Jul/2026:15:50:11 +0200] "GET /wp-content/plugins/elementor-pro/assets/js/nav-menu.a23fbd67486c5bedf26c.bundle.min.js HTTP/1.1" 200 5567 "https://www.canterasdemuro.es/" "Mozilla/5.0 (Macintosh; Intel Mac OS X 10_15_7) AppleWebKit/537.36 (KHTML, like Gecko) Chrome/114.0.0.0 Safari/537.36"
208.68.93.231 - - [29/Jul/2026:15:50:11 +0200] "GET /wp-includes/js/wp-emoji-release.min.js?ver=6.9 HTTP/1.1" 200 5519 "https://www.canterasdemuro.es/" "Mozilla/5.0 (Macintosh; Intel Mac OS X 10_15_7) AppleWebKit/537.36 (KHTML, like Gecko) Chrome/114.0.0.0 Safari/537.36"
123.160.223.73 - - [29/Jul/2026:15:50:12 +0200] "GET /wp-content/uploads/2024/06/FAVICON-1-CANTERAS-DE-MURO-150x150.png HTTP/1.1" 200 5533 "-" "Mozilla/5.0 (Macintosh; Intel Mac OS X 10_15_7) AppleWebKit/537.36 (KHTML, like Gecko) Chrome/120.0.0.0 Safari/537.36"
84.246.212.44 - - [29/Jul/2026:16:00:08 +0200] "POST /wp-cron.php?doing_wp_cron=1785333607.9939959049224853515625 HTTP/1.1" 200 5527 "-" "WordPress/6.9; https://www.canterasdemuro.es"
178.153.170.182 - - [29/Jul/2026:16:00:07 +0200] "POST /xmlrpc.php HTTP/1.1" 200 5891 "-" "Jetpack by WordPress.com (Jetpack 12.1; WordPress 6.1)"
84.246.212.44 - - [29/Jul/2026:16:00:08 +0200] "POST /wp-admin/admin-ajax.php?action=async_litespeed&nonce=qloXjrB8u5WQJ6qDsQKGUs04EUtaQda6&litespeed_type=imgoptm HTTP/1.1" 200 5782 "-" "WordPress/6.9; https://www.canterasdemuro.es"
84.246.212.44 - - [29/Jul/2026:16:00:12 +0200] "GET /?wp_scrape_key=4e8e03ccb5484fd249de75ebfc9170d0&wp_scrape_nonce=1785333610 HTTP/1.1" 200 100654 "-" "WordPress/6.9; https://www.canterasdemuro.es"
178.153.170.182 - - [29/Jul/2026:16:00:17 +0200] "POST /xmlrpc.php HTTP/1.1" 503 7331 "-" "Jetpack by WordPress.com (Jetpack 12.5; WordPress 6.2)"
84.246.212.44 - - [29/Jul/2026:16:00:17 +0200] "GET /?wp_scrape_key=7ff624ffd5c73d2d5dfbbdc9f76c9b29&wp_scrape_nonce=1785333615 HTTP/1.1" 200 100654 "-" "WordPress/6.9; https://www.canterasdemuro.es"
43.153.27.244 - - [29/Jul/2026:16:00:21 +0200] "GET / HTTP/1.1" 503 7313 "http://canterasdemuro.es" "Mozilla/5.0 (iPhone; CPU iPhone OS 13_2_3 like Mac OS X) AppleWebKit/605.1.15 (KHTML, like Gecko) Version/13.0.3 Mobile/15E148 Safari/604.1"
84.246.212.44 - - [29/Jul/2026:16:00:21 +0200] "GET /?wp_scrape_key=4b51c2b45c8ac8ca8db0b59659fa344f&wp_scrape_nonce=1785333619 HTTP/1.1" 200 100654 "-" "WordPress/6.9; https://www.canterasdemuro.es"
178.153.170.182 - - [29/Jul/2026:16:00:27 +0200] "POST /xmlrpc.php HTTP/1.1" 503 7331 "-" "Jetpack by WordPress.com (Jetpack 12.0; WordPress 6.4)"
84.246.212.44 - - [29/Jul/2026:16:00:26 +0200] "GET /?wp_scrape_key=3a255e87fd7fabf82eb41706491e521f&wp_scrape_nonce=1785333624 HTTP/1.1" 200 100654 "-" "WordPress/6.9; https://www.canterasdemuro.es"
84.246.212.44 - - [29/Jul/2026:16:00:31 +0200] "GET /?wp_scrape_key=10b440c053f7dfb5a36a2287c34bdcc3&wp_scrape_nonce=1785333629 HTTP/1.1" 200 100654 "-" "WordPress/6.9; https://www.canterasdemuro.es"
84.246.212.44 - - [29/Jul/2026:16:00:36 +0200] "GET /?wp_scrape_key=eba2b41256ed50a1228dd5ab5bde846b&wp_scrape_nonce=1785333633 HTTP/1.1" 200 100654 "-" "WordPress/6.9; https://www.canterasdemuro.es"
178.153.170.182 - - [29/Jul/2026:16:00:38 +0200] "POST /xmlrpc.php HTTP/1.1" 503 7331 "-" "Jetpack by WordPress.com"
84.246.212.44 - - [29/Jul/2026:16:00:39 +0200] "GET /?wp_scrape_key=3f0c0e65105bab46cd42e89d9fbfa6e0&wp_scrape_nonce=1785333637 HTTP/1.1" 200 100654 "-" "WordPress/6.9; https://www.canterasdemuro.es"
84.246.212.44 - - [29/Jul/2026:16:00:44 +0200] "GET /?wp_scrape_key=89cc940f5f1c12beed1f6f33ff1d128e&wp_scrape_nonce=1785333642 HTTP/1.1" 200 100654 "-" "WordPress/6.9; https://www.canterasdemuro.es"
178.153.170.182 - - [29/Jul/2026:16:00:48 +0200] "POST /xmlrpc.php HTTP/1.1" 503 7331 "-" "Jetpack/12.1; WordPress/6.3; http://site41324037.com"
84.246.212.44 - - [29/Jul/2026:16:00:48 +0200] "GET /?wp_scrape_key=e8e5e9842fa8e38deced3a3e0fbee357&wp_scrape_nonce=1785333646 HTTP/1.1" 200 100654 "-" "WordPress/6.9; https://www.canterasdemuro.es"
84.246.212.44 - - [29/Jul/2026:16:00:59 +0200] "POST /wp-cron.php?doing_wp_cron=1785333659.5637009143829345703125 HTTP/1.1" 200 5527 "-" "WordPress/6.9; https://www.canterasdemuro.es"
178.153.170.182 - - [29/Jul/2026:16:00:59 +0200] "POST /xmlrpc.php HTTP/1.1" 200 5891 "-" "WordPress.com; https://wordpress.com"
84.246.212.44 - - [29/Jul/2026:16:01:00 +0200] "POST /wp-admin/admin-ajax.php?action=async_litespeed&nonce=3r05NZEYsMjhbOMXRvNdd1barFOyfRKW&litespeed_type=imgoptm HTTP/1.1" 200 5782 "-" "WordPress/6.9; https://www.canterasdemuro.es"
178.153.170.182 - - [29/Jul/2026:16:01:09 +0200] "POST /xmlrpc.php HTTP/1.1" 200 5891 "-" "Jetpack/12.0; WordPress/6.4; http://site82677066.com"
84.246.212.44 - - [29/Jul/2026:16:01:20 +0200] "POST /wp-cron.php?doing_wp_cron=1785333680.4691379070281982421875 HTTP/1.1" 200 5527 "-" "WordPress/6.9; https://www.canterasdemuro.es"
178.153.170.182 - - [29/Jul/2026:16:01:20 +0200] "POST /xmlrpc.php HTTP/1.1" 200 5891 "-" "WordPress.com; https://wordpress.com"
84.246.212.44 - - [29/Jul/2026:16:01:21 +0200] "POST /wp-admin/admin-ajax.php?action=async_litespeed&nonce=Mk6twUrpfDDhGZcdXrWYbFA48NE3wi0N&litespeed_type=imgoptm HTTP/1.1" 200 5782 "-" "WordPress/6.9; https://www.canterasdemuro.es"
178.153.170.182 - - [29/Jul/2026:16:01:30 +0200] "POST /xmlrpc.php HTTP/1.1" 200 5891 "-" "WordPress.com; https://wordpress.com"
178.153.170.182 - - [29/Jul/2026:16:01:40 +0200] "POST /xmlrpc.php HTTP/1.1" 200 5891 "-" "Jetpack by WordPress.com"
178.153.170.182 - - [29/Jul/2026:16:01:51 +0200] "POST /xmlrpc.php HTTP/1.1" 200 5891 "-" "Jetpack by WordPress.com"
84.246.212.44 - - [29/Jul/2026:16:02:02 +0200] "POST /wp-cron.php?doing_wp_cron=1785333722.4231450557708740234375 HTTP/1.1" 200 5527 "-" "WordPress/6.9; https://www.canterasdemuro.es"
178.153.170.182 - - [29/Jul/2026:16:02:01 +0200] "POST /xmlrpc.php HTTP/1.1" 200 5891 "-" "Jetpack by WordPress.com"
187.15.100.69 - - [29/Jul/2026:16:02:03 +0200] "POST /index.php?rest_route=/batch/v1 HTTP/1.1" 207 648046 "-" "Go-http-client/1.1"
84.246.212.44 - - [29/Jul/2026:16:02:12 +0200] "POST /wp-cron.php?doing_wp_cron=1785333732.8902969360351562500000 HTTP/1.1" 200 5527 "-" "WordPress/6.9; https://www.canterasdemuro.es"
178.153.170.182 - - [29/Jul/2026:16:02:12 +0200] "POST /xmlrpc.php HTTP/1.1" 200 5891 "-" "Jetpack by WordPress.com (Jetpack 12.0; WordPress 6.4)"
84.246.212.44 - - [29/Jul/2026:16:02:13 +0200] "POST /wp-admin/admin-ajax.php?action=async_litespeed&nonce=hk7VzIOnhOrJmASBzOSlkQ0Cmpg3u6HA&litespeed_type=imgoptm HTTP/1.1" 200 5782 "-" "WordPress/6.9; https://www.canterasdemuro.es"
84.246.212.44 - - [29/Jul/2026:16:02:23 +0200] "POST /wp-cron.php?doing_wp_cron=1785333743.3917379379272460937500 HTTP/1.1" 200 5527 "-" "WordPress/6.9; https://www.canterasdemuro.es"
178.153.170.182 - - [29/Jul/2026:16:02:22 +0200] "POST /xmlrpc.php HTTP/1.1" 200 5891 "-" "Jetpack by WordPress.com (Jetpack 12.1; WordPress 6.2)"
178.153.170.182 - - [29/Jul/2026:16:02:33 +0200] "POST /xmlrpc.php HTTP/1.1" 200 5891 "-" "Jetpack by WordPress.com (Jetpack 12.1; WordPress 6.3)"
178.153.170.182 - - [29/Jul/2026:16:02:43 +0200] "POST /xmlrpc.php HTTP/1.1" 200 5891 "-" "WordPress.com; https://wordpress.com"
178.153.170.182 - - [29/Jul/2026:16:02:54 +0200] "POST /xmlrpc.php HTTP/1.1" 200 5891 "-" "Jetpack/12.5; WordPress/6.3; http://site23806626.com"
178.153.170.182 - - [29/Jul/2026:16:03:04 +0200] "POST /xmlrpc.php HTTP/1.1" 200 5891 "-" "Jetpack by WordPress.com (Jetpack 12.1; WordPress 6.2)"
84.246.212.44 - - [29/Jul/2026:16:03:15 +0200] "POST /wp-cron.php?doing_wp_cron=1785333795.8090069293975830078125 HTTP/1.1" 200 5527 "-" "WordPress/6.9; https://www.canterasdemuro.es"
178.153.170.182 - - [29/Jul/2026:16:03:15 +0200] "POST /xmlrpc.php HTTP/1.1" 200 5891 "-" "Jetpack/12.1; WordPress/6.1; http://site15859422.com"
84.246.212.44 - - [29/Jul/2026:16:03:16 +0200] "POST /wp-admin/admin-ajax.php?action=async_litespeed&nonce=MEElWRjQcU67XRI23rp04mH0n2Gq8gVB&litespeed_type=imgoptm HTTP/1.1" 200 5782 "-" "WordPress/6.9; https://www.canterasdemuro.es"
84.246.212.44 - - [29/Jul/2026:16:03:26 +0200] "POST /wp-cron.php?doing_wp_cron=1785333806.3227369785308837890625 HTTP/1.1" 200 5527 "-" "WordPress/6.9; https://www.canterasdemuro.es"
178.153.170.182 - - [29/Jul/2026:16:03:25 +0200] "POST /xmlrpc.php HTTP/1.1" 200 5891 "-" "WordPress.com; https://wordpress.com"
178.153.170.182 - - [29/Jul/2026:16:03:36 +0200] "POST /xmlrpc.php HTTP/1.1" 200 5891 "-" "Jetpack by WordPress.com"
178.153.170.182 - - [29/Jul/2026:16:03:46 +0200] "POST /xmlrpc.php HTTP/1.1" 403 6292 "-" "Jetpack by WordPress.com"
178.153.170.182 - - [29/Jul/2026:16:03:57 +0200] "POST /xmlrpc.php HTTP/1.1" 200 5891 "-" "Jetpack/12.1; WordPress/6.4; http://site40165011.com"
178.153.170.182 - - [29/Jul/2026:16:04:07 +0200] "POST /xmlrpc.php HTTP/1.1" 200 5891 "-" "Jetpack by WordPress.com (Jetpack 12.0; WordPress 6.4)"
84.246.212.44 - - [29/Jul/2026:16:04:18 +0200] "POST /wp-cron.php?doing_wp_cron=1785333858.6255180835723876953125 HTTP/1.1" 200 5527 "-" "WordPress/6.9; https://www.canterasdemuro.es"
178.153.170.182 - - [29/Jul/2026:16:04:18 +0200] "POST /xmlrpc.php HTTP/1.1" 200 5891 "-" "Jetpack/12.5; WordPress/6.1; http://site76815634.com"
84.246.212.44 - - [29/Jul/2026:16:04:19 +0200] "POST /wp-admin/admin-ajax.php?action=async_litespeed&nonce=ExXduNdfoS1r31EgpFJ5eQnlYeZyusYp&litespeed_type=imgoptm HTTP/1.1" 200 5782 "-" "WordPress/6.9; https://www.canterasdemuro.es"
178.153.170.182 - - [29/Jul/2026:16:04:28 +0200] "POST /xmlrpc.php HTTP/1.1" 200 5891 "-" "Jetpack/12.0; WordPress/6.2; http://site74722230.com"
178.153.170.182 - - [29/Jul/2026:16:04:39 +0200] "POST /xmlrpc.php HTTP/1.1" 200 5891 "-" "Jetpack by WordPress.com (Jetpack 12.5; WordPress 6.3)"
178.153.170.182 - - [29/Jul/2026:16:04:49 +0200] "POST /xmlrpc.php HTTP/1.1" 200 5891 "-" "Jetpack by WordPress.com (Jetpack 12.0; WordPress 6.1)"
178.153.170.182 - - [29/Jul/2026:16:05:00 +0200] "POST /xmlrpc.php HTTP/1.1" 200 5891 "-" "Jetpack/12.1; WordPress/6.4; http://site18259516.com"
84.246.212.44 - - [29/Jul/2026:16:05:11 +0200] "POST /wp-cron.php?doing_wp_cron=1785333911.1098010540008544921875 HTTP/1.1" 200 5527 "-" "WordPress/6.9; https://www.canterasdemuro.es"
178.153.170.182 - - [29/Jul/2026:16:05:10 +0200] "POST /xmlrpc.php HTTP/1.1" 200 5891 "-" "Jetpack/12.0; WordPress/6.3; http://site52202937.com"
84.246.212.44 - - [29/Jul/2026:16:05:21 +0200] "POST /wp-cron.php?doing_wp_cron=1785333921.6029779911041259765625 HTTP/1.1" 200 5527 "-" "WordPress/6.9; https://www.canterasdemuro.es"
178.153.170.182 - - [29/Jul/2026:16:05:21 +0200] "POST /xmlrpc.php HTTP/1.1" 200 5891 "-" "Jetpack/12.5; WordPress/6.4; http://site30856289.com"
84.246.212.44 - - [29/Jul/2026:16:05:22 +0200] "POST /wp-admin/admin-ajax.php?action=async_litespeed&nonce=5qZURmDJ0UK3kgi7xCFWJZpbTtiNLqfS&litespeed_type=imgoptm HTTP/1.1" 200 5782 "-" "WordPress/6.9; https://www.canterasdemuro.es"
178.153.170.182 - - [29/Jul/2026:16:05:31 +0200] "POST /xmlrpc.php HTTP/1.1" 200 5891 "-" "Jetpack/12.0; WordPress/6.1; http://site58973523.com"
178.153.170.182 - - [29/Jul/2026:16:05:42 +0200] "POST /xmlrpc.php HTTP/1.1" 200 5891 "-" "Jetpack by WordPress.com (Jetpack 12.1; WordPress 6.1)"
178.153.170.182 - - [29/Jul/2026:16:05:52 +0200] "POST /xmlrpc.php HTTP/1.1" 200 5891 "-" "Jetpack by WordPress.com (Jetpack 13.0; WordPress 6.4)"
178.153.170.182 - - [29/Jul/2026:16:06:03 +0200] "POST /xmlrpc.php HTTP/1.1" 200 5891 "-" "Jetpack/12.0; WordPress/6.3; http://site42362931.com"
178.153.170.182 - - [29/Jul/2026:16:06:13 +0200] "POST /xmlrpc.php HTTP/1.1" 403 6292 "-" "Jetpack by WordPress.com"
84.246.212.44 - - [29/Jul/2026:16:06:15 +0200] "POST /wp-cron.php?doing_wp_cron=1785333975.6432991027832031250000 HTTP/1.1" 200 5527 "-" "WordPress/6.9; https://www.canterasdemuro.es"
212.58.121.0 - - [29/Jul/2026:16:06:14 +0200] "GET / HTTP/1.1" 200 100542 "https://www.canterasdemuro.es" "Mozilla/5.0 (Windows NT 10.0; Win64; x64) AppleWebKit/537.36 (KHTML, like Gecko) Chrome/142.0.0.0 Safari/537.36"
84.246.212.44 - - [29/Jul/2026:16:06:16 +0200] "POST /wp-admin/admin-ajax.php?action=async_litespeed&nonce=LQCi1njgrewBha1uKPq1snNQ2KU0Bped&litespeed_type=imgoptm HTTP/1.1" 200 5782 "-" "WordPress/6.9; https://www.canterasdemuro.es"
178.153.170.182 - - [29/Jul/2026:16:06:23 +0200] "POST /xmlrpc.php HTTP/1.1" 403 6292 "-" "Jetpack by WordPress.com"
178.153.170.182 - - [29/Jul/2026:16:06:34 +0200] "POST /xmlrpc.php HTTP/1.1" 403 6292 "-" "WordPress.com; https://wordpress.com"
178.153.170.182 - - [29/Jul/2026:16:06:44 +0200] "POST /xmlrpc.php HTTP/1.1" 403 6292 "-" "Jetpack by WordPress.com"
178.153.170.182 - - [29/Jul/2026:16:06:55 +0200] "POST /xmlrpc.php HTTP/1.1" 403 6292 "-" "Jetpack by WordPress.com"
178.153.170.182 - - [29/Jul/2026:16:07:05 +0200] "POST /xmlrpc.php HTTP/1.1" 403 6292 "-" "WordPress.com; https://wordpress.com"
178.153.170.182 - - [29/Jul/2026:16:07:16 +0200] "POST /xmlrpc.php HTTP/1.1" 403 6292 "-" "Jetpack by WordPress.com"
84.246.212.44 - - [29/Jul/2026:16:07:27 +0200] "POST /wp-cron.php?doing_wp_cron=1785334047.3756089210510253906250 HTTP/1.1" 200 5527 "-" "WordPress/6.9; https://www.canterasdemuro.es"
178.153.170.182 - - [29/Jul/2026:16:07:26 +0200] "POST /xmlrpc.php HTTP/1.1" 200 5891 "-" "Jetpack by WordPress.com (Jetpack 13.0; WordPress 6.1)"
84.246.212.44 - - [29/Jul/2026:16:07:27 +0200] "POST /wp-admin/admin-ajax.php?action=async_litespeed&nonce=NncrsiJmGjtRIBruKA1Db2S9SQdOTwUt&litespeed_type=imgoptm HTTP/1.1" 200 5782 "-" "WordPress/6.9; https://www.canterasdemuro.es"
178.153.170.182 - - [29/Jul/2026:16:07:37 +0200] "POST /xmlrpc.php HTTP/1.1" 200 5891 "-" "Jetpack by WordPress.com (Jetpack 12.1; WordPress 6.2)"
178.153.170.182 - - [29/Jul/2026:16:07:47 +0200] "POST /xmlrpc.php HTTP/1.1" 200 5891 "-" "Jetpack by WordPress.com (Jetpack 12.0; WordPress 6.1)"
178.153.170.182 - - [29/Jul/2026:16:07:58 +0200] "POST /xmlrpc.php HTTP/1.1" 403 6292 "-" "WordPress.com; https://wordpress.com"
84.246.212.44 - - [29/Jul/2026:16:17:52 +0200] "POST /wp-cron.php?doing_wp_cron=1785334672.7001690864562988281250 HTTP/1.1" 200 5527 "-" "WordPress/6.9; https://www.canterasdemuro.es"
66.249.74.163 - - [29/Jul/2026:16:17:52 +0200] "GET /robots.txt HTTP/1.1" 301 5579 "-" "Mozilla/5.0 (compatible; Googlebot/2.1; +http://www.google.com/bot.html)"
84.246.212.44 - - [29/Jul/2026:16:17:53 +0200] "POST /wp-admin/admin-ajax.php?action=async_litespeed&nonce=e4Y86lmwIhbSOErPYGUkYtlLbIAUmgy2&litespeed_type=imgoptm HTTP/1.1" 200 5782 "-" "WordPress/6.9; https://www.canterasdemuro.es"
66.249.66.35 - - [29/Jul/2026:16:17:53 +0200] "GET /robots.txt HTTP/1.1" 200 5682 "-" "Mozilla/5.0 (compatible; Googlebot/2.1; +http://www.google.com/bot.html)"
178.153.170.182 - - [29/Jul/2026:16:17:59 +0200] "POST /xmlrpc.php HTTP/1.1" 200 5891 "-" "Jetpack by WordPress.com"
178.153.170.182 - - [29/Jul/2026:16:18:06 +0200] "POST /xmlrpc.php HTTP/1.1" 200 5891 "-" "WordPress.com; https://wordpress.com"
84.246.212.44 - - [29/Jul/2026:16:18:17 +0200] "POST /wp-cron.php?doing_wp_cron=1785334697.3357620239257812500000 HTTP/1.1" 200 5527 "-" "WordPress/6.9; https://www.canterasdemuro.es"
178.153.170.182 - - [29/Jul/2026:16:18:16 +0200] "POST /xmlrpc.php HTTP/1.1" 200 5891 "-" "Jetpack/12.1; WordPress/6.3; http://site33870137.com"
84.246.212.44 - - [29/Jul/2026:16:18:17 +0200] "POST /wp-admin/admin-ajax.php?action=async_litespeed&nonce=oi1bcrXs8qQHfLNBQ6N5brOygs2JeqAe&litespeed_type=imgoptm HTTP/1.1" 200 5782 "-" "WordPress/6.9; https://www.canterasdemuro.es"
178.153.170.182 - - [29/Jul/2026:16:18:27 +0200] "POST /xmlrpc.php HTTP/1.1" 200 5891 "-" "Jetpack by WordPress.com (Jetpack 12.1; WordPress 6.4)"
178.153.170.182 - - [29/Jul/2026:16:18:37 +0200] "POST /xmlrpc.php HTTP/1.1" 200 5891 "-" "WordPress.com; https://wordpress.com"
178.153.170.182 - - [29/Jul/2026:16:18:48 +0200] "POST /xmlrpc.php HTTP/1.1" 200 5891 "-" "Jetpack/12.1; WordPress/6.1; http://site85098226.com"
178.153.170.182 - - [29/Jul/2026:16:18:58 +0200] "POST /xmlrpc.php HTTP/1.1" 200 5891 "-" "Jetpack by WordPress.com"
178.153.170.182 - - [29/Jul/2026:16:19:09 +0200] "POST /xmlrpc.php HTTP/1.1" 200 5891 "-" "Jetpack/12.1; WordPress/6.1; http://site34169908.com"
84.246.212.44 - - [29/Jul/2026:16:19:20 +0200] "POST /wp-cron.php?doing_wp_cron=1785334760.1120560169219970703125 HTTP/1.1" 200 5527 "-" "WordPress/6.9; https://www.canterasdemuro.es"
178.153.170.182 - - [29/Jul/2026:16:19:19 +0200] "POST /xmlrpc.php HTTP/1.1" 200 5891 "-" "Jetpack by WordPress.com"
84.246.212.44 - - [29/Jul/2026:16:19:20 +0200] "POST /wp-admin/admin-ajax.php?action=async_litespeed&nonce=HgDc25OEoo5nc7eDID97UICVDT4vRLyt&litespeed_type=imgoptm HTTP/1.1" 200 5782 "-" "WordPress/6.9; https://www.canterasdemuro.es"
178.153.170.182 - - [29/Jul/2026:16:19:30 +0200] "POST /xmlrpc.php HTTP/1.1" 200 5891 "-" "Jetpack/12.5; WordPress/6.1; http://site49025244.com"
178.153.170.182 - - [29/Jul/2026:16:19:40 +0200] "POST /xmlrpc.php HTTP/1.1" 200 5891 "-" "WordPress.com; https://wordpress.com"
178.153.170.182 - - [29/Jul/2026:16:19:51 +0200] "POST /xmlrpc.php HTTP/1.1" 200 5891 "-" "Jetpack by WordPress.com (Jetpack 12.5; WordPress 6.3)"
20.171.55.167 - - [29/Jul/2026:16:19:51 +0200] "GET /admin.php HTTP/1.1" 301 5690 "-" "Mozilla/5.0 (Windows NT 10.0; Win64; x64) AppleWebKit/537.36 (KHTML, like Gecko) Chrome/120.0.0.0 Safari/537.36"
20.171.55.167 - - [29/Jul/2026:16:19:52 +0200] "GET /about.php HTTP/1.1" 301 5690 "-" "Mozilla/5.0 (Windows NT 10.0; Win64; x64) AppleWebKit/537.36 (KHTML, like Gecko) Chrome/120.0.0.0 Safari/537.36"
20.171.55.167 - - [29/Jul/2026:16:19:52 +0200] "GET /cgi-bin/ HTTP/1.1" 403 6292 "-" "Mozilla/5.0 (Windows NT 10.0; Win64; x64) AppleWebKit/537.36 (KHTML, like Gecko) Chrome/120.0.0.0 Safari/537.36"
20.171.55.167 - - [29/Jul/2026:16:19:52 +0200] "GET /wp-content/themes/ HTTP/1.1" 200 5434 "-" "Mozilla/5.0 (Windows NT 10.0; Win64; x64) AppleWebKit/537.36 (KHTML, like Gecko) Chrome/120.0.0.0 Safari/537.36"
20.171.55.167 - - [29/Jul/2026:16:19:52 +0200] "GET /adminfuns.php HTTP/1.1" 301 5694 "-" "Mozilla/5.0 (Windows NT 10.0; Win64; x64) AppleWebKit/537.36 (KHTML, like Gecko) Chrome/120.0.0.0 Safari/537.36"
20.171.55.167 - - [29/Jul/2026:16:19:53 +0200] "GET /edit.php HTTP/1.1" 301 5689 "-" "Mozilla/5.0 (Windows NT 10.0; Win64; x64) AppleWebKit/537.36 (KHTML, like Gecko) Chrome/120.0.0.0 Safari/537.36"
20.171.55.167 - - [29/Jul/2026:16:19:53 +0200] "GET /.well-known/logs233/index.php HTTP/1.1" 301 5710 "-" "Mozilla/5.0 (Windows NT 10.0; Win64; x64) AppleWebKit/537.36 (KHTML, like Gecko) Chrome/120.0.0.0 Safari/537.36"
20.171.55.167 - - [29/Jul/2026:16:19:54 +0200] "GET /wp-admin/maint/ HTTP/1.1" 403 6292 "-" "Mozilla/5.0 (Windows NT 10.0; Win64; x64) AppleWebKit/537.36 (KHTML, like Gecko) Chrome/120.0.0.0 Safari/537.36"
20.171.55.167 - - [29/Jul/2026:16:19:54 +0200] "GET /wp-admin/ HTTP/1.1" 302 5727 "-" "Mozilla/5.0 (Windows NT 10.0; Win64; x64) AppleWebKit/537.36 (KHTML, like Gecko) Chrome/120.0.0.0 Safari/537.36"
20.171.55.167 - - [29/Jul/2026:16:19:55 +0200] "GET /lite.php HTTP/1.1" 301 5689 "-" "Mozilla/5.0 (Windows NT 10.0; Win64; x64) AppleWebKit/537.36 (KHTML, like Gecko) Chrome/120.0.0.0 Safari/537.36"
20.171.55.167 - - [29/Jul/2026:16:19:55 +0200] "GET /wp-admin/js/ HTTP/1.1" 403 6292 "-" "Mozilla/5.0 (Windows NT 10.0; Win64; x64) AppleWebKit/537.36 (KHTML, like Gecko) Chrome/120.0.0.0 Safari/537.36"
20.171.55.167 - - [29/Jul/2026:16:19:55 +0200] "GET /wp-includes/ HTTP/1.1" 403 6292 "-" "Mozilla/5.0 (Windows NT 10.0; Win64; x64) AppleWebKit/537.36 (KHTML, like Gecko) Chrome/120.0.0.0 Safari/537.36"
20.171.55.167 - - [29/Jul/2026:16:19:56 +0200] "GET /wp-content/uploads/ HTTP/1.1" 403 6292 "-" "Mozilla/5.0 (Windows NT 10.0; Win64; x64) AppleWebKit/537.36 (KHTML, like Gecko) Chrome/120.0.0.0 Safari/537.36"
20.171.55.167 - - [29/Jul/2026:16:19:56 +0200] "GET /wp-admin/js/widgets/ HTTP/1.1" 403 6292 "-" "Mozilla/5.0 (Windows NT 10.0; Win64; x64) AppleWebKit/537.36 (KHTML, like Gecko) Chrome/120.0.0.0 Safari/537.36"
20.171.55.167 - - [29/Jul/2026:16:19:56 +0200] "GET /wp-content/themes/admin.php HTTP/1.1" 301 5700 "-" "Mozilla/5.0 (Windows NT 10.0; Win64; x64) AppleWebKit/537.36 (KHTML, like Gecko) Chrome/120.0.0.0 Safari/537.36"
20.171.55.167 - - [29/Jul/2026:16:19:56 +0200] "GET /wk/index.php HTTP/1.1" 301 5693 "-" "Mozilla/5.0 (Windows NT 10.0; Win64; x64) AppleWebKit/537.36 (KHTML, like Gecko) Chrome/120.0.0.0 Safari/537.36"
20.171.55.167 - - [29/Jul/2026:16:19:57 +0200] "GET /wp-content/plugins/plugin/index.php HTTP/1.1" 301 5699 "-" "Mozilla/5.0 (Windows NT 10.0; Win64; x64) AppleWebKit/537.36 (KHTML, like Gecko) Chrome/120.0.0.0 Safari/537.36"
20.171.55.167 - - [29/Jul/2026:16:19:57 +0200] "GET /wp-content/themes/index.php HTTP/1.1" 200 5434 "-" "Mozilla/5.0 (Windows NT 10.0; Win64; x64) AppleWebKit/537.36 (KHTML, like Gecko) Chrome/120.0.0.0 Safari/537.36"
20.171.55.167 - - [29/Jul/2026:16:19:57 +0200] "GET /wp-content/themes/theme/about.php HTTP/1.1" 301 5706 "-" "Mozilla/5.0 (Windows NT 10.0; Win64; x64) AppleWebKit/537.36 (KHTML, like Gecko) Chrome/120.0.0.0 Safari/537.36"
20.171.55.167 - - [29/Jul/2026:16:19:58 +0200] "GET /file.php HTTP/1.1" 301 5689 "-" "Mozilla/5.0 (Windows NT 10.0; Win64; x64) AppleWebKit/537.36 (KHTML, like Gecko) Chrome/120.0.0.0 Safari/537.36"
20.171.55.167 - - [29/Jul/2026:16:19:59 +0200] "GET /inputs.php HTTP/1.1" 301 5691 "-" "Mozilla/5.0 (Windows NT 10.0; Win64; x64) AppleWebKit/537.36 (KHTML, like Gecko) Chrome/120.0.0.0 Safari/537.36"
20.171.55.167 - - [29/Jul/2026:16:19:59 +0200] "GET /wp-includes/js/crop/ HTTP/1.1" 403 6292 "-" "Mozilla/5.0 (Windows NT 10.0; Win64; x64) AppleWebKit/537.36 (KHTML, like Gecko) Chrome/120.0.0.0 Safari/537.36"
178.153.170.182 - - [29/Jul/2026:16:20:01 +0200] "POST /xmlrpc.php HTTP/1.1" 200 5891 "-" "Jetpack/13.0; WordPress/6.3; http://site53685565.com"
84.246.212.44 - - [29/Jul/2026:16:20:12 +0200] "POST /wp-cron.php?doing_wp_cron=1785334812.6638579368591308593750 HTTP/1.1" 200 5527 "-" "WordPress/6.9; https://www.canterasdemuro.es"
178.153.170.182 - - [29/Jul/2026:16:20:12 +0200] "POST /xmlrpc.php HTTP/1.1" 200 5891 "-" "Jetpack by WordPress.com"
84.246.212.44 - - [29/Jul/2026:16:20:13 +0200] "POST /wp-admin/admin-ajax.php?action=async_litespeed&nonce=uZE68rpnzSkgGMCAa74FpdSoZ5Y1PUrr&litespeed_type=imgoptm HTTP/1.1" 200 5782 "-" "WordPress/6.9; https://www.canterasdemuro.es"
178.153.170.182 - - [29/Jul/2026:16:20:22 +0200] "POST /xmlrpc.php HTTP/1.1" 200 5891 "-" "WordPress.com; https://wordpress.com"
84.246.212.44 - - [29/Jul/2026:16:20:23 +0200] "POST /wp-cron.php?doing_wp_cron=1785334823.0963830947875976562500 HTTP/1.1" 200 5527 "-" "WordPress/6.9; https://www.canterasdemuro.es"
178.153.170.182 - - [29/Jul/2026:16:20:33 +0200] "POST /xmlrpc.php HTTP/1.1" 200 5891 "-" "Jetpack by WordPress.com (Jetpack 12.1; WordPress 6.3)"
178.153.170.182 - - [29/Jul/2026:16:20:43 +0200] "POST /xmlrpc.php HTTP/1.1" 200 5891 "-" "Jetpack by WordPress.com"
178.153.170.182 - - [29/Jul/2026:16:20:54 +0200] "POST /xmlrpc.php HTTP/1.1" 403 6292 "-" "Jetpack by WordPress.com"
178.153.170.182 - - [29/Jul/2026:16:21:04 +0200] "POST /xmlrpc.php HTTP/1.1" 200 5891 "-" "Jetpack/12.5; WordPress/6.3; http://site23916596.com"
84.246.212.44 - - [29/Jul/2026:16:21:15 +0200] "POST /wp-cron.php?doing_wp_cron=1785334875.5751349925994873046875 HTTP/1.1" 200 5527 "-" "WordPress/6.9; https://www.canterasdemuro.es"
178.153.170.182 - - [29/Jul/2026:16:21:15 +0200] "POST /xmlrpc.php HTTP/1.1" 200 5891 "-" "Jetpack by WordPress.com (Jetpack 13.0; WordPress 6.4)"
84.246.212.44 - - [29/Jul/2026:16:21:16 +0200] "POST /wp-admin/admin-ajax.php?action=async_litespeed&nonce=DR0GA8CegY0WtBGL9Lto0cB8xy1y9S4q&litespeed_type=imgoptm HTTP/1.1" 200 5782 "-" "WordPress/6.9; https://www.canterasdemuro.es"
178.153.170.182 - - [29/Jul/2026:16:21:25 +0200] "POST /xmlrpc.php HTTP/1.1" 403 6292 "-" "Jetpack by WordPress.com"
178.153.170.182 - - [29/Jul/2026:16:21:36 +0200] "POST /xmlrpc.php HTTP/1.1" 403 6292 "-" "Jetpack by WordPress.com"
84.246.212.44 - - [29/Jul/2026:16:21:47 +0200] "POST /wp-cron.php?doing_wp_cron=1785334907.0788280963897705078125 HTTP/1.1" 200 5527 "-" "WordPress/6.9; https://www.canterasdemuro.es"
178.153.170.182 - - [29/Jul/2026:16:21:46 +0200] "POST /xmlrpc.php HTTP/1.1" 200 5891 "-" "Jetpack by WordPress.com (Jetpack 12.0; WordPress 6.1)"
178.153.170.182 - - [29/Jul/2026:16:21:57 +0200] "POST /xmlrpc.php HTTP/1.1" 200 5891 "-" "Jetpack by WordPress.com (Jetpack 12.1; WordPress 6.1)"
178.153.170.182 - - [29/Jul/2026:16:22:07 +0200] "POST /xmlrpc.php HTTP/1.1" 200 5891 "-" "Jetpack by WordPress.com (Jetpack 12.5; WordPress 6.1)"
84.246.212.44 - - [29/Jul/2026:16:22:14 +0200] "POST /wp-cron.php?doing_wp_cron=1785334934.0479490756988525390625 HTTP/1.1" 200 5527 "-" "WordPress/6.9; https://www.canterasdemuro.es"
57.141.0.61 - - [29/Jul/2026:16:22:13 +0200] "GET /sitemap_index.xml HTTP/1.1" 301 5698 "-" "Mozilla/5.0 (Macintosh; Intel Mac OS X 10_15_7) AppleWebKit/537.36 (KHTML, like Gecko) Chrome/145.0.0.0 Safari/537.36 (compatible; meta-externalagent/1.1 (+https://developers.facebook.com/docs/sharing/webmasters/crawler))"
84.246.212.44 - - [29/Jul/2026:16:22:14 +0200] "POST /wp-admin/admin-ajax.php?action=async_litespeed&nonce=eBpLaN29WPAh6mmJiIWcSD3Mrln3p7w2&litespeed_type=imgoptm HTTP/1.1" 200 5782 "-" "WordPress/6.9; https://www.canterasdemuro.es"
84.246.212.44 - - [29/Jul/2026:16:22:18 +0200] "POST /wp-cron.php?doing_wp_cron=1785334938.3790860176086425781250 HTTP/1.1" 200 5527 "-" "WordPress/6.9; https://www.canterasdemuro.es"
178.153.170.182 - - [29/Jul/2026:16:22:17 +0200] "POST /xmlrpc.php HTTP/1.1" 200 5891 "-" "Jetpack by WordPress.com (Jetpack 13.0; WordPress 6.2)"
178.153.170.182 - - [29/Jul/2026:16:22:28 +0200] "POST /xmlrpc.php HTTP/1.1" 200 5891 "-" "Jetpack/13.0; WordPress/6.2; http://site86268149.com"
178.153.170.182 - - [29/Jul/2026:16:22:38 +0200] "POST /xmlrpc.php HTTP/1.1" 200 5891 "-" "WordPress.com; https://wordpress.com"
178.153.170.182 - - [29/Jul/2026:16:22:49 +0200] "POST /xmlrpc.php HTTP/1.1" 200 5891 "-" "Jetpack by WordPress.com (Jetpack 12.1; WordPress 6.2)"
178.153.170.182 - - [29/Jul/2026:16:22:59 +0200] "POST /xmlrpc.php HTTP/1.1" 200 5891 "-" "Jetpack by WordPress.com (Jetpack 12.1; WordPress 6.2)"
198.244.168.196 - - [29/Jul/2026:16:23:00 +0200] "GET /wp-sitemap.xml HTTP/1.1" 200 6234 "-" "Mozilla/5.0 (compatible; AhrefsBot/7.0; +http://ahrefs.com/robot/)"
198.244.183.42 - - [29/Jul/2026:16:23:03 +0200] "GET /wp-sitemap-posts-post-1.xml HTTP/1.1" 200 5797 "-" "Mozilla/5.0 (compatible; AhrefsBot/7.0; +http://ahrefs.com/robot/)"
198.244.226.129 - - [29/Jul/2026:16:23:04 +0200] "GET /wp-sitemap-posts-page-1.xml HTTP/1.1" 200 6783 "-" "Mozilla/5.0 (compatible; AhrefsBot/7.0; +http://ahrefs.com/robot/)"
51.195.215.196 - - [29/Jul/2026:16:23:06 +0200] "GET /gl/wp-sitemap-posts-page-1.xml HTTP/1.1" 200 6810 "-" "Mozilla/5.0 (compatible; AhrefsBot/7.0; +http://ahrefs.com/robot/)"
54.38.147.108 - - [29/Jul/2026:16:23:08 +0200] "GET /wp-sitemap-taxonomies-category-1.xml HTTP/1.1" 200 5764 "-" "Mozilla/5.0 (compatible; AhrefsBot/7.0; +http://ahrefs.com/robot/)"
51.89.129.208 - - [29/Jul/2026:16:23:09 +0200] "GET /wp-sitemap-users-1.xml HTTP/1.1" 200 5754 "-" "Mozilla/5.0 (compatible; AhrefsBot/7.0; +http://ahrefs.com/robot/)"
178.153.170.182 - - [29/Jul/2026:16:23:10 +0200] "POST /xmlrpc.php HTTP/1.1" 403 6292 "-" "Jetpack by WordPress.com"
84.246.212.44 - - [29/Jul/2026:16:23:12 +0200] "POST /wp-cron.php?doing_wp_cron=1785334992.5138170719146728515625 HTTP/1.1" 200 5527 "-" "WordPress/6.9; https://www.canterasdemuro.es"
198.244.242.150 - - [29/Jul/2026:16:23:12 +0200] "GET /gl/wp-sitemap-users-1.xml HTTP/1.1" 200 5757 "-" "Mozilla/5.0 (compatible; AhrefsBot/7.0; +http://ahrefs.com/robot/)"
84.246.212.44 - - [29/Jul/2026:16:23:13 +0200] "POST /wp-admin/admin-ajax.php?action=async_litespeed&nonce=lGfS1qeFlC3rlQeEGB4sW4JbHJYOwcNC&litespeed_type=imgoptm HTTP/1.1" 200 5782 "-" "WordPress/6.9; https://www.canterasdemuro.es"
84.246.212.44 - - [29/Jul/2026:16:23:21 +0200] "POST /wp-cron.php?doing_wp_cron=1785335001.3290140628814697265625 HTTP/1.1" 200 5527 "-" "WordPress/6.9; https://www.canterasdemuro.es"
178.153.170.182 - - [29/Jul/2026:16:23:20 +0200] "POST /xmlrpc.php HTTP/1.1" 200 5891 "-" "Jetpack/12.5; WordPress/6.1; http://site97569321.com"
178.153.170.182 - - [29/Jul/2026:16:23:31 +0200] "POST /xmlrpc.php HTTP/1.1" 403 6292 "-" "WordPress.com; https://wordpress.com"
178.153.170.182 - - [29/Jul/2026:16:23:41 +0200] "POST /xmlrpc.php HTTP/1.1" 200 5891 "-" "Jetpack by WordPress.com (Jetpack 13.0; WordPress 6.3)"
178.153.170.182 - - [29/Jul/2026:16:23:52 +0200] "POST /xmlrpc.php HTTP/1.1" 200 5891 "-" "Jetpack by WordPress.com (Jetpack 12.0; WordPress 6.1)"
178.153.170.182 - - [29/Jul/2026:16:24:02 +0200] "POST /xmlrpc.php HTTP/1.1" 200 5891 "-" "Jetpack/12.5; WordPress/6.2; http://site84274672.com"
178.153.170.182 - - [29/Jul/2026:16:24:13 +0200] "POST /xmlrpc.php HTTP/1.1" 403 6292 "-" "Jetpack by WordPress.com"
178.153.170.182 - - [29/Jul/2026:16:24:23 +0200] "POST /xmlrpc.php HTTP/1.1" 403 6292 "-" "Jetpack by WordPress.com"
84.246.212.44 - - [29/Jul/2026:16:24:34 +0200] "POST /wp-cron.php?doing_wp_cron=1785335074.5822360515594482421875 HTTP/1.1" 200 5527 "-" "WordPress/6.9; https://www.canterasdemuro.es"
178.153.170.182 - - [29/Jul/2026:16:24:34 +0200] "POST /xmlrpc.php HTTP/1.1" 200 5891 "-" "Jetpack/13.0; WordPress/6.2; http://site57984926.com"
84.246.212.44 - - [29/Jul/2026:16:24:35 +0200] "POST /wp-admin/admin-ajax.php?action=async_litespeed&nonce=7hqcXgvfjIh35YKwWKwe4Gglh6sf3ngc&litespeed_type=imgoptm HTTP/1.1" 200 5782 "-" "WordPress/6.9; https://www.canterasdemuro.es"
178.153.170.182 - - [29/Jul/2026:16:24:44 +0200] "POST /xmlrpc.php HTTP/1.1" 403 6292 "-" "Jetpack by WordPress.com"
178.153.170.182 - - [29/Jul/2026:16:24:55 +0200] "POST /xmlrpc.php HTTP/1.1" 403 6292 "-" "WordPress.com; https://wordpress.com"
84.246.212.44 - - [29/Jul/2026:16:29:22 +0200] "POST /wp-cron.php?doing_wp_cron=1785335362.6790759563446044921875 HTTP/1.1" 200 5527 "-" "WordPress/6.9; https://www.canterasdemuro.es"
95.127.144.41 - - [29/Jul/2026:16:29:21 +0200] "GET / HTTP/1.1" 200 13469 "-" "Mozilla/5.0 (iPhone; CPU iPhone OS 18_0_1 like Mac OS X) AppleWebKit/605.1.15 (KHTML, like Gecko) Version/18.0.1 Mobile/15E148 Safari/604.1"
84.246.212.44 - - [29/Jul/2026:16:29:23 +0200] "POST /wp-admin/admin-ajax.php?action=async_litespeed&nonce=2Bb8Q3Lr9mwphpDCFr4qQgMMldRpKtei&litespeed_type=imgoptm HTTP/1.1" 200 5782 "-" "WordPress/6.9; https://www.canterasdemuro.es"
84.246.212.44 - - [29/Jul/2026:16:41:04 +0200] "POST /wp-cron.php?doing_wp_cron=1785336064.4266901016235351562500 HTTP/1.1" 200 5527 "-" "WordPress/6.9; https://www.canterasdemuro.es"
43.155.162.41 - - [29/Jul/2026:16:41:02 +0200] "GET / HTTP/1.1" 200 100542 "http://www.canterasdemuro.es" "Mozilla/5.0 (iPhone; CPU iPhone OS 13_2_3 like Mac OS X) AppleWebKit/605.1.15 (KHTML, like Gecko) Version/13.0.3 Mobile/15E148 Safari/604.1"
84.246.212.44 - - [29/Jul/2026:16:41:05 +0200] "POST /wp-admin/admin-ajax.php?action=async_litespeed&nonce=FYRgGc9v7S4UDKmeSlFXH8NNr8P9LVc6&litespeed_type=imgoptm HTTP/1.1" 200 5782 "-" "WordPress/6.9; https://www.canterasdemuro.es"
51.81.81.39 - - [29/Jul/2026:16:49:06 +0200] "GET /wp-content/plugins/all-in-one-wp-migration/lib/view/assets/css/updater.min.css HTTP/1.1" 200 5545 "-" "Mozilla/5.0 (Macintosh; Intel Mac OS X 10_15_7) AppleWebKit/537.36 (KHTML, like Gecko) Chrome/147.0.0.0 Safari/537.36"
84.246.212.44 - - [29/Jul/2026:16:51:42 +0200] "POST /wp-cron.php?doing_wp_cron=1785336702.6492159366607666015625 HTTP/1.1" 200 5527 "-" "WordPress/6.9; https://www.canterasdemuro.es"
45.146.54.5 - - [29/Jul/2026:16:51:42 +0200] "GET // HTTP/1.1" 301 5569 "-" "Mozilla/5.0 (Windows NT 10.0; Win64; x64; rv:126.0) Gecko/20100101 Firefox/126.0"
84.246.212.44 - - [29/Jul/2026:16:51:43 +0200] "POST /wp-admin/admin-ajax.php?action=async_litespeed&nonce=zJfVaPvBnbv086zYHt7o6lKgOjFbgkPT&litespeed_type=imgoptm HTTP/1.1" 200 5782 "-" "WordPress/6.9; https://www.canterasdemuro.es"
45.146.54.34 - - [29/Jul/2026:16:51:44 +0200] "GET / HTTP/1.1" 200 100542 "-" "Mozilla/5.0 (Windows NT 10.0; Win64; x64; rv:126.0) Gecko/20100101 Firefox/126.0"
45.146.54.5 - - [29/Jul/2026:16:51:46 +0200] "GET //wp-json/batch/v1 HTTP/1.1" 404 5963 "-" "Mozilla/5.0 (X11; Linux x86_64) AppleWebKit/537.36 (KHTML, like Gecko) Chrome/125.0.0.0 Safari/537.36"
45.146.54.5 - - [29/Jul/2026:16:51:47 +0200] "GET //?rest_route=/batch/v1 HTTP/1.1" 404 5963 "-" "Mozilla/5.0 (Macintosh; Intel Mac OS X 10_15_7) AppleWebKit/537.36 (KHTML, like Gecko) Chrome/125.0.0.0 Safari/537.36"
84.246.212.44 - - [29/Jul/2026:16:52:13 +0200] "POST /wp-cron.php?doing_wp_cron=1785336733.7937190532684326171875 HTTP/1.1" 200 5527 "-" "WordPress/6.9; https://www.canterasdemuro.es"
162.14.81.106 - - [29/Jul/2026:16:52:13 +0200] "GET / HTTP/1.1" 301 5569 "http://canterasdemuro.es" "Mozilla/5.0 (iPhone; CPU iPhone OS 13_2_3 like Mac OS X) AppleWebKit/605.1.15 (KHTML, like Gecko) Version/13.0.3 Mobile/15E148 Safari/604.1"
84.246.212.44 - - [29/Jul/2026:16:52:14 +0200] "POST /wp-admin/admin-ajax.php?action=async_litespeed&nonce=l4adP8HGojVVITHsfwXRFDiGp0v9faCM&litespeed_type=imgoptm HTTP/1.1" 200 5782 "-" "WordPress/6.9; https://www.canterasdemuro.es"
84.246.212.44 - - [29/Jul/2026:16:53:13 +0200] "POST /wp-cron.php?doing_wp_cron=1785336793.2141749858856201171875 HTTP/1.1" 200 5527 "-" "WordPress/6.9; https://www.canterasdemuro.es"
216.73.217.86 - - [29/Jul/2026:16:53:12 +0200] "GET /robots.txt HTTP/1.1" 200 5682 "-" "Mozilla/5.0 AppleWebKit/537.36 (KHTML, like Gecko; compatible; ClaudeBot/1.0; +claudebot@anthropic.com)"
84.246.212.44 - - [29/Jul/2026:16:53:13 +0200] "POST /wp-admin/admin-ajax.php?action=async_litespeed&nonce=8S1f1Ns2YgBn5k4fXrkN3A06DdNaqPmW&litespeed_type=imgoptm HTTP/1.1" 200 5782 "-" "WordPress/6.9; https://www.canterasdemuro.es"
216.73.217.86 - - [29/Jul/2026:16:53:14 +0200] "GET /wp-sitemap.xml HTTP/1.1" 200 6234 "-" "Mozilla/5.0 AppleWebKit/537.36 (KHTML, like Gecko; compatible; ClaudeBot/1.0; +claudebot@anthropic.com)"
45.148.10.120 - - [29/Jul/2026:16:53:36 +0200] "GET /.env HTTP/1.1" 403 6292 "-" "Mozilla/5.0 (Macintosh; Intel Mac OS X 10.15; rv:77.0) Gecko/20100101 Firefox/77.0"
84.246.212.44 - - [29/Jul/2026:16:53:36 +0200] "POST /wp-cron.php?doing_wp_cron=1785336816.9119369983673095703125 HTTP/1.1" 200 5527 "-" "WordPress/6.9; https://www.canterasdemuro.es"
45.148.10.120 - - [29/Jul/2026:16:53:36 +0200] "GET /aws.env HTTP/1.1" 404 89434 "-" "Mozilla/5.0 (ZZ; Linux i686) AppleWebKit/537.36 (KHTML, like Gecko) Chrome/133.0.0.0 Safari/537.36"
45.148.10.120 - - [29/Jul/2026:16:53:36 +0200] "GET /.aws/credentials HTTP/1.1" 404 89434 "-" "Moz111a/5.0 (1Pad; CPU 0S 17_2 like Mac OS X) AppleWebKit/605.1.15 (KHTML, like Gecko) Version/17.2 Mobile/15E148 Safari/604.1"
84.246.212.44 - - [29/Jul/2026:17:04:53 +0200] "POST /wp-cron.php?doing_wp_cron=1785337493.8657948970794677734375 HTTP/1.1" 200 5527 "-" "WordPress/6.9; https://www.canterasdemuro.es"
62.60.130.210 - - [29/Jul/2026:17:04:53 +0200] "GET /images/images/cache.php HTTP/1.1" 301 5704 "www.google.com" "Mozlila/5.0 (Linux; Android 7.0; SM-G892A Bulid/NRD90M; wv) AppleWebKit/537.36 (KHTML, like Gecko) Version/4.0 Chrome/60.0.3112.107 Moblie Safari/537.36"
84.246.212.44 - - [29/Jul/2026:17:04:54 +0200] "POST /wp-admin/admin-ajax.php?action=async_litespeed&nonce=59zUbiOP7GnkzJvc4L56JCnv1tmVuuEh&litespeed_type=imgoptm HTTP/1.1" 200 5782 "-" "WordPress/6.9; https://www.canterasdemuro.es"
62.60.130.210 - - [29/Jul/2026:17:04:54 +0200] "GET /images/images/cache.php HTTP/1.1" 404 89435 "www.google.com" "Mozlila/5.0 (Linux; Android 7.0; SM-G892A Bulid/NRD90M; wv) AppleWebKit/537.36 (KHTML, like Gecko) Version/4.0 Chrome/60.0.3112.107 Moblie Safari/537.36"
62.60.130.210 - - [29/Jul/2026:17:04:58 +0200] "GET /storage/media/media/cache.php HTTP/1.1" 503 7331 "www.google.com" "Mozlila/5.0 (Linux; Android 7.0; SM-G892A Bulid/NRD90M; wv) AppleWebKit/537.36 (KHTML, like Gecko) Version/4.0 Chrome/60.0.3112.107 Moblie Safari/537.36"
84.246.212.44 - - [29/Jul/2026:17:04:58 +0200] "GET /?wp_scrape_key=4c2d6f64c55e4f99eb68984ab77d80ff&wp_scrape_nonce=1785337496 HTTP/1.1" 200 100654 "-" "WordPress/6.9; https://www.canterasdemuro.es"
62.60.130.210 - - [29/Jul/2026:17:05:00 +0200] "GET /storage/storage/cache.php HTTP/1.1" 503 7331 "www.google.com" "Mozlila/5.0 (Linux; Android 7.0; SM-G892A Bulid/NRD90M; wv) AppleWebKit/537.36 (KHTML, like Gecko) Version/4.0 Chrome/60.0.3112.107 Moblie Safari/537.36"
62.60.130.210 - - [29/Jul/2026:17:05:01 +0200] "GET /cgi-bin/cgi-bin/cgi-bin/cgi-bin/cache.php HTTP/1.1" 404 6305 "www.google.com" "Mozlila/5.0 (Linux; Android 7.0; SM-G892A Bulid/NRD90M; wv) AppleWebKit/537.36 (KHTML, like Gecko) Version/4.0 Chrome/60.0.3112.107 Moblie Safari/537.36"
62.60.130.210 - - [29/Jul/2026:17:05:03 +0200] "GET /images/images/images/images/images/images/images/images/cache.php HTTP/1.1" 503 7331 "www.google.com" "Mozlila/5.0 (Linux; Android 7.0; SM-G892A Bulid/NRD90M; wv) AppleWebKit/537.36 (KHTML, like Gecko) Version/4.0 Chrome/60.0.3112.107 Moblie Safari/537.36"
84.246.212.44 - - [29/Jul/2026:17:05:03 +0200] "GET /?wp_scrape_key=c0005b3cdd3e5ec8f5f3a8f4af9f0976&wp_scrape_nonce=1785337501 HTTP/1.1" 200 100654 "-" "WordPress/6.9; https://www.canterasdemuro.es"
62.60.130.210 - - [29/Jul/2026:17:05:04 +0200] "GET /images/images/images/images/images/images/images/cache.php HTTP/1.1" 503 7331 "www.google.com" "Mozlila/5.0 (Linux; Android 7.0; SM-G892A Bulid/NRD90M; wv) AppleWebKit/537.36 (KHTML, like Gecko) Version/4.0 Chrome/60.0.3112.107 Moblie Safari/537.36"
62.60.130.210 - - [29/Jul/2026:17:05:06 +0200] "GET /images/images/images/images/images/images/cache.php HTTP/1.1" 503 7331 "www.google.com" "Mozlila/5.0 (Linux; Android 7.0; SM-G892A Bulid/NRD90M; wv) AppleWebKit/537.36 (KHTML, like Gecko) Version/4.0 Chrome/60.0.3112.107 Moblie Safari/537.36"
62.60.130.210 - - [29/Jul/2026:17:05:08 +0200] "GET /images/images/images/images/images/cache.php HTTP/1.1" 503 7331 "www.google.com" "Mozlila/5.0 (Linux; Android 7.0; SM-G892A Bulid/NRD90M; wv) AppleWebKit/537.36 (KHTML, like Gecko) Version/4.0 Chrome/60.0.3112.107 Moblie Safari/537.36"
84.246.212.44 - - [29/Jul/2026:17:05:07 +0200] "GET /?wp_scrape_key=2f6027530deaebdd46458de1dcaf200a&wp_scrape_nonce=1785337504 HTTP/1.1" 200 100654 "-" "WordPress/6.9; https://www.canterasdemuro.es"
62.60.130.210 - - [29/Jul/2026:17:05:09 +0200] "GET /images/images/images/images/cache.php HTTP/1.1" 503 7331 "www.google.com" "Mozlila/5.0 (Linux; Android 7.0; SM-G892A Bulid/NRD90M; wv) AppleWebKit/537.36 (KHTML, like Gecko) Version/4.0 Chrome/60.0.3112.107 Moblie Safari/537.36"
62.60.130.210 - - [29/Jul/2026:17:05:11 +0200] "GET /images/images/images/cache.php HTTP/1.1" 503 7331 "www.google.com" "Mozlila/5.0 (Linux; Android 7.0; SM-G892A Bulid/NRD90M; wv) AppleWebKit/537.36 (KHTML, like Gecko) Version/4.0 Chrome/60.0.3112.107 Moblie Safari/537.36"
62.60.130.210 - - [29/Jul/2026:17:05:13 +0200] "GET /wp-content/plugins/plugins/cache.php HTTP/1.1" 503 7331 "www.google.com" "Mozlila/5.0 (Linux; Android 7.0; SM-G892A Bulid/NRD90M; wv) AppleWebKit/537.36 (KHTML, like Gecko) Version/4.0 Chrome/60.0.3112.107 Moblie Safari/537.36"
84.246.212.44 - - [29/Jul/2026:17:05:12 +0200] "GET /?wp_scrape_key=c5e96f804bba80b82067bf207a5683ac&wp_scrape_nonce=1785337510 HTTP/1.1" 200 100654 "-" "WordPress/6.9; https://www.canterasdemuro.es"
62.60.130.210 - - [29/Jul/2026:17:05:14 +0200] "GET /assets/images/images/cache.php HTTP/1.1" 503 7331 "www.google.com" "Mozlila/5.0 (Linux; Android 7.0; SM-G892A Bulid/NRD90M; wv) AppleWebKit/537.36 (KHTML, like Gecko) Version/4.0 Chrome/60.0.3112.107 Moblie Safari/537.36"
62.60.130.210 - - [29/Jul/2026:17:05:16 +0200] "GET /blogs/media/media/cache.php HTTP/1.1" 503 7331 "www.google.com" "Mozlila/5.0 (Linux; Android 7.0; SM-G892A Bulid/NRD90M; wv) AppleWebKit/537.36 (KHTML, like Gecko) Version/4.0 Chrome/60.0.3112.107 Moblie Safari/537.36"
84.246.212.44 - - [29/Jul/2026:17:05:16 +0200] "GET /?wp_scrape_key=4819fc5541099bd9eac169dfcf8f5cd6&wp_scrape_nonce=1785337514 HTTP/1.1" 200 100654 "-" "WordPress/6.9; https://www.canterasdemuro.es"
84.246.212.44 - - [29/Jul/2026:17:05:21 +0200] "GET /?wp_scrape_key=560841e0a5e2ddd9de8343b4bca98262&wp_scrape_nonce=1785337519 HTTP/1.1" 200 100654 "-" "WordPress/6.9; https://www.canterasdemuro.es"
84.246.212.44 - - [29/Jul/2026:17:05:25 +0200] "GET /?wp_scrape_key=6ecca7d2cfe991dfe18fc8010e51d49e&wp_scrape_nonce=1785337523 HTTP/1.1" 200 100654 "-" "WordPress/6.9; https://www.canterasdemuro.es"
84.246.212.44 - - [29/Jul/2026:17:05:30 +0200] "GET /?wp_scrape_key=a9e03626dead253fc60f4a183af0ab2f&wp_scrape_nonce=1785337528 HTTP/1.1" 200 100654 "-" "WordPress/6.9; https://www.canterasdemuro.es"
84.246.212.44 - - [29/Jul/2026:17:05:34 +0200] "GET /?wp_scrape_key=411c71191d60f2a979dcd358c3c2c1b9&wp_scrape_nonce=1785337532 HTTP/1.1" 200 100654 "-" "WordPress/6.9; https://www.canterasdemuro.es"
84.246.212.44 - - [29/Jul/2026:17:31:13 +0200] "POST /wp-cron.php?doing_wp_cron=1785339073.3102529048919677734375 HTTP/1.1" 200 5527 "-" "WordPress/6.9; https://www.canterasdemuro.es"
217.160.22.146 - - [29/Jul/2026:17:31:12 +0200] "POST /xmlrpc.php HTTP/1.1" 200 5891 "-" "Mozilla/5.0 (Windows NT 10.0; WOW64) AppleWebKit/537.43 (KHTML, like Gecko) Chrome/138.0.0.0 Safari/537.36 OPR/122.0.0.0"
84.246.212.44 - - [29/Jul/2026:17:31:14 +0200] "POST /wp-admin/admin-ajax.php?action=async_litespeed&nonce=Q4sgdxemFBZet32iaOHoXBY5USlx5bdE&litespeed_type=imgoptm HTTP/1.1" 200 5782 "-" "WordPress/6.9; https://www.canterasdemuro.es"
84.246.212.44 - - [29/Jul/2026:17:41:26 +0200] "POST /wp-cron.php?doing_wp_cron=1785339686.4985818862915039062500 HTTP/1.1" 200 5527 "-" "WordPress/6.9; https://www.canterasdemuro.es"
47.82.11.168 - - [29/Jul/2026:17:41:25 +0200] "GET /robots.txt HTTP/1.1" 200 5682 "-" "Mozilla/5.0 (Macintosh; Intel Mac OS X 10_15_7) AppleWebKit/537.36 (KHTML, like Gecko) Chrome/128.0.0.0 Safari/537.36"
84.246.212.44 - - [29/Jul/2026:17:41:27 +0200] "POST /wp-admin/admin-ajax.php?action=async_litespeed&nonce=F4YrTpVhyc0UuzuxfDWmIzopJbKLVVA9&litespeed_type=imgoptm HTTP/1.1" 200 5782 "-" "WordPress/6.9; https://www.canterasdemuro.es"
47.82.11.168 - - [29/Jul/2026:17:41:28 +0200] "GET /wp-sitemap.xml HTTP/1.1" 200 6234 "-" "Mozilla/5.0 (Macintosh; Intel Mac OS X 10_15_7) AppleWebKit/537.36 (KHTML, like Gecko) Chrome/128.0.0.0 Safari/537.36"
47.82.11.168 - - [29/Jul/2026:17:41:30 +0200] "GET /wp-sitemap-posts-post-1.xml HTTP/1.1" 200 5797 "-" "Mozilla/5.0 (Macintosh; Intel Mac OS X 10_15_7) AppleWebKit/537.36 (KHTML, like Gecko) Chrome/128.0.0.0 Safari/537.36"
47.82.11.168 - - [29/Jul/2026:17:41:32 +0200] "GET /wp-sitemap-posts-page-1.xml HTTP/1.1" 200 6783 "-" "Mozilla/5.0 (Macintosh; Intel Mac OS X 10_15_7) AppleWebKit/537.36 (KHTML, like Gecko) Chrome/128.0.0.0 Safari/537.36"
47.82.11.168 - - [29/Jul/2026:17:41:34 +0200] "GET /gl/wp-sitemap-posts-page-1.xml HTTP/1.1" 200 6810 "-" "Mozilla/5.0 (Macintosh; Intel Mac OS X 10_15_7) AppleWebKit/537.36 (KHTML, like Gecko) Chrome/128.0.0.0 Safari/537.36"
47.82.11.168 - - [29/Jul/2026:17:41:36 +0200] "GET /wp-sitemap-taxonomies-category-1.xml HTTP/1.1" 200 5764 "-" "Mozilla/5.0 (Macintosh; Intel Mac OS X 10_15_7) AppleWebKit/537.36 (KHTML, like Gecko) Chrome/128.0.0.0 Safari/537.36"
47.82.11.168 - - [29/Jul/2026:17:41:37 +0200] "GET /wp-sitemap-users-1.xml HTTP/1.1" 200 5754 "-" "Mozilla/5.0 (Macintosh; Intel Mac OS X 10_15_7) AppleWebKit/537.36 (KHTML, like Gecko) Chrome/128.0.0.0 Safari/537.36"
47.82.11.168 - - [29/Jul/2026:17:41:41 +0200] "GET /gl/wp-sitemap-users-1.xml HTTP/1.1" 200 5757 "-" "Mozilla/5.0 (Macintosh; Intel Mac OS X 10_15_7) AppleWebKit/537.36 (KHTML, like Gecko) Chrome/128.0.0.0 Safari/537.36"
84.246.212.44 - - [29/Jul/2026:17:55:43 +0200] "POST /wp-cron.php?doing_wp_cron=1785340543.0545129776000976562500 HTTP/1.1" 200 5527 "-" "WordPress/6.9; https://www.canterasdemuro.es"
198.244.226.59 - - [29/Jul/2026:17:55:42 +0200] "GET /wp-sitemap.xml HTTP/1.1" 200 6234 "-" "Mozilla/5.0 (compatible; AhrefsBot/7.0; +http://ahrefs.com/robot/)"
84.246.212.44 - - [29/Jul/2026:17:55:43 +0200] "POST /wp-admin/admin-ajax.php?action=async_litespeed&nonce=P18lZ64wB5X30pYuMoRZtPDW4ZdHXUFQ&litespeed_type=imgoptm HTTP/1.1" 200 5782 "-" "WordPress/6.9; https://www.canterasdemuro.es"
51.195.183.42 - - [29/Jul/2026:17:55:44 +0200] "GET /wp-sitemap-posts-post-1.xml HTTP/1.1" 200 5797 "-" "Mozilla/5.0 (compatible; AhrefsBot/7.0; +http://ahrefs.com/robot/)"
198.244.240.241 - - [29/Jul/2026:17:55:46 +0200] "GET /wp-sitemap-posts-page-1.xml HTTP/1.1" 200 6783 "-" "Mozilla/5.0 (compatible; AhrefsBot/7.0; +http://ahrefs.com/robot/)"
198.244.242.203 - - [29/Jul/2026:17:55:48 +0200] "GET /gl/wp-sitemap-posts-page-1.xml HTTP/1.1" 200 6810 "-" "Mozilla/5.0 (compatible; AhrefsBot/7.0; +http://ahrefs.com/robot/)"
198.244.242.60 - - [29/Jul/2026:17:55:50 +0200] "GET /wp-sitemap-taxonomies-category-1.xml HTTP/1.1" 200 5764 "-" "Mozilla/5.0 (compatible; AhrefsBot/7.0; +http://ahrefs.com/robot/)"
198.244.183.118 - - [29/Jul/2026:17:55:52 +0200] "GET /wp-sitemap-users-1.xml HTTP/1.1" 200 5754 "-" "Mozilla/5.0 (compatible; AhrefsBot/7.0; +http://ahrefs.com/robot/)"
54.38.147.75 - - [29/Jul/2026:17:55:54 +0200] "GET /gl/wp-sitemap-users-1.xml HTTP/1.1" 200 5757 "-" "Mozilla/5.0 (compatible; AhrefsBot/7.0; +http://ahrefs.com/robot/)"
84.246.212.44 - - [29/Jul/2026:18:16:58 +0200] "POST /wp-cron.php?doing_wp_cron=1785341818.0623009204864501953125 HTTP/1.1" 200 5527 "-" "WordPress/6.9; https://www.canterasdemuro.es"
3.221.74.51 - - [29/Jul/2026:18:16:57 +0200] "GET /robots.txt HTTP/1.1" 200 5682 "-" "Mozilla/5.0 (Macintosh; Intel Mac OS X 10_10_1) AppleWebKit/600.2.5 (KHTML, like Gecko) Version/8.0.2 Safari/600.2.5 (Gort)"
84.246.212.44 - - [29/Jul/2026:18:16:58 +0200] "POST /wp-admin/admin-ajax.php?action=async_litespeed&nonce=mYfapCx9d2OfXj7F9AdxXLYup6v6XWMF&litespeed_type=imgoptm HTTP/1.1" 200 5782 "-" "WordPress/6.9; https://www.canterasdemuro.es"
84.246.212.44 - - [29/Jul/2026:18:17:02 +0200] "GET /?wp_scrape_key=6dcd955d20b4b1f68e2470d3ad435a91&wp_scrape_nonce=1785341820 HTTP/1.1" 200 100654 "-" "WordPress/6.9; https://www.canterasdemuro.es"
84.246.212.44 - - [29/Jul/2026:18:17:07 +0200] "GET /?wp_scrape_key=affe76c926e30fee2d9143f8475edf44&wp_scrape_nonce=1785341825 HTTP/1.1" 200 100654 "-" "WordPress/6.9; https://www.canterasdemuro.es"
84.246.212.44 - - [29/Jul/2026:18:17:11 +0200] "GET /?wp_scrape_key=baa9cd3645d96de129b42e0c65225026&wp_scrape_nonce=1785341829 HTTP/1.1" 200 100654 "-" "WordPress/6.9; https://www.canterasdemuro.es"
84.246.212.44 - - [29/Jul/2026:18:17:16 +0200] "GET /?wp_scrape_key=a34c162dbd8bf81c0fd9db9c996b5ae0&wp_scrape_nonce=1785341834 HTTP/1.1" 200 100654 "-" "WordPress/6.9; https://www.canterasdemuro.es"
84.246.212.44 - - [29/Jul/2026:18:17:21 +0200] "GET /?wp_scrape_key=469a5d8351234602f19c6f29b2308fa5&wp_scrape_nonce=1785341839 HTTP/1.1" 200 100654 "-" "WordPress/6.9; https://www.canterasdemuro.es"
84.246.212.44 - - [29/Jul/2026:18:17:25 +0200] "GET /?wp_scrape_key=666393d8ed13e46204aeab7003010f1b&wp_scrape_nonce=1785341843 HTTP/1.1" 200 100654 "-" "WordPress/6.9; https://www.canterasdemuro.es"
84.246.212.44 - - [29/Jul/2026:18:17:29 +0200] "GET /?wp_scrape_key=f0102f900684a551ec1c512976787cae&wp_scrape_nonce=1785341847 HTTP/1.1" 200 100654 "-" "WordPress/6.9; https://www.canterasdemuro.es"
84.246.212.44 - - [29/Jul/2026:18:17:34 +0200] "GET /?wp_scrape_key=ef76dd7d1ea633875403be5fa36a2ba9&wp_scrape_nonce=1785341851 HTTP/1.1" 200 100654 "-" "WordPress/6.9; https://www.canterasdemuro.es"
