84.246.212.44 - - [28/Jul/2026:12:24:39 +0200] "GET /?wp_scrape_key=9897a4cb28e7e8bdba08e8df27709090&wp_scrape_nonce=1785234277 HTTP/1.1" 200 100652 "-" "WordPress/6.9; https://www.canterasdemuro.es"
84.246.212.44 - - [28/Jul/2026:12:24:43 +0200] "GET /?wp_scrape_key=a2a2211e61045c1203e5ca165ef4abc0&wp_scrape_nonce=1785234281 HTTP/1.1" 200 100652 "-" "WordPress/6.9; https://www.canterasdemuro.es"
84.246.212.44 - - [28/Jul/2026:12:24:48 +0200] "GET /?wp_scrape_key=98df9c7f08f1896a6923d1ba07ffcfca&wp_scrape_nonce=1785234286 HTTP/1.1" 200 100652 "-" "WordPress/6.9; https://www.canterasdemuro.es"
84.246.212.44 - - [28/Jul/2026:12:25:53 +0200] "POST /wp-cron.php?doing_wp_cron=1785234353.6055328845977783203125 HTTP/1.1" 200 5525 "-" "WordPress/6.9; https://www.canterasdemuro.es"
1.15.52.154 - - [28/Jul/2026:12:25:52 +0200] "GET / HTTP/1.1" 301 5567 "http://canterasdemuro.es" "Mozilla/5.0 (iPhone; CPU iPhone OS 13_2_3 like Mac OS X) AppleWebKit/605.1.15 (KHTML, like Gecko) Version/13.0.3 Mobile/15E148 Safari/604.1"
84.246.212.44 - - [28/Jul/2026:12:25:54 +0200] "POST /wp-admin/admin-ajax.php?action=async_litespeed&nonce=y0Hz1SirCXy4WD4mPso8jTICqL4I2oCd&litespeed_type=imgoptm HTTP/1.1" 200 5780 "-" "WordPress/6.9; https://www.canterasdemuro.es"
84.246.212.44 - - [28/Jul/2026:12:28:23 +0200] "POST /wp-cron.php?doing_wp_cron=1785234503.2222549915313720703125 HTTP/1.1" 200 5525 "-" "WordPress/6.9; https://www.canterasdemuro.es"
159.195.196.97 - - [28/Jul/2026:12:28:22 +0200] "GET / HTTP/1.1" 301 5567 "-" "Mozilla/5.0 (Windows NT 10.0; Win64; x64) AppleWebKit/537.36 (KHTML, like Gecko) Chrome/124.0.0.0 Safari/537.36"
84.246.212.44 - - [28/Jul/2026:12:28:23 +0200] "POST /wp-admin/admin-ajax.php?action=async_litespeed&nonce=P0F9f14YUFAukObytD6fGNJLwEwcLqKt&litespeed_type=imgoptm HTTP/1.1" 200 5780 "-" "WordPress/6.9; https://www.canterasdemuro.es"
159.195.196.97 - - [28/Jul/2026:12:28:23 +0200] "GET / HTTP/1.1" 200 100540 "-" "Mozilla/5.0 (Windows NT 10.0; Win64; x64) AppleWebKit/537.36 (KHTML, like Gecko) Chrome/124.0.0.0 Safari/537.36"
84.246.212.44 - - [28/Jul/2026:12:30:57 +0200] "POST /wp-cron.php?doing_wp_cron=1785234657.6000039577484130859375 HTTP/1.1" 200 5525 "-" "WordPress/6.9; https://www.canterasdemuro.es"
173.252.107.1 - - [28/Jul/2026:12:30:57 +0200] "GET /robots.txt HTTP/1.1" 200 5680 "-" "facebookexternalhit/1.1 (+http://www.facebook.com/externalhit_uatext.php)"
84.246.212.44 - - [28/Jul/2026:12:30:58 +0200] "POST /wp-admin/admin-ajax.php?action=async_litespeed&nonce=Xkv3aGa1qcCpEqvRLYl7g40kEPN2kVcH&litespeed_type=imgoptm HTTP/1.1" 200 5780 "-" "WordPress/6.9; https://www.canterasdemuro.es"
173.252.70.28 - - [28/Jul/2026:12:30:58 +0200] "GET /robots.txt HTTP/1.1" 200 5680 "-" "facebookexternalhit/1.1 (+http://www.facebook.com/externalhit_uatext.php)"
173.252.70.113 - - [28/Jul/2026:12:30:58 +0200] "GET / HTTP/1.1" 200 100540 "-" "meta-externalagent/1.1 (+https://developers.facebook.com/docs/sharing/webmasters/crawler)"
84.246.212.44 - - [28/Jul/2026:12:37:19 +0200] "POST /wp-cron.php?doing_wp_cron=1785235039.9035079479217529296875 HTTP/1.1" 200 5525 "-" "WordPress/6.9; https://www.canterasdemuro.es"
194.59.31.107 - - [28/Jul/2026:12:37:19 +0200] "POST /?rest_route=/batch/v1 HTTP/1.1" 207 5830 "-" "Mozilla/5.0"
84.246.212.44 - - [28/Jul/2026:12:37:20 +0200] "POST /wp-admin/admin-ajax.php?action=async_litespeed&nonce=DVHfWicaVuVvVCLm6CNCfUlnddyGMYXv&litespeed_type=imgoptm HTTP/1.1" 200 5780 "-" "WordPress/6.9; https://www.canterasdemuro.es"
194.59.31.107 - - [28/Jul/2026:12:37:20 +0200] "POST /?rest_route=/batch/v1 HTTP/1.1" 207 648044 "-" "Mozilla/5.0"
194.59.31.107 - - [28/Jul/2026:12:37:26 +0200] "POST /wp-json/batch/v1 HTTP/1.1" 207 5830 "-" "Mozilla/5.0"
194.59.31.107 - - [28/Jul/2026:12:37:27 +0200] "POST /wp-json/batch/v1 HTTP/1.1" 207 648044 "-" "Mozilla/5.0"
84.246.212.44 - - [28/Jul/2026:12:44:08 +0200] "POST /wp-cron.php?doing_wp_cron=1785235448.5788309574127197265625 HTTP/1.1" 200 5525 "-" "WordPress/6.9; https://www.canterasdemuro.es"
51.68.236.92 - - [28/Jul/2026:12:44:07 +0200] "GET /robots.txt HTTP/1.1" 301 5577 "-" "Mozilla/5.0 (compatible; MJ12bot/v2.0.5; http://mj12bot.com/)"
51.68.236.92 - - [28/Jul/2026:12:44:08 +0200] "GET /robots.txt HTTP/1.1" 200 5680 "-" "Mozilla/5.0 (compatible; MJ12bot/v2.0.5; http://mj12bot.com/)"
84.246.212.44 - - [28/Jul/2026:12:44:09 +0200] "POST /wp-admin/admin-ajax.php?action=async_litespeed&nonce=WCakteiYEMf13Nt6QEkAFW3KBuUEz5GB&litespeed_type=imgoptm HTTP/1.1" 200 5780 "-" "WordPress/6.9; https://www.canterasdemuro.es"
51.68.236.92 - - [28/Jul/2026:12:44:09 +0200] "GET / HTTP/1.1" 301 5567 "-" "Mozilla/5.0 (compatible; MJ12bot/v2.0.5; http://mj12bot.com/)"
51.68.236.92 - - [28/Jul/2026:12:44:09 +0200] "GET / HTTP/1.1" 200 100540 "-" "Mozilla/5.0 (compatible; MJ12bot/v2.0.5; http://mj12bot.com/)"
84.246.212.44 - - [28/Jul/2026:12:48:24 +0200] "POST /wp-cron.php?doing_wp_cron=1785235704.5951499938964843750000 HTTP/1.1" 200 5525 "-" "WordPress/6.9; https://www.canterasdemuro.es"
57.141.0.50 - - [28/Jul/2026:12:48:23 +0200] "GET /wp-sitemap-taxonomies-category-1.xml HTTP/1.1" 200 5762 "-" "Mozilla/5.0 (Windows NT 10.0; Win64; x64) AppleWebKit/537.36 (KHTML, like Gecko) Chrome/145.0.0.0 Safari/537.36 (compatible; meta-externalagent/1.1 (+https://developers.facebook.com/docs/sharing/webmasters/crawler))"
84.246.212.44 - - [28/Jul/2026:12:48:25 +0200] "POST /wp-admin/admin-ajax.php?action=async_litespeed&nonce=jW5znsl6ca6X7PZ6x0eixkuejhBRbsHG&litespeed_type=imgoptm HTTP/1.1" 200 5780 "-" "WordPress/6.9; https://www.canterasdemuro.es"
84.246.212.44 - - [28/Jul/2026:12:56:18 +0200] "POST /wp-cron.php?doing_wp_cron=1785236177.8709290027618408203125 HTTP/1.1" 200 5525 "-" "WordPress/6.9; https://www.canterasdemuro.es"
43.166.132.142 - - [28/Jul/2026:12:56:17 +0200] "GET / HTTP/1.1" 301 5567 "http://canterasdemuro.es" "Mozilla/5.0 (iPhone; CPU iPhone OS 13_2_3 like Mac OS X) AppleWebKit/605.1.15 (KHTML, like Gecko) Version/13.0.3 Mobile/15E148 Safari/604.1"
84.246.212.44 - - [28/Jul/2026:12:56:18 +0200] "POST /wp-admin/admin-ajax.php?action=async_litespeed&nonce=8wsQfwQZb3WlSyxtNNvTqwDmmtgoeM98&litespeed_type=imgoptm HTTP/1.1" 200 5780 "-" "WordPress/6.9; https://www.canterasdemuro.es"
43.166.132.142 - - [28/Jul/2026:12:56:19 +0200] "GET / HTTP/1.1" 200 100540 "https://canterasdemuro.es/" "Mozilla/5.0 (iPhone; CPU iPhone OS 13_2_3 like Mac OS X) AppleWebKit/605.1.15 (KHTML, like Gecko) Version/13.0.3 Mobile/15E148 Safari/604.1"
84.246.212.44 - - [28/Jul/2026:13:08:51 +0200] "POST /wp-cron.php?doing_wp_cron=1785236931.8506360054016113281250 HTTP/1.1" 200 5525 "-" "WordPress/6.9; https://www.canterasdemuro.es"
173.252.82.36 - - [28/Jul/2026:13:08:51 +0200] "GET /robots.txt HTTP/1.1" 200 5680 "-" "facebookexternalhit/1.1 (+http://www.facebook.com/externalhit_uatext.php)"
84.246.212.44 - - [28/Jul/2026:13:08:52 +0200] "POST /wp-admin/admin-ajax.php?action=async_litespeed&nonce=k9gL2ZfLJxg4MLscRL2uksUqJrKHItY4&litespeed_type=imgoptm HTTP/1.1" 200 5780 "-" "WordPress/6.9; https://www.canterasdemuro.es"
84.246.212.44 - - [28/Jul/2026:13:14:23 +0200] "POST /wp-cron.php?doing_wp_cron=1785237263.2469410896301269531250 HTTP/1.1" 200 5525 "-" "WordPress/6.9; https://www.canterasdemuro.es"
145.239.10.137 - - [28/Jul/2026:13:14:22 +0200] "GET /le.php HTTP/1.1" 301 5685 "https://canterasdemuro.es/le.php" "Mozilla/5.0 (iPhone; CPU iPhone OS 17_5_1 like Mac OS X) AppleWebKit/605.1.15 (KHTML, like Gecko) Version/17.5 Mobile/15E148 Safari/604.1"
84.246.212.44 - - [28/Jul/2026:13:14:23 +0200] "POST /wp-admin/admin-ajax.php?action=async_litespeed&nonce=A5fyHssBc7lRLVv8jMOINOAA8D4U4KQi&litespeed_type=imgoptm HTTP/1.1" 200 5780 "-" "WordPress/6.9; https://www.canterasdemuro.es"
145.239.10.137 - - [28/Jul/2026:13:14:23 +0200] "GET /le.php HTTP/1.1" 404 89432 "https://www.canterasdemuro.es/le.php" "Mozilla/5.0 (iPhone; CPU iPhone OS 17_5_1 like Mac OS X) AppleWebKit/605.1.15 (KHTML, like Gecko) Version/17.5 Mobile/15E148 Safari/604.1"
84.246.212.44 - - [28/Jul/2026:13:18:43 +0200] "POST /wp-cron.php?doing_wp_cron=1785237523.8747549057006835937500 HTTP/1.1" 200 5525 "-" "WordPress/6.9; https://www.canterasdemuro.es"
162.158.90.29 - - [28/Jul/2026:13:18:43 +0200] "GET / HTTP/1.1" 301 5567 "-" "Mozilla/5.0 (Macintosh; Intel Mac OS X 10_15_7) AppleWebKit/537.36 (KHTML, like Gecko) Chrome/147.0.0.0 Safari/537.36 CloudflareWebScanner/1.0"
84.246.212.44 - - [28/Jul/2026:13:18:44 +0200] "POST /wp-admin/admin-ajax.php?action=async_litespeed&nonce=ex1ETN6P6u2VdfWYde6EDKPxEiqIyMxy&litespeed_type=imgoptm HTTP/1.1" 200 5780 "-" "WordPress/6.9; https://www.canterasdemuro.es"
162.158.90.3 - - [28/Jul/2026:13:18:45 +0200] "GET / HTTP/1.1" 200 100540 "-" "Mozilla/5.0 (Macintosh; Intel Mac OS X 10_15_7) AppleWebKit/537.36 (KHTML, like Gecko) Chrome/147.0.0.0 Safari/537.36 CloudflareWebScanner/1.0"
84.246.212.44 - - [28/Jul/2026:13:21:39 +0200] "POST /wp-cron.php?doing_wp_cron=1785237699.1721460819244384765625 HTTP/1.1" 200 5525 "-" "WordPress/6.9; https://www.canterasdemuro.es"
84.247.20.20 - - [28/Jul/2026:13:21:38 +0200] "POST /xmlrpc.php HTTP/1.1" 200 5887 "-" "Mozilla/5.0 (Windows NT 10.0; Win64; x64) AppleWebKit/537.36 (KHTML, like Gecko) Chrome/120.0.0.0 Safari/537.36"
84.246.212.44 - - [28/Jul/2026:13:21:39 +0200] "POST /wp-admin/admin-ajax.php?action=async_litespeed&nonce=Zg5GmiPpgu8IfNl6wzC3RbUVnxftFfk0&litespeed_type=imgoptm HTTP/1.1" 200 5780 "-" "WordPress/6.9; https://www.canterasdemuro.es"
84.246.212.44 - - [28/Jul/2026:13:27:40 +0200] "POST /wp-cron.php?doing_wp_cron=1785238060.3190150260925292968750 HTTP/1.1" 200 5525 "-" "WordPress/6.9; https://www.canterasdemuro.es"
45.243.42.102 - - [28/Jul/2026:13:27:39 +0200] "POST /xmlrpc.php HTTP/1.1" 200 5889 "-" "Jetpack/12.5; WordPress/6.2; http://site86731328.com"
84.246.212.44 - - [28/Jul/2026:13:27:41 +0200] "POST /wp-admin/admin-ajax.php?action=async_litespeed&nonce=J9MaTpeMKtBnGWxyearXuHGpnvydJp1r&litespeed_type=imgoptm HTTP/1.1" 200 5780 "-" "WordPress/6.9; https://www.canterasdemuro.es"
84.246.212.44 - - [28/Jul/2026:13:27:44 +0200] "GET /?wp_scrape_key=446a3651c10e055886e72e2ac2c9cad1&wp_scrape_nonce=1785238062 HTTP/1.1" 200 100652 "-" "WordPress/6.9; https://www.canterasdemuro.es"
45.243.42.102 - - [28/Jul/2026:13:27:49 +0200] "POST /xmlrpc.php HTTP/1.1" 503 7329 "-" "Jetpack by WordPress.com"
84.246.212.44 - - [28/Jul/2026:13:27:49 +0200] "GET /?wp_scrape_key=8bd0bdb5becb134d923a2a3e3043f488&wp_scrape_nonce=1785238067 HTTP/1.1" 200 100652 "-" "WordPress/6.9; https://www.canterasdemuro.es"
84.246.212.44 - - [28/Jul/2026:13:27:54 +0200] "GET /?wp_scrape_key=d3e5a3d5ef3e0472cf6ff76059584152&wp_scrape_nonce=1785238071 HTTP/1.1" 200 100652 "-" "WordPress/6.9; https://www.canterasdemuro.es"
45.243.42.102 - - [28/Jul/2026:13:28:00 +0200] "POST /xmlrpc.php HTTP/1.1" 503 7329 "-" "Jetpack/12.1; WordPress/6.3; http://site21581460.com"
84.246.212.44 - - [28/Jul/2026:13:27:59 +0200] "GET /?wp_scrape_key=0d3e3dd3f6fb4ef2318a163425224207&wp_scrape_nonce=1785238077 HTTP/1.1" 200 100652 "-" "WordPress/6.9; https://www.canterasdemuro.es"
84.246.212.44 - - [28/Jul/2026:13:28:03 +0200] "GET /?wp_scrape_key=c32c8a0850358de1216050d1452d2c3b&wp_scrape_nonce=1785238081 HTTP/1.1" 200 100652 "-" "WordPress/6.9; https://www.canterasdemuro.es"
84.246.212.44 - - [28/Jul/2026:13:28:08 +0200] "GET /?wp_scrape_key=0fc4d259495d5675ab627313785c4001&wp_scrape_nonce=1785238086 HTTP/1.1" 200 100652 "-" "WordPress/6.9; https://www.canterasdemuro.es"
45.243.42.102 - - [28/Jul/2026:13:28:10 +0200] "POST /xmlrpc.php HTTP/1.1" 503 7329 "-" "Jetpack/12.5; WordPress/6.4; http://site46016502.com"
84.246.212.44 - - [28/Jul/2026:13:28:12 +0200] "GET /?wp_scrape_key=39fe7a0d52abf350d57ef31e217db703&wp_scrape_nonce=1785238090 HTTP/1.1" 200 100652 "-" "WordPress/6.9; https://www.canterasdemuro.es"
84.246.212.44 - - [28/Jul/2026:13:28:16 +0200] "GET /?wp_scrape_key=6e6fd690b4b4ba2bfcffb3527f850cfd&wp_scrape_nonce=1785238094 HTTP/1.1" 200 100652 "-" "WordPress/6.9; https://www.canterasdemuro.es"
51.195.39.150 - - [28/Jul/2026:13:28:21 +0200] "POST /wp-admin/admin-ajax.php?action=ai1wm_import&secret_key=K7d1XFr76hlx&priority=5&storage=460a47e28970&archive=probe.wpress HTTP/1.1" 503 7329 "-" "Mozilla/5.0 (Windows NT 10.0; Win64; x64) AppleWebKit/537.36 (KHTML, like Gecko) Chrome/114.0.0.0 Safari/537.36"
45.243.42.102 - - [28/Jul/2026:13:28:21 +0200] "POST /xmlrpc.php HTTP/1.1" 503 7329 "-" "Jetpack/12.1; WordPress/6.3; http://site34881869.com"
84.246.212.44 - - [28/Jul/2026:13:28:21 +0200] "GET /?wp_scrape_key=71f6810af9ee5ac4c503a533936c3a21&wp_scrape_nonce=1785238098 HTTP/1.1" 200 100652 "-" "WordPress/6.9; https://www.canterasdemuro.es"
84.246.212.44 - - [28/Jul/2026:13:28:32 +0200] "POST /wp-cron.php?doing_wp_cron=1785238112.4470040798187255859375 HTTP/1.1" 200 5525 "-" "WordPress/6.9; https://www.canterasdemuro.es"
45.243.42.102 - - [28/Jul/2026:13:28:32 +0200] "POST /xmlrpc.php HTTP/1.1" 200 5889 "-" "Jetpack by WordPress.com (Jetpack 13.0; WordPress 6.1)"
84.246.212.44 - - [28/Jul/2026:13:28:32 +0200] "POST /wp-admin/admin-ajax.php?action=async_litespeed&nonce=lwQPYcaMhkbWoNqloJxlU7EdX9JMkmBm&litespeed_type=imgoptm HTTP/1.1" 200 5780 "-" "WordPress/6.9; https://www.canterasdemuro.es"
45.243.42.102 - - [28/Jul/2026:13:28:42 +0200] "POST /xmlrpc.php HTTP/1.1" 200 5889 "-" "Jetpack by WordPress.com (Jetpack 12.0; WordPress 6.2)"
45.243.42.102 - - [28/Jul/2026:13:28:53 +0200] "POST /xmlrpc.php HTTP/1.1" 200 5889 "-" "Jetpack by WordPress.com"
45.243.42.102 - - [28/Jul/2026:13:29:03 +0200] "POST /xmlrpc.php HTTP/1.1" 200 5889 "-" "Jetpack/12.5; WordPress/6.1; http://site33960066.com"
84.246.212.44 - - [28/Jul/2026:13:29:14 +0200] "POST /wp-cron.php?doing_wp_cron=1785238154.6892030239105224609375 HTTP/1.1" 200 5525 "-" "WordPress/6.9; https://www.canterasdemuro.es"
45.243.42.102 - - [28/Jul/2026:13:29:14 +0200] "POST /xmlrpc.php HTTP/1.1" 200 5889 "-" "Jetpack by WordPress.com"
84.246.212.44 - - [28/Jul/2026:13:29:15 +0200] "POST /wp-admin/admin-ajax.php?action=async_litespeed&nonce=4jJ9v5IcEpQEXb9YExyYIMgUZb0uU847&litespeed_type=imgoptm HTTP/1.1" 200 5780 "-" "WordPress/6.9; https://www.canterasdemuro.es"
84.246.212.44 - - [28/Jul/2026:13:29:25 +0200] "POST /wp-cron.php?doing_wp_cron=1785238165.2921369075775146484375 HTTP/1.1" 200 5525 "-" "WordPress/6.9; https://www.canterasdemuro.es"
45.243.42.102 - - [28/Jul/2026:13:29:24 +0200] "POST /xmlrpc.php HTTP/1.1" 200 5889 "-" "Jetpack by WordPress.com (Jetpack 12.1; WordPress 6.3)"
45.243.42.102 - - [28/Jul/2026:13:29:35 +0200] "POST /xmlrpc.php HTTP/1.1" 200 5889 "-" "Jetpack/12.0; WordPress/6.1; http://site91523111.com"
45.243.42.102 - - [28/Jul/2026:13:29:45 +0200] "POST /xmlrpc.php HTTP/1.1" 200 5889 "-" "Jetpack/12.0; WordPress/6.2; http://site34493647.com"
45.243.42.102 - - [28/Jul/2026:13:29:56 +0200] "POST /xmlrpc.php HTTP/1.1" 200 5889 "-" "Jetpack by WordPress.com (Jetpack 12.1; WordPress 6.2)"
45.243.42.102 - - [28/Jul/2026:13:30:07 +0200] "POST /xmlrpc.php HTTP/1.1" 200 5889 "-" "Jetpack by WordPress.com (Jetpack 13.0; WordPress 6.4)"
84.246.212.44 - - [28/Jul/2026:13:30:18 +0200] "POST /wp-cron.php?doing_wp_cron=1785238218.2855908870697021484375 HTTP/1.1" 200 5525 "-" "WordPress/6.9; https://www.canterasdemuro.es"
45.243.42.102 - - [28/Jul/2026:13:30:17 +0200] "POST /xmlrpc.php HTTP/1.1" 200 5889 "-" "Jetpack/12.1; WordPress/6.2; http://site48485478.com"
84.246.212.44 - - [28/Jul/2026:13:30:18 +0200] "POST /wp-admin/admin-ajax.php?action=async_litespeed&nonce=ofTN3pn1UJnurz8fd6ViKE5CzSAPNhKn&litespeed_type=imgoptm HTTP/1.1" 200 5780 "-" "WordPress/6.9; https://www.canterasdemuro.es"
45.243.42.102 - - [28/Jul/2026:13:30:28 +0200] "POST /xmlrpc.php HTTP/1.1" 200 5889 "-" "Jetpack/12.1; WordPress/6.3; http://site25195195.com"
45.243.42.102 - - [28/Jul/2026:13:30:39 +0200] "POST /xmlrpc.php HTTP/1.1" 200 5889 "-" "Jetpack by WordPress.com (Jetpack 12.0; WordPress 6.4)"
45.243.42.102 - - [28/Jul/2026:13:30:49 +0200] "POST /xmlrpc.php HTTP/1.1" 200 5889 "-" "Jetpack/12.5; WordPress/6.4; http://site52506125.com"
45.243.42.102 - - [28/Jul/2026:13:31:00 +0200] "POST /xmlrpc.php HTTP/1.1" 200 5889 "-" "Jetpack by WordPress.com (Jetpack 12.0; WordPress 6.2)"
84.246.212.44 - - [28/Jul/2026:13:31:11 +0200] "POST /wp-cron.php?doing_wp_cron=1785238271.3415260314941406250000 HTTP/1.1" 200 5525 "-" "WordPress/6.9; https://www.canterasdemuro.es"
45.243.42.102 - - [28/Jul/2026:13:31:10 +0200] "POST /xmlrpc.php HTTP/1.1" 200 5889 "-" "Jetpack by WordPress.com (Jetpack 13.0; WordPress 6.4)"
84.246.212.44 - - [28/Jul/2026:13:31:22 +0200] "POST /wp-cron.php?doing_wp_cron=1785238282.1122939586639404296875 HTTP/1.1" 200 5525 "-" "WordPress/6.9; https://www.canterasdemuro.es"
45.243.42.102 - - [28/Jul/2026:13:31:21 +0200] "POST /xmlrpc.php HTTP/1.1" 200 5889 "-" "Jetpack/12.0; WordPress/6.2; http://site81231081.com"
84.246.212.44 - - [28/Jul/2026:13:31:22 +0200] "POST /wp-admin/admin-ajax.php?action=async_litespeed&nonce=aAtCJ06tlfdvMjrzpVr3HScwuX9Nt5f7&litespeed_type=imgoptm HTTP/1.1" 200 5780 "-" "WordPress/6.9; https://www.canterasdemuro.es"
51.195.215.111 - - [28/Jul/2026:13:31:31 +0200] "GET /robots.txt HTTP/1.1" 200 5680 "-" "Mozilla/5.0 (compatible; AhrefsBot/7.0; +http://ahrefs.com/robot/)"
45.243.42.102 - - [28/Jul/2026:13:31:32 +0200] "POST /xmlrpc.php HTTP/1.1" 200 5889 "-" "Jetpack/12.0; WordPress/6.2; http://site63896843.com"
51.89.129.4 - - [28/Jul/2026:13:31:32 +0200] "GET /wp-sitemap.xml HTTP/1.1" 200 6232 "-" "Mozilla/5.0 (compatible; AhrefsBot/7.0; +http://ahrefs.com/robot/)"
51.195.215.239 - - [28/Jul/2026:13:31:34 +0200] "GET /wp-sitemap-posts-post-1.xml HTTP/1.1" 200 5795 "-" "Mozilla/5.0 (compatible; AhrefsBot/7.0; +http://ahrefs.com/robot/)"
51.195.244.109 - - [28/Jul/2026:13:31:36 +0200] "GET /wp-sitemap-posts-page-1.xml HTTP/1.1" 200 6781 "-" "Mozilla/5.0 (compatible; AhrefsBot/7.0; +http://ahrefs.com/robot/)"
198.244.183.108 - - [28/Jul/2026:13:31:37 +0200] "GET /gl/wp-sitemap-posts-page-1.xml HTTP/1.1" 200 6808 "-" "Mozilla/5.0 (compatible; AhrefsBot/7.0; +http://ahrefs.com/robot/)"
198.244.226.106 - - [28/Jul/2026:13:31:39 +0200] "GET /wp-sitemap-taxonomies-category-1.xml HTTP/1.1" 200 5762 "-" "Mozilla/5.0 (compatible; AhrefsBot/7.0; +http://ahrefs.com/robot/)"
198.244.183.237 - - [28/Jul/2026:13:31:40 +0200] "GET /wp-sitemap-users-1.xml HTTP/1.1" 200 5752 "-" "Mozilla/5.0 (compatible; AhrefsBot/7.0; +http://ahrefs.com/robot/)"
45.243.42.102 - - [28/Jul/2026:13:31:42 +0200] "POST /xmlrpc.php HTTP/1.1" 200 5889 "-" "WordPress.com; https://wordpress.com"
51.195.215.250 - - [28/Jul/2026:13:31:42 +0200] "GET /gl/wp-sitemap-users-1.xml HTTP/1.1" 200 5755 "-" "Mozilla/5.0 (compatible; AhrefsBot/7.0; +http://ahrefs.com/robot/)"
45.243.42.102 - - [28/Jul/2026:13:31:53 +0200] "POST /xmlrpc.php HTTP/1.1" 200 5889 "-" "Jetpack by WordPress.com"
45.243.42.102 - - [28/Jul/2026:13:32:03 +0200] "POST /xmlrpc.php HTTP/1.1" 200 5889 "-" "Jetpack by WordPress.com"
45.243.42.102 - - [28/Jul/2026:13:32:14 +0200] "POST /xmlrpc.php HTTP/1.1" 403 6290 "-" "Jetpack by WordPress.com"
84.246.212.44 - - [28/Jul/2026:13:32:25 +0200] "POST /wp-cron.php?doing_wp_cron=1785238345.6016199588775634765625 HTTP/1.1" 200 5525 "-" "WordPress/6.9; https://www.canterasdemuro.es"
45.243.42.102 - - [28/Jul/2026:13:32:24 +0200] "POST /xmlrpc.php HTTP/1.1" 200 5889 "-" "Jetpack by WordPress.com (Jetpack 12.1; WordPress 6.2)"
84.246.212.44 - - [28/Jul/2026:13:32:26 +0200] "POST /wp-admin/admin-ajax.php?action=async_litespeed&nonce=uBWjHFprpd3MOH1AxNUjrjr0aDlTTdro&litespeed_type=imgoptm HTTP/1.1" 200 5780 "-" "WordPress/6.9; https://www.canterasdemuro.es"
45.243.42.102 - - [28/Jul/2026:13:32:35 +0200] "POST /xmlrpc.php HTTP/1.1" 200 5889 "-" "Jetpack by WordPress.com (Jetpack 12.1; WordPress 6.1)"
45.243.42.102 - - [28/Jul/2026:13:32:45 +0200] "POST /xmlrpc.php HTTP/1.1" 403 6290 "-" "Jetpack by WordPress.com"
84.246.212.44 - - [28/Jul/2026:13:32:57 +0200] "POST /wp-cron.php?doing_wp_cron=1785238377.0733590126037597656250 HTTP/1.1" 200 5525 "-" "WordPress/6.9; https://www.canterasdemuro.es"
45.243.42.102 - - [28/Jul/2026:13:32:56 +0200] "POST /xmlrpc.php HTTP/1.1" 200 5889 "-" "WordPress.com; https://wordpress.com"
45.243.42.102 - - [28/Jul/2026:13:33:07 +0200] "POST /xmlrpc.php HTTP/1.1" 403 6290 "-" "Jetpack by WordPress.com"
84.246.212.44 - - [28/Jul/2026:13:33:18 +0200] "POST /wp-cron.php?doing_wp_cron=1785238398.1654100418090820312500 HTTP/1.1" 200 5525 "-" "WordPress/6.9; https://www.canterasdemuro.es"
45.243.42.102 - - [28/Jul/2026:13:33:17 +0200] "POST /xmlrpc.php HTTP/1.1" 200 5889 "-" "WordPress.com; https://wordpress.com"
84.246.212.44 - - [28/Jul/2026:13:33:18 +0200] "POST /wp-admin/admin-ajax.php?action=async_litespeed&nonce=amVYGU3Rd1xFrJ5wOHpXtzNgntJyw1mN&litespeed_type=imgoptm HTTP/1.1" 200 5780 "-" "WordPress/6.9; https://www.canterasdemuro.es"
45.243.42.102 - - [28/Jul/2026:13:33:28 +0200] "POST /xmlrpc.php HTTP/1.1" 200 5889 "-" "Jetpack by WordPress.com (Jetpack 12.0; WordPress 6.1)"
45.243.42.102 - - [28/Jul/2026:13:33:51 +0200] "POST /xmlrpc.php HTTP/1.1" 403 6290 "-" "Jetpack by WordPress.com"
45.243.42.102 - - [28/Jul/2026:13:33:59 +0200] "POST /xmlrpc.php HTTP/1.1" 403 6290 "-" "Jetpack by WordPress.com"
45.243.42.102 - - [28/Jul/2026:13:34:10 +0200] "POST /xmlrpc.php HTTP/1.1" 403 6290 "-" "Jetpack by WordPress.com"
45.243.42.102 - - [28/Jul/2026:13:34:21 +0200] "POST /xmlrpc.php HTTP/1.1" 403 6290 "-" "Jetpack by WordPress.com"
84.246.212.44 - - [28/Jul/2026:13:34:31 +0200] "POST /wp-cron.php?doing_wp_cron=1785238471.9019610881805419921875 HTTP/1.1" 200 5525 "-" "WordPress/6.9; https://www.canterasdemuro.es"
45.243.42.102 - - [28/Jul/2026:13:34:31 +0200] "POST /xmlrpc.php HTTP/1.1" 200 5889 "-" "Jetpack/12.0; WordPress/6.2; http://site31822832.com"
84.246.212.44 - - [28/Jul/2026:13:34:32 +0200] "POST /wp-admin/admin-ajax.php?action=async_litespeed&nonce=by0EVL5JObnFe2GfLYCnn5RRV2g1Fwxw&litespeed_type=imgoptm HTTP/1.1" 200 5780 "-" "WordPress/6.9; https://www.canterasdemuro.es"
45.243.42.102 - - [28/Jul/2026:13:34:41 +0200] "POST /xmlrpc.php HTTP/1.1" 200 5889 "-" "WordPress.com; https://wordpress.com"
45.243.42.102 - - [28/Jul/2026:13:34:52 +0200] "POST /xmlrpc.php HTTP/1.1" 200 5889 "-" "Jetpack by WordPress.com (Jetpack 12.5; WordPress 6.4)"
45.243.42.102 - - [28/Jul/2026:13:35:02 +0200] "POST /xmlrpc.php HTTP/1.1" 200 5889 "-" "WordPress.com; https://wordpress.com"
84.246.212.44 - - [28/Jul/2026:13:35:13 +0200] "POST /wp-cron.php?doing_wp_cron=1785238513.7700889110565185546875 HTTP/1.1" 200 5525 "-" "WordPress/6.9; https://www.canterasdemuro.es"
45.243.42.102 - - [28/Jul/2026:13:35:13 +0200] "POST /xmlrpc.php HTTP/1.1" 200 5889 "-" "Jetpack/12.1; WordPress/6.3; http://site10403050.com"
84.246.212.44 - - [28/Jul/2026:13:35:14 +0200] "POST /wp-admin/admin-ajax.php?action=async_litespeed&nonce=3NtUtK9D18JeYdYjEcIDUGAuLM2fSSjb&litespeed_type=imgoptm HTTP/1.1" 200 5780 "-" "WordPress/6.9; https://www.canterasdemuro.es"
84.246.212.44 - - [28/Jul/2026:13:35:24 +0200] "POST /wp-cron.php?doing_wp_cron=1785238524.3404209613800048828125 HTTP/1.1" 200 5525 "-" "WordPress/6.9; https://www.canterasdemuro.es"
45.243.42.102 - - [28/Jul/2026:13:35:23 +0200] "POST /xmlrpc.php HTTP/1.1" 200 5889 "-" "Jetpack/12.5; WordPress/6.3; http://site94806777.com"
45.243.42.102 - - [28/Jul/2026:13:35:34 +0200] "POST /xmlrpc.php HTTP/1.1" 200 5889 "-" "Jetpack/12.0; WordPress/6.1; http://site11604929.com"
45.243.42.102 - - [28/Jul/2026:13:35:45 +0200] "POST /xmlrpc.php HTTP/1.1" 200 5889 "-" "Jetpack/12.5; WordPress/6.4; http://site49737200.com"
45.243.42.102 - - [28/Jul/2026:13:35:55 +0200] "POST /xmlrpc.php HTTP/1.1" 200 5889 "-" "Jetpack by WordPress.com (Jetpack 13.0; WordPress 6.3)"
45.243.42.102 - - [28/Jul/2026:13:36:06 +0200] "POST /xmlrpc.php HTTP/1.1" 200 5889 "-" "Jetpack by WordPress.com (Jetpack 13.0; WordPress 6.4)"
84.246.212.44 - - [28/Jul/2026:13:36:17 +0200] "POST /wp-cron.php?doing_wp_cron=1785238577.3647730350494384765625 HTTP/1.1" 200 5525 "-" "WordPress/6.9; https://www.canterasdemuro.es"
45.243.42.102 - - [28/Jul/2026:13:36:17 +0200] "POST /xmlrpc.php HTTP/1.1" 200 5889 "-" "Jetpack by WordPress.com (Jetpack 12.5; WordPress 6.3)"
84.246.212.44 - - [28/Jul/2026:13:36:17 +0200] "POST /wp-admin/admin-ajax.php?action=async_litespeed&nonce=zHmIYZGzrdKdn8cGtlXDZgyPoVwKQjFm&litespeed_type=imgoptm HTTP/1.1" 200 5780 "-" "WordPress/6.9; https://www.canterasdemuro.es"
45.243.42.102 - - [28/Jul/2026:13:36:27 +0200] "POST /xmlrpc.php HTTP/1.1" 200 5889 "-" "Jetpack by WordPress.com (Jetpack 12.0; WordPress 6.1)"
45.243.42.102 - - [28/Jul/2026:13:36:38 +0200] "POST /xmlrpc.php HTTP/1.1" 403 6290 "-" "Jetpack by WordPress.com"
45.243.42.102 - - [28/Jul/2026:13:36:49 +0200] "POST /xmlrpc.php HTTP/1.1" 403 6290 "-" "Jetpack by WordPress.com"
45.243.42.102 - - [28/Jul/2026:13:36:59 +0200] "POST /xmlrpc.php HTTP/1.1" 403 6290 "-" "WordPress.com; https://wordpress.com"
45.243.42.102 - - [28/Jul/2026:13:37:10 +0200] "POST /xmlrpc.php HTTP/1.1" 403 6290 "-" "WordPress.com; https://wordpress.com"
45.243.42.102 - - [28/Jul/2026:13:37:20 +0200] "POST /xmlrpc.php HTTP/1.1" 403 6290 "-" "WordPress.com; https://wordpress.com"
84.246.212.44 - - [28/Jul/2026:13:37:32 +0200] "POST /wp-cron.php?doing_wp_cron=1785238652.1119599342346191406250 HTTP/1.1" 200 5525 "-" "WordPress/6.9; https://www.canterasdemuro.es"
45.243.42.102 - - [28/Jul/2026:13:37:31 +0200] "POST /xmlrpc.php HTTP/1.1" 200 5889 "-" "Jetpack/13.0; WordPress/6.3; http://site42259121.com"
84.246.212.44 - - [28/Jul/2026:13:37:32 +0200] "POST /wp-admin/admin-ajax.php?action=async_litespeed&nonce=HYdCYFzF4Rcbkr4MEkRQqhELjbkpCReQ&litespeed_type=imgoptm HTTP/1.1" 200 5780 "-" "WordPress/6.9; https://www.canterasdemuro.es"
45.243.42.102 - - [28/Jul/2026:13:37:42 +0200] "POST /xmlrpc.php HTTP/1.1" 200 5889 "-" "Jetpack/12.1; WordPress/6.2; http://site38955976.com"
45.243.42.102 - - [28/Jul/2026:13:37:52 +0200] "POST /xmlrpc.php HTTP/1.1" 403 6290 "-" "WordPress.com; https://wordpress.com"
45.243.42.102 - - [28/Jul/2026:13:38:03 +0200] "POST /xmlrpc.php HTTP/1.1" 403 6290 "-" "WordPress.com; https://wordpress.com"
84.246.212.44 - - [28/Jul/2026:13:38:52 +0200] "POST /wp-cron.php?doing_wp_cron=1785238732.1757040023803710937500 HTTP/1.1" 200 5525 "-" "WordPress/6.9; https://www.canterasdemuro.es"
144.124.226.189 - - [28/Jul/2026:13:38:50 +0200] "GET /hello-world/ HTTP/1.1" 200 93783 "https://www.canterasdemuro.es/hello-world/" "Mozilla/5.0 (Windows NT 10.0; Win64; x64) AppleWebKit/537.36 (KHTML, like Gecko) Chrome/131.0.0.0 Safari/537.36"
84.246.212.44 - - [28/Jul/2026:13:38:52 +0200] "POST /wp-admin/admin-ajax.php?action=async_litespeed&nonce=rSuwpUha56XOsr8PTNSeb1KCMOarviS0&litespeed_type=imgoptm HTTP/1.1" 200 5780 "-" "WordPress/6.9; https://www.canterasdemuro.es"
144.124.226.189 - - [28/Jul/2026:13:38:52 +0200] "POST /wp-comments-post.php HTTP/1.1" 302 6298 "https://www.canterasdemuro.es/hello-world/" "Mozilla/5.0 (Windows NT 10.0; Win64; x64) AppleWebKit/537.36 (KHTML, like Gecko) Chrome/131.0.0.0 Safari/537.36"
144.124.226.189 - - [28/Jul/2026:13:38:54 +0200] "GET /hello-world/ HTTP/1.1" 200 97613 "https://www.canterasdemuro.es/hello-world/#comment-613" "Mozilla/5.0 (Windows NT 10.0; Win64; x64) AppleWebKit/537.36 (KHTML, like Gecko) Chrome/131.0.0.0 Safari/537.36"
84.246.212.44 - - [28/Jul/2026:13:40:24 +0200] "POST /wp-cron.php?doing_wp_cron=1785238824.1216061115264892578125 HTTP/1.1" 200 5525 "-" "WordPress/6.9; https://www.canterasdemuro.es"
103.174.152.87 - - [28/Jul/2026:13:40:23 +0200] "GET /wp-login.php HTTP/1.1" 200 15898 "-" "Mozilla/5.0 (Windows NT 10.0; Win64; x64) AppleWebKit/537.36 (KHTML, like Gecko) Chrome/120.0.0.0 Safari/537.36"
103.174.152.87 - - [28/Jul/2026:13:40:24 +0200] "POST /wp-login.php HTTP/1.1" 200 16376 "https://canterasdemuro.es/wp-login.php" "Mozilla/5.0 (Windows NT 10.0; Win64; x64) AppleWebKit/537.36 (KHTML, like Gecko) Chrome/120.0.0.0 Safari/537.36"
84.246.212.44 - - [28/Jul/2026:13:40:24 +0200] "POST /wp-admin/admin-ajax.php?action=async_litespeed&nonce=nYM890qGK9zaT101P7TYjcqmmY2dosBT&litespeed_type=imgoptm HTTP/1.1" 200 5780 "-" "WordPress/6.9; https://www.canterasdemuro.es"
84.246.212.44 - - [28/Jul/2026:13:45:00 +0200] "POST /wp-cron.php?doing_wp_cron=1785239100.1468091011047363281250 HTTP/1.1" 200 5525 "-" "WordPress/6.9; https://www.canterasdemuro.es"
43.130.67.6 - - [28/Jul/2026:13:44:58 +0200] "GET / HTTP/1.1" 200 100540 "http://www.canterasdemuro.es" "Mozilla/5.0 (iPhone; CPU iPhone OS 13_2_3 like Mac OS X) AppleWebKit/605.1.15 (KHTML, like Gecko) Version/13.0.3 Mobile/15E148 Safari/604.1"
84.246.212.44 - - [28/Jul/2026:13:45:00 +0200] "POST /wp-admin/admin-ajax.php?action=async_litespeed&nonce=iv5aKtxqFLq4AYvdpH2DnqXQHhYKCd6x&litespeed_type=imgoptm HTTP/1.1" 200 5780 "-" "WordPress/6.9; https://www.canterasdemuro.es"
84.246.212.44 - - [28/Jul/2026:13:48:11 +0200] "POST /wp-cron.php?doing_wp_cron=1785239291.0049688816070556640625 HTTP/1.1" 200 5525 "-" "WordPress/6.9; https://www.canterasdemuro.es"
45.243.42.102 - - [28/Jul/2026:13:48:10 +0200] "POST /xmlrpc.php HTTP/1.1" 200 5889 "-" "Jetpack by WordPress.com (Jetpack 12.1; WordPress 6.1)"
84.246.212.44 - - [28/Jul/2026:13:48:11 +0200] "POST /wp-admin/admin-ajax.php?action=async_litespeed&nonce=Px6YpyCmaUXwukt2UmzxaPQ83ziTrE0G&litespeed_type=imgoptm HTTP/1.1" 200 5780 "-" "WordPress/6.9; https://www.canterasdemuro.es"
84.246.212.44 - - [28/Jul/2026:13:48:21 +0200] "POST /wp-cron.php?doing_wp_cron=1785239301.2267301082611083984375 HTTP/1.1" 200 5525 "-" "WordPress/6.9; https://www.canterasdemuro.es"
45.243.42.102 - - [28/Jul/2026:13:48:20 +0200] "POST /xmlrpc.php HTTP/1.1" 200 5889 "-" "Jetpack by WordPress.com (Jetpack 12.1; WordPress 6.1)"
84.246.212.44 - - [28/Jul/2026:13:48:21 +0200] "POST /wp-admin/admin-ajax.php?action=async_litespeed&nonce=EjhQ7GsIZPzVd4olo3opKx9tBG73g7tJ&litespeed_type=imgoptm HTTP/1.1" 200 5780 "-" "WordPress/6.9; https://www.canterasdemuro.es"
45.243.42.102 - - [28/Jul/2026:13:48:31 +0200] "POST /xmlrpc.php HTTP/1.1" 200 5889 "-" "Jetpack/13.0; WordPress/6.3; http://site39687483.com"
45.243.42.102 - - [28/Jul/2026:13:48:42 +0200] "POST /xmlrpc.php HTTP/1.1" 200 5889 "-" "Jetpack by WordPress.com (Jetpack 12.1; WordPress 6.3)"
45.243.42.102 - - [28/Jul/2026:13:48:52 +0200] "POST /xmlrpc.php HTTP/1.1" 200 5889 "-" "Jetpack/12.5; WordPress/6.1; http://site52205796.com"
45.243.42.102 - - [28/Jul/2026:13:49:03 +0200] "POST /xmlrpc.php HTTP/1.1" 200 5889 "-" "WordPress.com; https://wordpress.com"
84.246.212.44 - - [28/Jul/2026:13:49:14 +0200] "POST /wp-cron.php?doing_wp_cron=1785239354.5547840595245361328125 HTTP/1.1" 200 5525 "-" "WordPress/6.9; https://www.canterasdemuro.es"
45.243.42.102 - - [28/Jul/2026:13:49:14 +0200] "POST /xmlrpc.php HTTP/1.1" 200 5889 "-" "Jetpack/12.5; WordPress/6.4; http://site36836775.com"
84.246.212.44 - - [28/Jul/2026:13:49:15 +0200] "POST /wp-admin/admin-ajax.php?action=async_litespeed&nonce=RlbCmSKUaYdks8m2Q70n2ZdqiIylcDxX&litespeed_type=imgoptm HTTP/1.1" 200 5780 "-" "WordPress/6.9; https://www.canterasdemuro.es"
84.246.212.44 - - [28/Jul/2026:13:49:25 +0200] "POST /wp-cron.php?doing_wp_cron=1785239365.2017590999603271484375 HTTP/1.1" 200 5525 "-" "WordPress/6.9; https://www.canterasdemuro.es"
45.243.42.102 - - [28/Jul/2026:13:49:24 +0200] "POST /xmlrpc.php HTTP/1.1" 200 5889 "-" "Jetpack/12.1; WordPress/6.2; http://site75641804.com"
82.223.13.178 - - [28/Jul/2026:13:49:31 +0200] "POST /xmlrpc.php HTTP/1.1" 200 5889 "-" "Mozilla/5.0 (Windows NT 10.0; WOW64; rv:144.0) Gecko/20100101 Firefox/144.0"
45.243.42.102 - - [28/Jul/2026:13:49:35 +0200] "POST /xmlrpc.php HTTP/1.1" 200 5889 "-" "Jetpack by WordPress.com (Jetpack 12.1; WordPress 6.3)"
45.243.42.102 - - [28/Jul/2026:13:49:46 +0200] "POST /xmlrpc.php HTTP/1.1" 200 5889 "-" "Jetpack by WordPress.com (Jetpack 12.0; WordPress 6.2)"
45.243.42.102 - - [28/Jul/2026:13:49:56 +0200] "POST /xmlrpc.php HTTP/1.1" 200 5889 "-" "Jetpack by WordPress.com"
45.243.42.102 - - [28/Jul/2026:13:50:07 +0200] "POST /xmlrpc.php HTTP/1.1" 200 5889 "-" "WordPress.com; https://wordpress.com"
84.246.212.44 - - [28/Jul/2026:13:50:18 +0200] "POST /wp-cron.php?doing_wp_cron=1785239418.4918189048767089843750 HTTP/1.1" 200 5525 "-" "WordPress/6.9; https://www.canterasdemuro.es"
45.243.42.102 - - [28/Jul/2026:13:50:17 +0200] "POST /xmlrpc.php HTTP/1.1" 200 5889 "-" "Jetpack/12.5; WordPress/6.2; http://site58294420.com"
84.246.212.44 - - [28/Jul/2026:13:50:19 +0200] "POST /wp-admin/admin-ajax.php?action=async_litespeed&nonce=jeAtVIwkztRdcABLswNz1xRIWvmbHWW1&litespeed_type=imgoptm HTTP/1.1" 200 5780 "-" "WordPress/6.9; https://www.canterasdemuro.es"
45.243.42.102 - - [28/Jul/2026:13:50:28 +0200] "POST /xmlrpc.php HTTP/1.1" 200 5889 "-" "WordPress.com; https://wordpress.com"
45.243.42.102 - - [28/Jul/2026:13:50:39 +0200] "POST /xmlrpc.php HTTP/1.1" 200 5889 "-" "WordPress.com; https://wordpress.com"
45.243.42.102 - - [28/Jul/2026:13:50:49 +0200] "POST /xmlrpc.php HTTP/1.1" 200 5889 "-" "WordPress.com; https://wordpress.com"
45.243.42.102 - - [28/Jul/2026:13:51:00 +0200] "POST /xmlrpc.php HTTP/1.1" 200 5889 "-" "Jetpack by WordPress.com"
84.246.212.44 - - [28/Jul/2026:13:51:11 +0200] "POST /wp-cron.php?doing_wp_cron=1785239471.4953420162200927734375 HTTP/1.1" 200 5525 "-" "WordPress/6.9; https://www.canterasdemuro.es"
45.243.42.102 - - [28/Jul/2026:13:51:11 +0200] "POST /xmlrpc.php HTTP/1.1" 200 5889 "-" "Jetpack/13.0; WordPress/6.2; http://site59612057.com"
84.246.212.44 - - [28/Jul/2026:13:51:22 +0200] "POST /wp-cron.php?doing_wp_cron=1785239482.1890399456024169921875 HTTP/1.1" 200 5525 "-" "WordPress/6.9; https://www.canterasdemuro.es"
45.243.42.102 - - [28/Jul/2026:13:51:21 +0200] "POST /xmlrpc.php HTTP/1.1" 200 5889 "-" "Jetpack/12.0; WordPress/6.4; http://site71750772.com"
84.246.212.44 - - [28/Jul/2026:13:51:22 +0200] "POST /wp-admin/admin-ajax.php?action=async_litespeed&nonce=XWCwqN4kbsXA20IMVeKRVSxjobTErTmx&litespeed_type=imgoptm HTTP/1.1" 200 5780 "-" "WordPress/6.9; https://www.canterasdemuro.es"
45.243.42.102 - - [28/Jul/2026:13:51:32 +0200] "POST /xmlrpc.php HTTP/1.1" 403 6290 "-" "WordPress.com; https://wordpress.com"
45.243.42.102 - - [28/Jul/2026:13:51:43 +0200] "POST /xmlrpc.php HTTP/1.1" 200 5889 "-" "Jetpack/12.5; WordPress/6.1; http://site15447720.com"
45.243.42.102 - - [28/Jul/2026:13:51:53 +0200] "POST /xmlrpc.php HTTP/1.1" 200 5889 "-" "Jetpack/13.0; WordPress/6.2; http://site89618715.com"
45.243.42.102 - - [28/Jul/2026:13:52:04 +0200] "POST /xmlrpc.php HTTP/1.1" 200 5889 "-" "Jetpack by WordPress.com"
84.246.212.44 - - [28/Jul/2026:13:52:15 +0200] "POST /wp-cron.php?doing_wp_cron=1785239535.4009270668029785156250 HTTP/1.1" 200 5525 "-" "WordPress/6.9; https://www.canterasdemuro.es"
45.243.42.102 - - [28/Jul/2026:13:52:15 +0200] "POST /xmlrpc.php HTTP/1.1" 200 5889 "-" "Jetpack by WordPress.com (Jetpack 12.5; WordPress 6.4)"
84.246.212.44 - - [28/Jul/2026:13:52:16 +0200] "POST /wp-admin/admin-ajax.php?action=async_litespeed&nonce=YaeizByqwFcNokyH71F54i48qVZxIA5o&litespeed_type=imgoptm HTTP/1.1" 200 5780 "-" "WordPress/6.9; https://www.canterasdemuro.es"
84.246.212.44 - - [28/Jul/2026:13:52:26 +0200] "POST /wp-cron.php?doing_wp_cron=1785239546.1115250587463378906250 HTTP/1.1" 200 5525 "-" "WordPress/6.9; https://www.canterasdemuro.es"
45.243.42.102 - - [28/Jul/2026:13:52:25 +0200] "POST /xmlrpc.php HTTP/1.1" 200 5889 "-" "Jetpack by WordPress.com"
45.243.42.102 - - [28/Jul/2026:13:52:36 +0200] "POST /xmlrpc.php HTTP/1.1" 200 5889 "-" "Jetpack/12.5; WordPress/6.3; http://site43954643.com"
45.243.42.102 - - [28/Jul/2026:13:52:47 +0200] "POST /xmlrpc.php HTTP/1.1" 403 6290 "-" "WordPress.com; https://wordpress.com"
45.243.42.102 - - [28/Jul/2026:13:52:57 +0200] "POST /xmlrpc.php HTTP/1.1" 200 5889 "-" "Jetpack by WordPress.com"
45.243.42.102 - - [28/Jul/2026:13:53:08 +0200] "POST /xmlrpc.php HTTP/1.1" 200 5889 "-" "Jetpack by WordPress.com (Jetpack 13.0; WordPress 6.3)"
45.243.42.102 - - [28/Jul/2026:13:53:19 +0200] "POST /xmlrpc.php HTTP/1.1" 403 6290 "-" "Jetpack by WordPress.com"
84.246.212.44 - - [28/Jul/2026:13:53:29 +0200] "POST /wp-cron.php?doing_wp_cron=1785239609.9663360118865966796875 HTTP/1.1" 200 5525 "-" "WordPress/6.9; https://www.canterasdemuro.es"
45.243.42.102 - - [28/Jul/2026:13:53:29 +0200] "POST /xmlrpc.php HTTP/1.1" 200 5889 "-" "Jetpack by WordPress.com (Jetpack 13.0; WordPress 6.2)"
84.246.212.44 - - [28/Jul/2026:13:53:30 +0200] "POST /wp-admin/admin-ajax.php?action=async_litespeed&nonce=mA8JLDo5STuxPyNG2PMdHvmmRCnqL3TR&litespeed_type=imgoptm HTTP/1.1" 200 5780 "-" "WordPress/6.9; https://www.canterasdemuro.es"
45.243.42.102 - - [28/Jul/2026:13:53:40 +0200] "POST /xmlrpc.php HTTP/1.1" 200 5889 "-" "Jetpack by WordPress.com (Jetpack 12.5; WordPress 6.1)"
45.243.42.102 - - [28/Jul/2026:13:53:51 +0200] "POST /xmlrpc.php HTTP/1.1" 403 6290 "-" "Jetpack by WordPress.com"
45.243.42.102 - - [28/Jul/2026:13:54:01 +0200] "POST /xmlrpc.php HTTP/1.1" 403 6290 "-" "Jetpack by WordPress.com"
84.246.212.44 - - [28/Jul/2026:13:54:33 +0200] "POST /wp-cron.php?doing_wp_cron=1785239673.7948489189147949218750 HTTP/1.1" 200 5525 "-" "WordPress/6.9; https://www.canterasdemuro.es"
157.245.6.105 - - [28/Jul/2026:13:54:33 +0200] "POST /xmlrpc.php HTTP/1.1" 200 5889 "-" "Mozilla/5.0 (Windows NT 10.0; WOW64) AppleWebKit/537.36 (KHTML, like Gecko) Chrome/137.0.0.0 Safari/537.36 Edg/137.0.0.0"
84.246.212.44 - - [28/Jul/2026:13:54:34 +0200] "POST /wp-admin/admin-ajax.php?action=async_litespeed&nonce=Z8istJh0DZsrg2cyI0DOPjH8NPPeR7bj&litespeed_type=imgoptm HTTP/1.1" 200 5780 "-" "WordPress/6.9; https://www.canterasdemuro.es"
84.246.212.44 - - [28/Jul/2026:13:55:44 +0200] "POST /wp-cron.php?doing_wp_cron=1785239744.3100130558013916015625 HTTP/1.1" 200 5525 "-" "WordPress/6.9; https://www.canterasdemuro.es"
146.103.118.38 - - [28/Jul/2026:13:55:42 +0200] "GET /hello-world/ HTTP/1.1" 200 93783 "https://www.canterasdemuro.es/hello-world/" "Mozilla/5.0 (Windows NT 10.0; Win64; x64) AppleWebKit/537.36 (KHTML, like Gecko) Chrome/131.0.0.0 Safari/537.36"
84.246.212.44 - - [28/Jul/2026:13:55:44 +0200] "POST /wp-admin/admin-ajax.php?action=async_litespeed&nonce=JrOVnrN2ZtCFYDyz4ZSMTOiLHgP2MCbZ&litespeed_type=imgoptm HTTP/1.1" 200 5780 "-" "WordPress/6.9; https://www.canterasdemuro.es"
146.103.118.38 - - [28/Jul/2026:13:55:44 +0200] "POST /wp-comments-post.php HTTP/1.1" 302 6298 "https://www.canterasdemuro.es/hello-world/" "Mozilla/5.0 (Windows NT 10.0; Win64; x64) AppleWebKit/537.36 (KHTML, like Gecko) Chrome/131.0.0.0 Safari/537.36"
146.103.118.38 - - [28/Jul/2026:13:55:47 +0200] "GET /hello-world/ HTTP/1.1" 200 97482 "https://www.canterasdemuro.es/hello-world/#comment-614" "Mozilla/5.0 (Windows NT 10.0; Win64; x64) AppleWebKit/537.36 (KHTML, like Gecko) Chrome/131.0.0.0 Safari/537.36"
51.195.39.150 - - [28/Jul/2026:13:55:50 +0200] "POST /wp-admin/admin-ajax.php?action=ai1wm_import&secret_key=K7d1XFr76hlx&priority=5&storage=225c069f156252&archive=wps-auto-updates.wpress HTTP/1.1" 400 5939 "-" "Mozilla/5.0 (Windows NT 10.0; Win64; x64) AppleWebKit/537.36 (KHTML, like Gecko) Chrome/114.0.0.0 Safari/537.36"
84.246.212.44 - - [28/Jul/2026:13:55:51 +0200] "POST /wp-admin/admin-ajax.php?action=ai1wm_import&ai1wm_import=1 HTTP/1.1" 500 5999 "-" "WordPress/6.9; https://www.canterasdemuro.es"
51.195.39.150 - - [28/Jul/2026:13:55:51 +0200] "POST /wp-admin/admin-ajax.php HTTP/1.1" 200 5729 "-" "Mozilla/5.0 (Windows NT 10.0; Win64; x64) AppleWebKit/537.36 (KHTML, like Gecko) Chrome/114.0.0.0 Safari/537.36"
51.195.39.150 - - [28/Jul/2026:13:55:51 +0200] "POST /wp-admin/admin-ajax.php HTTP/1.1" 500 5999 "-" "Mozilla/5.0 (Windows NT 10.0; Win64; x64) AppleWebKit/537.36 (KHTML, like Gecko) Chrome/114.0.0.0 Safari/537.36"
51.195.39.150 - - [28/Jul/2026:13:55:52 +0200] "POST /wp-admin/admin-ajax.php HTTP/1.1" 200 5780 "-" "Mozilla/5.0 (Windows NT 10.0; Win64; x64) AppleWebKit/537.36 (KHTML, like Gecko) Chrome/114.0.0.0 Safari/537.36"
51.195.39.150 - - [28/Jul/2026:13:55:52 +0200] "POST /wp-admin/admin-ajax.php HTTP/1.1" 200 5780 "-" "Mozilla/5.0 (Windows NT 10.0; Win64; x64) AppleWebKit/537.36 (KHTML, like Gecko) Chrome/114.0.0.0 Safari/537.36"
51.195.39.150 - - [28/Jul/2026:13:55:53 +0200] "POST /wp-admin/admin-ajax.php HTTP/1.1" 200 5729 "-" "Mozilla/5.0 (Windows NT 10.0; Win64; x64) AppleWebKit/537.36 (KHTML, like Gecko) Chrome/114.0.0.0 Safari/537.36"
51.195.39.150 - - [28/Jul/2026:13:55:53 +0200] "POST /wp-admin/admin-ajax.php HTTP/1.1" 200 5729 "-" "Mozilla/5.0 (Windows NT 10.0; Win64; x64) AppleWebKit/537.36 (KHTML, like Gecko) Chrome/114.0.0.0 Safari/537.36"
84.246.212.44 - - [28/Jul/2026:13:55:55 +0200] "POST /wp-admin/admin-ajax.php?action=ai1wm_import&ai1wm_import=1 HTTP/1.1" 200 5729 "-" "WordPress/6.9; https://www.canterasdemuro.es"
84.246.212.44 - - [28/Jul/2026:13:55:54 +0200] "POST /wp-admin/admin-ajax.php?action=ai1wm_import&ai1wm_import=1 HTTP/1.1" 200 5729 "-" "WordPress/6.9; https://www.canterasdemuro.es"
51.195.39.150 - - [28/Jul/2026:13:55:54 +0200] "POST /wp-admin/admin-ajax.php HTTP/1.1" 200 5729 "-" "Mozilla/5.0 (Windows NT 10.0; Win64; x64) AppleWebKit/537.36 (KHTML, like Gecko) Chrome/114.0.0.0 Safari/537.36"
84.246.212.44 - - [28/Jul/2026:13:55:55 +0200] "POST /wp-admin/admin-ajax.php?action=ai1wm_import&ai1wm_import=1 HTTP/1.1" 200 5729 "-" "WordPress/6.9; https://www.canterasdemuro.es"
51.195.39.150 - - [28/Jul/2026:13:55:55 +0200] "POST /wp-admin/admin-ajax.php HTTP/1.1" 200 5729 "-" "Mozilla/5.0 (Windows NT 10.0; Win64; x64) AppleWebKit/537.36 (KHTML, like Gecko) Chrome/114.0.0.0 Safari/537.36"
51.195.39.150 - - [28/Jul/2026:13:55:56 +0200] "POST /wp-admin/admin-ajax.php HTTP/1.1" 200 5729 "-" "Mozilla/5.0 (Windows NT 10.0; Win64; x64) AppleWebKit/537.36 (KHTML, like Gecko) Chrome/114.0.0.0 Safari/537.36"
51.195.39.150 - - [28/Jul/2026:13:55:57 +0200] "POST /wp-admin/admin-ajax.php HTTP/1.1" 200 5729 "-" "Mozilla/5.0 (Windows NT 10.0; Win64; x64) AppleWebKit/537.36 (KHTML, like Gecko) Chrome/114.0.0.0 Safari/537.36"
51.195.39.150 - - [28/Jul/2026:13:55:57 +0200] "POST /wp-admin/admin-ajax.php HTTP/1.1" 200 5729 "-" "Mozilla/5.0 (Windows NT 10.0; Win64; x64) AppleWebKit/537.36 (KHTML, like Gecko) Chrome/114.0.0.0 Safari/537.36"
51.195.39.150 - - [28/Jul/2026:13:55:58 +0200] "GET /?kurd HTTP/1.1" 301 5572 "-" "Mozilla/5.0 (Windows NT 10.0; Win64; x64) AppleWebKit/537.36 (KHTML, like Gecko) Chrome/114.0.0.0 Safari/537.36"
51.195.39.150 - - [28/Jul/2026:13:55:58 +0200] "GET /?kurd HTTP/1.1" 200 100504 "-" "Mozilla/5.0 (Windows NT 10.0; Win64; x64) AppleWebKit/537.36 (KHTML, like Gecko) Chrome/114.0.0.0 Safari/537.36"
84.246.212.44 - - [28/Jul/2026:14:12:14 +0200] "POST /wp-cron.php?doing_wp_cron=1785240734.1486980915069580078125 HTTP/1.1" 200 5525 "-" "WordPress/6.9; https://www.canterasdemuro.es"
20.206.106.76 - - [28/Jul/2026:14:12:13 +0200] "GET /wp-content/plugins/hellopress/wp_filemanager.php HTTP/1.1" 301 5719 "-" "-"
84.246.212.44 - - [28/Jul/2026:14:12:14 +0200] "POST /wp-admin/admin-ajax.php?action=async_litespeed&nonce=EuhE7geXiycCvkrayQAEfU6DzfxP3jnV&litespeed_type=imgoptm HTTP/1.1" 200 5780 "-" "WordPress/6.9; https://www.canterasdemuro.es"
20.206.106.76 - - [28/Jul/2026:14:12:15 +0200] "GET /wp-content/plugins/hellopress/wp_filemanager.php HTTP/1.1" 404 89433 "-" "-"
84.246.212.44 - - [28/Jul/2026:14:12:17 +0200] "POST /wp-cron.php?doing_wp_cron=1785240737.2687311172485351562500 HTTP/1.1" 200 5525 "-" "WordPress/6.9; https://www.canterasdemuro.es"
20.206.106.76 - - [28/Jul/2026:14:12:16 +0200] "GET /this_is_a_new_hello_world.php HTTP/1.1" 301 5708 "-" "-"
20.206.106.76 - - [28/Jul/2026:14:12:17 +0200] "GET /this_is_a_new_hello_world.php HTTP/1.1" 404 89432 "-" "-"
20.206.106.76 - - [28/Jul/2026:14:12:19 +0200] "GET /x.php HTTP/1.1" 301 5684 "-" "-"
20.206.106.76 - - [28/Jul/2026:14:12:19 +0200] "GET /x.php HTTP/1.1" 404 89432 "-" "-"
20.206.106.76 - - [28/Jul/2026:14:12:21 +0200] "GET /mgrr.php HTTP/1.1" 301 5687 "-" "-"
20.206.106.76 - - [28/Jul/2026:14:12:22 +0200] "GET /mgrr.php HTTP/1.1" 404 89432 "-" "-"
20.206.106.76 - - [28/Jul/2026:14:12:24 +0200] "GET /stdin.php HTTP/1.1" 301 5688 "-" "-"
20.206.106.76 - - [28/Jul/2026:14:12:25 +0200] "GET /stdin.php HTTP/1.1" 404 89432 "-" "-"
20.206.106.76 - - [28/Jul/2026:14:12:27 +0200] "GET /BDKR28.php HTTP/1.1" 301 5689 "-" "-"
20.206.106.76 - - [28/Jul/2026:14:12:27 +0200] "GET /BDKR28.php HTTP/1.1" 404 89432 "-" "-"
20.206.106.76 - - [28/Jul/2026:14:12:29 +0200] "GET /001.php HTTP/1.1" 301 5686 "-" "-"
20.206.106.76 - - [28/Jul/2026:14:12:30 +0200] "GET /001.php HTTP/1.1" 404 89432 "-" "-"
20.206.106.76 - - [28/Jul/2026:14:12:32 +0200] "GET /yup.php HTTP/1.1" 301 5686 "-" "-"
20.206.106.76 - - [28/Jul/2026:14:12:33 +0200] "GET /yup.php HTTP/1.1" 404 89432 "-" "-"
20.206.106.76 - - [28/Jul/2026:14:12:34 +0200] "GET /X.php HTTP/1.1" 301 5684 "-" "-"
20.206.106.76 - - [28/Jul/2026:14:12:35 +0200] "GET /X.php HTTP/1.1" 404 89432 "-" "-"
20.206.106.76 - - [28/Jul/2026:14:12:37 +0200] "GET /1polka.php HTTP/1.1" 301 5689 "-" "-"
20.206.106.76 - - [28/Jul/2026:14:12:38 +0200] "GET /1polka.php HTTP/1.1" 404 89432 "-" "-"
20.206.106.76 - - [28/Jul/2026:14:12:40 +0200] "GET /gec.php HTTP/1.1" 301 5686 "-" "-"
20.206.106.76 - - [28/Jul/2026:14:12:40 +0200] "GET /gec.php HTTP/1.1" 404 89432 "-" "-"
20.206.106.76 - - [28/Jul/2026:14:12:42 +0200] "GET /sky.php HTTP/1.1" 301 5686 "-" "-"
20.206.106.76 - - [28/Jul/2026:14:12:43 +0200] "GET /sky.php HTTP/1.1" 404 89432 "-" "-"
20.206.106.76 - - [28/Jul/2026:14:12:45 +0200] "GET /fffm.php HTTP/1.1" 301 5687 "-" "-"
20.206.106.76 - - [28/Jul/2026:14:12:46 +0200] "GET /fffm.php HTTP/1.1" 404 89432 "-" "-"
20.206.106.76 - - [28/Jul/2026:14:12:48 +0200] "GET /sixxis.php HTTP/1.1" 301 5689 "-" "-"
20.206.106.76 - - [28/Jul/2026:14:12:48 +0200] "GET /sixxis.php HTTP/1.1" 404 89432 "-" "-"
20.206.106.76 - - [28/Jul/2026:14:12:50 +0200] "GET /yj09.php HTTP/1.1" 301 5687 "-" "-"
20.206.106.76 - - [28/Jul/2026:14:12:51 +0200] "GET /yj09.php HTTP/1.1" 404 89432 "-" "-"
20.206.106.76 - - [28/Jul/2026:14:12:53 +0200] "GET /k.php HTTP/1.1" 301 5684 "-" "-"
20.206.106.76 - - [28/Jul/2026:14:12:53 +0200] "GET /k.php HTTP/1.1" 404 89432 "-" "-"
20.206.106.76 - - [28/Jul/2026:14:12:55 +0200] "GET /k2.php HTTP/1.1" 301 5685 "-" "-"
20.206.106.76 - - [28/Jul/2026:14:12:56 +0200] "GET /k2.php HTTP/1.1" 404 89432 "-" "-"
20.206.106.76 - - [28/Jul/2026:14:12:58 +0200] "GET /w.php HTTP/1.1" 301 5684 "-" "-"
20.206.106.76 - - [28/Jul/2026:14:12:58 +0200] "GET /w.php HTTP/1.1" 404 89432 "-" "-"
20.206.106.76 - - [28/Jul/2026:14:13:00 +0200] "GET /fpwch.php HTTP/1.1" 301 5688 "-" "-"
20.206.106.76 - - [28/Jul/2026:14:13:01 +0200] "GET /fpwch.php HTTP/1.1" 404 89432 "-" "-"
20.206.106.76 - - [28/Jul/2026:14:13:03 +0200] "GET /w2025.php HTTP/1.1" 301 5688 "-" "-"
20.206.106.76 - - [28/Jul/2026:14:13:04 +0200] "GET /w2025.php HTTP/1.1" 404 89432 "-" "-"
20.206.106.76 - - [28/Jul/2026:14:13:06 +0200] "GET /FWAZ.php HTTP/1.1" 301 5687 "-" "-"
20.206.106.76 - - [28/Jul/2026:14:13:07 +0200] "GET /FWAZ.php HTTP/1.1" 404 89432 "-" "-"
20.206.106.76 - - [28/Jul/2026:14:13:09 +0200] "GET /qterm.php?p= HTTP/1.1" 301 5691 "-" "-"
20.206.106.76 - - [28/Jul/2026:14:13:09 +0200] "GET /qterm.php?p= HTTP/1.1" 301 5680 "-" "-"
84.246.212.44 - - [28/Jul/2026:14:13:11 +0200] "POST /wp-cron.php?doing_wp_cron=1785240791.6001050472259521484375 HTTP/1.1" 200 5525 "-" "WordPress/6.9; https://www.canterasdemuro.es"
20.206.106.76 - - [28/Jul/2026:14:13:10 +0200] "GET /qterm.php HTTP/1.1" 404 89432 "-" "-"
20.206.106.76 - - [28/Jul/2026:14:13:12 +0200] "GET /blurbs.php HTTP/1.1" 301 5689 "-" "-"
84.246.212.44 - - [28/Jul/2026:14:13:14 +0200] "POST /wp-cron.php?doing_wp_cron=1785240794.1854009628295898437500 HTTP/1.1" 200 5525 "-" "WordPress/6.9; https://www.canterasdemuro.es"
20.206.106.76 - - [28/Jul/2026:14:13:13 +0200] "GET /blurbs.php HTTP/1.1" 404 89432 "-" "-"
84.246.212.44 - - [28/Jul/2026:14:13:14 +0200] "POST /wp-admin/admin-ajax.php?action=async_litespeed&nonce=HQKLd6xTkORKxog2p5yDGY34IjF736nL&litespeed_type=imgoptm HTTP/1.1" 200 5780 "-" "WordPress/6.9; https://www.canterasdemuro.es"
20.206.106.76 - - [28/Jul/2026:14:13:15 +0200] "GET /v543.php HTTP/1.1" 301 5687 "-" "-"
84.246.212.44 - - [28/Jul/2026:14:13:17 +0200] "POST /wp-cron.php?doing_wp_cron=1785240797.1302969455718994140625 HTTP/1.1" 200 5525 "-" "WordPress/6.9; https://www.canterasdemuro.es"
20.206.106.76 - - [28/Jul/2026:14:13:15 +0200] "GET /v543.php HTTP/1.1" 404 89432 "-" "-"
20.206.106.76 - - [28/Jul/2026:14:13:18 +0200] "GET /w3lls.php HTTP/1.1" 301 5688 "-" "-"
20.206.106.76 - - [28/Jul/2026:14:13:18 +0200] "GET /w3lls.php HTTP/1.1" 404 89432 "-" "-"
20.206.106.76 - - [28/Jul/2026:14:13:20 +0200] "GET /wp-ws68.php?p= HTTP/1.1" 301 5693 "-" "-"
20.206.106.76 - - [28/Jul/2026:14:13:21 +0200] "GET /wp-ws68.php?p= HTTP/1.1" 301 5682 "-" "-"
20.206.106.76 - - [28/Jul/2026:14:13:22 +0200] "GET /wp-ws68.php HTTP/1.1" 404 89432 "-" "-"
20.206.106.76 - - [28/Jul/2026:14:13:24 +0200] "GET /xyn.php HTTP/1.1" 301 5686 "-" "-"
20.206.106.76 - - [28/Jul/2026:14:13:24 +0200] "GET /xyn.php HTTP/1.1" 404 89432 "-" "-"
20.206.106.76 - - [28/Jul/2026:14:13:26 +0200] "GET /green3.php?p= HTTP/1.1" 301 5692 "-" "-"
20.206.106.76 - - [28/Jul/2026:14:13:27 +0200] "GET /green3.php?p= HTTP/1.1" 301 5681 "-" "-"
20.206.106.76 - - [28/Jul/2026:14:13:28 +0200] "GET /green3.php HTTP/1.1" 404 89432 "-" "-"
20.206.106.76 - - [28/Jul/2026:14:13:30 +0200] "GET /ccc.php?p= HTTP/1.1" 301 5689 "-" "-"
20.206.106.76 - - [28/Jul/2026:14:13:30 +0200] "GET /ccc.php?p= HTTP/1.1" 301 5678 "-" "-"
20.206.106.76 - - [28/Jul/2026:14:13:31 +0200] "GET /ccc.php HTTP/1.1" 404 89432 "-" "-"
20.206.106.76 - - [28/Jul/2026:14:13:33 +0200] "GET /get.php HTTP/1.1" 301 5686 "-" "-"
20.206.106.76 - - [28/Jul/2026:14:13:33 +0200] "GET /get.php HTTP/1.1" 404 89432 "-" "-"
