146.103.110.13 - - [28/Jul/2026:19:32:20 +0200] "GET /hello-world/ HTTP/1.1" 200 97555 "https://www.canterasdemuro.es/hello-world/#comment-619" "Mozilla/5.0 (Windows NT 10.0; Win64; x64) AppleWebKit/537.36 (KHTML, like Gecko) Chrome/131.0.0.0 Safari/537.36 Avast/131.0.0.0"
84.246.212.44 - - [28/Jul/2026:19:43:55 +0200] "POST /wp-cron.php?doing_wp_cron=1785260635.2313239574432373046875 HTTP/1.1" 200 5527 "-" "WordPress/6.9; https://www.canterasdemuro.es"
135.119.74.228 - - [28/Jul/2026:19:43:54 +0200] "GET /inputs.php HTTP/1.1" 301 5691 "-" "Mozilla/5.0 (Windows NT 10.0; Win64; x64) AppleWebKit/537.36 (KHTML, like Gecko) Chrome/120.0.0.0 Safari/537.36"
135.119.74.228 - - [28/Jul/2026:19:43:55 +0200] "GET /ioxi-o.php HTTP/1.1" 301 5691 "-" "Mozilla/5.0 (Windows NT 10.0; Win64; x64) AppleWebKit/537.36 (KHTML, like Gecko) Chrome/120.0.0.0 Safari/537.36"
84.246.212.44 - - [28/Jul/2026:19:43:55 +0200] "POST /wp-admin/admin-ajax.php?action=async_litespeed&nonce=qUNtITwasw4KokPT8cJmiBmmf9mrPQWO&litespeed_type=imgoptm HTTP/1.1" 200 5782 "-" "WordPress/6.9; https://www.canterasdemuro.es"
135.119.74.228 - - [28/Jul/2026:19:43:55 +0200] "GET /function/function.php HTTP/1.1" 301 5702 "-" "Mozilla/5.0 (Windows NT 10.0; Win64; x64) AppleWebKit/537.36 (KHTML, like Gecko) Chrome/120.0.0.0 Safari/537.36"
135.119.74.228 - - [28/Jul/2026:19:43:56 +0200] "GET /rip.php HTTP/1.1" 301 5688 "-" "Mozilla/5.0 (Windows NT 10.0; Win64; x64) AppleWebKit/537.36 (KHTML, like Gecko) Chrome/120.0.0.0 Safari/537.36"
135.119.74.228 - - [28/Jul/2026:19:43:57 +0200] "GET /admin.php HTTP/1.1" 503 7331 "-" "Mozilla/5.0 (Windows NT 10.0; Win64; x64) AppleWebKit/537.36 (KHTML, like Gecko) Chrome/120.0.0.0 Safari/537.36"
135.119.74.228 - - [28/Jul/2026:19:43:57 +0200] "GET /wp-content/uploads/index.php HTTP/1.1" 503 7331 "-" "Mozilla/5.0 (Windows NT 10.0; Win64; x64) AppleWebKit/537.36 (KHTML, like Gecko) Chrome/120.0.0.0 Safari/537.36"
135.119.74.228 - - [28/Jul/2026:19:43:57 +0200] "GET /cache.php HTTP/1.1" 503 7331 "-" "Mozilla/5.0 (Windows NT 10.0; Win64; x64) AppleWebKit/537.36 (KHTML, like Gecko) Chrome/120.0.0.0 Safari/537.36"
135.119.74.228 - - [28/Jul/2026:19:43:57 +0200] "GET /themes.php HTTP/1.1" 503 7331 "-" "Mozilla/5.0 (Windows NT 10.0; Win64; x64) AppleWebKit/537.36 (KHTML, like Gecko) Chrome/120.0.0.0 Safari/537.36"
135.119.74.228 - - [28/Jul/2026:19:43:57 +0200] "GET /an.php HTTP/1.1" 503 7331 "-" "Mozilla/5.0 (Windows NT 10.0; Win64; x64) AppleWebKit/537.36 (KHTML, like Gecko) Chrome/120.0.0.0 Safari/537.36"
135.119.74.228 - - [28/Jul/2026:19:43:57 +0200] "GET /index/function.php HTTP/1.1" 503 7331 "-" "Mozilla/5.0 (Windows NT 10.0; Win64; x64) AppleWebKit/537.36 (KHTML, like Gecko) Chrome/120.0.0.0 Safari/537.36"
135.119.74.228 - - [28/Jul/2026:19:43:58 +0200] "GET /randkeyword.PhP7 HTTP/1.1" 503 7331 "-" "Mozilla/5.0 (Windows NT 10.0; Win64; x64) AppleWebKit/537.36 (KHTML, like Gecko) Chrome/120.0.0.0 Safari/537.36"
135.119.74.228 - - [28/Jul/2026:19:43:58 +0200] "GET /ws.php HTTP/1.1" 503 7331 "-" "Mozilla/5.0 (Windows NT 10.0; Win64; x64) AppleWebKit/537.36 (KHTML, like Gecko) Chrome/120.0.0.0 Safari/537.36"
135.119.74.228 - - [28/Jul/2026:19:43:58 +0200] "GET /404.php HTTP/1.1" 503 7331 "-" "Mozilla/5.0 (Windows NT 10.0; Win64; x64) AppleWebKit/537.36 (KHTML, like Gecko) Chrome/120.0.0.0 Safari/537.36"
135.119.74.228 - - [28/Jul/2026:19:43:58 +0200] "GET /wp-admin/user.php HTTP/1.1" 503 7331 "-" "Mozilla/5.0 (Windows NT 10.0; Win64; x64) AppleWebKit/537.36 (KHTML, like Gecko) Chrome/120.0.0.0 Safari/537.36"
135.119.74.228 - - [28/Jul/2026:19:43:58 +0200] "GET /wp-conf.php HTTP/1.1" 503 7331 "-" "Mozilla/5.0 (Windows NT 10.0; Win64; x64) AppleWebKit/537.36 (KHTML, like Gecko) Chrome/120.0.0.0 Safari/537.36"
135.119.74.228 - - [28/Jul/2026:19:43:59 +0200] "GET /wp-content/themes/hideo/network.php HTTP/1.1" 503 7331 "-" "Mozilla/5.0 (Windows NT 10.0; Win64; x64) AppleWebKit/537.36 (KHTML, like Gecko) Chrome/120.0.0.0 Safari/537.36"
135.119.74.228 - - [28/Jul/2026:19:43:59 +0200] "GET /wp-login.php HTTP/1.1" 503 7331 "-" "Mozilla/5.0 (Windows NT 10.0; Win64; x64) AppleWebKit/537.36 (KHTML, like Gecko) Chrome/120.0.0.0 Safari/537.36"
135.119.74.228 - - [28/Jul/2026:19:43:59 +0200] "GET /abc.php HTTP/1.1" 503 7331 "-" "Mozilla/5.0 (Windows NT 10.0; Win64; x64) AppleWebKit/537.36 (KHTML, like Gecko) Chrome/120.0.0.0 Safari/537.36"
135.119.74.228 - - [28/Jul/2026:19:43:59 +0200] "GET /abcd.php HTTP/1.1" 503 7331 "-" "Mozilla/5.0 (Windows NT 10.0; Win64; x64) AppleWebKit/537.36 (KHTML, like Gecko) Chrome/120.0.0.0 Safari/537.36"
135.119.74.228 - - [28/Jul/2026:19:43:59 +0200] "GET /as.php HTTP/1.1" 503 7331 "-" "Mozilla/5.0 (Windows NT 10.0; Win64; x64) AppleWebKit/537.36 (KHTML, like Gecko) Chrome/120.0.0.0 Safari/537.36"
135.119.74.228 - - [28/Jul/2026:19:43:59 +0200] "GET /wp-trackback.php HTTP/1.1" 503 7331 "-" "Mozilla/5.0 (Windows NT 10.0; Win64; x64) AppleWebKit/537.36 (KHTML, like Gecko) Chrome/120.0.0.0 Safari/537.36"
135.119.74.228 - - [28/Jul/2026:19:43:59 +0200] "GET /about.php HTTP/1.1" 503 7331 "-" "Mozilla/5.0 (Windows NT 10.0; Win64; x64) AppleWebKit/537.36 (KHTML, like Gecko) Chrome/120.0.0.0 Safari/537.36"
135.119.74.228 - - [28/Jul/2026:19:44:00 +0200] "GET /file.php HTTP/1.1" 503 7331 "-" "Mozilla/5.0 (Windows NT 10.0; Win64; x64) AppleWebKit/537.36 (KHTML, like Gecko) Chrome/120.0.0.0 Safari/537.36"
135.119.74.228 - - [28/Jul/2026:19:44:00 +0200] "GET /adminfuns.php HTTP/1.1" 503 7331 "-" "Mozilla/5.0 (Windows NT 10.0; Win64; x64) AppleWebKit/537.36 (KHTML, like Gecko) Chrome/120.0.0.0 Safari/537.36"
135.119.74.228 - - [28/Jul/2026:19:44:00 +0200] "GET /wp-good.php HTTP/1.1" 503 7331 "-" "Mozilla/5.0 (Windows NT 10.0; Win64; x64) AppleWebKit/537.36 (KHTML, like Gecko) Chrome/120.0.0.0 Safari/537.36"
135.119.74.228 - - [28/Jul/2026:19:44:00 +0200] "GET /xmlrpc.php HTTP/1.1" 503 7331 "-" "Mozilla/5.0 (Windows NT 10.0; Win64; x64) AppleWebKit/537.36 (KHTML, like Gecko) Chrome/120.0.0.0 Safari/537.36"
135.119.74.228 - - [28/Jul/2026:19:44:00 +0200] "GET /goods.php HTTP/1.1" 503 7331 "-" "Mozilla/5.0 (Windows NT 10.0; Win64; x64) AppleWebKit/537.36 (KHTML, like Gecko) Chrome/120.0.0.0 Safari/537.36"
135.119.74.228 - - [28/Jul/2026:19:44:00 +0200] "GET /class-t.api.php HTTP/1.1" 503 7331 "-" "Mozilla/5.0 (Windows NT 10.0; Win64; x64) AppleWebKit/537.36 (KHTML, like Gecko) Chrome/120.0.0.0 Safari/537.36"
135.119.74.228 - - [28/Jul/2026:19:44:01 +0200] "GET /sf.php HTTP/1.1" 503 7331 "-" "Mozilla/5.0 (Windows NT 10.0; Win64; x64) AppleWebKit/537.36 (KHTML, like Gecko) Chrome/120.0.0.0 Safari/537.36"
84.246.212.44 - - [28/Jul/2026:19:43:59 +0200] "GET /?wp_scrape_key=07b168a4ca865ef049918aed58b47053&wp_scrape_nonce=1785260637 HTTP/1.1" 200 100654 "-" "WordPress/6.9; https://www.canterasdemuro.es"
135.119.74.228 - - [28/Jul/2026:19:44:01 +0200] "GET /kbfr.php HTTP/1.1" 503 7331 "-" "Mozilla/5.0 (Windows NT 10.0; Win64; x64) AppleWebKit/537.36 (KHTML, like Gecko) Chrome/120.0.0.0 Safari/537.36"
135.119.74.228 - - [28/Jul/2026:19:44:01 +0200] "GET /autoload_classmap.php HTTP/1.1" 503 7331 "-" "Mozilla/5.0 (Windows NT 10.0; Win64; x64) AppleWebKit/537.36 (KHTML, like Gecko) Chrome/120.0.0.0 Safari/537.36"
135.119.74.228 - - [28/Jul/2026:19:44:01 +0200] "GET /chosen.php?p= HTTP/1.1" 503 7331 "-" "Mozilla/5.0 (Windows NT 10.0; Win64; x64) AppleWebKit/537.36 (KHTML, like Gecko) Chrome/120.0.0.0 Safari/537.36"
135.119.74.228 - - [28/Jul/2026:19:44:01 +0200] "GET /classwithtostring.php HTTP/1.1" 503 7331 "-" "Mozilla/5.0 (Windows NT 10.0; Win64; x64) AppleWebKit/537.36 (KHTML, like Gecko) Chrome/120.0.0.0 Safari/537.36"
135.119.74.228 - - [28/Jul/2026:19:44:01 +0200] "GET /defaults.php HTTP/1.1" 503 7331 "-" "Mozilla/5.0 (Windows NT 10.0; Win64; x64) AppleWebKit/537.36 (KHTML, like Gecko) Chrome/120.0.0.0 Safari/537.36"
135.119.74.228 - - [28/Jul/2026:19:44:01 +0200] "GET /.well-known/ HTTP/1.1" 403 6292 "-" "Mozilla/5.0 (Windows NT 10.0; Win64; x64) AppleWebKit/537.36 (KHTML, like Gecko) Chrome/120.0.0.0 Safari/537.36"
135.119.74.228 - - [28/Jul/2026:19:44:02 +0200] "GET /info.php HTTP/1.1" 503 7331 "-" "Mozilla/5.0 (Windows NT 10.0; Win64; x64) AppleWebKit/537.36 (KHTML, like Gecko) Chrome/120.0.0.0 Safari/537.36"
135.119.74.228 - - [28/Jul/2026:19:44:02 +0200] "GET /cgi-bin/ HTTP/1.1" 403 6292 "-" "Mozilla/5.0 (Windows NT 10.0; Win64; x64) AppleWebKit/537.36 (KHTML, like Gecko) Chrome/120.0.0.0 Safari/537.36"
135.119.74.228 - - [28/Jul/2026:19:44:02 +0200] "GET /wp-includes/Requests/src/Response/about.php HTTP/1.1" 503 7331 "-" "Mozilla/5.0 (Windows NT 10.0; Win64; x64) AppleWebKit/537.36 (KHTML, like Gecko) Chrome/120.0.0.0 Safari/537.36"
135.119.74.228 - - [28/Jul/2026:19:44:02 +0200] "GET /wp-includes/html-api/ HTTP/1.1" 403 6292 "-" "Mozilla/5.0 (Windows NT 10.0; Win64; x64) AppleWebKit/537.36 (KHTML, like Gecko) Chrome/120.0.0.0 Safari/537.36"
135.119.74.228 - - [28/Jul/2026:19:44:02 +0200] "GET /wp-content/admin.php HTTP/1.1" 503 7331 "-" "Mozilla/5.0 (Windows NT 10.0; Win64; x64) AppleWebKit/537.36 (KHTML, like Gecko) Chrome/120.0.0.0 Safari/537.36"
135.119.74.228 - - [28/Jul/2026:19:44:02 +0200] "GET /wp-admin/css/colors/ectoplasm/ HTTP/1.1" 403 6292 "-" "Mozilla/5.0 (Windows NT 10.0; Win64; x64) AppleWebKit/537.36 (KHTML, like Gecko) Chrome/120.0.0.0 Safari/537.36"
135.119.74.228 - - [28/Jul/2026:19:44:03 +0200] "GET /wp-content/uploads/ HTTP/1.1" 403 6292 "-" "Mozilla/5.0 (Windows NT 10.0; Win64; x64) AppleWebKit/537.36 (KHTML, like Gecko) Chrome/120.0.0.0 Safari/537.36"
135.119.74.228 - - [28/Jul/2026:19:44:03 +0200] "GET /wp-content/themes/admin.php HTTP/1.1" 503 7331 "-" "Mozilla/5.0 (Windows NT 10.0; Win64; x64) AppleWebKit/537.36 (KHTML, like Gecko) Chrome/120.0.0.0 Safari/537.36"
135.119.74.228 - - [28/Jul/2026:19:44:03 +0200] "GET /wp-content/themes/index.php HTTP/1.1" 200 5434 "-" "Mozilla/5.0 (Windows NT 10.0; Win64; x64) AppleWebKit/537.36 (KHTML, like Gecko) Chrome/120.0.0.0 Safari/537.36"
135.119.74.228 - - [28/Jul/2026:19:44:03 +0200] "GET /wp-content/plugins/index.php HTTP/1.1" 200 5434 "-" "Mozilla/5.0 (Windows NT 10.0; Win64; x64) AppleWebKit/537.36 (KHTML, like Gecko) Chrome/120.0.0.0 Safari/537.36"
135.119.74.228 - - [28/Jul/2026:19:44:03 +0200] "GET /wp-includes/PHPMailer/ HTTP/1.1" 403 6292 "-" "Mozilla/5.0 (Windows NT 10.0; Win64; x64) AppleWebKit/537.36 (KHTML, like Gecko) Chrome/120.0.0.0 Safari/537.36"
135.119.74.228 - - [28/Jul/2026:19:44:03 +0200] "GET /wp-includes/images/ HTTP/1.1" 403 6292 "-" "Mozilla/5.0 (Windows NT 10.0; Win64; x64) AppleWebKit/537.36 (KHTML, like Gecko) Chrome/120.0.0.0 Safari/537.36"
135.119.74.228 - - [28/Jul/2026:19:44:04 +0200] "GET /wp-content/plugins/WordPressCore/ HTTP/1.1" 503 7331 "-" "Mozilla/5.0 (Windows NT 10.0; Win64; x64) AppleWebKit/537.36 (KHTML, like Gecko) Chrome/120.0.0.0 Safari/537.36"
84.246.212.44 - - [28/Jul/2026:19:44:04 +0200] "GET /?wp_scrape_key=a44e14afc5730726023d80b1e70c7638&wp_scrape_nonce=1785260642 HTTP/1.1" 200 100654 "-" "WordPress/6.9; https://www.canterasdemuro.es"
84.246.212.44 - - [28/Jul/2026:19:44:08 +0200] "GET /?wp_scrape_key=d195d9c22652692d21732e446683185d&wp_scrape_nonce=1785260646 HTTP/1.1" 200 100654 "-" "WordPress/6.9; https://www.canterasdemuro.es"
84.246.212.44 - - [28/Jul/2026:19:44:14 +0200] "GET /?wp_scrape_key=5092f1258fdfd637aab5abe13567cab9&wp_scrape_nonce=1785260652 HTTP/1.1" 200 100654 "-" "WordPress/6.9; https://www.canterasdemuro.es"
84.246.212.44 - - [28/Jul/2026:19:44:18 +0200] "GET /?wp_scrape_key=a55759d255a865250a6494fd5f492694&wp_scrape_nonce=1785260656 HTTP/1.1" 200 100654 "-" "WordPress/6.9; https://www.canterasdemuro.es"
84.246.212.44 - - [28/Jul/2026:19:44:22 +0200] "GET /?wp_scrape_key=9c942ec10fd766d9a1b2c4dfa2eaaadb&wp_scrape_nonce=1785260660 HTTP/1.1" 200 100654 "-" "WordPress/6.9; https://www.canterasdemuro.es"
84.246.212.44 - - [28/Jul/2026:19:44:26 +0200] "GET /?wp_scrape_key=043eadffb25232f520454153f2353310&wp_scrape_nonce=1785260664 HTTP/1.1" 200 100654 "-" "WordPress/6.9; https://www.canterasdemuro.es"
84.246.212.44 - - [28/Jul/2026:19:44:31 +0200] "GET /?wp_scrape_key=46ac19cc5129126383e5ebf511551461&wp_scrape_nonce=1785260669 HTTP/1.1" 200 100654 "-" "WordPress/6.9; https://www.canterasdemuro.es"
84.246.212.44 - - [28/Jul/2026:19:44:35 +0200] "GET /?wp_scrape_key=e6e16fe0a7c165216bce813a3d9f1230&wp_scrape_nonce=1785260673 HTTP/1.1" 200 100654 "-" "WordPress/6.9; https://www.canterasdemuro.es"
84.246.212.44 - - [28/Jul/2026:19:49:23 +0200] "POST /wp-cron.php?doing_wp_cron=1785260963.3957118988037109375000 HTTP/1.1" 200 5527 "-" "WordPress/6.9; https://www.canterasdemuro.es"
66.249.66.34 - - [28/Jul/2026:19:49:21 +0200] "GET / HTTP/1.1" 200 100542 "-" "Mozilla/5.0 (Linux; Android 6.0.1; Nexus 5X Build/MMB29P) AppleWebKit/537.36 (KHTML, like Gecko) Chrome/150.0.7871.128 Mobile Safari/537.36 (compatible; Googlebot/2.1; +http://www.google.com/bot.html)"
84.246.212.44 - - [28/Jul/2026:19:49:24 +0200] "POST /wp-admin/admin-ajax.php?action=async_litespeed&nonce=zagLlh0wHOfzup1dlIdLXFSSFPMAvWmD&litespeed_type=imgoptm HTTP/1.1" 200 5782 "-" "WordPress/6.9; https://www.canterasdemuro.es"
84.246.212.44 - - [28/Jul/2026:19:53:01 +0200] "POST /wp-cron.php?doing_wp_cron=1785261181.1266260147094726562500 HTTP/1.1" 200 5527 "-" "WordPress/6.9; https://www.canterasdemuro.es"
141.148.219.117 - - [28/Jul/2026:19:53:00 +0200] "GET / HTTP/1.1" 301 5569 "-" "Mozilla/5.0 (iPhone; CPU iPhone OS 17_5 like Mac OS X) Mobile/15E148 Safari/604.1"
84.246.212.44 - - [28/Jul/2026:19:53:01 +0200] "POST /wp-admin/admin-ajax.php?action=async_litespeed&nonce=VD0SxLYCYYnivHRKz95e2TCQZPJGP7Oo&litespeed_type=imgoptm HTTP/1.1" 200 5782 "-" "WordPress/6.9; https://www.canterasdemuro.es"
141.148.219.117 - - [28/Jul/2026:19:53:01 +0200] "GET / HTTP/1.1" 200 100542 "-" "Mozilla/5.0 (iPhone; CPU iPhone OS 17_5 like Mac OS X) Mobile/15E148 Safari/604.1"
141.148.219.117 - - [28/Jul/2026:19:53:03 +0200] "GET /wp-json/batch/v1 HTTP/1.1" 404 5963 "-" "Mozilla/5.0 (X11; Linux x86_64) AppleWebKit/537.36 (KHTML, like Gecko) Chrome/125.0.0.0 Safari/537.36"
141.148.219.117 - - [28/Jul/2026:19:53:04 +0200] "GET /?rest_route=/batch/v1 HTTP/1.1" 404 5963 "-" "Mozilla/5.0 (Windows NT 10.0; Win64; x64) AppleWebKit/537.36 (KHTML, like Gecko) Chrome/125.0.0.0 Safari/537.36"
66.249.66.35 - - [28/Jul/2026:19:54:45 +0200] "GET /wp-content/plugins/elementor-pro/assets/lib/sticky/jquery.sticky.min.js?ver=3.28.1 HTTP/1.1" 200 5552 "https://www.canterasdemuro.es/" "Mozilla/5.0 (Linux; Android 6.0.1; Nexus 5X Build/MMB29P) AppleWebKit/537.36 (KHTML, like Gecko) Chrome/150.0.7871.128 Mobile Safari/537.36 (compatible; Googlebot/2.1; +http://www.google.com/bot.html)"
66.249.66.36 - - [28/Jul/2026:19:54:47 +0200] "GET /wp-content/plugins/gdpr-cookie-compliance/dist/scripts/main.js?ver=4.16.1 HTTP/1.1" 200 5543 "https://www.canterasdemuro.es/" "Mozilla/5.0 (Linux; Android 6.0.1; Nexus 5X Build/MMB29P) AppleWebKit/537.36 (KHTML, like Gecko) Chrome/150.0.7871.128 Mobile Safari/537.36 (compatible; Googlebot/2.1; +http://www.google.com/bot.html)"
84.246.212.44 - - [28/Jul/2026:20:06:40 +0200] "POST /wp-cron.php?doing_wp_cron=1785262000.8908259868621826171875 HTTP/1.1" 200 5527 "-" "WordPress/6.9; https://www.canterasdemuro.es"
5.223.50.148 - - [28/Jul/2026:20:06:40 +0200] "POST /xmlrpc.php HTTP/1.1" 200 5891 "-" "Mozilla/5.0 (Windows NT 10.0; Win64; x64) AppleWebKit/537.36 (KHTML, like Gecko) Chrome/142.0.0.0 Safari/537.36 Edg/142.0.0.0"
84.246.212.44 - - [28/Jul/2026:20:06:41 +0200] "POST /wp-admin/admin-ajax.php?action=async_litespeed&nonce=UUoALLf3AS5Nxz40Vlc9zZ6YvdraGMWV&litespeed_type=imgoptm HTTP/1.1" 200 5782 "-" "WordPress/6.9; https://www.canterasdemuro.es"
84.246.212.44 - - [28/Jul/2026:20:08:39 +0200] "POST /wp-cron.php?doing_wp_cron=1785262119.2846128940582275390625 HTTP/1.1" 200 5527 "-" "WordPress/6.9; https://www.canterasdemuro.es"
212.34.132.22 - - [28/Jul/2026:20:08:38 +0200] "GET / HTTP/1.1" 301 5569 "http://CANTERASDEMURO.ES" "Mozilla/5.0 (Windows NT 10.0; Win64; x64) AppleWebKit/537.36 (KHTML, like Gecko) Chrome/120.0.0.0 Safari/537.36"
84.246.212.44 - - [28/Jul/2026:20:08:39 +0200] "POST /wp-admin/admin-ajax.php?action=async_litespeed&nonce=t9ifilRLOqAfnVPMWXavCj66K4vp6HIP&litespeed_type=imgoptm HTTP/1.1" 200 5782 "-" "WordPress/6.9; https://www.canterasdemuro.es"
212.34.132.22 - - [28/Jul/2026:20:08:39 +0200] "GET / HTTP/1.1" 200 100542 "https://canterasdemuro.es/" "Mozilla/5.0 (Windows NT 10.0; Win64; x64) AppleWebKit/537.36 (KHTML, like Gecko) Chrome/120.0.0.0 Safari/537.36"
107.189.31.187 - - [28/Jul/2026:20:08:49 +0200] "GET / HTTP/1.1" 301 5569 "-" "\"Mozilla/5.0 (Macintosh; Intel Mac OS X 10_15_7) AppleWebKit/537.36 (KHTML, like Gecko) Chrome/142.0.0.0 Safari/537.36\""
107.189.31.187 - - [28/Jul/2026:20:08:51 +0200] "GET / HTTP/1.1" 200 100542 "-" "\"Mozilla/5.0 (Macintosh; Intel Mac OS X 10_15_7) AppleWebKit/537.36 (KHTML, like Gecko) Chrome/142.0.0.0 Safari/537.36\""
107.189.31.187 - - [28/Jul/2026:20:08:53 +0200] "GET /wp-includes/js/jquery/jquery.min.js?ver=3.7.1 HTTP/1.1" 200 5516 "https://www.canterasdemuro.es/" "\"Mozilla/5.0 (Macintosh; Intel Mac OS X 10_15_7) AppleWebKit/537.36 (KHTML, like Gecko) Chrome/142.0.0.0 Safari/537.36\""
107.189.31.187 - - [28/Jul/2026:20:08:54 +0200] "GET /wp-includes/js/jquery/jquery-migrate.min.js?ver=3.4.1 HTTP/1.1" 200 5524 "https://www.canterasdemuro.es/" "\"Mozilla/5.0 (Macintosh; Intel Mac OS X 10_15_7) AppleWebKit/537.36 (KHTML, like Gecko) Chrome/142.0.0.0 Safari/537.36\""
107.189.31.187 - - [28/Jul/2026:20:08:54 +0200] "GET /wp-content/themes/hello-elementor/assets/js/hello-frontend.min.js?ver=3.3.0 HTTP/1.1" 200 5546 "https://www.canterasdemuro.es/" "\"Mozilla/5.0 (Macintosh; Intel Mac OS X 10_15_7) AppleWebKit/537.36 (KHTML, like Gecko) Chrome/142.0.0.0 Safari/537.36\""
45.84.107.128 - - [28/Jul/2026:20:08:55 +0200] "GET /wp-includes/js/jquery/jquery-migrate.min.js?ver=3.4.1 HTTP/1.1" 200 5524 "https://www.canterasdemuro.es/" "\"Mozilla/5.0 (Macintosh; Intel Mac OS X 10_15_7) AppleWebKit/537.36 (KHTML, like Gecko) Chrome/142.0.0.0 Safari/537.36\""
45.84.107.128 - - [28/Jul/2026:20:08:55 +0200] "GET /wp-content/plugins/elementor-pro/assets/lib/smartmenus/jquery.smartmenus.min.js?ver=1.2.1 HTTP/1.1" 200 5560 "https://www.canterasdemuro.es/" "\"Mozilla/5.0 (Macintosh; Intel Mac OS X 10_15_7) AppleWebKit/537.36 (KHTML, like Gecko) Chrome/142.0.0.0 Safari/537.36\""
45.84.107.128 - - [28/Jul/2026:20:08:55 +0200] "GET /wp-content/plugins/elementor-pro/assets/lib/sticky/jquery.sticky.min.js?ver=3.28.1 HTTP/1.1" 200 5552 "https://www.canterasdemuro.es/" "\"Mozilla/5.0 (Macintosh; Intel Mac OS X 10_15_7) AppleWebKit/537.36 (KHTML, like Gecko) Chrome/142.0.0.0 Safari/537.36\""
45.84.107.128 - - [28/Jul/2026:20:08:55 +0200] "GET /wp-content/plugins/gdpr-cookie-compliance/dist/scripts/main.js?ver=4.16.1 HTTP/1.1" 200 5543 "https://www.canterasdemuro.es/" "\"Mozilla/5.0 (Macintosh; Intel Mac OS X 10_15_7) AppleWebKit/537.36 (KHTML, like Gecko) Chrome/142.0.0.0 Safari/537.36\""
45.84.107.128 - - [28/Jul/2026:20:08:55 +0200] "GET /wp-content/plugins/elementor-pro/assets/js/webpack-pro.runtime.min.js?ver=3.28.1 HTTP/1.1" 200 5550 "https://www.canterasdemuro.es/" "\"Mozilla/5.0 (Macintosh; Intel Mac OS X 10_15_7) AppleWebKit/537.36 (KHTML, like Gecko) Chrome/142.0.0.0 Safari/537.36\""
45.84.107.128 - - [28/Jul/2026:20:08:55 +0200] "GET /wp-content/plugins/elementor/assets/js/webpack.runtime.min.js?ver=3.28.1 HTTP/1.1" 200 5542 "https://www.canterasdemuro.es/" "\"Mozilla/5.0 (Macintosh; Intel Mac OS X 10_15_7) AppleWebKit/537.36 (KHTML, like Gecko) Chrome/142.0.0.0 Safari/537.36\""
45.84.107.128 - - [28/Jul/2026:20:08:55 +0200] "GET /wp-content/plugins/elementor/assets/js/frontend-modules.min.js?ver=3.28.1 HTTP/1.1" 200 5543 "https://www.canterasdemuro.es/" "\"Mozilla/5.0 (Macintosh; Intel Mac OS X 10_15_7) AppleWebKit/537.36 (KHTML, like Gecko) Chrome/142.0.0.0 Safari/537.36\""
45.84.107.128 - - [28/Jul/2026:20:08:55 +0200] "GET /wp-includes/js/dist/i18n.min.js?ver=c26c3dc7bed366793375 HTTP/1.1" 200 5512 "https://www.canterasdemuro.es/" "\"Mozilla/5.0 (Macintosh; Intel Mac OS X 10_15_7) AppleWebKit/537.36 (KHTML, like Gecko) Chrome/142.0.0.0 Safari/537.36\""
45.84.107.128 - - [28/Jul/2026:20:08:55 +0200] "GET /wp-includes/js/dist/hooks.min.js?ver=dd5603f07f9220ed27f1 HTTP/1.1" 200 5513 "https://www.canterasdemuro.es/" "\"Mozilla/5.0 (Macintosh; Intel Mac OS X 10_15_7) AppleWebKit/537.36 (KHTML, like Gecko) Chrome/142.0.0.0 Safari/537.36\""
45.84.107.128 - - [28/Jul/2026:20:08:56 +0200] "GET /wp-content/plugins/elementor-pro/assets/js/frontend.min.js?ver=3.28.1 HTTP/1.1" 200 5539 "https://www.canterasdemuro.es/" "\"Mozilla/5.0 (Macintosh; Intel Mac OS X 10_15_7) AppleWebKit/537.36 (KHTML, like Gecko) Chrome/142.0.0.0 Safari/537.36\""
45.84.107.128 - - [28/Jul/2026:20:08:56 +0200] "GET /wp-content/plugins/elementor/assets/js/frontend.min.js?ver=3.28.1 HTTP/1.1" 200 5535 "https://www.canterasdemuro.es/" "\"Mozilla/5.0 (Macintosh; Intel Mac OS X 10_15_7) AppleWebKit/537.36 (KHTML, like Gecko) Chrome/142.0.0.0 Safari/537.36\""
45.84.107.128 - - [28/Jul/2026:20:08:56 +0200] "GET /wp-includes/js/jquery/ui/core.min.js?ver=1.13.3 HTTP/1.1" 200 5517 "https://www.canterasdemuro.es/" "\"Mozilla/5.0 (Macintosh; Intel Mac OS X 10_15_7) AppleWebKit/537.36 (KHTML, like Gecko) Chrome/142.0.0.0 Safari/537.36\""
45.84.107.128 - - [28/Jul/2026:20:08:56 +0200] "GET /wp-content/plugins/elementor-pro/assets/js/elements-handlers.min.js?ver=3.28.1 HTTP/1.1" 200 5548 "https://www.canterasdemuro.es/" "\"Mozilla/5.0 (Macintosh; Intel Mac OS X 10_15_7) AppleWebKit/537.36 (KHTML, like Gecko) Chrome/142.0.0.0 Safari/537.36\""
45.84.107.128 - - [28/Jul/2026:20:08:56 +0200] "GET /wp-content/plugins/elementor/assets/lib/dialog/dialog.min.js?ver=4.9.3 HTTP/1.1" 200 5541 "https://www.canterasdemuro.es/" "\"Mozilla/5.0 (Macintosh; Intel Mac OS X 10_15_7) AppleWebKit/537.36 (KHTML, like Gecko) Chrome/142.0.0.0 Safari/537.36\""
45.84.107.128 - - [28/Jul/2026:20:08:56 +0200] "GET /wp-content/plugins/elementor/assets/js/text-editor.c084ef86600b6f11690d.bundle.min.js HTTP/1.1" 200 5566 "https://www.canterasdemuro.es/" "\"Mozilla/5.0 (Macintosh; Intel Mac OS X 10_15_7) AppleWebKit/537.36 (KHTML, like Gecko) Chrome/142.0.0.0 Safari/537.36\""
45.84.107.128 - - [28/Jul/2026:20:08:56 +0200] "GET /wp-content/plugins/elementor-pro/assets/js/nav-menu.a23fbd67486c5bedf26c.bundle.min.js HTTP/1.1" 200 5567 "https://www.canterasdemuro.es/" "\"Mozilla/5.0 (Macintosh; Intel Mac OS X 10_15_7) AppleWebKit/537.36 (KHTML, like Gecko) Chrome/142.0.0.0 Safari/537.36\""
45.84.107.128 - - [28/Jul/2026:20:08:56 +0200] "GET /wp-includes/js/wp-emoji-release.min.js?ver=6.9 HTTP/1.1" 200 5519 "https://www.canterasdemuro.es/" "\"Mozilla/5.0 (Macintosh; Intel Mac OS X 10_15_7) AppleWebKit/537.36 (KHTML, like Gecko) Chrome/142.0.0.0 Safari/537.36\""
45.84.107.128 - - [28/Jul/2026:20:08:56 +0200] "GET /contacto/ HTTP/1.1" 200 104500 "-" "\"Mozilla/5.0 (Macintosh; Intel Mac OS X 10_15_7) AppleWebKit/537.36 (KHTML, like Gecko) Chrome/142.0.0.0 Safari/537.36\""
45.84.107.128 - - [28/Jul/2026:20:08:58 +0200] "GET /wp-content/themes/hello-elementor/assets/js/hello-frontend.min.js?ver=3.3.0 HTTP/1.1" 200 5546 "https://www.canterasdemuro.es/contacto/" "\"Mozilla/5.0 (Macintosh; Intel Mac OS X 10_15_7) AppleWebKit/537.36 (KHTML, like Gecko) Chrome/142.0.0.0 Safari/537.36\""
45.84.107.128 - - [28/Jul/2026:20:08:58 +0200] "GET /wp-content/plugins/elementor-pro/assets/js/popup.f7b15b2ca565b152bf98.bundle.min.js HTTP/1.1" 200 6278 "https://www.canterasdemuro.es/contacto/" "\"Mozilla/5.0 (Macintosh; Intel Mac OS X 10_15_7) AppleWebKit/537.36 (KHTML, like Gecko) Chrome/142.0.0.0 Safari/537.36\""
45.84.107.128 - - [28/Jul/2026:20:08:58 +0200] "GET /wp-content/plugins/elementor/assets/js/nested-accordion.c546968f7aebebc356f2.bundle.min.js HTTP/1.1" 200 5571 "https://www.canterasdemuro.es/contacto/" "\"Mozilla/5.0 (Macintosh; Intel Mac OS X 10_15_7) AppleWebKit/537.36 (KHTML, like Gecko) Chrome/142.0.0.0 Safari/537.36\""
45.84.107.128 - - [28/Jul/2026:20:08:58 +0200] "GET /wp-content/plugins/elementor-pro/assets/js/form.5fb35271b8ba3fb1e7d6.bundle.min.js HTTP/1.1" 200 5563 "https://www.canterasdemuro.es/contacto/" "\"Mozilla/5.0 (Macintosh; Intel Mac OS X 10_15_7) AppleWebKit/537.36 (KHTML, like Gecko) Chrome/142.0.0.0 Safari/537.36\""
84.246.212.44 - - [28/Jul/2026:20:09:33 +0200] "POST /wp-cron.php?doing_wp_cron=1785262173.4978830814361572265625 HTTP/1.1" 200 5527 "-" "WordPress/6.9; https://www.canterasdemuro.es"
45.84.107.128 - - [28/Jul/2026:20:09:31 +0200] "POST /wp-admin/admin-ajax.php HTTP/1.1" 200 5950 "https://www.canterasdemuro.es/contacto/" "\"Mozilla/5.0 (Macintosh; Intel Mac OS X 10_15_7) AppleWebKit/537.36 (KHTML, like Gecko) Chrome/142.0.0.0 Safari/537.36\""
84.246.212.44 - - [28/Jul/2026:20:09:34 +0200] "POST /wp-admin/admin-ajax.php?action=async_litespeed&nonce=uFtleZKZKiVBgZVozuz6aTmBGsD07R0W&litespeed_type=imgoptm HTTP/1.1" 200 5782 "-" "WordPress/6.9; https://www.canterasdemuro.es"
84.246.212.44 - - [28/Jul/2026:20:12:20 +0200] "POST /wp-cron.php?doing_wp_cron=1785262340.8720409870147705078125 HTTP/1.1" 200 5527 "-" "WordPress/6.9; https://www.canterasdemuro.es"
3.231.184.160 - - [28/Jul/2026:20:12:20 +0200] "GET /robots.txt HTTP/1.1" 301 5579 "-" "Mozilla/5.0 (Macintosh; Intel Mac OS X 10_10_1) AppleWebKit/600.2.5 (KHTML, like Gecko) Version/8.0.2 Safari/600.2.5 (Gort)"
44.218.76.9 - - [28/Jul/2026:20:12:21 +0200] "GET /robots.txt HTTP/1.1" 200 5682 "-" "Mozilla/5.0 (Macintosh; Intel Mac OS X 10_10_1) AppleWebKit/600.2.5 (KHTML, like Gecko) Version/8.0.2 Safari/600.2.5 (Gort)"
84.246.212.44 - - [28/Jul/2026:20:12:21 +0200] "POST /wp-admin/admin-ajax.php?action=async_litespeed&nonce=30tKodNP5A7auZmj6byuwj2Feo6Mv8MM&litespeed_type=imgoptm HTTP/1.1" 200 5782 "-" "WordPress/6.9; https://www.canterasdemuro.es"
84.246.212.44 - - [28/Jul/2026:20:17:31 +0200] "POST /wp-cron.php?doing_wp_cron=1785262650.9939959049224853515625 HTTP/1.1" 200 5527 "-" "WordPress/6.9; https://www.canterasdemuro.es"
170.62.100.221 - - [28/Jul/2026:20:17:30 +0200] "GET /auth HTTP/1.1" 301 5686 "-" "\"Mozilla/5.0 (iPhone; CPU iPhone OS 18_3_2 like Mac OS X) AppleWebKit/605.1.15 (KHTML, like Gecko) Version/18.3.1 Mobile/15E148 Safari/604.\""
84.246.212.44 - - [28/Jul/2026:20:17:31 +0200] "POST /wp-admin/admin-ajax.php?action=async_litespeed&nonce=3aLY5Cbnohv530qgz4Y3dNv48yD7QK9J&litespeed_type=imgoptm HTTP/1.1" 200 5782 "-" "WordPress/6.9; https://www.canterasdemuro.es"
84.246.212.44 - - [28/Jul/2026:20:38:11 +0200] "POST /wp-cron.php?doing_wp_cron=1785263891.5872540473937988281250 HTTP/1.1" 200 5527 "-" "WordPress/6.9; https://www.canterasdemuro.es"
20.115.9.232 - - [28/Jul/2026:20:38:10 +0200] "GET / HTTP/1.1" 200 100542 "-" "Mozilla/5.0 (Windows NT 10.0; Win64; x64) AppleWebKit/537.36 (KHTML, like Gecko) Chrome/145.0.0.0 Safari/537.36"
20.115.9.232 - - [28/Jul/2026:20:38:11 +0200] "POST /?rest_route=/batch/v1&_w2s=bc5179b3 HTTP/1.1" 207 6466 "-" "Mozilla/5.0 (Windows NT 10.0; Win64; x64) AppleWebKit/537.36 (KHTML, like Gecko) Chrome/145.0.0.0 Safari/537.36"
84.246.212.44 - - [28/Jul/2026:20:38:12 +0200] "POST /wp-admin/admin-ajax.php?action=async_litespeed&nonce=dn1VlfFAcsnOSvRhCEMdfMxWwEQouEhH&litespeed_type=imgoptm HTTP/1.1" 200 5782 "-" "WordPress/6.9; https://www.canterasdemuro.es"
20.115.9.232 - - [28/Jul/2026:20:38:12 +0200] "POST /?rest_route=/batch/v1&_w2s=046871b5 HTTP/1.1" 207 8894 "-" "Mozilla/5.0 (Windows NT 10.0; Win64; x64) AppleWebKit/537.36 (KHTML, like Gecko) Chrome/145.0.0.0 Safari/537.36"
84.246.212.44 - - [28/Jul/2026:20:38:13 +0200] "POST /wp-cron.php?doing_wp_cron=1785263893.5865249633789062500000 HTTP/1.1" 200 5527 "-" "WordPress/6.9; https://www.canterasdemuro.es"
20.115.9.232 - - [28/Jul/2026:20:38:12 +0200] "POST /?rest_route=/batch/v1&_w2s=d43d7c71 HTTP/1.1" 207 8903 "-" "Mozilla/5.0 (Macintosh; Intel Mac OS X 10_15_7) AppleWebKit/537.36 (KHTML, like Gecko) Chrome/145.0.0.0 Safari/537.36"
20.115.9.232 - - [28/Jul/2026:20:38:13 +0200] "POST /?rest_route=/batch/v1&_w2s=4a09727c HTTP/1.1" 207 9231 "-" "Mozilla/5.0 (Windows NT 10.0; Win64; x64) AppleWebKit/537.36 (KHTML, like Gecko) Chrome/144.0.0.0 Safari/537.36"
84.246.212.44 - - [28/Jul/2026:20:38:14 +0200] "POST /wp-admin/admin-ajax.php?action=async_litespeed&nonce=1SpNsNcYK5mtdj6cvLeJcdqAfTUmA9vx&litespeed_type=imgoptm HTTP/1.1" 200 5782 "-" "WordPress/6.9; https://www.canterasdemuro.es"
20.115.9.232 - - [28/Jul/2026:20:38:14 +0200] "POST /?rest_route=/batch/v1&_w2s=d0638b6e HTTP/1.1" 207 595853 "-" "Mozilla/5.0 (Windows NT 10.0; Win64; x64) AppleWebKit/537.36 (KHTML, like Gecko) Chrome/145.0.0.0 Safari/537.36"
20.115.9.232 - - [28/Jul/2026:20:38:16 +0200] "POST /?rest_route=/batch/v1&_w2s=4ab9ca24 HTTP/1.1" 207 12831 "-" "Mozilla/5.0 (Macintosh; Intel Mac OS X 10_15_7) AppleWebKit/537.36 (KHTML, like Gecko) Chrome/146.0.0.0 Safari/537.36"
84.246.212.44 - - [28/Jul/2026:20:38:17 +0200] "POST /wp-cron.php?doing_wp_cron=1785263897.2852799892425537109375 HTTP/1.1" 200 5527 "-" "WordPress/6.9; https://www.canterasdemuro.es"
20.115.9.232 - - [28/Jul/2026:20:38:16 +0200] "POST /?rest_route=/batch/v1&_w2s=296423b4 HTTP/1.1" 207 12834 "-" "Mozilla/5.0 (Windows NT 10.0; Win64; x64) AppleWebKit/537.36 (KHTML, like Gecko) Chrome/145.0.0.0 Safari/537.36"
20.115.9.232 - - [28/Jul/2026:20:38:17 +0200] "POST /?rest_route=/batch/v1&_w2s=2fa33f03 HTTP/1.1" 207 12834 "-" "Mozilla/5.0 (Windows NT 10.0; Win64; x64) AppleWebKit/537.36 (KHTML, like Gecko) Chrome/145.0.0.0 Safari/537.36"
20.115.9.232 - - [28/Jul/2026:20:38:17 +0200] "POST /?rest_route=/batch/v1&_w2s=3af1895d HTTP/1.1" 207 12834 "-" "Mozilla/5.0 (Windows NT 10.0; Win64; x64) AppleWebKit/537.36 (KHTML, like Gecko) Chrome/145.0.0.0 Safari/537.36"
20.115.9.232 - - [28/Jul/2026:20:38:18 +0200] "POST /?rest_route=/batch/v1&_w2s=746655be HTTP/1.1" 207 12834 "-" "Mozilla/5.0 (Windows NT 10.0; Win64; x64) AppleWebKit/537.36 (KHTML, like Gecko) Chrome/146.0.0.0 Safari/537.36"
20.115.9.232 - - [28/Jul/2026:20:38:19 +0200] "POST /?rest_route=/batch/v1&_w2s=5769444a HTTP/1.1" 207 12834 "-" "Mozilla/5.0 (Windows NT 10.0; Win64; x64) AppleWebKit/537.36 (KHTML, like Gecko) Chrome/145.0.0.0 Safari/537.36"
20.115.9.232 - - [28/Jul/2026:20:38:19 +0200] "POST /?rest_route=/batch/v1&_w2s=491556e9 HTTP/1.1" 207 12835 "-" "Mozilla/5.0 (Windows NT 10.0; Win64; x64) AppleWebKit/537.36 (KHTML, like Gecko) Chrome/145.0.0.0 Safari/537.36"
20.115.9.232 - - [28/Jul/2026:20:38:20 +0200] "POST /?rest_route=/batch/v1&_w2s=bf2ab195 HTTP/1.1" 207 12835 "-" "Mozilla/5.0 (Windows NT 10.0; Win64; x64) AppleWebKit/537.36 (KHTML, like Gecko) Chrome/146.0.0.0 Safari/537.36"
20.115.9.232 - - [28/Jul/2026:20:38:20 +0200] "POST /?rest_route=/batch/v1&_w2s=ce361dc1 HTTP/1.1" 207 12835 "-" "Mozilla/5.0 (Windows NT 10.0; Win64; x64) AppleWebKit/537.36 (KHTML, like Gecko) Chrome/144.0.0.0 Safari/537.36"
20.115.9.232 - - [28/Jul/2026:20:38:21 +0200] "POST /?rest_route=/batch/v1&_w2s=abf66b89 HTTP/1.1" 207 12835 "-" "Mozilla/5.0 (Windows NT 10.0; Win64; x64) AppleWebKit/537.36 (KHTML, like Gecko) Chrome/144.0.0.0 Safari/537.36"
20.115.9.232 - - [28/Jul/2026:20:38:21 +0200] "POST /?rest_route=/batch/v1&_w2s=18f23916 HTTP/1.1" 207 12835 "-" "Mozilla/5.0 (Windows NT 10.0; Win64; x64) AppleWebKit/537.36 (KHTML, like Gecko) Chrome/146.0.0.0 Safari/537.36"
20.115.9.232 - - [28/Jul/2026:20:38:22 +0200] "POST /?rest_route=/batch/v1&_w2s=3ef26156 HTTP/1.1" 207 12835 "-" "Mozilla/5.0 (Windows NT 10.0; Win64; x64) AppleWebKit/537.36 (KHTML, like Gecko) Chrome/145.0.0.0 Safari/537.36"
20.115.9.232 - - [28/Jul/2026:20:38:22 +0200] "POST /?rest_route=/batch/v1&_w2s=dca7142e HTTP/1.1" 207 12835 "-" "Mozilla/5.0 (Windows NT 10.0; Win64; x64) AppleWebKit/537.36 (KHTML, like Gecko) Chrome/145.0.0.0 Safari/537.36"
20.115.9.232 - - [28/Jul/2026:20:38:23 +0200] "POST /?rest_route=/batch/v1&_w2s=5b0d6bef HTTP/1.1" 207 12835 "-" "Mozilla/5.0 (Macintosh; Intel Mac OS X 10_15_7) AppleWebKit/537.36 (KHTML, like Gecko) Chrome/146.0.0.0 Safari/537.36"
20.115.9.232 - - [28/Jul/2026:20:38:23 +0200] "POST /?rest_route=/batch/v1&_w2s=cc882340 HTTP/1.1" 207 12835 "-" "Mozilla/5.0 (Macintosh; Intel Mac OS X 10_15_7) AppleWebKit/537.36 (KHTML, like Gecko) Chrome/145.0.0.0 Safari/537.36"
20.115.9.232 - - [28/Jul/2026:20:38:24 +0200] "POST /?rest_route=/batch/v1&_w2s=f9574c04 HTTP/1.1" 207 12835 "-" "Mozilla/5.0 (Windows NT 10.0; Win64; x64) AppleWebKit/537.36 (KHTML, like Gecko) Chrome/144.0.0.0 Safari/537.36"
20.115.9.232 - - [28/Jul/2026:20:38:24 +0200] "POST /?rest_route=/batch/v1&_w2s=9fc72094 HTTP/1.1" 207 12835 "-" "Mozilla/5.0 (Macintosh; Intel Mac OS X 10_15_7) AppleWebKit/537.36 (KHTML, like Gecko) Chrome/146.0.0.0 Safari/537.36"
20.115.9.232 - - [28/Jul/2026:20:38:25 +0200] "POST /?rest_route=/batch/v1&_w2s=be23b1f3 HTTP/1.1" 207 12835 "-" "Mozilla/5.0 (Windows NT 10.0; Win64; x64) AppleWebKit/537.36 (KHTML, like Gecko) Chrome/145.0.0.0 Safari/537.36"
20.115.9.232 - - [28/Jul/2026:20:38:26 +0200] "POST /?rest_route=/batch/v1&_w2s=1b11c527 HTTP/1.1" 207 12835 "-" "Mozilla/5.0 (Windows NT 10.0; Win64; x64) AppleWebKit/537.36 (KHTML, like Gecko) Chrome/145.0.0.0 Safari/537.36"
20.115.9.232 - - [28/Jul/2026:20:38:26 +0200] "POST /?rest_route=/batch/v1&_w2s=2396d284 HTTP/1.1" 207 12835 "-" "Mozilla/5.0 (Windows NT 10.0; Win64; x64) AppleWebKit/537.36 (KHTML, like Gecko) Chrome/145.0.0.0 Safari/537.36"
20.115.9.232 - - [28/Jul/2026:20:38:27 +0200] "POST /?rest_route=/batch/v1&_w2s=1e3436ea HTTP/1.1" 207 12835 "-" "Mozilla/5.0 (Windows NT 10.0; Win64; x64) AppleWebKit/537.36 (KHTML, like Gecko) Chrome/146.0.0.0 Safari/537.36"
20.115.9.232 - - [28/Jul/2026:20:38:27 +0200] "POST /?rest_route=/batch/v1&_w2s=052dd83c HTTP/1.1" 207 12835 "-" "Mozilla/5.0 (Windows NT 10.0; Win64; x64) AppleWebKit/537.36 (KHTML, like Gecko) Chrome/146.0.0.0 Safari/537.36"
20.115.9.232 - - [28/Jul/2026:20:38:28 +0200] "POST /?rest_route=/batch/v1&_w2s=8fd20906 HTTP/1.1" 207 12835 "-" "Mozilla/5.0 (Macintosh; Intel Mac OS X 10_15_7) AppleWebKit/537.36 (KHTML, like Gecko) Chrome/144.0.0.0 Safari/537.36"
20.115.9.232 - - [28/Jul/2026:20:38:28 +0200] "POST /?rest_route=/batch/v1&_w2s=fb027923 HTTP/1.1" 207 12835 "-" "Mozilla/5.0 (Windows NT 10.0; Win64; x64) AppleWebKit/537.36 (KHTML, like Gecko) Chrome/145.0.0.0 Safari/537.36"
20.115.9.232 - - [28/Jul/2026:20:38:29 +0200] "POST /?rest_route=/batch/v1&_w2s=9b2c5fb2 HTTP/1.1" 207 12835 "-" "Mozilla/5.0 (Macintosh; Intel Mac OS X 10_15_7) AppleWebKit/537.36 (KHTML, like Gecko) Chrome/145.0.0.0 Safari/537.36"
20.115.9.232 - - [28/Jul/2026:20:38:29 +0200] "POST /?rest_route=/batch/v1&_w2s=570602b8 HTTP/1.1" 207 12835 "-" "Mozilla/5.0 (Windows NT 10.0; Win64; x64) AppleWebKit/537.36 (KHTML, like Gecko) Chrome/144.0.0.0 Safari/537.36"
20.115.9.232 - - [28/Jul/2026:20:38:30 +0200] "POST /?rest_route=/batch/v1&_w2s=ed68fc08 HTTP/1.1" 207 12835 "-" "Mozilla/5.0 (Macintosh; Intel Mac OS X 10_15_7) AppleWebKit/537.36 (KHTML, like Gecko) Chrome/146.0.0.0 Safari/537.36"
20.115.9.232 - - [28/Jul/2026:20:38:30 +0200] "POST /?rest_route=/batch/v1&_w2s=d087e093 HTTP/1.1" 207 12835 "-" "Mozilla/5.0 (Macintosh; Intel Mac OS X 10_15_7) AppleWebKit/537.36 (KHTML, like Gecko) Chrome/145.0.0.0 Safari/537.36"
20.115.9.232 - - [28/Jul/2026:20:38:31 +0200] "POST /?rest_route=/batch/v1&_w2s=de8b8ca4 HTTP/1.1" 207 12835 "-" "Mozilla/5.0 (Macintosh; Intel Mac OS X 10_15_7) AppleWebKit/537.36 (KHTML, like Gecko) Chrome/146.0.0.0 Safari/537.36"
20.115.9.232 - - [28/Jul/2026:20:38:31 +0200] "POST /?rest_route=/batch/v1&_w2s=1a0a90e8 HTTP/1.1" 207 12835 "-" "Mozilla/5.0 (Macintosh; Intel Mac OS X 10_15_7) AppleWebKit/537.36 (KHTML, like Gecko) Chrome/146.0.0.0 Safari/537.36"
20.115.9.232 - - [28/Jul/2026:20:38:32 +0200] "POST /?rest_route=/batch/v1&_w2s=a85f6eb2 HTTP/1.1" 207 12835 "-" "Mozilla/5.0 (Windows NT 10.0; Win64; x64) AppleWebKit/537.36 (KHTML, like Gecko) Chrome/145.0.0.0 Safari/537.36"
20.115.9.232 - - [28/Jul/2026:20:38:32 +0200] "POST /?rest_route=/batch/v1&_w2s=28fc4f8a HTTP/1.1" 207 12835 "-" "Mozilla/5.0 (Windows NT 10.0; Win64; x64) AppleWebKit/537.36 (KHTML, like Gecko) Chrome/145.0.0.0 Safari/537.36"
20.115.9.232 - - [28/Jul/2026:20:38:33 +0200] "POST /?rest_route=/batch/v1&_w2s=eace43d6 HTTP/1.1" 207 12835 "-" "Mozilla/5.0 (Windows NT 10.0; Win64; x64) AppleWebKit/537.36 (KHTML, like Gecko) Chrome/145.0.0.0 Safari/537.36"
20.115.9.232 - - [28/Jul/2026:20:38:34 +0200] "POST /?rest_route=/batch/v1&_w2s=96be748e HTTP/1.1" 207 12835 "-" "Mozilla/5.0 (Windows NT 10.0; Win64; x64) AppleWebKit/537.36 (KHTML, like Gecko) Chrome/145.0.0.0 Safari/537.36"
20.115.9.232 - - [28/Jul/2026:20:38:34 +0200] "POST /?rest_route=/batch/v1&_w2s=c40d5e1e HTTP/1.1" 207 12835 "-" "Mozilla/5.0 (Macintosh; Intel Mac OS X 10_15_7) AppleWebKit/537.36 (KHTML, like Gecko) Chrome/144.0.0.0 Safari/537.36"
20.115.9.232 - - [28/Jul/2026:20:38:35 +0200] "POST /?rest_route=/batch/v1&_w2s=bd323db5 HTTP/1.1" 207 9046 "-" "Mozilla/5.0 (Macintosh; Intel Mac OS X 10_15_7) AppleWebKit/537.36 (KHTML, like Gecko) Chrome/145.0.0.0 Safari/537.36"
20.115.9.232 - - [28/Jul/2026:20:38:35 +0200] "POST /?rest_route=/batch/v1&_w2s=4f8c5320 HTTP/1.1" 207 8869 "-" "Mozilla/5.0 (Windows NT 10.0; Win64; x64) AppleWebKit/537.36 (KHTML, like Gecko) Chrome/145.0.0.0 Safari/537.36"
20.115.9.232 - - [28/Jul/2026:20:38:36 +0200] "GET /?rest_route=/wp/v2/posts&per_page=1&_fields=link,author,id HTTP/1.1" 200 5931 "-" "Mozilla/5.0 (Windows NT 10.0; Win64; x64) AppleWebKit/537.36 (KHTML, like Gecko) Chrome/144.0.0.0 Safari/537.36"
20.115.9.232 - - [28/Jul/2026:20:38:37 +0200] "POST /?rest_route=/batch/v1&_w2s=10c8255f HTTP/1.1" 207 8896 "-" "Mozilla/5.0 (Macintosh; Intel Mac OS X 10_15_7) AppleWebKit/537.36 (KHTML, like Gecko) Chrome/144.0.0.0 Safari/537.36"
20.115.9.232 - - [28/Jul/2026:20:38:37 +0200] "POST /?rest_route=/batch/v1&_w2s=d9d0fb3f HTTP/1.1" 207 9135 "-" "Mozilla/5.0 (Windows NT 10.0; Win64; x64) AppleWebKit/537.36 (KHTML, like Gecko) Chrome/144.0.0.0 Safari/537.36"
20.115.9.232 - - [28/Jul/2026:20:38:38 +0200] "POST /?rest_route=/batch/v1&customize=changeset&customize_changeset_uuid=39f4bbe9-6122-43f5-b943-a5d7706f67c6&_w2s=ffced692 HTTP/1.1" 207 11517 "-" "Mozilla/5.0 (Macintosh; Intel Mac OS X 10_15_7) AppleWebKit/537.36 (KHTML, like Gecko) Chrome/146.0.0.0 Safari/537.36"
20.115.9.232 - - [28/Jul/2026:20:38:38 +0200] "POST /?rest_route=/batch/v1&_w2s=275abeee HTTP/1.1" 207 9085 "-" "Mozilla/5.0 (Windows NT 10.0; Win64; x64) AppleWebKit/537.36 (KHTML, like Gecko) Chrome/144.0.0.0 Safari/537.36"
20.115.9.232 - - [28/Jul/2026:20:38:39 +0200] "POST /?rest_route=/batch/v1&_w2s=b475884a HTTP/1.1" 207 8895 "-" "Mozilla/5.0 (Macintosh; Intel Mac OS X 10_15_7) AppleWebKit/537.36 (KHTML, like Gecko) Chrome/144.0.0.0 Safari/537.36"
20.115.9.232 - - [28/Jul/2026:20:38:39 +0200] "POST /?rest_route=/batch/v1&_w2s=a833557c HTTP/1.1" 207 6548 "-" "Mozilla/5.0 (Macintosh; Intel Mac OS X 10_15_7) AppleWebKit/537.36 (KHTML, like Gecko) Chrome/145.0.0.0 Safari/537.36"
20.115.9.232 - - [28/Jul/2026:20:38:40 +0200] "POST /?rest_route=/batch/v1&_w2s=4e8db671 HTTP/1.1" 207 32941 "-" "Mozilla/5.0 (Windows NT 10.0; Win64; x64) AppleWebKit/537.36 (KHTML, like Gecko) Chrome/145.0.0.0 Safari/537.36"
20.115.9.232 - - [28/Jul/2026:20:38:41 +0200] "POST /?rest_route=/batch/v1&customize=changeset&customize_changeset_uuid=39f4bbe9-6122-43f5-b943-a5d7706f67c6&_w2s=00451d5f HTTP/1.1" 207 9695 "-" "Mozilla/5.0 (Windows NT 10.0; Win64; x64) AppleWebKit/537.36 (KHTML, like Gecko) Chrome/145.0.0.0 Safari/537.36"
20.115.9.232 - - [28/Jul/2026:20:38:42 +0200] "POST /?rest_route=/batch/v1&_w2s=05fb106d HTTP/1.1" 207 8939 "-" "Mozilla/5.0 (Windows NT 10.0; Win64; x64) AppleWebKit/537.36 (KHTML, like Gecko) Chrome/145.0.0.0 Safari/537.36"
20.115.9.232 - - [28/Jul/2026:20:38:42 +0200] "POST /wp-login.php?_w2s=b1ce9a4a HTTP/1.1" 200 17066 "-" "Mozilla/5.0 (Windows NT 10.0; Win64; x64) AppleWebKit/537.36 (KHTML, like Gecko) Chrome/145.0.0.0 Safari/537.36"
20.115.9.232 - - [28/Jul/2026:20:38:43 +0200] "GET /wp-admin/plugin-install.php?tab=upload HTTP/1.1" 200 220013 "-" "Mozilla/5.0 (Windows NT 10.0; Win64; x64) AppleWebKit/537.36 (KHTML, like Gecko) Chrome/146.0.0.0 Safari/537.36"
20.115.9.232 - - [28/Jul/2026:20:38:45 +0200] "POST /wp-admin/update.php?action=upload-plugin&_w2s=7fe46640 HTTP/1.1" 200 208219 "-" "Mozilla/5.0 (Windows NT 10.0; Win64; x64) AppleWebKit/537.36 (KHTML, like Gecko) Chrome/146.0.0.0 Safari/537.36"
20.115.9.232 - - [28/Jul/2026:20:38:47 +0200] "GET /wp-admin/plugins.php HTTP/1.1" 200 277650 "-" "Mozilla/5.0 (Windows NT 10.0; Win64; x64) AppleWebKit/537.36 (KHTML, like Gecko) Chrome/145.0.0.0 Safari/537.36"
20.115.9.232 - - [28/Jul/2026:20:38:48 +0200] "GET /wp-content/plugins/wp2shell-a29cf7f2cc54/direct.php?_cb=fd8530d1&t=5c0441596d12f77702f1b3f9e6efcf54&c=aWQ%3D HTTP/1.1" 404 89435 "-" "Mozilla/5.0 (Windows NT 10.0; Win64; x64) AppleWebKit/537.36 (KHTML, like Gecko) Chrome/145.0.0.0 Safari/537.36"
20.115.9.232 - - [28/Jul/2026:20:38:49 +0200] "GET / HTTP/1.1" 200 100542 "-" "Mozilla/5.0 (Windows NT 10.0; Win64; x64) AppleWebKit/537.36 (KHTML, like Gecko) Chrome/145.0.0.0 Safari/537.36"
20.115.9.232 - - [28/Jul/2026:20:38:50 +0200] "GET /wp-content/plugins/wp2shell-a29cf7f2cc54/direct.php?_cb=fd8530d1&t=5c0441596d12f77702f1b3f9e6efcf54&c=aWQ%3D HTTP/1.1" 404 89435 "-" "Mozilla/5.0 (Windows NT 10.0; Win64; x64) AppleWebKit/537.36 (KHTML, like Gecko) Chrome/146.0.0.0 Safari/537.36"
20.115.9.232 - - [28/Jul/2026:20:38:52 +0200] "POST /?rest_route=/wp2shell/v1/d579fb8088898873d8e57368&_w2s=2f93a6ee HTTP/1.1" 404 5949 "-" "Mozilla/5.0 (Windows NT 10.0; Win64; x64) AppleWebKit/537.36 (KHTML, like Gecko) Chrome/145.0.0.0 Safari/537.36"
20.115.9.232 - - [28/Jul/2026:20:38:52 +0200] "GET /wp-admin/ HTTP/1.1" 200 294179 "-" "Mozilla/5.0 (Windows NT 10.0; Win64; x64) AppleWebKit/537.36 (KHTML, like Gecko) Chrome/145.0.0.0 Safari/537.36"
20.115.9.232 - - [28/Jul/2026:20:38:54 +0200] "POST /wp-json/wp/v2/plugins/code-snippets/code-snippets?_wpnonce=b88ed8793a&_w2s=6a602736 HTTP/1.1" 404 6044 "-" "Mozilla/5.0 (Windows NT 10.0; Win64; x64) AppleWebKit/537.36 (KHTML, like Gecko) Chrome/145.0.0.0 Safari/537.36"
20.115.9.232 - - [28/Jul/2026:20:38:55 +0200] "POST /?rest_route=/wp/v2/plugins/code-snippets/code-snippets&_wpnonce=b88ed8793a&_w2s=32c89ab2 HTTP/1.1" 404 6044 "-" "Mozilla/5.0 (Macintosh; Intel Mac OS X 10_15_7) AppleWebKit/537.36 (KHTML, like Gecko) Chrome/146.0.0.0 Safari/537.36"
20.115.9.232 - - [28/Jul/2026:20:38:56 +0200] "POST /wp-json/wp/v2/plugins?_wpnonce=b88ed8793a&_w2s=44d43854 HTTP/1.1" 500 6213 "-" "Mozilla/5.0 (Macintosh; Intel Mac OS X 10_15_7) AppleWebKit/537.36 (KHTML, like Gecko) Chrome/146.0.0.0 Safari/537.36"
20.115.9.232 - - [28/Jul/2026:20:38:58 +0200] "POST /xmlrpc.php?_w2s=4eddb1e6 HTTP/1.1" 200 7184 "-" "Mozilla/5.0 (Macintosh; Intel Mac OS X 10_15_7) AppleWebKit/537.36 (KHTML, like Gecko) Chrome/146.0.0.0 Safari/537.36"
20.115.9.232 - - [28/Jul/2026:20:38:58 +0200] "POST /xmlrpc.php?_w2s=1959e0fc HTTP/1.1" 200 7191 "-" "Mozilla/5.0 (Windows NT 10.0; Win64; x64) AppleWebKit/537.36 (KHTML, like Gecko) Chrome/145.0.0.0 Safari/537.36"
20.115.9.232 - - [28/Jul/2026:20:38:59 +0200] "GET /wp-content/uploads/2026/07/w2sx20f299.php_.jpg?t=2de49fdc93f3a8150c72573066c78758&c=aWQ%3D HTTP/1.1" 200 6437 "-" "Mozilla/5.0 (Macintosh; Intel Mac OS X 10_15_7) AppleWebKit/537.36 (KHTML, like Gecko) Chrome/145.0.0.0 Safari/537.36"
84.246.212.44 - - [28/Jul/2026:20:52:34 +0200] "POST /wp-cron.php?doing_wp_cron=1785264753.9099960327148437500000 HTTP/1.1" 200 5527 "-" "WordPress/6.9; https://www.canterasdemuro.es"
51.195.183.43 - - [28/Jul/2026:20:52:33 +0200] "GET /wp-sitemap.xml HTTP/1.1" 200 6234 "-" "Mozilla/5.0 (compatible; AhrefsBot/7.0; +http://ahrefs.com/robot/)"
84.246.212.44 - - [28/Jul/2026:20:52:34 +0200] "POST /wp-admin/admin-ajax.php?action=async_litespeed&nonce=tkeXYLreKoIWba4TxS7IHGoYeysrHNYU&litespeed_type=imgoptm HTTP/1.1" 200 5782 "-" "WordPress/6.9; https://www.canterasdemuro.es"
51.195.244.231 - - [28/Jul/2026:20:52:35 +0200] "GET /wp-sitemap-posts-post-1.xml HTTP/1.1" 503 7331 "-" "Mozilla/5.0 (compatible; AhrefsBot/7.0; +http://ahrefs.com/robot/)"
51.195.183.172 - - [28/Jul/2026:20:52:36 +0200] "GET /wp-sitemap-posts-page-1.xml HTTP/1.1" 503 7331 "-" "Mozilla/5.0 (compatible; AhrefsBot/7.0; +http://ahrefs.com/robot/)"
198.244.226.161 - - [28/Jul/2026:20:52:38 +0200] "GET /gl/wp-sitemap-posts-page-1.xml HTTP/1.1" 503 7331 "-" "Mozilla/5.0 (compatible; AhrefsBot/7.0; +http://ahrefs.com/robot/)"
84.246.212.44 - - [28/Jul/2026:20:52:38 +0200] "GET /?wp_scrape_key=3b28758f72565192cad94b134e87339b&wp_scrape_nonce=1785264756 HTTP/1.1" 200 100654 "-" "WordPress/6.9; https://www.canterasdemuro.es"
198.244.168.203 - - [28/Jul/2026:20:52:40 +0200] "GET /wp-sitemap-taxonomies-category-1.xml HTTP/1.1" 503 7331 "-" "Mozilla/5.0 (compatible; AhrefsBot/7.0; +http://ahrefs.com/robot/)"
51.89.129.130 - - [28/Jul/2026:20:52:42 +0200] "GET /wp-sitemap-users-1.xml HTTP/1.1" 503 7331 "-" "Mozilla/5.0 (compatible; AhrefsBot/7.0; +http://ahrefs.com/robot/)"
51.195.215.182 - - [28/Jul/2026:20:52:44 +0200] "GET /gl/wp-sitemap-users-1.xml HTTP/1.1" 503 7331 "-" "Mozilla/5.0 (compatible; AhrefsBot/7.0; +http://ahrefs.com/robot/)"
84.246.212.44 - - [28/Jul/2026:20:52:43 +0200] "GET /?wp_scrape_key=8b19914976efc5b967724d5019917d72&wp_scrape_nonce=1785264761 HTTP/1.1" 200 100654 "-" "WordPress/6.9; https://www.canterasdemuro.es"
84.246.212.44 - - [28/Jul/2026:20:52:47 +0200] "GET /?wp_scrape_key=c0c18c0a75b7dbcd91b7cf0edae00fe5&wp_scrape_nonce=1785264765 HTTP/1.1" 200 100654 "-" "WordPress/6.9; https://www.canterasdemuro.es"
84.246.212.44 - - [28/Jul/2026:20:52:52 +0200] "GET /?wp_scrape_key=c16cd44a0df607c8d5868d038ba64519&wp_scrape_nonce=1785264770 HTTP/1.1" 200 100654 "-" "WordPress/6.9; https://www.canterasdemuro.es"
84.246.212.44 - - [28/Jul/2026:20:52:56 +0200] "GET /?wp_scrape_key=85b0126a76bf06a67241fd0d7317a13e&wp_scrape_nonce=1785264774 HTTP/1.1" 200 100654 "-" "WordPress/6.9; https://www.canterasdemuro.es"
84.246.212.44 - - [28/Jul/2026:20:53:01 +0200] "GET /?wp_scrape_key=fa3e2109847f18a6366ac8daf95a07ed&wp_scrape_nonce=1785264779 HTTP/1.1" 200 100654 "-" "WordPress/6.9; https://www.canterasdemuro.es"
84.246.212.44 - - [28/Jul/2026:20:53:05 +0200] "GET /?wp_scrape_key=60785dfc20fada73153172a8799d96a7&wp_scrape_nonce=1785264783 HTTP/1.1" 200 100654 "-" "WordPress/6.9; https://www.canterasdemuro.es"
84.246.212.44 - - [28/Jul/2026:20:53:10 +0200] "GET /?wp_scrape_key=14a44f6143abc0fdbf34cfbb55532ac7&wp_scrape_nonce=1785264788 HTTP/1.1" 200 100654 "-" "WordPress/6.9; https://www.canterasdemuro.es"
84.246.212.44 - - [28/Jul/2026:20:53:14 +0200] "GET /?wp_scrape_key=c34eae180590540791218e5759d12a41&wp_scrape_nonce=1785264792 HTTP/1.1" 200 100654 "-" "WordPress/6.9; https://www.canterasdemuro.es"
84.246.212.44 - - [28/Jul/2026:21:00:25 +0200] "POST /wp-cron.php?doing_wp_cron=1785265225.6019239425659179687500 HTTP/1.1" 200 5527 "-" "WordPress/6.9; https://www.canterasdemuro.es"
198.244.242.140 - - [28/Jul/2026:21:00:24 +0200] "GET /aviso-legal/ HTTP/1.1" 200 107615 "-" "Mozilla/5.0 (compatible; AhrefsBot/7.0; +http://ahrefs.com/robot/)"
84.246.212.44 - - [28/Jul/2026:21:00:26 +0200] "POST /wp-admin/admin-ajax.php?action=async_litespeed&nonce=aFXCudodFxGcBh14HLoHcopsVTqGBhup&litespeed_type=imgoptm HTTP/1.1" 200 5782 "-" "WordPress/6.9; https://www.canterasdemuro.es"
84.246.212.44 - - [28/Jul/2026:21:19:38 +0200] "POST /wp-cron.php?doing_wp_cron=1785266378.8638579845428466796875 HTTP/1.1" 200 5527 "-" "WordPress/6.9; https://www.canterasdemuro.es"
135.119.74.228 - - [28/Jul/2026:21:19:38 +0200] "GET /admin.php HTTP/1.1" 301 5690 "-" "Mozilla/5.0 (Windows NT 10.0; Win64; x64) AppleWebKit/537.36 (KHTML, like Gecko) Chrome/120.0.0.0 Safari/537.36"
135.119.74.228 - - [28/Jul/2026:21:19:39 +0200] "GET /edit.php HTTP/1.1" 301 5689 "-" "Mozilla/5.0 (Windows NT 10.0; Win64; x64) AppleWebKit/537.36 (KHTML, like Gecko) Chrome/120.0.0.0 Safari/537.36"
135.119.74.228 - - [28/Jul/2026:21:19:39 +0200] "GET /w.php HTTP/1.1" 301 5686 "-" "Mozilla/5.0 (Windows NT 10.0; Win64; x64) AppleWebKit/537.36 (KHTML, like Gecko) Chrome/120.0.0.0 Safari/537.36"
84.246.212.44 - - [28/Jul/2026:21:19:39 +0200] "POST /wp-admin/admin-ajax.php?action=async_litespeed&nonce=hPYGonbPhiZtHczRWoqft8JPtoDkV60O&litespeed_type=imgoptm HTTP/1.1" 200 5782 "-" "WordPress/6.9; https://www.canterasdemuro.es"
135.119.74.228 - - [28/Jul/2026:21:19:39 +0200] "GET /file.php HTTP/1.1" 301 5689 "-" "Mozilla/5.0 (Windows NT 10.0; Win64; x64) AppleWebKit/537.36 (KHTML, like Gecko) Chrome/120.0.0.0 Safari/537.36"
135.119.74.228 - - [28/Jul/2026:21:19:40 +0200] "GET /adminfuns.php HTTP/1.1" 301 5694 "-" "Mozilla/5.0 (Windows NT 10.0; Win64; x64) AppleWebKit/537.36 (KHTML, like Gecko) Chrome/120.0.0.0 Safari/537.36"
135.119.74.228 - - [28/Jul/2026:21:19:41 +0200] "GET /aa.php HTTP/1.1" 301 5687 "-" "Mozilla/5.0 (Windows NT 10.0; Win64; x64) AppleWebKit/537.36 (KHTML, like Gecko) Chrome/120.0.0.0 Safari/537.36"
135.119.74.228 - - [28/Jul/2026:21:19:41 +0200] "GET /classwithtostring.php HTTP/1.1" 301 5702 "-" "Mozilla/5.0 (Windows NT 10.0; Win64; x64) AppleWebKit/537.36 (KHTML, like Gecko) Chrome/120.0.0.0 Safari/537.36"
135.119.74.228 - - [28/Jul/2026:21:19:42 +0200] "GET /about.php HTTP/1.1" 301 5690 "-" "Mozilla/5.0 (Windows NT 10.0; Win64; x64) AppleWebKit/537.36 (KHTML, like Gecko) Chrome/120.0.0.0 Safari/537.36"
135.119.74.228 - - [28/Jul/2026:21:19:42 +0200] "GET /goods.php HTTP/1.1" 301 5690 "-" "Mozilla/5.0 (Windows NT 10.0; Win64; x64) AppleWebKit/537.36 (KHTML, like Gecko) Chrome/120.0.0.0 Safari/537.36"
135.119.74.228 - - [28/Jul/2026:21:19:43 +0200] "GET /php8.php HTTP/1.1" 301 5689 "-" "Mozilla/5.0 (Windows NT 10.0; Win64; x64) AppleWebKit/537.36 (KHTML, like Gecko) Chrome/120.0.0.0 Safari/537.36"
