142.132.195.214 - - [28/Jul/2026:17:32:26 +0200] "GET /wp-content/plugins/gdpr-cookie-compliance/dist/styles/gdpr-main-nf.css?ver=4.16.1 HTTP/1.1" 200 5537 "https://www.canterasdemuro.es/" "SEBot-WA"
142.132.195.214 - - [28/Jul/2026:17:32:26 +0200] "GET /wp-content/uploads/elementor/css/post-72.css?ver=1751037830 HTTP/1.1" 200 5511 "https://www.canterasdemuro.es/" "SEBot-WA"
142.132.195.214 - - [28/Jul/2026:17:32:26 +0200] "GET /wp-content/uploads/elementor/google-fonts/css/plusjakartasans.css?ver=1742899034 HTTP/1.1" 200 5532 "https://www.canterasdemuro.es/" "SEBot-WA"
144.76.164.62 - - [28/Jul/2026:17:32:26 +0200] "GET /wp-content/themes/hello-elementor-child/style.css?ver=6.9 HTTP/1.1" 200 5516 "https://www.canterasdemuro.es/productos/" "SEBot-WA"
142.132.195.214 - - [28/Jul/2026:17:32:26 +0200] "GET /wp-content/uploads/elementor/google-fonts/css/nunitosans.css?ver=1742899037 HTTP/1.1" 200 5527 "https://www.canterasdemuro.es/" "SEBot-WA"
142.132.195.214 - - [28/Jul/2026:17:32:26 +0200] "GET /wp-content/plugins/elementor/assets/css/widget-social-icons.min.css?ver=3.28.1 HTTP/1.1" 200 5534 "https://www.canterasdemuro.es/" "SEBot-WA"
144.76.164.62 - - [28/Jul/2026:17:32:26 +0200] "GET /wp-content/themes/hello-elementor/header-footer.min.css?ver=3.3.0 HTTP/1.1" 200 5522 "https://www.canterasdemuro.es/productos/" "SEBot-WA"
142.132.195.214 - - [28/Jul/2026:17:32:26 +0200] "GET /wp-content/uploads/elementor/css/post-459.css?ver=1733139881 HTTP/1.1" 200 5512 "https://www.canterasdemuro.es/" "SEBot-WA"
144.76.164.62 - - [28/Jul/2026:17:32:26 +0200] "GET /wp-content/uploads/elementor/css/post-8.css?ver=1733139880 HTTP/1.1" 200 5510 "https://www.canterasdemuro.es/productos/" "SEBot-WA"
144.76.164.62 - - [28/Jul/2026:17:32:26 +0200] "GET /wp-content/uploads/elementor/css/custom-pro-widget-nav-menu.min.css?ver=1733139880 HTTP/1.1" 200 5534 "https://www.canterasdemuro.es/productos/" "SEBot-WA"
144.76.164.62 - - [28/Jul/2026:17:32:26 +0200] "GET /wp-content/plugins/elementor/assets/css/widget-image.min.css?ver=3.28.1 HTTP/1.1" 200 5765 "https://www.canterasdemuro.es/productos/" "SEBot-WA"
144.76.164.62 - - [28/Jul/2026:17:32:26 +0200] "GET /wp-content/uploads/elementor/css/custom-frontend.min.css?ver=1733139880 HTTP/1.1" 200 5523 "https://www.canterasdemuro.es/productos/" "SEBot-WA"
142.132.195.214 - - [28/Jul/2026:17:32:26 +0200] "GET /wp-content/uploads/elementor/css/custom-apple-webkit.min.css?ver=1733139880 HTTP/1.1" 200 5527 "https://www.canterasdemuro.es/" "SEBot-WA"
142.132.195.214 - - [28/Jul/2026:17:32:26 +0200] "GET /wp-includes/js/jquery/jquery.min.js?ver=3.7.1 HTTP/1.1" 200 5516 "https://www.canterasdemuro.es/" "SEBot-WA"
142.132.195.214 - - [28/Jul/2026:17:32:26 +0200] "GET /wp-content/plugins/elementor-pro/assets/lib/smartmenus/jquery.smartmenus.min.js?ver=1.2.1 HTTP/1.1" 200 5560 "https://www.canterasdemuro.es/" "SEBot-WA"
142.132.195.214 - - [28/Jul/2026:17:32:26 +0200] "GET /wp-includes/js/jquery/jquery-migrate.min.js?ver=3.4.1 HTTP/1.1" 200 5524 "https://www.canterasdemuro.es/" "SEBot-WA"
144.76.164.62 - - [28/Jul/2026:17:32:26 +0200] "GET /wp-content/plugins/elementor/assets/css/widget-heading.min.css?ver=3.28.1 HTTP/1.1" 200 6112 "https://www.canterasdemuro.es/productos/" "SEBot-WA"
144.76.164.62 - - [28/Jul/2026:17:32:26 +0200] "GET /wp-content/plugins/elementor-pro/assets/css/modules/sticky.min.css?ver=3.28.1 HTTP/1.1" 200 5673 "https://www.canterasdemuro.es/productos/" "SEBot-WA"
142.132.195.214 - - [28/Jul/2026:17:32:26 +0200] "GET /wp-content/themes/hello-elementor/assets/js/hello-frontend.min.js?ver=3.3.0 HTTP/1.1" 200 5546 "https://www.canterasdemuro.es/" "SEBot-WA"
144.76.164.62 - - [28/Jul/2026:17:32:26 +0200] "GET /wp-content/uploads/elementor/css/custom-widget-icon-list.min.css?ver=1733139880 HTTP/1.1" 200 5531 "https://www.canterasdemuro.es/productos/" "SEBot-WA"
144.76.164.62 - - [28/Jul/2026:17:32:26 +0200] "GET /wp-content/plugins/elementor/assets/css/widget-spacer.min.css?ver=3.28.1 HTTP/1.1" 200 5528 "https://www.canterasdemuro.es/productos/" "SEBot-WA"
144.76.164.62 - - [28/Jul/2026:17:32:26 +0200] "GET /wp-content/plugins/elementor/assets/lib/swiper/v8/css/swiper.min.css?ver=8.4.5 HTTP/1.1" 200 5535 "https://www.canterasdemuro.es/productos/" "SEBot-WA"
144.76.164.62 - - [28/Jul/2026:17:32:26 +0200] "GET /wp-content/plugins/elementor/assets/lib/animations/styles/e-animation-float.min.css?ver=3.28.1 HTTP/1.1" 200 5755 "https://www.canterasdemuro.es/productos/" "SEBot-WA"
144.76.164.62 - - [28/Jul/2026:17:32:26 +0200] "GET /wp-content/plugins/elementor/assets/css/conditionals/e-swiper.min.css?ver=3.28.1 HTTP/1.1" 200 5536 "https://www.canterasdemuro.es/productos/" "SEBot-WA"
142.132.195.214 - - [28/Jul/2026:17:32:26 +0200] "GET /wp-content/plugins/elementor-pro/assets/lib/sticky/jquery.sticky.min.js?ver=3.28.1 HTTP/1.1" 200 5552 "https://www.canterasdemuro.es/" "SEBot-WA"
144.76.164.62 - - [28/Jul/2026:17:32:26 +0200] "GET /wp-content/plugins/elementor/assets/css/widget-image-carousel.min.css?ver=3.28.1 HTTP/1.1" 200 5894 "https://www.canterasdemuro.es/productos/" "SEBot-WA"
144.76.164.62 - - [28/Jul/2026:17:32:26 +0200] "GET /wp-content/plugins/elementor/assets/css/widget-nested-accordion.min.css?ver=3.28.1 HTTP/1.1" 200 5538 "https://www.canterasdemuro.es/productos/" "SEBot-WA"
142.132.195.214 - - [28/Jul/2026:17:32:26 +0200] "GET /wp-content/plugins/gdpr-cookie-compliance/dist/scripts/main.js?ver=4.16.1 HTTP/1.1" 200 5543 "https://www.canterasdemuro.es/" "SEBot-WA"
144.76.164.62 - - [28/Jul/2026:17:32:26 +0200] "GET /wp-content/uploads/elementor/css/post-39.css?ver=1779874078 HTTP/1.1" 200 5511 "https://www.canterasdemuro.es/productos/" "SEBot-WA"
144.76.164.62 - - [28/Jul/2026:17:32:26 +0200] "GET /wp-content/uploads/elementor/css/post-72.css?ver=1751037830 HTTP/1.1" 200 5511 "https://www.canterasdemuro.es/productos/" "SEBot-WA"
142.132.195.214 - - [28/Jul/2026:17:32:26 +0200] "GET /wp-includes/js/dist/i18n.min.js?ver=c26c3dc7bed366793375 HTTP/1.1" 200 5512 "https://www.canterasdemuro.es/" "SEBot-WA"
142.132.195.214 - - [28/Jul/2026:17:32:26 +0200] "GET /wp-includes/js/dist/hooks.min.js?ver=dd5603f07f9220ed27f1 HTTP/1.1" 200 5513 "https://www.canterasdemuro.es/" "SEBot-WA"
142.132.195.214 - - [28/Jul/2026:17:32:26 +0200] "GET /wp-content/plugins/elementor-pro/assets/js/webpack-pro.runtime.min.js?ver=3.28.1 HTTP/1.1" 200 5550 "https://www.canterasdemuro.es/" "SEBot-WA"
144.76.164.62 - - [28/Jul/2026:17:32:26 +0200] "GET /wp-content/uploads/elementor/google-fonts/css/plusjakartasans.css?ver=1742899034 HTTP/1.1" 200 5532 "https://www.canterasdemuro.es/productos/" "SEBot-WA"
144.76.164.62 - - [28/Jul/2026:17:32:26 +0200] "GET /wp-content/plugins/gdpr-cookie-compliance/dist/styles/gdpr-main-nf.css?ver=4.16.1 HTTP/1.1" 200 5537 "https://www.canterasdemuro.es/productos/" "SEBot-WA"
144.76.164.62 - - [28/Jul/2026:17:32:26 +0200] "GET /wp-content/uploads/elementor/css/post-33.css?ver=1733139880 HTTP/1.1" 200 5511 "https://www.canterasdemuro.es/productos/" "SEBot-WA"
142.132.195.214 - - [28/Jul/2026:17:32:26 +0200] "GET /wp-content/plugins/elementor/assets/js/webpack.runtime.min.js?ver=3.28.1 HTTP/1.1" 200 5542 "https://www.canterasdemuro.es/" "SEBot-WA"
144.76.164.62 - - [28/Jul/2026:17:32:26 +0200] "GET /wp-content/plugins/elementor/assets/css/widget-social-icons.min.css?ver=3.28.1 HTTP/1.1" 200 5534 "https://www.canterasdemuro.es/productos/" "SEBot-WA"
142.132.195.214 - - [28/Jul/2026:17:32:26 +0200] "GET /wp-content/plugins/elementor/assets/js/frontend-modules.min.js?ver=3.28.1 HTTP/1.1" 200 5543 "https://www.canterasdemuro.es/" "SEBot-WA"
144.76.164.62 - - [28/Jul/2026:17:32:26 +0200] "GET /wp-content/uploads/elementor/google-fonts/css/nunitosans.css?ver=1742899037 HTTP/1.1" 200 5527 "https://www.canterasdemuro.es/productos/" "SEBot-WA"
144.76.164.62 - - [28/Jul/2026:17:32:26 +0200] "GET /wp-content/uploads/elementor/css/post-459.css?ver=1733139881 HTTP/1.1" 200 5512 "https://www.canterasdemuro.es/productos/" "SEBot-WA"
142.132.195.214 - - [28/Jul/2026:17:32:26 +0200] "GET /wp-content/plugins/elementor-pro/assets/js/frontend.min.js?ver=3.28.1 HTTP/1.1" 200 5539 "https://www.canterasdemuro.es/" "SEBot-WA"
142.132.195.214 - - [28/Jul/2026:17:32:26 +0200] "GET /wp-includes/js/jquery/ui/core.min.js?ver=1.13.3 HTTP/1.1" 200 5517 "https://www.canterasdemuro.es/" "SEBot-WA"
142.132.195.214 - - [28/Jul/2026:17:32:26 +0200] "GET /wp-content/plugins/elementor/assets/js/frontend.min.js?ver=3.28.1 HTTP/1.1" 200 5535 "https://www.canterasdemuro.es/" "SEBot-WA"
142.132.195.214 - - [28/Jul/2026:17:32:26 +0200] "GET /wp-content/plugins/elementor-pro/assets/js/elements-handlers.min.js?ver=3.28.1 HTTP/1.1" 200 5548 "https://www.canterasdemuro.es/" "SEBot-WA"
144.76.164.62 - - [28/Jul/2026:17:32:26 +0200] "GET /wp-content/uploads/elementor/css/custom-apple-webkit.min.css?ver=1733139880 HTTP/1.1" 200 5527 "https://www.canterasdemuro.es/productos/" "SEBot-WA"
144.76.164.62 - - [28/Jul/2026:17:32:26 +0200] "GET /wp-content/plugins/elementor-pro/assets/lib/smartmenus/jquery.smartmenus.min.js?ver=1.2.1 HTTP/1.1" 200 5560 "https://www.canterasdemuro.es/productos/" "SEBot-WA"
144.76.164.62 - - [28/Jul/2026:17:32:26 +0200] "GET /wp-includes/js/jquery/jquery-migrate.min.js?ver=3.4.1 HTTP/1.1" 200 5524 "https://www.canterasdemuro.es/productos/" "SEBot-WA"
144.76.164.62 - - [28/Jul/2026:17:32:26 +0200] "GET /wp-content/themes/hello-elementor/assets/js/hello-frontend.min.js?ver=3.3.0 HTTP/1.1" 200 5546 "https://www.canterasdemuro.es/productos/" "SEBot-WA"
144.76.164.62 - - [28/Jul/2026:17:32:26 +0200] "GET /wp-includes/js/jquery/jquery.min.js?ver=3.7.1 HTTP/1.1" 200 5516 "https://www.canterasdemuro.es/productos/" "SEBot-WA"
144.76.164.62 - - [28/Jul/2026:17:32:26 +0200] "GET /wp-content/plugins/elementor/assets/lib/swiper/v8/swiper.min.js?ver=8.4.5 HTTP/1.1" 200 5544 "https://www.canterasdemuro.es/productos/" "SEBot-WA"
142.132.195.214 - - [28/Jul/2026:17:32:26 +0200] "GET /wp-content/plugins/elementor-pro/assets/js/nav-menu.a23fbd67486c5bedf26c.bundle.min.js HTTP/1.1" 200 5567 "https://www.canterasdemuro.es/" "SEBot-WA"
144.76.164.62 - - [28/Jul/2026:17:32:26 +0200] "GET /wp-content/plugins/elementor-pro/assets/lib/sticky/jquery.sticky.min.js?ver=3.28.1 HTTP/1.1" 200 5552 "https://www.canterasdemuro.es/productos/" "SEBot-WA"
142.132.195.214 - - [28/Jul/2026:17:32:26 +0200] "GET /wp-content/plugins/elementor/assets/lib/dialog/dialog.min.js?ver=4.9.3 HTTP/1.1" 200 5541 "https://www.canterasdemuro.es/" "SEBot-WA"
142.132.195.214 - - [28/Jul/2026:17:32:26 +0200] "GET /wp-content/plugins/elementor/assets/js/text-editor.c084ef86600b6f11690d.bundle.min.js HTTP/1.1" 200 5566 "https://www.canterasdemuro.es/" "SEBot-WA"
142.132.195.214 - - [28/Jul/2026:17:32:26 +0200] "GET /wp-includes/js/wp-emoji-release.min.js?ver=6.9 HTTP/1.1" 200 5519 "https://www.canterasdemuro.es/" "SEBot-WA"
144.76.164.62 - - [28/Jul/2026:17:32:26 +0200] "GET /wp-content/plugins/gdpr-cookie-compliance/dist/scripts/main.js?ver=4.16.1 HTTP/1.1" 200 5543 "https://www.canterasdemuro.es/productos/" "SEBot-WA"
144.76.164.62 - - [28/Jul/2026:17:32:26 +0200] "GET /wp-content/plugins/elementor/assets/js/frontend-modules.min.js?ver=3.28.1 HTTP/1.1" 200 5543 "https://www.canterasdemuro.es/productos/" "SEBot-WA"
144.76.164.62 - - [28/Jul/2026:17:32:26 +0200] "GET /wp-content/plugins/elementor-pro/assets/js/webpack-pro.runtime.min.js?ver=3.28.1 HTTP/1.1" 200 5550 "https://www.canterasdemuro.es/productos/" "SEBot-WA"
144.76.164.62 - - [28/Jul/2026:17:32:26 +0200] "GET /wp-content/plugins/elementor/assets/js/webpack.runtime.min.js?ver=3.28.1 HTTP/1.1" 200 5542 "https://www.canterasdemuro.es/productos/" "SEBot-WA"
144.76.164.62 - - [28/Jul/2026:17:32:26 +0200] "GET /wp-includes/js/dist/hooks.min.js?ver=dd5603f07f9220ed27f1 HTTP/1.1" 200 5513 "https://www.canterasdemuro.es/productos/" "SEBot-WA"
84.246.212.44 - - [28/Jul/2026:17:32:26 +0200] "POST /wp-admin/admin-ajax.php?action=async_litespeed&nonce=Y6dszaJ5C54TsdDLtPHRFVLoBMlBqspR&litespeed_type=imgoptm HTTP/1.1" 200 5782 "-" "WordPress/6.9; https://www.canterasdemuro.es"
144.76.164.62 - - [28/Jul/2026:17:32:26 +0200] "GET /wp-includes/js/dist/i18n.min.js?ver=c26c3dc7bed366793375 HTTP/1.1" 200 5512 "https://www.canterasdemuro.es/productos/" "SEBot-WA"
144.76.164.62 - - [28/Jul/2026:17:32:26 +0200] "GET /wp-content/plugins/elementor-pro/assets/js/frontend.min.js?ver=3.28.1 HTTP/1.1" 200 5539 "https://www.canterasdemuro.es/productos/" "SEBot-WA"
144.76.164.62 - - [28/Jul/2026:17:32:26 +0200] "GET /wp-includes/js/jquery/ui/core.min.js?ver=1.13.3 HTTP/1.1" 200 5517 "https://www.canterasdemuro.es/productos/" "SEBot-WA"
144.76.164.62 - - [28/Jul/2026:17:32:26 +0200] "GET /wp-content/plugins/elementor/assets/js/frontend.min.js?ver=3.28.1 HTTP/1.1" 200 5535 "https://www.canterasdemuro.es/productos/" "SEBot-WA"
144.76.164.62 - - [28/Jul/2026:17:32:26 +0200] "GET /wp-content/plugins/elementor-pro/assets/js/elements-handlers.min.js?ver=3.28.1 HTTP/1.1" 200 5548 "https://www.canterasdemuro.es/productos/" "SEBot-WA"
144.76.164.62 - - [28/Jul/2026:17:32:26 +0200] "GET /wp-content/plugins/elementor-pro/assets/js/nav-menu.a23fbd67486c5bedf26c.bundle.min.js HTTP/1.1" 200 5567 "https://www.canterasdemuro.es/productos/" "SEBot-WA"
144.76.164.62 - - [28/Jul/2026:17:32:26 +0200] "GET /wp-content/plugins/elementor/assets/js/text-editor.c084ef86600b6f11690d.bundle.min.js HTTP/1.1" 200 5566 "https://www.canterasdemuro.es/productos/" "SEBot-WA"
144.76.164.62 - - [28/Jul/2026:17:32:26 +0200] "GET /wp-content/plugins/elementor/assets/js/image-carousel.6167d20b95b33386757b.bundle.min.js HTTP/1.1" 200 5974 "https://www.canterasdemuro.es/productos/" "SEBot-WA"
144.76.164.62 - - [28/Jul/2026:17:32:26 +0200] "GET /wp-content/plugins/elementor/assets/js/nested-accordion.c546968f7aebebc356f2.bundle.min.js HTTP/1.1" 200 5571 "https://www.canterasdemuro.es/productos/" "SEBot-WA"
144.76.164.62 - - [28/Jul/2026:17:32:26 +0200] "GET /wp-includes/js/wp-emoji-release.min.js?ver=6.9 HTTP/1.1" 200 5519 "https://www.canterasdemuro.es/productos/" "Mozilla/5.0 (X11; Linux x86_64) AppleWebKit/537.36 (KHTML, like Gecko) HeadlessChrome/150.0.0.0 Safari/537.36"
91.231.89.34 - - [28/Jul/2026:17:32:48 +0200] "GET / HTTP/1.1" 301 5569 "-" "Mozilla/5.0 (X11; Ubuntu; Linux x86_64; rv:134.0) Gecko/20100101 Firefox/134.0"
84.246.212.44 - - [28/Jul/2026:17:33:21 +0200] "POST /wp-cron.php?doing_wp_cron=1785252801.6623260974884033203125 HTTP/1.1" 200 5527 "-" "WordPress/6.9; https://www.canterasdemuro.es"
91.231.89.126 - - [28/Jul/2026:17:33:20 +0200] "GET / HTTP/1.1" 200 100542 "-" "Mozilla/5.0 (X11; Ubuntu; Linux x86_64; rv:134.0) Gecko/20100101 Firefox/134.0"
84.246.212.44 - - [28/Jul/2026:17:33:22 +0200] "POST /wp-admin/admin-ajax.php?action=async_litespeed&nonce=rf0m2KxNOe43Egh5NgnRd1OhYa6qNSKg&litespeed_type=imgoptm HTTP/1.1" 200 5782 "-" "WordPress/6.9; https://www.canterasdemuro.es"
91.231.89.124 - - [28/Jul/2026:17:33:34 +0200] "GET / HTTP/1.1" 301 5569 "-" "Mozilla/5.0 (X11; Ubuntu; Linux x86_64; rv:134.0) Gecko/20100101 Firefox/134.0"
91.231.89.38 - - [28/Jul/2026:17:33:36 +0200] "GET / HTTP/1.1" 200 100542 "-" "Mozilla/5.0 (X11; Ubuntu; Linux x86_64; rv:134.0) Gecko/20100101 Firefox/134.0"
84.246.212.44 - - [28/Jul/2026:17:34:41 +0200] "POST /wp-cron.php?doing_wp_cron=1785252881.6197719573974609375000 HTTP/1.1" 200 5527 "-" "WordPress/6.9; https://www.canterasdemuro.es"
46.24.27.207 - - [28/Jul/2026:17:34:40 +0200] "GET / HTTP/1.1" 200 100542 "https://www.google.com/" "Mozilla/5.0 (Windows NT 10.0; Win64; x64) AppleWebKit/537.36 (KHTML, like Gecko) Chrome/150.0.0.0 Safari/537.36"
46.24.27.207 - - [28/Jul/2026:17:34:41 +0200] "GET /wp-content/themes/hello-elementor/style.min.css?ver=3.3.0 HTTP/1.1" 200 5514 "https://www.canterasdemuro.es/" "Mozilla/5.0 (Windows NT 10.0; Win64; x64) AppleWebKit/537.36 (KHTML, like Gecko) Chrome/150.0.0.0 Safari/537.36"
46.24.27.207 - - [28/Jul/2026:17:34:41 +0200] "GET /wp-content/themes/hello-elementor/theme.min.css?ver=3.3.0 HTTP/1.1" 200 5514 "https://www.canterasdemuro.es/" "Mozilla/5.0 (Windows NT 10.0; Win64; x64) AppleWebKit/537.36 (KHTML, like Gecko) Chrome/150.0.0.0 Safari/537.36"
46.24.27.207 - - [28/Jul/2026:17:34:41 +0200] "GET /wp-content/themes/hello-elementor/header-footer.min.css?ver=3.3.0 HTTP/1.1" 200 5522 "https://www.canterasdemuro.es/" "Mozilla/5.0 (Windows NT 10.0; Win64; x64) AppleWebKit/537.36 (KHTML, like Gecko) Chrome/150.0.0.0 Safari/537.36"
46.24.27.207 - - [28/Jul/2026:17:34:41 +0200] "GET /wp-content/themes/hello-elementor-child/style.css?ver=6.9 HTTP/1.1" 200 5516 "https://www.canterasdemuro.es/" "Mozilla/5.0 (Windows NT 10.0; Win64; x64) AppleWebKit/537.36 (KHTML, like Gecko) Chrome/150.0.0.0 Safari/537.36"
46.24.27.207 - - [28/Jul/2026:17:34:41 +0200] "GET /wp-content/uploads/elementor/css/custom-frontend.min.css?ver=1733139880 HTTP/1.1" 200 5523 "https://www.canterasdemuro.es/" "Mozilla/5.0 (Windows NT 10.0; Win64; x64) AppleWebKit/537.36 (KHTML, like Gecko) Chrome/150.0.0.0 Safari/537.36"
46.24.27.207 - - [28/Jul/2026:17:34:41 +0200] "GET /wp-content/plugins/elementor/assets/css/widget-image.min.css?ver=3.28.1 HTTP/1.1" 200 5765 "https://www.canterasdemuro.es/" "Mozilla/5.0 (Windows NT 10.0; Win64; x64) AppleWebKit/537.36 (KHTML, like Gecko) Chrome/150.0.0.0 Safari/537.36"
46.24.27.207 - - [28/Jul/2026:17:34:41 +0200] "GET /wp-content/uploads/elementor/css/custom-pro-widget-nav-menu.min.css?ver=1733139880 HTTP/1.1" 200 5534 "https://www.canterasdemuro.es/" "Mozilla/5.0 (Windows NT 10.0; Win64; x64) AppleWebKit/537.36 (KHTML, like Gecko) Chrome/150.0.0.0 Safari/537.36"
46.24.27.207 - - [28/Jul/2026:17:34:41 +0200] "GET /wp-content/uploads/elementor/css/post-8.css?ver=1733139880 HTTP/1.1" 200 5510 "https://www.canterasdemuro.es/" "Mozilla/5.0 (Windows NT 10.0; Win64; x64) AppleWebKit/537.36 (KHTML, like Gecko) Chrome/150.0.0.0 Safari/537.36"
46.24.27.207 - - [28/Jul/2026:17:34:42 +0200] "GET /wp-content/plugins/elementor-pro/assets/css/modules/sticky.min.css?ver=3.28.1 HTTP/1.1" 200 5673 "https://www.canterasdemuro.es/" "Mozilla/5.0 (Windows NT 10.0; Win64; x64) AppleWebKit/537.36 (KHTML, like Gecko) Chrome/150.0.0.0 Safari/537.36"
46.24.27.207 - - [28/Jul/2026:17:34:42 +0200] "GET /wp-content/uploads/elementor/css/custom-widget-icon-list.min.css?ver=1733139880 HTTP/1.1" 200 5531 "https://www.canterasdemuro.es/" "Mozilla/5.0 (Windows NT 10.0; Win64; x64) AppleWebKit/537.36 (KHTML, like Gecko) Chrome/150.0.0.0 Safari/537.36"
46.24.27.207 - - [28/Jul/2026:17:34:42 +0200] "GET /wp-content/plugins/elementor/assets/css/widget-heading.min.css?ver=3.28.1 HTTP/1.1" 200 6112 "https://www.canterasdemuro.es/" "Mozilla/5.0 (Windows NT 10.0; Win64; x64) AppleWebKit/537.36 (KHTML, like Gecko) Chrome/150.0.0.0 Safari/537.36"
46.24.27.207 - - [28/Jul/2026:17:34:42 +0200] "GET /wp-content/plugins/elementor/assets/lib/animations/styles/e-animation-float.min.css?ver=3.28.1 HTTP/1.1" 200 5755 "https://www.canterasdemuro.es/" "Mozilla/5.0 (Windows NT 10.0; Win64; x64) AppleWebKit/537.36 (KHTML, like Gecko) Chrome/150.0.0.0 Safari/537.36"
46.24.27.207 - - [28/Jul/2026:17:34:42 +0200] "GET /wp-content/plugins/elementor/assets/css/widget-spacer.min.css?ver=3.28.1 HTTP/1.1" 200 5528 "https://www.canterasdemuro.es/" "Mozilla/5.0 (Windows NT 10.0; Win64; x64) AppleWebKit/537.36 (KHTML, like Gecko) Chrome/150.0.0.0 Safari/537.36"
46.24.27.207 - - [28/Jul/2026:17:34:42 +0200] "GET /wp-content/plugins/elementor/assets/css/widget-text-editor.min.css?ver=3.28.1 HTTP/1.1" 200 6232 "https://www.canterasdemuro.es/" "Mozilla/5.0 (Windows NT 10.0; Win64; x64) AppleWebKit/537.36 (KHTML, like Gecko) Chrome/150.0.0.0 Safari/537.36"
46.24.27.207 - - [28/Jul/2026:17:34:42 +0200] "GET /wp-content/uploads/elementor/css/post-33.css?ver=1733139880 HTTP/1.1" 200 5511 "https://www.canterasdemuro.es/" "Mozilla/5.0 (Windows NT 10.0; Win64; x64) AppleWebKit/537.36 (KHTML, like Gecko) Chrome/150.0.0.0 Safari/537.36"
46.24.27.207 - - [28/Jul/2026:17:34:42 +0200] "GET /wp-content/uploads/elementor/css/post-609.css?ver=1733146676 HTTP/1.1" 200 5512 "https://www.canterasdemuro.es/" "Mozilla/5.0 (Windows NT 10.0; Win64; x64) AppleWebKit/537.36 (KHTML, like Gecko) Chrome/150.0.0.0 Safari/537.36"
46.24.27.207 - - [28/Jul/2026:17:34:42 +0200] "GET /wp-content/uploads/elementor/css/post-72.css?ver=1751037830 HTTP/1.1" 200 5511 "https://www.canterasdemuro.es/" "Mozilla/5.0 (Windows NT 10.0; Win64; x64) AppleWebKit/537.36 (KHTML, like Gecko) Chrome/150.0.0.0 Safari/537.36"
46.24.27.207 - - [28/Jul/2026:17:34:42 +0200] "GET /wp-content/uploads/elementor/google-fonts/css/plusjakartasans.css?ver=1742899034 HTTP/1.1" 200 5532 "https://www.canterasdemuro.es/" "Mozilla/5.0 (Windows NT 10.0; Win64; x64) AppleWebKit/537.36 (KHTML, like Gecko) Chrome/150.0.0.0 Safari/537.36"
46.24.27.207 - - [28/Jul/2026:17:34:42 +0200] "GET /wp-content/plugins/gdpr-cookie-compliance/dist/styles/gdpr-main-nf.css?ver=4.16.1 HTTP/1.1" 200 5537 "https://www.canterasdemuro.es/" "Mozilla/5.0 (Windows NT 10.0; Win64; x64) AppleWebKit/537.36 (KHTML, like Gecko) Chrome/150.0.0.0 Safari/537.36"
46.24.27.207 - - [28/Jul/2026:17:34:42 +0200] "GET /wp-content/uploads/elementor/google-fonts/css/nunitosans.css?ver=1742899037 HTTP/1.1" 200 5527 "https://www.canterasdemuro.es/" "Mozilla/5.0 (Windows NT 10.0; Win64; x64) AppleWebKit/537.36 (KHTML, like Gecko) Chrome/150.0.0.0 Safari/537.36"
46.24.27.207 - - [28/Jul/2026:17:34:42 +0200] "GET /wp-content/uploads/elementor/css/custom-apple-webkit.min.css?ver=1733139880 HTTP/1.1" 200 5527 "https://www.canterasdemuro.es/" "Mozilla/5.0 (Windows NT 10.0; Win64; x64) AppleWebKit/537.36 (KHTML, like Gecko) Chrome/150.0.0.0 Safari/537.36"
46.24.27.207 - - [28/Jul/2026:17:34:42 +0200] "GET /wp-content/plugins/elementor/assets/css/widget-social-icons.min.css?ver=3.28.1 HTTP/1.1" 200 5534 "https://www.canterasdemuro.es/" "Mozilla/5.0 (Windows NT 10.0; Win64; x64) AppleWebKit/537.36 (KHTML, like Gecko) Chrome/150.0.0.0 Safari/537.36"
46.24.27.207 - - [28/Jul/2026:17:34:42 +0200] "GET /wp-content/uploads/elementor/css/post-459.css?ver=1733139881 HTTP/1.1" 200 5512 "https://www.canterasdemuro.es/" "Mozilla/5.0 (Windows NT 10.0; Win64; x64) AppleWebKit/537.36 (KHTML, like Gecko) Chrome/150.0.0.0 Safari/537.36"
46.24.27.207 - - [28/Jul/2026:17:34:42 +0200] "GET /wp-content/uploads/2024/06/canterasdemuro_blanco-2048x1113.png HTTP/1.1" 200 5530 "https://www.canterasdemuro.es/" "Mozilla/5.0 (Windows NT 10.0; Win64; x64) AppleWebKit/537.36 (KHTML, like Gecko) Chrome/150.0.0.0 Safari/537.36"
46.24.27.207 - - [28/Jul/2026:17:34:42 +0200] "GET /wp-includes/js/jquery/jquery-migrate.min.js?ver=3.4.1 HTTP/1.1" 200 5524 "https://www.canterasdemuro.es/" "Mozilla/5.0 (Windows NT 10.0; Win64; x64) AppleWebKit/537.36 (KHTML, like Gecko) Chrome/150.0.0.0 Safari/537.36"
46.24.27.207 - - [28/Jul/2026:17:34:42 +0200] "GET /wp-includes/js/jquery/jquery.min.js?ver=3.7.1 HTTP/1.1" 200 5516 "https://www.canterasdemuro.es/" "Mozilla/5.0 (Windows NT 10.0; Win64; x64) AppleWebKit/537.36 (KHTML, like Gecko) Chrome/150.0.0.0 Safari/537.36"
46.24.27.207 - - [28/Jul/2026:17:34:42 +0200] "GET /wp-content/uploads/2024/06/Menu-minimalista.png HTTP/1.1" 200 6388 "https://www.canterasdemuro.es/" "Mozilla/5.0 (Windows NT 10.0; Win64; x64) AppleWebKit/537.36 (KHTML, like Gecko) Chrome/150.0.0.0 Safari/537.36"
46.24.27.207 - - [28/Jul/2026:17:34:42 +0200] "GET /wp-content/uploads/2024/06/marca-negativo-1024x293.png HTTP/1.1" 200 5522 "https://www.canterasdemuro.es/" "Mozilla/5.0 (Windows NT 10.0; Win64; x64) AppleWebKit/537.36 (KHTML, like Gecko) Chrome/150.0.0.0 Safari/537.36"
46.24.27.207 - - [28/Jul/2026:17:34:42 +0200] "GET /wp-content/uploads/2024/06/canterasdemuro_blanco-1024x557.png HTTP/1.1" 200 5529 "https://www.canterasdemuro.es/" "Mozilla/5.0 (Windows NT 10.0; Win64; x64) AppleWebKit/537.36 (KHTML, like Gecko) Chrome/150.0.0.0 Safari/537.36"
46.24.27.207 - - [28/Jul/2026:17:34:42 +0200] "GET /wp-content/uploads/2024/06/canterasdemuro_negativo-1024x557.png HTTP/1.1" 200 5531 "https://www.canterasdemuro.es/" "Mozilla/5.0 (Windows NT 10.0; Win64; x64) AppleWebKit/537.36 (KHTML, like Gecko) Chrome/150.0.0.0 Safari/537.36"
46.24.27.207 - - [28/Jul/2026:17:34:42 +0200] "GET /wp-content/themes/hello-elementor/assets/js/hello-frontend.min.js?ver=3.3.0 HTTP/1.1" 200 5546 "https://www.canterasdemuro.es/" "Mozilla/5.0 (Windows NT 10.0; Win64; x64) AppleWebKit/537.36 (KHTML, like Gecko) Chrome/150.0.0.0 Safari/537.36"
46.24.27.207 - - [28/Jul/2026:17:34:42 +0200] "GET /wp-content/plugins/elementor-pro/assets/lib/smartmenus/jquery.smartmenus.min.js?ver=1.2.1 HTTP/1.1" 200 5560 "https://www.canterasdemuro.es/" "Mozilla/5.0 (Windows NT 10.0; Win64; x64) AppleWebKit/537.36 (KHTML, like Gecko) Chrome/150.0.0.0 Safari/537.36"
46.24.27.207 - - [28/Jul/2026:17:34:42 +0200] "GET /wp-content/plugins/elementor-pro/assets/lib/sticky/jquery.sticky.min.js?ver=3.28.1 HTTP/1.1" 200 5552 "https://www.canterasdemuro.es/" "Mozilla/5.0 (Windows NT 10.0; Win64; x64) AppleWebKit/537.36 (KHTML, like Gecko) Chrome/150.0.0.0 Safari/537.36"
46.24.27.207 - - [28/Jul/2026:17:34:42 +0200] "GET /wp-content/plugins/gdpr-cookie-compliance/dist/scripts/main.js?ver=4.16.1 HTTP/1.1" 200 5543 "https://www.canterasdemuro.es/" "Mozilla/5.0 (Windows NT 10.0; Win64; x64) AppleWebKit/537.36 (KHTML, like Gecko) Chrome/150.0.0.0 Safari/537.36"
46.24.27.207 - - [28/Jul/2026:17:34:42 +0200] "GET /wp-content/plugins/elementor-pro/assets/js/webpack-pro.runtime.min.js?ver=3.28.1 HTTP/1.1" 200 5550 "https://www.canterasdemuro.es/" "Mozilla/5.0 (Windows NT 10.0; Win64; x64) AppleWebKit/537.36 (KHTML, like Gecko) Chrome/150.0.0.0 Safari/537.36"
46.24.27.207 - - [28/Jul/2026:17:34:42 +0200] "GET /wp-content/plugins/elementor/assets/js/webpack.runtime.min.js?ver=3.28.1 HTTP/1.1" 200 5542 "https://www.canterasdemuro.es/" "Mozilla/5.0 (Windows NT 10.0; Win64; x64) AppleWebKit/537.36 (KHTML, like Gecko) Chrome/150.0.0.0 Safari/537.36"
46.24.27.207 - - [28/Jul/2026:17:34:42 +0200] "GET /wp-content/plugins/elementor/assets/js/frontend-modules.min.js?ver=3.28.1 HTTP/1.1" 200 5543 "https://www.canterasdemuro.es/" "Mozilla/5.0 (Windows NT 10.0; Win64; x64) AppleWebKit/537.36 (KHTML, like Gecko) Chrome/150.0.0.0 Safari/537.36"
46.24.27.207 - - [28/Jul/2026:17:34:42 +0200] "GET /wp-includes/js/dist/i18n.min.js?ver=c26c3dc7bed366793375 HTTP/1.1" 200 5512 "https://www.canterasdemuro.es/" "Mozilla/5.0 (Windows NT 10.0; Win64; x64) AppleWebKit/537.36 (KHTML, like Gecko) Chrome/150.0.0.0 Safari/537.36"
46.24.27.207 - - [28/Jul/2026:17:34:42 +0200] "GET /wp-includes/js/dist/hooks.min.js?ver=dd5603f07f9220ed27f1 HTTP/1.1" 200 5513 "https://www.canterasdemuro.es/" "Mozilla/5.0 (Windows NT 10.0; Win64; x64) AppleWebKit/537.36 (KHTML, like Gecko) Chrome/150.0.0.0 Safari/537.36"
46.24.27.207 - - [28/Jul/2026:17:34:42 +0200] "GET /wp-content/plugins/elementor-pro/assets/js/frontend.min.js?ver=3.28.1 HTTP/1.1" 200 5539 "https://www.canterasdemuro.es/" "Mozilla/5.0 (Windows NT 10.0; Win64; x64) AppleWebKit/537.36 (KHTML, like Gecko) Chrome/150.0.0.0 Safari/537.36"
46.24.27.207 - - [28/Jul/2026:17:34:42 +0200] "GET /wp-includes/js/jquery/ui/core.min.js?ver=1.13.3 HTTP/1.1" 200 5517 "https://www.canterasdemuro.es/" "Mozilla/5.0 (Windows NT 10.0; Win64; x64) AppleWebKit/537.36 (KHTML, like Gecko) Chrome/150.0.0.0 Safari/537.36"
46.24.27.207 - - [28/Jul/2026:17:34:42 +0200] "GET /wp-content/plugins/elementor/assets/js/frontend.min.js?ver=3.28.1 HTTP/1.1" 200 5535 "https://www.canterasdemuro.es/" "Mozilla/5.0 (Windows NT 10.0; Win64; x64) AppleWebKit/537.36 (KHTML, like Gecko) Chrome/150.0.0.0 Safari/537.36"
46.24.27.207 - - [28/Jul/2026:17:34:42 +0200] "GET /wp-content/plugins/elementor-pro/assets/js/elements-handlers.min.js?ver=3.28.1 HTTP/1.1" 200 5548 "https://www.canterasdemuro.es/" "Mozilla/5.0 (Windows NT 10.0; Win64; x64) AppleWebKit/537.36 (KHTML, like Gecko) Chrome/150.0.0.0 Safari/537.36"
46.24.27.207 - - [28/Jul/2026:17:34:42 +0200] "GET /wp-content/uploads/2024/06/canterasdemuro_negativo-300x163.png HTTP/1.1" 200 5530 "https://www.canterasdemuro.es/" "Mozilla/5.0 (Windows NT 10.0; Win64; x64) AppleWebKit/537.36 (KHTML, like Gecko) Chrome/150.0.0.0 Safari/537.36"
46.24.27.207 - - [28/Jul/2026:17:34:42 +0200] "GET /wp-content/plugins/elementor/assets/lib/dialog/dialog.min.js?ver=4.9.3 HTTP/1.1" 200 5541 "https://www.canterasdemuro.es/" "Mozilla/5.0 (Windows NT 10.0; Win64; x64) AppleWebKit/537.36 (KHTML, like Gecko) Chrome/150.0.0.0 Safari/537.36"
46.24.27.207 - - [28/Jul/2026:17:34:42 +0200] "GET /wp-content/uploads/elementor/google-fonts/fonts/plusjakartasans-ldioaomqnqcsa88c7o9yz4kmcoog4ko20yw.woff2 HTTP/1.1" 200 5574 "https://www.canterasdemuro.es/wp-content/uploads/elementor/google-fonts/css/plusjakartasans.css?ver=1742899034" "Mozilla/5.0 (Windows NT 10.0; Win64; x64) AppleWebKit/537.36 (KHTML, like Gecko) Chrome/150.0.0.0 Safari/537.36"
46.24.27.207 - - [28/Jul/2026:17:34:42 +0200] "GET /wp-content/uploads/elementor/google-fonts/fonts/nunitosans-pe0tmimslybiv1o4x1m8ce2xcx3yop4tqpf_metm0lfgwvpnn64cl7u8uphzibmv51q42ptcp7t1r-s.woff2 HTTP/1.1" 200 5613 "https://www.canterasdemuro.es/wp-content/uploads/elementor/google-fonts/css/nunitosans.css?ver=1742899037" "Mozilla/5.0 (Windows NT 10.0; Win64; x64) AppleWebKit/537.36 (KHTML, like Gecko) Chrome/150.0.0.0 Safari/537.36"
84.246.212.44 - - [28/Jul/2026:17:34:42 +0200] "POST /wp-admin/admin-ajax.php?action=async_litespeed&nonce=xg96ZHm9Xe2rwl8FGnTQNBRAmRRiavVs&litespeed_type=imgoptm HTTP/1.1" 200 5782 "-" "WordPress/6.9; https://www.canterasdemuro.es"
46.24.27.207 - - [28/Jul/2026:17:34:42 +0200] "GET /wp-content/plugins/elementor/assets/js/text-editor.c084ef86600b6f11690d.bundle.min.js HTTP/1.1" 200 5566 "https://www.canterasdemuro.es/" "Mozilla/5.0 (Windows NT 10.0; Win64; x64) AppleWebKit/537.36 (KHTML, like Gecko) Chrome/150.0.0.0 Safari/537.36"
46.24.27.207 - - [28/Jul/2026:17:34:42 +0200] "GET /wp-content/plugins/elementor-pro/assets/js/nav-menu.a23fbd67486c5bedf26c.bundle.min.js HTTP/1.1" 200 5567 "https://www.canterasdemuro.es/" "Mozilla/5.0 (Windows NT 10.0; Win64; x64) AppleWebKit/537.36 (KHTML, like Gecko) Chrome/150.0.0.0 Safari/537.36"
46.24.27.207 - - [28/Jul/2026:17:34:42 +0200] "GET /wp-includes/js/wp-emoji-release.min.js?ver=6.9 HTTP/1.1" 200 5519 "https://www.canterasdemuro.es/" "Mozilla/5.0 (Windows NT 10.0; Win64; x64) AppleWebKit/537.36 (KHTML, like Gecko) Chrome/150.0.0.0 Safari/537.36"
84.246.212.44 - - [28/Jul/2026:17:35:32 +0200] "POST /wp-cron.php?doing_wp_cron=1785252932.1316540241241455078125 HTTP/1.1" 200 5527 "-" "WordPress/6.9; https://www.canterasdemuro.es"
91.196.152.65 - - [28/Jul/2026:17:35:31 +0200] "GET / HTTP/1.1" 301 5569 "-" "Mozilla/5.0 (X11; Ubuntu; Linux x86_64; rv:134.0) Gecko/20100101 Firefox/134.0"
84.246.212.44 - - [28/Jul/2026:17:35:32 +0200] "POST /wp-admin/admin-ajax.php?action=async_litespeed&nonce=33D95Eui4Z26vH91BjpUaCm4dDGUXNqB&litespeed_type=imgoptm HTTP/1.1" 200 5782 "-" "WordPress/6.9; https://www.canterasdemuro.es"
84.246.212.44 - - [28/Jul/2026:17:35:36 +0200] "GET /?wp_scrape_key=4e7a098f50109cf339168978deaf8dfa&wp_scrape_nonce=1785252934 HTTP/1.1" 200 100654 "-" "WordPress/6.9; https://www.canterasdemuro.es"
84.246.212.44 - - [28/Jul/2026:17:35:41 +0200] "GET /?wp_scrape_key=11c3ee8ad12d4cbc2dd57c39f736a10b&wp_scrape_nonce=1785252938 HTTP/1.1" 200 100654 "-" "WordPress/6.9; https://www.canterasdemuro.es"
84.246.212.44 - - [28/Jul/2026:17:35:45 +0200] "GET /?wp_scrape_key=7c90f375c405f0394f20ff7c3fa7c834&wp_scrape_nonce=1785252943 HTTP/1.1" 200 100654 "-" "WordPress/6.9; https://www.canterasdemuro.es"
84.246.212.44 - - [28/Jul/2026:17:35:50 +0200] "GET /?wp_scrape_key=ac1ed2ad07de126ff957a39f94fbd3bd&wp_scrape_nonce=1785252948 HTTP/1.1" 200 100654 "-" "WordPress/6.9; https://www.canterasdemuro.es"
84.246.212.44 - - [28/Jul/2026:17:35:54 +0200] "GET /?wp_scrape_key=6008ed15c1081f2ecd209bdbda973119&wp_scrape_nonce=1785252952 HTTP/1.1" 200 100654 "-" "WordPress/6.9; https://www.canterasdemuro.es"
84.246.212.44 - - [28/Jul/2026:17:35:59 +0200] "GET /?wp_scrape_key=1a46232d4ba3e735e26665c5eff6da7d&wp_scrape_nonce=1785252957 HTTP/1.1" 200 100654 "-" "WordPress/6.9; https://www.canterasdemuro.es"
46.24.27.207 - - [28/Jul/2026:17:36:00 +0200] "GET /wp-content/uploads/2024/09/Canteras-de-Muro-Lancara-30-segs-1.mp4 HTTP/1.1" 200 5533 "https://www.canterasdemuro.es/" "Mozilla/5.0 (Windows NT 10.0; Win64; x64) AppleWebKit/537.36 (KHTML, like Gecko) Chrome/150.0.0.0 Safari/537.36"
84.246.212.44 - - [28/Jul/2026:17:36:03 +0200] "GET /?wp_scrape_key=28d8d9c458d1e097ded11a316cf59bc5&wp_scrape_nonce=1785252961 HTTP/1.1" 200 100654 "-" "WordPress/6.9; https://www.canterasdemuro.es"
84.246.212.44 - - [28/Jul/2026:17:36:07 +0200] "GET /?wp_scrape_key=d77efbb00174e82eda5bd7aefd1414df&wp_scrape_nonce=1785252965 HTTP/1.1" 200 100654 "-" "WordPress/6.9; https://www.canterasdemuro.es"
84.246.212.44 - - [28/Jul/2026:17:36:11 +0200] "GET /?wp_scrape_key=6915441166c3a2e5de5330afd57cd217&wp_scrape_nonce=1785252969 HTTP/1.1" 200 100654 "-" "WordPress/6.9; https://www.canterasdemuro.es"
84.246.212.44 - - [28/Jul/2026:17:36:22 +0200] "POST /wp-cron.php?doing_wp_cron=1785252981.9953711032867431640625 HTTP/1.1" 200 5527 "-" "WordPress/6.9; https://www.canterasdemuro.es"
91.196.152.165 - - [28/Jul/2026:17:36:21 +0200] "GET / HTTP/1.1" 301 5569 "-" "Mozilla/5.0 (X11; Ubuntu; Linux x86_64; rv:134.0) Gecko/20100101 Firefox/134.0"
91.196.152.160 - - [28/Jul/2026:17:36:20 +0200] "GET / HTTP/1.1" 200 100542 "-" "Mozilla/5.0 (X11; Ubuntu; Linux x86_64; rv:134.0) Gecko/20100101 Firefox/134.0"
84.246.212.44 - - [28/Jul/2026:17:36:22 +0200] "POST /wp-admin/admin-ajax.php?action=async_litespeed&nonce=LCu8dfsHyyDesJFECsC1Qaxl7gj5Hliq&litespeed_type=imgoptm HTTP/1.1" 200 5782 "-" "WordPress/6.9; https://www.canterasdemuro.es"
91.196.152.65 - - [28/Jul/2026:17:36:38 +0200] "GET / HTTP/1.1" 200 100542 "-" "Mozilla/5.0 (X11; Ubuntu; Linux x86_64; rv:134.0) Gecko/20100101 Firefox/134.0"
81.171.74.60 - - [28/Jul/2026:17:36:42 +0200] "HEAD / HTTP/1.1" 301 5550 "-" "Go-http-client/1.1"
81.171.74.60 - - [28/Jul/2026:17:36:42 +0200] "GET / HTTP/1.1" 301 5569 "-" "Go-http-client/1.1"
81.171.74.60 - - [28/Jul/2026:17:36:42 +0200] "POST / HTTP/1.1" 301 5569 "-" "Go-http-client/1.1"
81.171.74.60 - - [28/Jul/2026:17:36:42 +0200] "HEAD / HTTP/1.1" 200 5682 "https://canterasdemuro.es/" "Go-http-client/1.1"
81.171.74.60 - - [28/Jul/2026:17:36:42 +0200] "GET /storage/logs/laravel.log HTTP/1.1" 403 6292 "-" "Go-http-client/1.1"
91.196.152.68 - - [28/Jul/2026:17:36:41 +0200] "GET / HTTP/1.1" 200 100542 "-" "Mozilla/5.0 (X11; Ubuntu; Linux x86_64; rv:134.0) Gecko/20100101 Firefox/134.0"
81.171.74.60 - - [28/Jul/2026:17:36:42 +0200] "GET /etc/ssl/private/server.key HTTP/1.1" 403 6292 "-" "Go-http-client/1.1"
81.171.74.60 - - [28/Jul/2026:17:36:42 +0200] "GET /_vti_pvt/service.pwd HTTP/1.1" 403 6292 "-" "Go-http-client/1.1"
81.171.74.60 - - [28/Jul/2026:17:36:43 +0200] "GET /api/.env HTTP/1.1" 403 6292 "-" "Go-http-client/1.1"
81.171.74.60 - - [28/Jul/2026:17:36:43 +0200] "GET /server.key HTTP/1.1" 403 6292 "-" "Go-http-client/1.1"
81.171.74.60 - - [28/Jul/2026:17:36:43 +0200] "GET /.git/HEAD HTTP/1.1" 403 6292 "-" "Go-http-client/1.1"
81.171.74.60 - - [28/Jul/2026:17:36:43 +0200] "GET /.env HTTP/1.1" 403 6292 "-" "Go-http-client/1.1"
81.171.74.60 - - [28/Jul/2026:17:36:42 +0200] "GET / HTTP/1.1" 200 13469 "https://canterasdemuro.es/" "Go-http-client/1.1"
81.171.74.60 - - [28/Jul/2026:17:36:42 +0200] "GET / HTTP/1.1" 200 13469 "https://canterasdemuro.es/" "Go-http-client/1.1"
84.246.212.44 - - [28/Jul/2026:17:37:13 +0200] "POST /wp-cron.php?doing_wp_cron=1785253033.6943359375000000000000 HTTP/1.1" 200 5527 "-" "WordPress/6.9; https://www.canterasdemuro.es"
91.196.152.231 - - [28/Jul/2026:17:37:12 +0200] "GET / HTTP/1.1" 200 100542 "-" "Mozilla/5.0 (X11; Ubuntu; Linux x86_64; rv:134.0) Gecko/20100101 Firefox/134.0"
84.246.212.44 - - [28/Jul/2026:17:37:14 +0200] "POST /wp-admin/admin-ajax.php?action=async_litespeed&nonce=q4dtwgp3h6pe6cliY7hoDiNDQwDEVop0&litespeed_type=imgoptm HTTP/1.1" 200 5782 "-" "WordPress/6.9; https://www.canterasdemuro.es"
84.246.212.44 - - [28/Jul/2026:17:38:11 +0200] "POST /wp-cron.php?doing_wp_cron=1785253091.4240930080413818359375 HTTP/1.1" 200 5527 "-" "WordPress/6.9; https://www.canterasdemuro.es"
91.196.152.163 - - [28/Jul/2026:17:38:10 +0200] "GET / HTTP/1.1" 200 100542 "-" "Mozilla/5.0 (X11; Ubuntu; Linux x86_64; rv:134.0) Gecko/20100101 Firefox/134.0"
84.246.212.44 - - [28/Jul/2026:17:38:18 +0200] "POST /wp-cron.php?doing_wp_cron=1785253098.0369000434875488281250 HTTP/1.1" 200 5527 "-" "WordPress/6.9; https://www.canterasdemuro.es"
101.32.208.70 - - [28/Jul/2026:17:38:16 +0200] "GET / HTTP/1.1" 200 100542 "http://www.canterasdemuro.es" "Mozilla/5.0 (iPhone; CPU iPhone OS 13_2_3 like Mac OS X) AppleWebKit/605.1.15 (KHTML, like Gecko) Version/13.0.3 Mobile/15E148 Safari/604.1"
84.246.212.44 - - [28/Jul/2026:17:38:18 +0200] "POST /wp-admin/admin-ajax.php?action=async_litespeed&nonce=ts66jjEXoa6Wq8lrdgJNCLp1EimyjN5u&litespeed_type=imgoptm HTTP/1.1" 200 5782 "-" "WordPress/6.9; https://www.canterasdemuro.es"
91.196.152.165 - - [28/Jul/2026:17:39:08 +0200] "GET / HTTP/1.1" 200 100564 "-" "Mozilla/5.0 (X11; Ubuntu; Linux x86_64; rv:134.0) Gecko/20100101 Firefox/134.0"
91.196.152.148 - - [28/Jul/2026:17:41:11 +0200] "GET /wp-content/uploads/2024/06/FAVICON-1-CANTERAS-DE-MURO-150x150.png HTTP/1.1" 200 5533 "-" "Mozilla/5.0 (X11; Ubuntu; Linux x86_64; rv:134.0) Gecko/20100101 Firefox/134.0"
91.196.152.231 - - [28/Jul/2026:17:41:30 +0200] "GET /wp-content/uploads/2024/06/FAVICON-1-CANTERAS-DE-MURO-150x150.png HTTP/1.1" 200 5533 "-" "Mozilla/5.0 (X11; Ubuntu; Linux x86_64; rv:134.0) Gecko/20100101 Firefox/134.0"
91.196.152.156 - - [28/Jul/2026:17:42:12 +0200] "GET /wp-content/uploads/2024/06/FAVICON-1-CANTERAS-DE-MURO-150x150.png HTTP/1.1" 200 5533 "-" "Mozilla/5.0 (X11; Ubuntu; Linux x86_64; rv:134.0) Gecko/20100101 Firefox/134.0"
84.246.212.44 - - [28/Jul/2026:17:43:44 +0200] "POST /wp-cron.php?doing_wp_cron=1785253424.4555380344390869140625 HTTP/1.1" 200 5527 "-" "WordPress/6.9; https://www.canterasdemuro.es"
20.195.181.10 - - [28/Jul/2026:17:43:43 +0200] "GET /wp-content/themes/haha.php HTTP/1.1" 301 5699 "-" "Mozilla/5.0 (Windows NT 10.0; Win64; x64) AppleWebKit/537.36 (KHTML, like Gecko) Chrome/120.0.0.0 Safari/537.36"
20.195.181.10 - - [28/Jul/2026:17:43:44 +0200] "GET /wp-content/themes/theme/about.php HTTP/1.1" 301 5706 "-" "Mozilla/5.0 (Windows NT 10.0; Win64; x64) AppleWebKit/537.36 (KHTML, like Gecko) Chrome/120.0.0.0 Safari/537.36"
84.246.212.44 - - [28/Jul/2026:17:43:44 +0200] "POST /wp-admin/admin-ajax.php?action=async_litespeed&nonce=Mjwxf2VI9iVsYRlSxVhHg8JD8yN6ql87&litespeed_type=imgoptm HTTP/1.1" 200 5782 "-" "WordPress/6.9; https://www.canterasdemuro.es"
20.195.181.10 - - [28/Jul/2026:17:43:45 +0200] "GET /wp-content/plugins/plugin/index.php HTTP/1.1" 301 5699 "-" "Mozilla/5.0 (Windows NT 10.0; Win64; x64) AppleWebKit/537.36 (KHTML, like Gecko) Chrome/120.0.0.0 Safari/537.36"
20.195.181.10 - - [28/Jul/2026:17:43:45 +0200] "GET /xmr.php HTTP/1.1" 301 5688 "-" "Mozilla/5.0 (Windows NT 10.0; Win64; x64) AppleWebKit/537.36 (KHTML, like Gecko) Chrome/120.0.0.0 Safari/537.36"
20.195.181.10 - - [28/Jul/2026:17:43:46 +0200] "GET /about.php HTTP/1.1" 301 5690 "-" "Mozilla/5.0 (Windows NT 10.0; Win64; x64) AppleWebKit/537.36 (KHTML, like Gecko) Chrome/120.0.0.0 Safari/537.36"
20.195.181.10 - - [28/Jul/2026:17:43:47 +0200] "GET /admin.php HTTP/1.1" 301 5690 "-" "Mozilla/5.0 (Windows NT 10.0; Win64; x64) AppleWebKit/537.36 (KHTML, like Gecko) Chrome/120.0.0.0 Safari/537.36"
20.195.181.10 - - [28/Jul/2026:17:43:47 +0200] "GET /adminfuns.php HTTP/1.1" 301 5694 "-" "Mozilla/5.0 (Windows NT 10.0; Win64; x64) AppleWebKit/537.36 (KHTML, like Gecko) Chrome/120.0.0.0 Safari/537.36"
20.195.181.10 - - [28/Jul/2026:17:43:48 +0200] "GET /as.php HTTP/1.1" 301 5687 "-" "Mozilla/5.0 (Windows NT 10.0; Win64; x64) AppleWebKit/537.36 (KHTML, like Gecko) Chrome/120.0.0.0 Safari/537.36"
20.195.181.10 - - [28/Jul/2026:17:43:48 +0200] "GET /bolt.php HTTP/1.1" 301 5689 "-" "Mozilla/5.0 (Windows NT 10.0; Win64; x64) AppleWebKit/537.36 (KHTML, like Gecko) Chrome/120.0.0.0 Safari/537.36"
20.195.181.10 - - [28/Jul/2026:17:43:49 +0200] "GET /cgi-bin/ HTTP/1.1" 403 6292 "-" "Mozilla/5.0 (Windows NT 10.0; Win64; x64) AppleWebKit/537.36 (KHTML, like Gecko) Chrome/120.0.0.0 Safari/537.36"
20.195.181.10 - - [28/Jul/2026:17:43:49 +0200] "GET /class-t.api.php HTTP/1.1" 301 5696 "-" "Mozilla/5.0 (Windows NT 10.0; Win64; x64) AppleWebKit/537.36 (KHTML, like Gecko) Chrome/120.0.0.0 Safari/537.36"
20.195.181.10 - - [28/Jul/2026:17:43:50 +0200] "GET /edit.php HTTP/1.1" 301 5689 "-" "Mozilla/5.0 (Windows NT 10.0; Win64; x64) AppleWebKit/537.36 (KHTML, like Gecko) Chrome/120.0.0.0 Safari/537.36"
20.195.181.10 - - [28/Jul/2026:17:43:51 +0200] "GET /ff1.php HTTP/1.1" 301 5688 "-" "Mozilla/5.0 (Windows NT 10.0; Win64; x64) AppleWebKit/537.36 (KHTML, like Gecko) Chrome/120.0.0.0 Safari/537.36"
20.195.181.10 - - [28/Jul/2026:17:43:51 +0200] "GET /fff.php HTTP/1.1" 301 5688 "-" "Mozilla/5.0 (Windows NT 10.0; Win64; x64) AppleWebKit/537.36 (KHTML, like Gecko) Chrome/120.0.0.0 Safari/537.36"
20.195.181.10 - - [28/Jul/2026:17:43:52 +0200] "GET /inputs.php?p= HTTP/1.1" 301 5694 "-" "Mozilla/5.0 (Windows NT 10.0; Win64; x64) AppleWebKit/537.36 (KHTML, like Gecko) Chrome/120.0.0.0 Safari/537.36"
20.195.181.10 - - [28/Jul/2026:17:43:53 +0200] "GET /ioxi-o.php HTTP/1.1" 301 5691 "-" "Mozilla/5.0 (Windows NT 10.0; Win64; x64) AppleWebKit/537.36 (KHTML, like Gecko) Chrome/120.0.0.0 Safari/537.36"
20.195.181.10 - - [28/Jul/2026:17:43:53 +0200] "GET /lite.php HTTP/1.1" 301 5689 "-" "Mozilla/5.0 (Windows NT 10.0; Win64; x64) AppleWebKit/537.36 (KHTML, like Gecko) Chrome/120.0.0.0 Safari/537.36"
20.195.181.10 - - [28/Jul/2026:17:43:54 +0200] "GET /ms-edit.php HTTP/1.1" 301 5692 "-" "Mozilla/5.0 (Windows NT 10.0; Win64; x64) AppleWebKit/537.36 (KHTML, like Gecko) Chrome/120.0.0.0 Safari/537.36"
20.195.181.10 - - [28/Jul/2026:17:43:54 +0200] "GET /rip.php HTTP/1.1" 301 5688 "-" "Mozilla/5.0 (Windows NT 10.0; Win64; x64) AppleWebKit/537.36 (KHTML, like Gecko) Chrome/120.0.0.0 Safari/537.36"
20.195.181.10 - - [28/Jul/2026:17:43:55 +0200] "GET /update/da222.php HTTP/1.1" 301 5697 "-" "Mozilla/5.0 (Windows NT 10.0; Win64; x64) AppleWebKit/537.36 (KHTML, like Gecko) Chrome/120.0.0.0 Safari/537.36"
20.195.181.10 - - [28/Jul/2026:17:43:56 +0200] "GET /upload.php HTTP/1.1" 301 5691 "-" "Mozilla/5.0 (Windows NT 10.0; Win64; x64) AppleWebKit/537.36 (KHTML, like Gecko) Chrome/120.0.0.0 Safari/537.36"
20.195.181.10 - - [28/Jul/2026:17:43:56 +0200] "GET /wk/index.php HTTP/1.1" 301 5693 "-" "Mozilla/5.0 (Windows NT 10.0; Win64; x64) AppleWebKit/537.36 (KHTML, like Gecko) Chrome/120.0.0.0 Safari/537.36"
20.195.181.10 - - [28/Jul/2026:17:43:57 +0200] "GET /wp-act.php HTTP/1.1" 301 5691 "-" "Mozilla/5.0 (Windows NT 10.0; Win64; x64) AppleWebKit/537.36 (KHTML, like Gecko) Chrome/120.0.0.0 Safari/537.36"
20.195.181.10 - - [28/Jul/2026:17:43:58 +0200] "GET /wp-admin/css/bolt.php HTTP/1.1" 301 5702 "-" "Mozilla/5.0 (Windows NT 10.0; Win64; x64) AppleWebKit/537.36 (KHTML, like Gecko) Chrome/120.0.0.0 Safari/537.36"
20.195.181.10 - - [28/Jul/2026:17:43:58 +0200] "GET /wp-admin/js/ HTTP/1.1" 403 6292 "-" "Mozilla/5.0 (Windows NT 10.0; Win64; x64) AppleWebKit/537.36 (KHTML, like Gecko) Chrome/120.0.0.0 Safari/537.36"
20.195.181.10 - - [28/Jul/2026:17:43:59 +0200] "GET /wp-admin/js/widgets/ HTTP/1.1" 403 6292 "-" "Mozilla/5.0 (Windows NT 10.0; Win64; x64) AppleWebKit/537.36 (KHTML, like Gecko) Chrome/120.0.0.0 Safari/537.36"
20.195.181.10 - - [28/Jul/2026:17:43:59 +0200] "GET /wp-admin/maint/ HTTP/1.1" 403 6292 "-" "Mozilla/5.0 (Windows NT 10.0; Win64; x64) AppleWebKit/537.36 (KHTML, like Gecko) Chrome/120.0.0.0 Safari/537.36"
20.195.181.10 - - [28/Jul/2026:17:43:59 +0200] "GET /wp-admin/ HTTP/1.1" 302 5727 "-" "Mozilla/5.0 (Windows NT 10.0; Win64; x64) AppleWebKit/537.36 (KHTML, like Gecko) Chrome/120.0.0.0 Safari/537.36"
20.195.181.10 - - [28/Jul/2026:17:44:00 +0200] "GET /wp-content/themes/ HTTP/1.1" 200 5434 "-" "Mozilla/5.0 (Windows NT 10.0; Win64; x64) AppleWebKit/537.36 (KHTML, like Gecko) Chrome/120.0.0.0 Safari/537.36"
20.195.181.10 - - [28/Jul/2026:17:44:00 +0200] "GET /wp-content/themes/admin.php HTTP/1.1" 301 5700 "-" "Mozilla/5.0 (Windows NT 10.0; Win64; x64) AppleWebKit/537.36 (KHTML, like Gecko) Chrome/120.0.0.0 Safari/537.36"
20.195.181.10 - - [28/Jul/2026:17:44:01 +0200] "GET /wp-content/uploads/ HTTP/1.1" 403 6292 "-" "Mozilla/5.0 (Windows NT 10.0; Win64; x64) AppleWebKit/537.36 (KHTML, like Gecko) Chrome/120.0.0.0 Safari/537.36"
20.195.181.10 - - [28/Jul/2026:17:44:01 +0200] "GET /wp-content/uploads/admin.php HTTP/1.1" 301 5701 "-" "Mozilla/5.0 (Windows NT 10.0; Win64; x64) AppleWebKit/537.36 (KHTML, like Gecko) Chrome/120.0.0.0 Safari/537.36"
20.195.181.10 - - [28/Jul/2026:17:44:02 +0200] "GET /wp-includes/ HTTP/1.1" 403 6292 "-" "Mozilla/5.0 (Windows NT 10.0; Win64; x64) AppleWebKit/537.36 (KHTML, like Gecko) Chrome/120.0.0.0 Safari/537.36"
20.195.181.10 - - [28/Jul/2026:17:44:02 +0200] "GET /wp-includes/js/crop/ HTTP/1.1" 403 6292 "-" "Mozilla/5.0 (Windows NT 10.0; Win64; x64) AppleWebKit/537.36 (KHTML, like Gecko) Chrome/120.0.0.0 Safari/537.36"
20.195.181.10 - - [28/Jul/2026:17:44:02 +0200] "GET /wp-links-opml.php HTTP/1.1" 200 5685 "-" "Mozilla/5.0 (Windows NT 10.0; Win64; x64) AppleWebKit/537.36 (KHTML, like Gecko) Chrome/120.0.0.0 Safari/537.36"
84.246.212.44 - - [28/Jul/2026:17:44:16 +0200] "POST /wp-cron.php?doing_wp_cron=1785253456.2023599147796630859375 HTTP/1.1" 200 5527 "-" "WordPress/6.9; https://www.canterasdemuro.es"
91.231.89.19 - - [28/Jul/2026:17:44:14 +0200] "GET / HTTP/1.1" 200 100542 "-" "Mozilla/5.0 (X11; Ubuntu; Linux x86_64; rv:134.0) Gecko/20100101 Firefox/134.0"
84.246.212.44 - - [28/Jul/2026:17:44:16 +0200] "POST /wp-admin/admin-ajax.php?action=async_litespeed&nonce=FlemUfN6CljsZ1q8IrJ3mk5JlrDNN4Jr&litespeed_type=imgoptm HTTP/1.1" 200 5782 "-" "WordPress/6.9; https://www.canterasdemuro.es"
84.246.212.44 - - [28/Jul/2026:17:47:30 +0200] "POST /wp-cron.php?doing_wp_cron=1785253650.1830859184265136718750 HTTP/1.1" 200 5527 "-" "WordPress/6.9; https://www.canterasdemuro.es"
91.231.89.35 - - [28/Jul/2026:17:47:29 +0200] "GET / HTTP/1.1" 301 5569 "-" "Mozilla/5.0 (X11; Ubuntu; Linux x86_64; rv:134.0) Gecko/20100101 Firefox/134.0"
84.246.212.44 - - [28/Jul/2026:17:47:30 +0200] "POST /wp-admin/admin-ajax.php?action=async_litespeed&nonce=fRASnDO7yVoFjHoMUSGQLB5enj1BiLK7&litespeed_type=imgoptm HTTP/1.1" 200 5782 "-" "WordPress/6.9; https://www.canterasdemuro.es"
84.246.212.44 - - [28/Jul/2026:17:49:24 +0200] "POST /wp-cron.php?doing_wp_cron=1785253764.1070830821990966796875 HTTP/1.1" 200 5527 "-" "WordPress/6.9; https://www.canterasdemuro.es"
91.231.89.102 - - [28/Jul/2026:17:49:22 +0200] "GET / HTTP/1.1" 200 100542 "-" "Mozilla/5.0 (X11; Ubuntu; Linux x86_64; rv:134.0) Gecko/20100101 Firefox/134.0"
84.246.212.44 - - [28/Jul/2026:17:49:24 +0200] "POST /wp-admin/admin-ajax.php?action=async_litespeed&nonce=o77wieetgpHXEwgaeCkP6dQ22E5HuRbk&litespeed_type=imgoptm HTTP/1.1" 200 5782 "-" "WordPress/6.9; https://www.canterasdemuro.es"
84.246.212.44 - - [28/Jul/2026:17:50:16 +0200] "POST /wp-cron.php?doing_wp_cron=1785253816.3250949382781982421875 HTTP/1.1" 200 5527 "-" "WordPress/6.9; https://www.canterasdemuro.es"
91.196.152.228 - - [28/Jul/2026:17:50:14 +0200] "GET / HTTP/1.1" 200 100542 "-" "Mozilla/5.0 (X11; Ubuntu; Linux x86_64; rv:134.0) Gecko/20100101 Firefox/134.0"
84.246.212.44 - - [28/Jul/2026:17:50:16 +0200] "POST /wp-admin/admin-ajax.php?action=async_litespeed&nonce=yOP9fvkqlQbcxW7nM1cQCfgZZpnf1c9X&litespeed_type=imgoptm HTTP/1.1" 200 5782 "-" "WordPress/6.9; https://www.canterasdemuro.es"
91.196.152.229 - - [28/Jul/2026:17:52:12 +0200] "GET /wp-content/uploads/2024/06/FAVICON-1-CANTERAS-DE-MURO-150x150.png HTTP/1.1" 200 5533 "-" "Mozilla/5.0 (X11; Ubuntu; Linux x86_64; rv:134.0) Gecko/20100101 Firefox/134.0"
91.196.152.150 - - [28/Jul/2026:17:53:13 +0200] "GET /wp-content/uploads/2024/06/FAVICON-1-CANTERAS-DE-MURO-150x150.png HTTP/1.1" 200 5533 "-" "Mozilla/5.0 (X11; Ubuntu; Linux x86_64; rv:134.0) Gecko/20100101 Firefox/134.0"
84.246.212.44 - - [28/Jul/2026:18:01:27 +0200] "POST /wp-cron.php?doing_wp_cron=1785254487.0152759552001953125000 HTTP/1.1" 200 5527 "-" "WordPress/6.9; https://www.canterasdemuro.es"
91.231.89.103 - - [28/Jul/2026:18:01:25 +0200] "GET / HTTP/1.1" 200 100542 "-" "Mozilla/5.0 (X11; Ubuntu; Linux x86_64; rv:134.0) Gecko/20100101 Firefox/134.0"
84.246.212.44 - - [28/Jul/2026:18:01:27 +0200] "POST /wp-admin/admin-ajax.php?action=async_litespeed&nonce=7ToE3HX7OFM7teEuVyAWyjGVqjhhZvRU&litespeed_type=imgoptm HTTP/1.1" 200 5782 "-" "WordPress/6.9; https://www.canterasdemuro.es"
91.231.89.102 - - [28/Jul/2026:18:01:51 +0200] "GET /xmlrpc.php?rsd HTTP/1.1" 200 6294 "-" "Mozilla/5.0 (X11; Ubuntu; Linux x86_64; rv:134.0) Gecko/20100101 Firefox/134.0"
91.231.89.99 - - [28/Jul/2026:18:01:53 +0200] "GET /gl/ HTTP/1.1" 200 99384 "-" "Mozilla/5.0 (X11; Ubuntu; Linux x86_64; rv:134.0) Gecko/20100101 Firefox/134.0"
91.231.89.17 - - [28/Jul/2026:18:01:57 +0200] "GET /wp-json/ HTTP/1.1" 200 287409 "-" "Mozilla/5.0 (X11; Ubuntu; Linux x86_64; rv:134.0) Gecko/20100101 Firefox/134.0"
91.231.89.19 - - [28/Jul/2026:18:01:57 +0200] "GET /wp-json/wp/v2/pages/609 HTTP/1.1" 200 21438 "-" "Mozilla/5.0 (X11; Ubuntu; Linux x86_64; rv:134.0) Gecko/20100101 Firefox/134.0"
84.246.212.44 - - [28/Jul/2026:18:03:03 +0200] "POST /wp-cron.php?doing_wp_cron=1785254583.7289609909057617187500 HTTP/1.1" 200 5527 "-" "WordPress/6.9; https://www.canterasdemuro.es"
